[INFO] fetching crate workspace_root 0.2.0...
[INFO] testing workspace_root-0.2.0 against 1.99.0-beta.8 for beta-1.100-2
[INFO] extracting crate workspace_root 0.2.0 into /workspace/builds/worker-4-tc1/source
[INFO] started tweaking crates.io crate workspace_root 0.2.0
[INFO] finished tweaking crates.io crate workspace_root 0.2.0
[INFO] tweaked toml for crates.io crate workspace_root 0.2.0 written to /workspace/builds/worker-4-tc1/source/Cargo.toml
[INFO] validating manifest of crates.io crate workspace_root 0.2.0 on toolchain 1.99.0-beta.8
[INFO] running `Command { std: CARGO_HOME="/workspace/cargo-home" RUSTUP_HOME="/workspace/rustup-home" "/workspace/cargo-home/bin/cargo" "+1.99.0-beta.8" "metadata" "--manifest-path" "Cargo.toml" "--no-deps", kill_on_drop: false }`
[INFO] crate crates.io crate workspace_root 0.2.0 already has a lockfile, it will not be regenerated
[INFO] running `Command { std: CARGO_HOME="/workspace/cargo-home" RUSTUP_HOME="/workspace/rustup-home" "/workspace/cargo-home/bin/cargo" "+1.99.0-beta.8" "fetch" "--manifest-path" "Cargo.toml", kill_on_drop: false }`
[INFO] [stderr]     Updating crates.io index
[INFO] [stderr]  Downloading crates ...
[INFO] [stderr]   Downloaded async-signal v0.2.12
[INFO] [stderr]   Downloaded event-listener-strategy v0.5.3
[INFO] [stderr]   Downloaded async-process v2.4.0
[INFO] [stderr]   Downloaded miniz_oxide v0.8.4
[INFO] [stderr]   Downloaded hermit-abi v0.4.0
[INFO] [stderr]   Downloaded async-fs v2.1.3
[INFO] [stderr]   Downloaded get_dir v0.5.0
[INFO] [stderr]   Downloaded async-lock v3.4.0
[INFO] [stderr]   Downloaded log v0.4.25
[INFO] [stderr]   Downloaded async-io v2.4.0
[INFO] [stderr]   Downloaded polling v3.7.4
[INFO] [stderr]   Downloaded async-std v1.13.0
[INFO] [stderr]   Downloaded tokio v1.44.0
[INFO] running `Command { std: "docker" "create" "-v" "/var/lib/crater-agent-workspace/builds/worker-4-tc1/source:/opt/rustwide/workdir:ro,Z" "-v" "/var/lib/crater-agent-workspace/builds/worker-4-tc1/target:/opt/rustwide/target:rw,Z" "-v" "/var/lib/crater-agent-workspace/cargo-home:/opt/rustwide/cargo-home:ro,Z" "-v" "/var/lib/crater-agent-workspace/rustup-home:/opt/rustwide/rustup-home:ro,Z" "-m" "1610612736" "--network" "none" "ghcr.io/rust-lang/crates-build-env/linux@sha256:3111399a4047eeb3a02b7a90e478d715f38a8c6669b5c4b49d30a17385265909" "sleep" "infinity", kill_on_drop: false }`
[INFO] [stdout] 89c84617a0e5843eb9550722e8ca4af9887431ea3a31c04b4506678332a4f15b
[INFO] running `Command { std: "docker" "start" "89c84617a0e5843eb9550722e8ca4af9887431ea3a31c04b4506678332a4f15b", kill_on_drop: false }`
[INFO] running `Command { std: "docker" "inspect" "89c84617a0e5843eb9550722e8ca4af9887431ea3a31c04b4506678332a4f15b", kill_on_drop: false }`
[INFO] running `Command { std: "docker" "exec" "-e" "SOURCE_DIR=/opt/rustwide/workdir" "-e" "CARGO_HOME=/opt/rustwide/cargo-home" "-e" "RUSTUP_HOME=/opt/rustwide/rustup-home" "-e" "CARGO_TARGET_DIR=/opt/rustwide/target" "-w" "/opt/rustwide/workdir" "--user" "0:0" "89c84617a0e5843eb9550722e8ca4af9887431ea3a31c04b4506678332a4f15b" "/opt/rustwide/cargo-home/bin/cargo" "+1.99.0-beta.8" "metadata" "--no-deps" "--format-version=1", kill_on_drop: false }`
[INFO] running `Command { std: "docker" "inspect" "89c84617a0e5843eb9550722e8ca4af9887431ea3a31c04b4506678332a4f15b", kill_on_drop: false }`
[INFO] running `Command { std: "docker" "exec" "-e" "SOURCE_DIR=/opt/rustwide/workdir" "-e" "CARGO_HOME=/opt/rustwide/cargo-home" "-e" "RUSTUP_HOME=/opt/rustwide/rustup-home" "-e" "CARGO_TARGET_DIR=/opt/rustwide/target" "-e" "CARGO_INCREMENTAL=0" "-e" "RUST_BACKTRACE=full" "-e" "RUSTFLAGS=--cap-lints=warn" "-e" "RUSTDOCFLAGS=--cap-lints=warn" "-w" "/opt/rustwide/workdir" "--user" "0:0" "89c84617a0e5843eb9550722e8ca4af9887431ea3a31c04b4506678332a4f15b" "/opt/rustwide/cargo-home/bin/cargo" "+1.99.0-beta.8" "build" "--frozen" "--message-format=json", kill_on_drop: false }`
[INFO] [stderr]    Compiling get_dir v0.5.0
[INFO] [stderr]    Compiling workspace_root v0.2.0 (/opt/rustwide/workdir)
[INFO] [stderr]     Finished `dev` profile [unoptimized + debuginfo] target(s) in 0.38s
[INFO] running `Command { std: "docker" "inspect" "89c84617a0e5843eb9550722e8ca4af9887431ea3a31c04b4506678332a4f15b", kill_on_drop: false }`
[INFO] running `Command { std: "docker" "exec" "-e" "SOURCE_DIR=/opt/rustwide/workdir" "-e" "CARGO_HOME=/opt/rustwide/cargo-home" "-e" "RUSTUP_HOME=/opt/rustwide/rustup-home" "-e" "CARGO_TARGET_DIR=/opt/rustwide/target" "-e" "CARGO_INCREMENTAL=0" "-e" "RUST_BACKTRACE=full" "-e" "RUSTFLAGS=--cap-lints=warn" "-e" "RUSTDOCFLAGS=--cap-lints=warn" "-w" "/opt/rustwide/workdir" "--user" "0:0" "89c84617a0e5843eb9550722e8ca4af9887431ea3a31c04b4506678332a4f15b" "/opt/rustwide/cargo-home/bin/cargo" "+1.99.0-beta.8" "test" "--frozen" "--no-run" "--message-format=json", kill_on_drop: false }`
[INFO] [stderr]    Compiling workspace_root v0.2.0 (/opt/rustwide/workdir)
[INFO] [stderr]     Finished `test` profile [unoptimized + debuginfo] target(s) in 0.26s
[INFO] running `Command { std: "docker" "inspect" "89c84617a0e5843eb9550722e8ca4af9887431ea3a31c04b4506678332a4f15b", kill_on_drop: false }`
[INFO] running `Command { std: "docker" "exec" "-e" "SOURCE_DIR=/opt/rustwide/workdir" "-e" "CARGO_HOME=/opt/rustwide/cargo-home" "-e" "RUSTUP_HOME=/opt/rustwide/rustup-home" "-e" "CARGO_TARGET_DIR=/opt/rustwide/target" "-e" "CARGO_INCREMENTAL=0" "-e" "RUST_BACKTRACE=full" "-e" "RUSTFLAGS=--cap-lints=warn" "-e" "RUSTDOCFLAGS=--cap-lints=warn" "-w" "/opt/rustwide/workdir" "--user" "0:0" "89c84617a0e5843eb9550722e8ca4af9887431ea3a31c04b4506678332a4f15b" "/opt/rustwide/cargo-home/bin/cargo" "+1.99.0-beta.8" "test" "--frozen", kill_on_drop: false }`
[INFO] [stderr]     Finished `test` profile [unoptimized + debuginfo] target(s) in 0.06s
[INFO] [stderr]      Running unittests src/lib.rs (/opt/rustwide/target/debug/deps/workspace_root-d21dd53c0b64d53f)
[INFO] [stderr]    Doc-tests workspace_root
[INFO] [stdout] 
[INFO] [stdout] running 0 tests
[INFO] [stdout] 
[INFO] [stdout] test result: ok. 0 passed; 0 failed; 0 ignored; 0 measured; 0 filtered out; finished in 0.00s
[INFO] [stdout] 
[INFO] [stdout] 
[INFO] [stdout] running 6 tests
[INFO] [stdout] test src/lib.rs - (line 13) - compile ... ok
[INFO] [stdout] test src/lib.rs - get_workspace_root (line 117) - compile ... ok
[INFO] [stdout] test src/lib.rs - (line 35) - compile ... FAILED
[INFO] [stdout] test src/lib.rs - (line 47) - compile ... FAILED
[INFO] [stdout] test src/lib.rs - (line 23) - compile ... FAILED
[INFO] [stdout] test src/lib.rs - get_workspace_root_directory (line 100) - compile ... ok
[INFO] [stdout] 
[INFO] [stdout] failures:
[INFO] [stdout] 
[INFO] [stdout] ---- src/lib.rs - (line 35) stdout ----
[INFO] [stdout] error[E0432]: unresolved import `workspace_root::smol`
[INFO] [stdout]   --> src/lib.rs:41:21
[INFO] [stdout]    |
[INFO] [stdout] 41 | use workspace_root::smol::get_workspace_root_async;
[INFO] [stdout]    |                     ^^^^ could not find `smol` in `workspace_root`
[INFO] [stdout]    |
[INFO] [stdout] note: found an item that was configured out
[INFO] [stdout]   --> src/lib.rs:79:9
[INFO] [stdout]    |
[INFO] [stdout] 78 | #[cfg(feature = "smol")]
[INFO] [stdout]    |       ---------------- the item is gated behind the `smol` feature
[INFO] [stdout] 79 | pub mod smol;
[INFO] [stdout]    |         ^^^^
[INFO] [stdout] 
[INFO] [stdout] error: aborting due to 1 previous error
[INFO] [stdout] 
[INFO] [stdout] For more information about this error, try `rustc --explain E0432`.
[INFO] [stdout] Couldn't compile the test.
[INFO] [stdout] ---- src/lib.rs - (line 47) stdout ----
[INFO] [stdout] error[E0432]: unresolved import `workspace_root::tokio`
[INFO] [stdout]   --> src/lib.rs:53:21
[INFO] [stdout]    |
[INFO] [stdout] 53 | use workspace_root::tokio::get_workspace_root_async;
[INFO] [stdout]    |                     ^^^^^ could not find `tokio` in `workspace_root`
[INFO] [stdout]    |
[INFO] [stdout] note: found an item that was configured out
[INFO] [stdout]   --> src/lib.rs:90:9
[INFO] [stdout]    |
[INFO] [stdout] 89 | #[cfg(feature = "tokio")]
[INFO] [stdout]    |       ----------------- the item is gated behind the `tokio` feature
[INFO] [stdout] 90 | pub mod tokio;
[INFO] [stdout]    |         ^^^^^
[INFO] [stdout] 
[INFO] [stdout] error: aborting due to 1 previous error
[INFO] [stdout] 
[INFO] [stdout] For more information about this error, try `rustc --explain E0432`.
[INFO] [stdout] Couldn't compile the test.
[INFO] [stdout] ---- src/lib.rs - (line 23) stdout ----
[INFO] [stdout] error[E0433]: cannot find module or crate `async_std` in this scope
[INFO] [stdout]   --> src/lib.rs:27:5
[INFO] [stdout]    |
[INFO] [stdout] 27 | use async_std::path::PathBuf;
[INFO] [stdout]    |     ^^^^^^^^^ use of unresolved module or unlinked crate `async_std`
[INFO] [stdout]    |
[INFO] [stdout] help: to make use of source file src/async_std/mod.rs, use `mod async_std` in this file to declare the module
[INFO] [stdout]    |
[INFO] [stdout] 22 + mod async_std;
[INFO] [stdout]    |
[INFO] [stdout] 
[INFO] [stdout] error[E0432]: unresolved import `workspace_root::async_std`
[INFO] [stdout]   --> src/lib.rs:29:21
[INFO] [stdout]    |
[INFO] [stdout] 29 | use workspace_root::async_std::get_workspace_root_async;
[INFO] [stdout]    |                     ^^^^^^^^^ could not find `async_std` in `workspace_root`
[INFO] [stdout]    |
[INFO] [stdout] note: found an item that was configured out
[INFO] [stdout]   --> src/lib.rs:68:9
[INFO] [stdout]    |
[INFO] [stdout] 67 | #[cfg(feature = "async_std")]
[INFO] [stdout]    |       --------------------- the item is gated behind the `async_std` feature
[INFO] [stdout] 68 | pub mod async_std;
[INFO] [stdout]    |         ^^^^^^^^^
[INFO] [stdout] 
[INFO] [stdout] error: aborting due to 2 previous errors
[INFO] [stdout] 
[INFO] [stdout] Some errors have detailed explanations: E0432, E0433.
[INFO] [stdout] For more information about an error, try `rustc --explain E0432`.
[INFO] [stdout] Couldn't compile the test.
[INFO] [stdout] 
[INFO] [stdout] failures:
[INFO] [stdout]     src/lib.rs - (line 23)
[INFO] [stdout]     src/lib.rs - (line 35)
[INFO] [stdout]     src/lib.rs - (line 47)
[INFO] [stdout] 
[INFO] [stdout] test result: FAILED. 3 passed; 3 failed; 0 ignored; 0 measured; 0 filtered out; finished in 0.14s
[INFO] [stdout] 
[INFO] [stdout] all doctests ran in 0.20s; merged doctests compilation took 0.06s
[INFO] [stderr] error: doctest failed, to rerun pass `--doc`
[INFO] running `Command { std: "docker" "inspect" "89c84617a0e5843eb9550722e8ca4af9887431ea3a31c04b4506678332a4f15b", kill_on_drop: false }`
[INFO] running `Command { std: "docker" "rm" "-f" "89c84617a0e5843eb9550722e8ca4af9887431ea3a31c04b4506678332a4f15b", kill_on_drop: false }`
[INFO] [stdout] 89c84617a0e5843eb9550722e8ca4af9887431ea3a31c04b4506678332a4f15b
