[INFO] fetching crate wm-sangha 9.3.4...
[INFO] testing wm-sangha-9.3.4 against 1.99.0-beta.8 for beta-1.100-2
[INFO] extracting crate wm-sangha 9.3.4 into /workspace/builds/worker-3-tc1/source
[INFO] started tweaking crates.io crate wm-sangha 9.3.4
[INFO] finished tweaking crates.io crate wm-sangha 9.3.4
[INFO] tweaked toml for crates.io crate wm-sangha 9.3.4 written to /workspace/builds/worker-3-tc1/source/Cargo.toml
[INFO] validating manifest of crates.io crate wm-sangha 9.3.4 on toolchain 1.99.0-beta.8
[INFO] running `Command { std: CARGO_HOME="/workspace/cargo-home" RUSTUP_HOME="/workspace/rustup-home" "/workspace/cargo-home/bin/cargo" "+1.99.0-beta.8" "metadata" "--manifest-path" "Cargo.toml" "--no-deps", kill_on_drop: false }`
[INFO] crate crates.io crate wm-sangha 9.3.4 already has a lockfile, it will not be regenerated
[INFO] running `Command { std: CARGO_HOME="/workspace/cargo-home" RUSTUP_HOME="/workspace/rustup-home" "/workspace/cargo-home/bin/cargo" "+1.99.0-beta.8" "fetch" "--manifest-path" "Cargo.toml", kill_on_drop: false }`
[INFO] [stderr]     Updating crates.io index
[INFO] [stderr]  Downloading crates ...
[INFO] [stderr]   Downloaded wm-governance v9.3.4
[INFO] [stderr]   Downloaded wm-conformal v9.3.4
[INFO] [stderr]   Downloaded wm-substrate v9.3.4
[INFO] [stderr]   Downloaded wm-core v9.3.4
[INFO] [stderr]   Downloaded wm-memory v9.3.4
[INFO] [stderr]   Downloaded tantivy v0.26.1
[INFO] [stderr]   Downloaded bon v3.9.3
[INFO] [stderr]   Downloaded bon-macros v3.9.3
[INFO] [stderr]   Downloaded lmdb v0.8.0
[INFO] [stderr]   Downloaded lmdb-sys v0.8.0
[INFO] running `Command { std: "docker" "create" "-v" "/var/lib/crater-agent-workspace/builds/worker-3-tc1/source:/opt/rustwide/workdir:ro,Z" "-v" "/var/lib/crater-agent-workspace/builds/worker-3-tc1/target:/opt/rustwide/target:rw,Z" "-v" "/var/lib/crater-agent-workspace/cargo-home:/opt/rustwide/cargo-home:ro,Z" "-v" "/var/lib/crater-agent-workspace/rustup-home:/opt/rustwide/rustup-home:ro,Z" "-m" "1610612736" "--network" "none" "ghcr.io/rust-lang/crates-build-env/linux@sha256:3111399a4047eeb3a02b7a90e478d715f38a8c6669b5c4b49d30a17385265909" "sleep" "infinity", kill_on_drop: false }`
[INFO] [stdout] 84f6f408bf58ce2c19a6e34ea642ee1ebbd38e121c2c293359ae0acb62e3f4e3
[INFO] running `Command { std: "docker" "start" "84f6f408bf58ce2c19a6e34ea642ee1ebbd38e121c2c293359ae0acb62e3f4e3", kill_on_drop: false }`
[INFO] running `Command { std: "docker" "inspect" "84f6f408bf58ce2c19a6e34ea642ee1ebbd38e121c2c293359ae0acb62e3f4e3", kill_on_drop: false }`
[INFO] running `Command { std: "docker" "exec" "-e" "SOURCE_DIR=/opt/rustwide/workdir" "-e" "CARGO_HOME=/opt/rustwide/cargo-home" "-e" "RUSTUP_HOME=/opt/rustwide/rustup-home" "-e" "CARGO_TARGET_DIR=/opt/rustwide/target" "-w" "/opt/rustwide/workdir" "--user" "0:0" "84f6f408bf58ce2c19a6e34ea642ee1ebbd38e121c2c293359ae0acb62e3f4e3" "/opt/rustwide/cargo-home/bin/cargo" "+1.99.0-beta.8" "metadata" "--no-deps" "--format-version=1", kill_on_drop: false }`
[INFO] running `Command { std: "docker" "inspect" "84f6f408bf58ce2c19a6e34ea642ee1ebbd38e121c2c293359ae0acb62e3f4e3", kill_on_drop: false }`
[INFO] running `Command { std: "docker" "exec" "-e" "SOURCE_DIR=/opt/rustwide/workdir" "-e" "CARGO_HOME=/opt/rustwide/cargo-home" "-e" "RUSTUP_HOME=/opt/rustwide/rustup-home" "-e" "CARGO_TARGET_DIR=/opt/rustwide/target" "-e" "CARGO_INCREMENTAL=0" "-e" "RUST_BACKTRACE=full" "-e" "RUSTFLAGS=--cap-lints=warn" "-e" "RUSTDOCFLAGS=--cap-lints=warn" "-w" "/opt/rustwide/workdir" "--user" "0:0" "84f6f408bf58ce2c19a6e34ea642ee1ebbd38e121c2c293359ae0acb62e3f4e3" "/opt/rustwide/cargo-home/bin/cargo" "+1.99.0-beta.8" "build" "--frozen" "--message-format=json", kill_on_drop: false }`
[INFO] [stderr]    Compiling syn v2.0.119
[INFO] [stderr]    Compiling syn v3.0.3
[INFO] [stderr]    Compiling find-msvc-tools v0.1.10
[INFO] [stderr]    Compiling subtle v2.6.1
[INFO] [stderr]    Compiling rand_core v0.6.4
[INFO] [stderr]    Compiling crossbeam-utils v0.8.22
[INFO] [stderr]    Compiling strsim v0.11.1
[INFO] [stderr]    Compiling deranged v0.5.8
[INFO] [stderr]    Compiling zstd-safe v7.2.4
[INFO] [stderr]    Compiling time-core v0.1.8
[INFO] [stderr]    Compiling crypto-common v0.2.2
[INFO] [stderr]    Compiling log v0.4.33
[INFO] [stderr]    Compiling either v1.17.0
[INFO] [stderr]    Compiling crossbeam-deque v0.8.7
[INFO] [stderr]    Compiling curve25519-dalek v5.0.0
[INFO] [stderr]    Compiling futures-task v0.3.33
[INFO] [stderr]    Compiling cc v1.4.2
[INFO] [stderr]    Compiling crypto-common v0.1.7
[INFO] [stderr]    Compiling httparse v1.10.1
[INFO] [stderr]    Compiling zerocopy v0.8.56
[INFO] [stderr]    Compiling digest v0.10.7
[INFO] [stderr]    Compiling futures-core v0.3.33
[INFO] [stderr]    Compiling inout v0.1.4
[INFO] [stderr]    Compiling signature v3.0.0
[INFO] [stderr]    Compiling itertools v0.14.0
[INFO] [stderr]    Compiling aho-corasick v1.1.5
[INFO] [stderr]    Compiling rustls v0.23.45
[INFO] [stderr]    Compiling sha1_smol v1.0.1
[INFO] [stderr]    Compiling nom v7.1.3
[INFO] [stderr]    Compiling universal-hash v0.5.1
[INFO] [stderr]    Compiling hmac v0.12.1
[INFO] [stderr]    Compiling ed25519 v3.0.0
[INFO] [stderr]    Compiling uuid v1.24.0
[INFO] [stderr]    Compiling http v1.5.0
[INFO] [stderr]    Compiling ordered-float v5.3.0
[INFO] [stderr]    Compiling base64 v0.23.1
[INFO] [stderr]    Compiling tempfile v3.27.0
[INFO] [stderr]    Compiling poly1305 v0.8.0
[INFO] [stderr]    Compiling password-hash v0.5.0
[INFO] [stderr]    Compiling hkdf v0.12.4
[INFO] [stderr]    Compiling crossbeam-epoch v0.9.20
[INFO] [stderr]    Compiling crossbeam-channel v0.5.16
[INFO] [stderr]    Compiling sha2 v0.10.9
[INFO] [stderr]    Compiling blake2 v0.10.6
[INFO] [stderr]    Compiling lru v0.16.4
[INFO] [stderr]    Compiling ureq-proto v0.6.1
[INFO] [stderr]    Compiling fs4 v0.13.1
[INFO] [stderr]    Compiling digest v0.11.3
[INFO] [stderr]    Compiling aead v0.5.2
[INFO] [stderr]    Compiling measure_time v0.9.0
[INFO] [stderr]    Compiling sha2 v0.11.0
[INFO] [stderr]    Compiling rmp v0.8.15
[INFO] [stderr]    Compiling memmap2 v0.9.11
[INFO] [stderr]    Compiling rayon-core v1.13.0
[INFO] [stderr]    Compiling lz4_flex v0.13.1
[INFO] [stderr]    Compiling oneshot v0.1.13
[INFO] [stderr]    Compiling time v0.3.47
[INFO] [stderr]    Compiling utf8-zero v0.8.1
[INFO] [stderr]    Compiling census v0.4.2
[INFO] [stderr]    Compiling htmlescape v0.3.1
[INFO] [stderr]    Compiling levenshtein_automata v0.2.1
[INFO] [stderr]    Compiling datasketches v0.2.0
[INFO] [stderr]    Compiling argon2 v0.5.3
[INFO] [stderr]    Compiling regex-automata v0.4.18
[INFO] [stderr]    Compiling rayon v1.12.0
[INFO] [stderr]    Compiling zstd-sys v2.0.16+zstd.1.5.7
[INFO] [stderr]    Compiling ring v0.17.14
[INFO] [stderr]    Compiling lmdb-sys v0.8.0
[INFO] [stderr]    Compiling serde_derive v1.0.229
[INFO] [stderr]    Compiling async-trait v0.1.92
[INFO] [stderr]    Compiling thiserror-impl v2.0.20
[INFO] [stderr]    Compiling typetag-impl v0.2.23
[INFO] [stderr]    Compiling tokio-macros v2.7.2
[INFO] [stderr]    Compiling darling_core v0.23.0
[INFO] [stderr]    Compiling prettyplease v0.2.37
[INFO] [stderr]    Compiling tokio v1.53.1
[INFO] [stderr]    Compiling regex v1.13.1
[INFO] [stderr]    Compiling thiserror v2.0.20
[INFO] [stderr]    Compiling zeroize_derive v1.5.0
[INFO] [stderr]    Compiling futures-macro v0.3.33
[INFO] [stderr]    Compiling curve25519-dalek-derive v0.1.1
[INFO] [stderr]    Compiling tracing-attributes v0.1.31
[INFO] [stderr]    Compiling ahash v0.8.12
[INFO] [stderr]    Compiling lmdb v0.8.0
[INFO] [stderr]    Compiling zeroize v1.9.0
[INFO] [stderr]    Compiling rustls-pki-types v1.15.1
[INFO] [stderr]    Compiling cipher v0.4.4
[INFO] [stderr]    Compiling chacha20 v0.9.1
[INFO] [stderr]    Compiling futures-util v0.3.33
[INFO] [stderr]    Compiling zstd v0.13.3
[INFO] [stderr]    Compiling chacha20poly1305 v0.10.1
[INFO] [stderr]    Compiling tracing v0.1.44
[INFO] [stderr]    Compiling darling_macro v0.23.0
[INFO] [stderr]    Compiling rustls-webpki v0.103.15
[INFO] [stderr]    Compiling webpki-roots v1.0.9
[INFO] [stderr]    Compiling darling v0.23.0
[INFO] [stderr]    Compiling bon-macros v3.9.3
[INFO] [stderr]    Compiling serde v1.0.229
[INFO] [stderr]    Compiling ed25519-dalek v3.0.0
[INFO] [stderr]    Compiling tantivy-common v0.11.0
[INFO] [stderr]    Compiling chrono v0.4.45
[INFO] [stderr]    Compiling typetag v0.2.23
[INFO] [stderr]    Compiling tantivy-tokenizer-api v0.7.0
[INFO] [stderr]    Compiling tantivy-query-grammar v0.26.0
[INFO] [stderr]    Compiling rust-stemmers v1.2.0
[INFO] [stderr]    Compiling sketches-ddsketch v0.4.1
[INFO] [stderr]    Compiling wm-conformal v9.3.4
[INFO] [stderr]    Compiling rmp-serde v1.3.1
[INFO] [stderr]    Compiling tantivy-stacker v0.7.0
[INFO] [stderr]    Compiling tantivy-sstable v0.7.0
[INFO] [stderr]    Compiling tantivy-columnar v0.7.0
[INFO] [stderr]    Compiling wm-core v9.3.4
[INFO] [stderr]    Compiling wm-substrate v9.3.4
[INFO] [stderr]    Compiling bon v3.9.3
[INFO] [stderr]    Compiling tantivy v0.26.1
[INFO] [stderr]    Compiling ureq v3.4.0
[INFO] [stderr]    Compiling wm-memory v9.3.4
[INFO] [stderr]    Compiling wm-governance v9.3.4
[INFO] [stderr]    Compiling wm-sangha v9.3.4 (/opt/rustwide/workdir)
[INFO] [stderr]     Finished `dev` profile [unoptimized + debuginfo] target(s) in 1m 37s
[INFO] running `Command { std: "docker" "inspect" "84f6f408bf58ce2c19a6e34ea642ee1ebbd38e121c2c293359ae0acb62e3f4e3", kill_on_drop: false }`
[INFO] running `Command { std: "docker" "exec" "-e" "SOURCE_DIR=/opt/rustwide/workdir" "-e" "CARGO_HOME=/opt/rustwide/cargo-home" "-e" "RUSTUP_HOME=/opt/rustwide/rustup-home" "-e" "CARGO_TARGET_DIR=/opt/rustwide/target" "-e" "CARGO_INCREMENTAL=0" "-e" "RUST_BACKTRACE=full" "-e" "RUSTFLAGS=--cap-lints=warn" "-e" "RUSTDOCFLAGS=--cap-lints=warn" "-w" "/opt/rustwide/workdir" "--user" "0:0" "84f6f408bf58ce2c19a6e34ea642ee1ebbd38e121c2c293359ae0acb62e3f4e3" "/opt/rustwide/cargo-home/bin/cargo" "+1.99.0-beta.8" "test" "--frozen" "--no-run" "--message-format=json", kill_on_drop: false }`
[INFO] [stderr]    Compiling wm-sangha v9.3.4 (/opt/rustwide/workdir)
[INFO] [stderr]     Finished `test` profile [unoptimized + debuginfo] target(s) in 9.77s
[INFO] running `Command { std: "docker" "inspect" "84f6f408bf58ce2c19a6e34ea642ee1ebbd38e121c2c293359ae0acb62e3f4e3", kill_on_drop: false }`
[INFO] running `Command { std: "docker" "exec" "-e" "SOURCE_DIR=/opt/rustwide/workdir" "-e" "CARGO_HOME=/opt/rustwide/cargo-home" "-e" "RUSTUP_HOME=/opt/rustwide/rustup-home" "-e" "CARGO_TARGET_DIR=/opt/rustwide/target" "-e" "CARGO_INCREMENTAL=0" "-e" "RUST_BACKTRACE=full" "-e" "RUSTFLAGS=--cap-lints=warn" "-e" "RUSTDOCFLAGS=--cap-lints=warn" "-w" "/opt/rustwide/workdir" "--user" "0:0" "84f6f408bf58ce2c19a6e34ea642ee1ebbd38e121c2c293359ae0acb62e3f4e3" "/opt/rustwide/cargo-home/bin/cargo" "+1.99.0-beta.8" "test" "--frozen", kill_on_drop: false }`
[INFO] [stderr]     Finished `test` profile [unoptimized + debuginfo] target(s) in 0.21s
[INFO] [stderr]      Running unittests src/lib.rs (/opt/rustwide/target/debug/deps/wm_sangha-5aaf977394a20ee4)
[INFO] [stdout] 
[INFO] [stdout] running 238 tests
[INFO] [stdout] test authority::tests::explicit_tofu_allows_a_pinless_execution_grant ... ok
[INFO] [stdout] test authority::tests::pin_comparison_is_case_insensitive ... ok
[INFO] [stdout] test authority::tests::pinned_grant_requires_the_matching_bound_key ... ok
[INFO] [stdout] test authority::tests::missing_file_resolves_to_enforce ... ok
[INFO] [stdout] test authority::tests::revoke_removes_the_grant ... ok
[INFO] [stdout] test authority::tests::grant_applies_and_survives_pinless_tofu ... ok
[INFO] [stdout] test chat::tests::channel_isolation ... ok
[INFO] [stdout] test chat::tests::chat_channel_constructors ... ok
[INFO] [stdout] test authority::tests::load_parses_the_documented_file_shape ... ok
[INFO] [stdout] test authority::tests::malformed_file_fails_closed ... ok
[INFO] [stdout] test authority::tests::unreadable_existing_file_still_fails_closed ... ok
[INFO] [stdout] test authority::tests::unknown_keys_in_the_policy_file_are_errors ... ok
[INFO] [stdout] test authority::tests::mode_parse_is_strict ... ok
[INFO] [stdout] test chat::tests::max_per_channel ... ok
[INFO] [stdout] test chat::tests::read_after_id ... ok
[INFO] [stdout] test authority::tests::unpinned_execution_grant_without_tofu_is_refused ... ok
[INFO] [stdout] test chat::tests::max_wire_id_saturates_instead_of_overflowing ... ok
[INFO] [stdout] test chat::tests::message_to_json ... ok
[INFO] [stdout] test chat::tests::channel_names ... ok
[INFO] [stdout] test chat::tests::clear_channel ... ok
[INFO] [stdout] test chat::tests::send_and_read ... ok
[INFO] [stdout] test chat::tests::envelope_id_minting_is_unique_and_namespaced ... ok
[INFO] [stdout] test chat::tests::send_caps_message_length ... ok
[INFO] [stdout] test chat::tests::inject_signed_dedups_by_sender_and_envelope_id ... ok
[INFO] [stdout] test chat::tests::send_mints_an_envelope_id ... ok
[INFO] [stdout] test chat::tests::inject_signed_dedups_by_envelope_id ... ok
[INFO] [stdout] test chat::tests::send_strips_control_characters ... ok
[INFO] [stdout] test chat::tests::unique_message_ids ... ok
[INFO] [stdout] test chat::tests::send_preserves_newlines ... ok
[INFO] [stdout] test chat::tests::unsigned_chat_reports_unchecked ... ok
[INFO] [stdout] test chat::tests::summary ... ok
[INFO] [stdout] test chat::tests::total_messages ... ok
[INFO] [stdout] test authority::tests::advisory_honors_declared_authority ... ok
[INFO] [stdout] test authority::tests::default_mode_is_enforce_and_denies_unknown_peers ... ok
[INFO] [stdout] test hologram::tests::clear ... ok
[INFO] [stdout] test hologram::tests::export_all ... ok
[INFO] [stdout] test hologram::tests::add_and_get ... ok
[INFO] [stdout] test hologram::tests::distance_to ... ok
[INFO] [stdout] test hologram::tests::merge_conflict_higher_importance_wins ... ok
[INFO] [stdout] test hologram::tests::merge_conflict_newer_timestamp_wins ... ok
[INFO] [stdout] test hologram::tests::summary ... ok
[INFO] [stdout] test hologram::tests::total_stats_tracked ... ok
[INFO] [stdout] test hologram::tests::merge_new_entries ... ok
[INFO] [stdout] test crypto::tests::accepts_identity_is_derived_only_after_legacy_removal ... ok
[INFO] [stdout] test hologram::tests::merge_lower_importance_kept_local ... ok
[INFO] [stdout] test hologram::tests::nearby_entries ... ok
[INFO] [stdout] test lock::tests::acquire_with_custom_ttl ... ok
[INFO] [stdout] test lock::tests::acquire_denied_when_held ... ok
[INFO] [stdout] test lock::tests::acquire_and_release ... ok
[INFO] [stdout] test crypto::tests::hex_roundtrip ... ok
[INFO] [stdout] test lock::tests::extend_lock ... ok
[INFO] [stdout] test lock::tests::extend_wrong_peer_fails ... ok
[INFO] [stdout] test lock::tests::locks_by_peer ... ok
[INFO] [stdout] test lock::tests::lock_entry_remaining_ttl ... ok
[INFO] [stdout] test lock::tests::lock_manager_summary ... ok
[INFO] [stdout] test lock::tests::per_peer_limit_does_not_affect_reacquire ... ok
[INFO] [stdout] test lock::tests::per_peer_limit_allows_other_peers ... ok
[INFO] [stdout] test lock::tests::per_peer_limit_release_frees_slot ... ok
[INFO] [stdout] test lock::tests::per_peer_lock_limit_enforced ... ok
[INFO] [stdout] test lock::tests::reacquire_extends ... ok
[INFO] [stdout] test lock::tests::release_wrong_peer_fails ... ok
[INFO] [stdout] test mail_slot::tests::enqueue_is_fifo_with_ids ... ok
[INFO] [stdout] test mail_slot::tests::bounds_are_published ... ok
[INFO] [stdout] test mail_slot::tests::byte_bound_rejects_with_bytes_kind ... ok
[INFO] [stdout] test mail_slot::tests::corrupt_file_starts_fresh ... ok
[INFO] [stdout] test mail_slot::tests::global_message_bound_rejects_with_messages_kind ... ok
[INFO] [stdout] test mail_slot::tests::per_peer_bound_rejects_with_peer_kind ... ok
[INFO] [stdout] test mail_slot::tests::persistence_roundtrip_across_instances ... ok
[INFO] [stdout] test mail_slot::tests::remove_ids_and_attempts_track_state ... ok
[INFO] [stdout] test mail_slot::tests::ttl_purge_drops_expired_entries ... ok
[INFO] [stdout] test mail_slot::tests::envelope_id_roundtrips_and_legacy_entries_default_empty ... ok
[INFO] [stdout] test mail_slot::tests::set_envelope_persists_fallback_for_retry_reuse ... ok
[INFO] [stdout] test mesh_node::tests::chat_to_unresolvable_id_fails_without_queueing ... ok
[INFO] [stdout] test mesh_node::tests::announce_addr_normalizes_wildcard_bind ... ok
[INFO] [stdout] test mesh_node::tests::flag_parse_is_strict ... ok
[INFO] [stdout] test crypto::tests::kdf_migration_eras_are_deterministic_and_distinct ... ok
[INFO] [stdout] test chat::tests::restore_from_saturates_on_max_wire_id ... ok
[INFO] [stdout] test chat::tests::empty_envelope_serializes_like_the_legacy_payload ... ok
[INFO] [stdout] test chat::tests::chat_signs_messages_when_key_configured ... ok
[INFO] [stdout] test chat::tests::verification_rejects_forged_messages ... ok
[INFO] [stdout] test mesh_node::tests::slot_set_get_roundtrip ... ok
[INFO] [stdout] test mesh_node::tests::status_discloses_own_agent_presence ... ok
[INFO] [stdout] test mesh_node::tests::status_reports_node_shape ... ok
[INFO] [stdout] test crypto::tests::sign_and_verify_roundtrip ... ok
[INFO] [stdout] test peer::tests::auto_quarantine_triggers_on_repeated_failures ... ok
[INFO] [stdout] test peer::tests::auto_quarantine_triggers_on_trust_floor ... ok
[INFO] [stdout] test chat::tests::signed_message_verifies_and_detects_tampering ... ok
[INFO] [stdout] test crypto::tests::wrong_key_or_tampered_payload_rejected ... ok
[INFO] [stdout] test peer::tests::bound_identity_displaces_oldest_hint_at_capacity ... ok
[INFO] [stdout] test peer::tests::heartbeat_timeout_is_gettable_for_replay_windows ... ok
[INFO] [stdout] test peer::tests::hint_flag_is_disclosed_in_summary ... ok
[INFO] [stdout] test peer::tests::hint_population_is_capped ... ok
[INFO] [stdout] test peer::tests::decay_uses_receiver_clock_not_sender_clock ... ok
[INFO] [stdout] test mesh_node::tests::join_dials_fresh_and_leaves_no_ghost_entries ... ok
[INFO] [stdout] test peer::tests::peer_authority_empty_allowed_allows_all ... ok
[INFO] [stdout] test peer::tests::peer_authority_tool_filtering ... ok
[INFO] [stdout] test peer::tests::peer_capability_as_str ... ok
[INFO] [stdout] test peer::tests::peer_default_trust ... ok
[INFO] [stdout] test peer::tests::peer_delegation_creates_restricted_peer ... ok
[INFO] [stdout] test peer::tests::peer_delegation_fails_without_authority ... ok
[INFO] [stdout] test peer::tests::peer_discovery_average_trust ... ok
[INFO] [stdout] test peer::tests::peer_discovery_clear ... ok
[INFO] [stdout] test peer::tests::peer_discovery_delegate ... ok
[INFO] [stdout] test peer::tests::peer_discovery_discover ... ok
[INFO] [stdout] test mesh_node::tests::join_binds_identity_both_ways_and_chat_flows ... ok
[INFO] [stdout] test peer::tests::identity_theft_refused_after_key_is_bound ... ok
[INFO] [stdout] test mesh_node::tests::chat_to_offline_peer_queues_and_delivers_on_rejoin ... ok
[INFO] [stdout] test peer::tests::peer_discovery_find_by_capability ... ok
[INFO] [stdout] test peer::tests::peer_discovery_heartbeat ... ok
[INFO] [stdout] test peer::tests::peer_discovery_max_peers ... ok
[INFO] [stdout] test peer::tests::peer_discovery_record_success_failure ... ok
[INFO] [stdout] test peer::tests::peer_discovery_find_by_tool ... ok
[INFO] [stdout] test peer::tests::peer_discovery_trusted_peers ... ok
[INFO] [stdout] test peer::tests::peer_discovery_summary ... ok
[INFO] [stdout] test peer::tests::peer_info_capabilities ... ok
[INFO] [stdout] test mesh_node::tests::legacy_mail_entry_reuses_persisted_fallback_envelope_on_retry ... ok
[INFO] [stdout] test peer::tests::peer_info_full_capability ... ok
[INFO] [stdout] test peer::tests::peer_info_heartbeat ... ok
[INFO] [stdout] test peer::tests::peer_info_new ... ok
[INFO] [stdout] test peer::tests::peer_record_failure_decreases_trust ... ok
[INFO] [stdout] test peer::tests::peer_record_success_increases_trust ... ok
[INFO] [stdout] test peer::tests::peer_set_trust ... ok
[INFO] [stdout] test peer::tests::peer_reliability ... ok
[INFO] [stdout] test mesh_node::tests::mail_envelope_id_survives_queue_and_flush ... ok
[INFO] [stdout] test mesh_node::tests::mail_slot_and_chat_log_persist_across_node_restart ... ok
[INFO] [stdout] test peer::tests::verify_binding_is_check_only ... ok
[INFO] [stdout] test peer::tests::presence_derivation_online_away_offline ... ok
[INFO] [stdout] test peer::tests::signed_heartbeat_binds_over_unsigned_beacon_entry ... ok
[INFO] [stdout] test radiant::tests::gift_token_new ... ok
[INFO] [stdout] test radiant::tests::inventory_peers_with_model ... ok
[INFO] [stdout] test radiant::tests::inventory_peers_with_surplus ... ok
[INFO] [stdout] test radiant::tests::inventory_summary ... ok
[INFO] [stdout] test radiant::tests::inventory_update_local ... ok
[INFO] [stdout] test radiant::tests::ledger_donate_and_receive ... ok
[INFO] [stdout] test radiant::tests::inventory_best_offload_target ... ok
[INFO] [stdout] test radiant::tests::ledger_not_freeloading_when_balanced ... ok
[INFO] [stdout] test peer::tests::peer_is_trusted_for_writes ... ok
[INFO] [stdout] test radiant::tests::ledger_freeloading ... ok
[INFO] [stdout] test peer::tests::unsigned_beacon_never_clobbers_bound_identity ... ok
[INFO] [stdout] test radiant::tests::resource_snapshot_no_surplus ... ok
[INFO] [stdout] test radiant::tests::resource_snapshot_has_surplus ... ok
[INFO] [stdout] test radiant::tests::ledger_summary ... ok
[INFO] [stdout] test peer::tests::discover_signed_rejects_forged_peers ... ok
[INFO] [stdout] test radiant::tests::resource_snapshot_surplus_score ... ok
[INFO] [stdout] test radiant::tests::routing_decision_helpers ... ok
[INFO] [stdout] test radiant::tests::task_router_local_execution ... ok
[INFO] [stdout] test radiant::tests::task_router_offload_on_low_energy ... ok
[INFO] [stdout] test radiant::tests::task_router_record_offload ... ok
[INFO] [stdout] test replay::tests::fresh_then_replay_per_key_and_timestamp ... ok
[INFO] [stdout] test replay::tests::capacity_is_bounded_and_oldest_evicted ... ok
[INFO] [stdout] test peer::tests::peer_identity_signing_verifies ... ok
[INFO] [stdout] test peer::tests::verify_identity_is_the_discovery_verification_seam ... ok
[INFO] [stdout] test mesh_node::tests::quarantine_cuts_off_and_refuses_rejoin ... ok
[INFO] [stdout] test radiant::tests::task_router_reject_when_no_peers ... ok
[INFO] [stdout] test radiant::tests::task_router_offload_for_large_model ... ok
[INFO] [stdout] test radiant::tests::task_router_record_receipt ... ok
[INFO] [stdout] test signal::tests::broadcast_recent_capped ... ok
[INFO] [stdout] test signal::tests::broadcast_assigns_unique_ids ... ok
[INFO] [stdout] test replay::tests::zero_window_ages_entries_immediately ... ok
[INFO] [stdout] test replay::tests::outside_window_is_refused_both_directions ... ok
[INFO] [stdout] test replay::tests::ingest_guard_applies_freshness_rate_and_replay ... ok
[INFO] [stdout] test signal::tests::broadcast_summary ... ok
[INFO] [stdout] test signal::tests::broadcast_delivers_to_matching ... ok
[INFO] [stdout] test replay::tests::rate_limiter_refills_after_window ... ok
[INFO] [stdout] test signal::tests::signal_filter_min_importance ... ok
[INFO] [stdout] test signal::tests::signal_filter_source_matches ... ok
[INFO] [stdout] test signal::tests::signal_filter_type_matches ... ok
[INFO] [stdout] test signal::tests::signal_type_as_str ... ok
[INFO] [stdout] test signal::tests::signal_with_importance ... ok
[INFO] [stdout] test signal::tests::signal_filter_all_matches ... ok
[INFO] [stdout] test signal::tests::unsubscribe_removes_subscription ... ok
[INFO] [stdout] test signal::tests::signal_new ... ok
[INFO] [stdout] test transport::containment_tests::signed_discovery_announce_roundtrips_and_verifies ... ok
[INFO] [stdout] test transport::containment_tests::legacy_three_field_payload_signature_is_rejected ... ok
[INFO] [stdout] test transport::tests::beacon_ingest_ignores_own_loopback_beacon ... ok
[INFO] [stdout] test transport::containment_tests::signed_beacon_key_change_is_refused ... ok
[INFO] [stdout] test transport::tests::chat_from_unbound_sender_is_rejected ... ok
[INFO] [stdout] test transport::containment_tests::ingest_beacon_enforces_freshness_and_replay ... ok
[INFO] [stdout] test transport::tests::chat_authority_is_enforced ... ok
[INFO] [stdout] test transport::tests::chat_replay_by_envelope_id_is_reported_as_duplicate ... ok
[INFO] [stdout] test transport::tests::chat_unsigned_is_rejected_over_the_mesh_transport ... ok
[INFO] [stdout] test transport::tests::chat_signed_fresh_is_stored_with_duplicate_false ... ok
[INFO] [stdout] test transport::tests::e2e_tcp_hologram_sync ... ok
[INFO] [stdout] test transport::tests::chat_stale_is_rejected ... ok
[INFO] [stdout] test transport::tests::e2e_tcp_rpc_roundtrip ... ok
[INFO] [stdout] test transport::tests::frame_helpers_roundtrip ... ok
[INFO] [stdout] test containment::tests::mesh_containment_simulates_and_contains_all_vectors ... ok
[INFO] [stdout] test transport::tests::handle_rpc_acquire_lock ... ok
[INFO] [stdout] test transport::tests::handle_rpc_discover ... ok
[INFO] [stdout] test transport::tests::handle_rpc_heartbeat ... ok
[INFO] [stdout] test transport::tests::handle_rpc_broadcast_signal ... ok
[INFO] [stdout] test transport::tests::handle_rpc_release_lock ... ok
[INFO] [stdout] test transport::containment_tests::ingest_beacon_rate_limits_one_source ... ok
[INFO] [stdout] test transport::tests::handle_rpc_unknown_method ... ok
[INFO] [stdout] test transport::tests::handle_rpc_sync_hologram ... ok
[INFO] [stdout] test lock::tests::expired_lock_reclaimed ... ok
[INFO] [stdout] test lock::tests::evict_expired ... ok
[INFO] [stdout] test transport::containment_tests::udp_self_beacon_is_ignored ... ok
[INFO] [stdout] test transport::tests::heartbeat_unknown_unsigned_still_registers_as_address_hint ... ok
[INFO] [stdout] test transport::tests::heartbeat_stale_signed_is_rejected ... ok
[INFO] [stdout] test transport::tests::handle_rpc_send_chat ... ok
[INFO] [stdout] test transport::tests::lock_authority_is_enforced ... ok
[INFO] [stdout] test transport::tests::heartbeat_unsigned_for_bound_peer_is_rejected ... ok
[INFO] [stdout] test transport::tests::peer_announce_invalid_bytes ... ok
[INFO] [stdout] test transport::tests::e2e_tcp_chat_and_signal ... ok
[INFO] [stdout] test transport::tests::peer_announce_roundtrip ... ok
[INFO] [stdout] test transport::tests::peer_announce_with_capabilities ... ok
[INFO] [stdout] test transport::tests::forged_heartbeat_cannot_consume_bound_victims_replay_slot ... ok
[INFO] [stdout] test transport::tests::lock_request_with_forged_engagement_token_is_rejected ... ok
[INFO] [stdout] test transport::tests::lock_request_with_unbound_issuer_is_rejected ... ok
[INFO] [stdout] test transport::tests::rand_id_is_nonzero ... ok
[INFO] [stdout] test transport::tests::quarantined_holder_cannot_acquire_or_release_locks ... ok
[INFO] [stdout] test transport::tests::rpc_request_serialize ... ok
[INFO] [stdout] test transport::tests::heartbeat_replay_cannot_launder_identity_theft_or_quarantine ... ok
[INFO] [stdout] test transport::tests::rpc_response_err ... ok
[INFO] [stdout] test transport::tests::rpc_response_ok ... ok
[INFO] [stdout] test transport::tests::pinned_grant_reserves_the_peer_id_at_the_bind_seam ... ok
[INFO] [stdout] test transport::tests::sangha_state_creation ... ok
[INFO] [stdout] test transport::tests::permissive_mode_keeps_legacy_token_less_locks ... ok
[INFO] [stdout] test transport::tests::quarantined_source_cannot_broadcast_signals ... ok
[INFO] [stdout] test transport::tests::rpc_call_evicts_connection_on_io_error ... ok
[INFO] [stdout] test transport::tests::transport_connect_and_rpc ... ok
[INFO] [stdout] test transport::tests::lock_request_with_valid_engagement_token_is_accepted ... ok
[INFO] [stdout] test transport::tests::transport_config_default ... ok
[INFO] [stdout] test transport::tests::signal_authority_is_enforced ... ok
[INFO] [stdout] test peer::tests::evict_stale_spares_quarantined_peers ... ok
[INFO] [stdout] test transport::tests::strict_mode_requires_engagement_credential ... ok
[INFO] [stdout] test transport::tests::signed_heartbeat_identity_rejection_is_labelled ... ok
[INFO] [stdout] test peer::tests::hint_ttl_is_shorter_than_heartbeat_timeout ... ok
[INFO] [stdout] test transport::tests::transport_shutdown_stops_serve ... ok
[INFO] [stdout] test transport::tests::unprovisioned_bound_peer_is_default_denied ... ok
[INFO] [stdout] test transport::tests::heartbeat_replay_is_acknowledged_without_rebinding ... ok
[INFO] [stdout] test peer::tests::peer_discovery_evict_stale ... ok
[INFO] [stdout] test containment::tests::larger_mesh_with_two_adversaries ... ok
[INFO] [stdout] test transport::containment_tests::transport_rejects_forged_chat_and_identity_theft ... ok
[INFO] [stdout] test transport::containment_tests::udp_beacon_ingests_valid_and_ignores_garbage ... FAILED
[INFO] [stdout] test transport::containment_tests::udp_forged_beacon_cannot_redirect_known_peer ... FAILED
[INFO] [stdout] test mesh_node::tests::agent_presence_transitions_propagate_to_peers ... ok
[INFO] [stdout] 
[INFO] [stdout] failures:
[INFO] [stdout] 
[INFO] [stdout] ---- transport::containment_tests::udp_beacon_ingests_valid_and_ignores_garbage stdout ----
[INFO] [stdout] 
[INFO] [stdout] thread 'transport::containment_tests::udp_beacon_ingests_valid_and_ignores_garbage' (2353) panicked at src/transport.rs:3300:9:
[INFO] [stdout] valid beacon must be discovered
[INFO] [stdout] stack backtrace:
[INFO] [stdout]    0:     0x5ac3e07b3831 - std[70759c8f55707aa4]::backtrace_rs::backtrace::libunwind::trace
[INFO] [stdout]                                at /rustc/dfb0accb7f508ae8be965d8629557221c889dd98/library/std/src/../../backtrace/src/backtrace/libunwind.rs:117:9
[INFO] [stdout]    1:     0x5ac3e07b3831 - std[70759c8f55707aa4]::backtrace_rs::backtrace::trace_unsynchronized::<std[70759c8f55707aa4]::sys::backtrace::_print_fmt::{closure#1}>
[INFO] [stdout]                                at /rustc/dfb0accb7f508ae8be965d8629557221c889dd98/library/std/src/../../backtrace/src/backtrace/mod.rs:66:14
[INFO] [stdout]    2:     0x5ac3e07b3831 - std[70759c8f55707aa4]::sys::backtrace::_print_fmt
[INFO] [stdout]                                at /rustc/dfb0accb7f508ae8be965d8629557221c889dd98/library/std/src/sys/backtrace.rs:74:9
[INFO] [stdout]    3:     0x5ac3e07b3831 - <<std[70759c8f55707aa4]::sys::backtrace::BacktraceLock>::print::DisplayBacktrace as core[df12db4294e9bfd3]::fmt::Display>::fmt
[INFO] [stdout]                                at /rustc/dfb0accb7f508ae8be965d8629557221c889dd98/library/std/src/sys/backtrace.rs:44:26
[INFO] [stdout]    4:     0x5ac3e07ca3ba - <core[df12db4294e9bfd3]::fmt::rt::Argument>::fmt
[INFO] [stdout]                                at /rustc/dfb0accb7f508ae8be965d8629557221c889dd98/library/core/src/fmt/rt.rs:152:76
[INFO] [stdout]    5:     0x5ac3e07ca3ba - core[df12db4294e9bfd3]::fmt::write
[INFO] [stdout]    6:     0x5ac3e07b84ac - core[df12db4294e9bfd3]::io::write::default_write_fmt::<alloc[2182bb758b4b3781]::vec::Vec<u8>>
[INFO] [stdout]                                at /rustc/dfb0accb7f508ae8be965d8629557221c889dd98/library/core/src/io/write.rs:402:11
[INFO] [stdout]    7:     0x5ac3e07b84ac - <alloc[2182bb758b4b3781]::vec::Vec<u8> as core[df12db4294e9bfd3]::io::write::Write>::write_fmt
[INFO] [stdout]                                at /rustc/dfb0accb7f508ae8be965d8629557221c889dd98/library/core/src/io/write.rs:335:13
[INFO] [stdout]    8:     0x5ac3e078cd46 - <std[70759c8f55707aa4]::sys::backtrace::BacktraceLock>::print
[INFO] [stdout]                                at /rustc/dfb0accb7f508ae8be965d8629557221c889dd98/library/std/src/sys/backtrace.rs:47:9
[INFO] [stdout]    9:     0x5ac3e078cd46 - std[70759c8f55707aa4]::panicking::default_hook::{closure#0}
[INFO] [stdout]                                at /rustc/dfb0accb7f508ae8be965d8629557221c889dd98/library/std/src/panicking.rs:292:27
[INFO] [stdout]   10:     0x5ac3e07aaa29 - std[70759c8f55707aa4]::panicking::default_hook
[INFO] [stdout]                                at /rustc/dfb0accb7f508ae8be965d8629557221c889dd98/library/std/src/panicking.rs:316:9
[INFO] [stdout]   11:     0x5ac3e0608900 - <alloc[2182bb758b4b3781]::boxed::Box<dyn for<'a, 'b> core[df12db4294e9bfd3]::ops::function::Fn<(&'a std[70759c8f55707aa4]::panic::PanicHookInfo<'b>,), Output = ()> + core[df12db4294e9bfd3]::marker::Send + core[df12db4294e9bfd3]::marker::Sync> as core[df12db4294e9bfd3]::ops::function::Fn<(&std[70759c8f55707aa4]::panic::PanicHookInfo,)>>::call
[INFO] [stdout]                                at /rustc/dfb0accb7f508ae8be965d8629557221c889dd98/library/alloc/src/boxed.rs:2334:9
[INFO] [stdout]   12:     0x5ac3e0608900 - test[9d35eded1c95d3be]::test_main_inner::<test[9d35eded1c95d3be]::test_main_static::{closure#0}>::{closure#0}
[INFO] [stdout]                                at /rustc/dfb0accb7f508ae8be965d8629557221c889dd98/library/test/src/lib.rs:155:21
[INFO] [stdout]   13:     0x5ac3e07aad52 - <alloc[2182bb758b4b3781]::boxed::Box<dyn for<'a, 'b> core[df12db4294e9bfd3]::ops::function::Fn<(&'a std[70759c8f55707aa4]::panic::PanicHookInfo<'b>,), Output = ()> + core[df12db4294e9bfd3]::marker::Send + core[df12db4294e9bfd3]::marker::Sync> as core[df12db4294e9bfd3]::ops::function::Fn<(&std[70759c8f55707aa4]::panic::PanicHookInfo,)>>::call
[INFO] [stdout]                                at /rustc/dfb0accb7f508ae8be965d8629557221c889dd98/library/alloc/src/boxed.rs:2334:9
[INFO] [stdout]   14:     0x5ac3e07aad52 - std[70759c8f55707aa4]::panicking::panic_with_hook
[INFO] [stdout]                                at /rustc/dfb0accb7f508ae8be965d8629557221c889dd98/library/std/src/panicking.rs:823:13
[INFO] [stdout]   15:     0x5ac3e078ce24 - std[70759c8f55707aa4]::panicking::panic_handler::{closure#0}
[INFO] [stdout]                                at /rustc/dfb0accb7f508ae8be965d8629557221c889dd98/library/std/src/panicking.rs:681:13
[INFO] [stdout]   16:     0x5ac3e07857b9 - std[70759c8f55707aa4]::sys::backtrace::__rust_end_short_backtrace::<std[70759c8f55707aa4]::panicking::panic_handler::{closure#0}, !>
[INFO] [stdout]                                at /rustc/dfb0accb7f508ae8be965d8629557221c889dd98/library/std/src/sys/backtrace.rs:182:18
[INFO] [stdout]   17:     0x5ac3e078dccd - __rustc[8fa7c3cbc660c2b3]::rust_begin_unwind
[INFO] [stdout]                                at /rustc/dfb0accb7f508ae8be965d8629557221c889dd98/library/std/src/panicking.rs:679:5
[INFO] [stdout]   18:     0x5ac3e07cabdc - core[df12db4294e9bfd3]::panicking::panic_fmt
[INFO] [stdout]                                at /rustc/dfb0accb7f508ae8be965d8629557221c889dd98/library/core/src/panicking.rs:80:14
[INFO] [stdout]   19:     0x5ac3e05365ae - wm_sangha[369464607d317cdb]::transport::containment_tests::udp_beacon_ingests_valid_and_ignores_garbage::{closure#0}
[INFO] [stdout]                                at /opt/rustwide/workdir/src/transport.rs:3300:9
[INFO] [stdout]   20:     0x5ac3e0570452 - <core[df12db4294e9bfd3]::pin::Pin<&mut dyn core[df12db4294e9bfd3]::future::future::Future<Output = ()>> as core[df12db4294e9bfd3]::future::future::Future>::poll
[INFO] [stdout]                                at /rustc/dfb0accb7f508ae8be965d8629557221c889dd98/library/core/src/future/future.rs:133:9
[INFO] [stdout]   21:     0x5ac3e05704cd - <core[df12db4294e9bfd3]::pin::Pin<&mut core[df12db4294e9bfd3]::pin::Pin<&mut dyn core[df12db4294e9bfd3]::future::future::Future<Output = ()>>> as core[df12db4294e9bfd3]::future::future::Future>::poll
[INFO] [stdout]                                at /rustc/dfb0accb7f508ae8be965d8629557221c889dd98/library/core/src/future/future.rs:133:9
[INFO] [stdout]   22:     0x5ac3e051497d - <tokio[da0ece585b901bd]::runtime::scheduler::current_thread::CoreGuard>::block_on::<core[df12db4294e9bfd3]::pin::Pin<&mut core[df12db4294e9bfd3]::pin::Pin<&mut dyn core[df12db4294e9bfd3]::future::future::Future<Output = ()>>>>::{closure#0}::{closure#0}::{closure#0}
[INFO] [stdout]                                at /opt/rustwide/cargo-home/registry/src/index.crates.io-1949cf8c6b5b557f/tokio-1.53.1/src/runtime/scheduler/current_thread/mod.rs:830:70
[INFO] [stdout]   23:     0x5ac3e05148b5 - tokio[da0ece585b901bd]::task::coop::with_budget::<core[df12db4294e9bfd3]::task::poll::Poll<()>, <tokio[da0ece585b901bd]::runtime::scheduler::current_thread::CoreGuard>::block_on<core[df12db4294e9bfd3]::pin::Pin<&mut core[df12db4294e9bfd3]::pin::Pin<&mut dyn core[df12db4294e9bfd3]::future::future::Future<Output = ()>>>>::{closure#0}::{closure#0}::{closure#0}>
[INFO] [stdout]                                at /opt/rustwide/cargo-home/registry/src/index.crates.io-1949cf8c6b5b557f/tokio-1.53.1/src/task/coop/mod.rs:167:5
[INFO] [stdout]   24:     0x5ac3e05148b5 - tokio[da0ece585b901bd]::task::coop::budget::<core[df12db4294e9bfd3]::task::poll::Poll<()>, <tokio[da0ece585b901bd]::runtime::scheduler::current_thread::CoreGuard>::block_on<core[df12db4294e9bfd3]::pin::Pin<&mut core[df12db4294e9bfd3]::pin::Pin<&mut dyn core[df12db4294e9bfd3]::future::future::Future<Output = ()>>>>::{closure#0}::{closure#0}::{closure#0}>
[INFO] [stdout]                                at /opt/rustwide/cargo-home/registry/src/index.crates.io-1949cf8c6b5b557f/tokio-1.53.1/src/task/coop/mod.rs:133:5
[INFO] [stdout]   25:     0x5ac3e05148b5 - <tokio[da0ece585b901bd]::runtime::scheduler::current_thread::CoreGuard>::block_on::<core[df12db4294e9bfd3]::pin::Pin<&mut core[df12db4294e9bfd3]::pin::Pin<&mut dyn core[df12db4294e9bfd3]::future::future::Future<Output = ()>>>>::{closure#0}::{closure#0}
[INFO] [stdout]                                at /opt/rustwide/cargo-home/registry/src/index.crates.io-1949cf8c6b5b557f/tokio-1.53.1/src/runtime/scheduler/current_thread/mod.rs:830:25
[INFO] [stdout]   26:     0x5ac3e0506dd2 - <tokio[da0ece585b901bd]::runtime::scheduler::current_thread::Context>::enter::<core[df12db4294e9bfd3]::task::poll::Poll<()>, <tokio[da0ece585b901bd]::runtime::scheduler::current_thread::CoreGuard>::block_on<core[df12db4294e9bfd3]::pin::Pin<&mut core[df12db4294e9bfd3]::pin::Pin<&mut dyn core[df12db4294e9bfd3]::future::future::Future<Output = ()>>>>::{closure#0}::{closure#0}>
[INFO] [stdout]                                at /opt/rustwide/cargo-home/registry/src/index.crates.io-1949cf8c6b5b557f/tokio-1.53.1/src/runtime/scheduler/current_thread/mod.rs:488:19
[INFO] [stdout]   27:     0x5ac3e05134cd - <tokio[da0ece585b901bd]::runtime::scheduler::current_thread::CoreGuard>::block_on::<core[df12db4294e9bfd3]::pin::Pin<&mut core[df12db4294e9bfd3]::pin::Pin<&mut dyn core[df12db4294e9bfd3]::future::future::Future<Output = ()>>>>::{closure#0}
[INFO] [stdout]                                at /opt/rustwide/cargo-home/registry/src/index.crates.io-1949cf8c6b5b557f/tokio-1.53.1/src/runtime/scheduler/current_thread/mod.rs:829:44
[INFO] [stdout]   28:     0x5ac3e0512764 - <tokio[da0ece585b901bd]::runtime::scheduler::current_thread::CoreGuard>::enter::<<tokio[da0ece585b901bd]::runtime::scheduler::current_thread::CoreGuard>::block_on<core[df12db4294e9bfd3]::pin::Pin<&mut core[df12db4294e9bfd3]::pin::Pin<&mut dyn core[df12db4294e9bfd3]::future::future::Future<Output = ()>>>>::{closure#0}, core[df12db4294e9bfd3]::option::Option<()>>::{closure#0}
[INFO] [stdout]                                at /opt/rustwide/cargo-home/registry/src/index.crates.io-1949cf8c6b5b557f/tokio-1.53.1/src/runtime/scheduler/current_thread/mod.rs:906:68
[INFO] [stdout]   29:     0x5ac3e05006fb - <tokio[da0ece585b901bd]::runtime::context::scoped::Scoped<tokio[da0ece585b901bd]::runtime::scheduler::Context>>::set::<<tokio[da0ece585b901bd]::runtime::scheduler::current_thread::CoreGuard>::enter<<tokio[da0ece585b901bd]::runtime::scheduler::current_thread::CoreGuard>::block_on<core[df12db4294e9bfd3]::pin::Pin<&mut core[df12db4294e9bfd3]::pin::Pin<&mut dyn core[df12db4294e9bfd3]::future::future::Future<Output = ()>>>>::{closure#0}, core[df12db4294e9bfd3]::option::Option<()>>::{closure#0}, (alloc[2182bb758b4b3781]::boxed::Box<tokio[da0ece585b901bd]::runtime::scheduler::current_thread::Core>, core[df12db4294e9bfd3]::option::Option<()>)>
[INFO] [stdout]                                at /opt/rustwide/cargo-home/registry/src/index.crates.io-1949cf8c6b5b557f/tokio-1.53.1/src/runtime/context/scoped.rs:40:9
[INFO] [stdout]   30:     0x5ac3e05503b9 - tokio[da0ece585b901bd]::runtime::context::set_scheduler::<(alloc[2182bb758b4b3781]::boxed::Box<tokio[da0ece585b901bd]::runtime::scheduler::current_thread::Core>, core[df12db4294e9bfd3]::option::Option<()>), <tokio[da0ece585b901bd]::runtime::scheduler::current_thread::CoreGuard>::enter<<tokio[da0ece585b901bd]::runtime::scheduler::current_thread::CoreGuard>::block_on<core[df12db4294e9bfd3]::pin::Pin<&mut core[df12db4294e9bfd3]::pin::Pin<&mut dyn core[df12db4294e9bfd3]::future::future::Future<Output = ()>>>>::{closure#0}, core[df12db4294e9bfd3]::option::Option<()>>::{closure#0}>::{closure#0}
[INFO] [stdout]                                at /opt/rustwide/cargo-home/registry/src/index.crates.io-1949cf8c6b5b557f/tokio-1.53.1/src/runtime/context.rs:187:38
[INFO] [stdout]   31:     0x5ac3e04e263f - <std[70759c8f55707aa4]::thread::local::LocalKey<tokio[da0ece585b901bd]::runtime::context::Context>>::try_with::<tokio[da0ece585b901bd]::runtime::context::set_scheduler<(alloc[2182bb758b4b3781]::boxed::Box<tokio[da0ece585b901bd]::runtime::scheduler::current_thread::Core>, core[df12db4294e9bfd3]::option::Option<()>), <tokio[da0ece585b901bd]::runtime::scheduler::current_thread::CoreGuard>::enter<<tokio[da0ece585b901bd]::runtime::scheduler::current_thread::CoreGuard>::block_on<core[df12db4294e9bfd3]::pin::Pin<&mut core[df12db4294e9bfd3]::pin::Pin<&mut dyn core[df12db4294e9bfd3]::future::future::Future<Output = ()>>>>::{closure#0}, core[df12db4294e9bfd3]::option::Option<()>>::{closure#0}>::{closure#0}, (alloc[2182bb758b4b3781]::boxed::Box<tokio[da0ece585b901bd]::runtime::scheduler::current_thread::Core>, core[df12db4294e9bfd3]::option::Option<()>)>
[INFO] [stdout]                                at /rustc/dfb0accb7f508ae8be965d8629557221c889dd98/library/std/src/thread/local.rs:463:12
[INFO] [stdout]   32:     0x5ac3e04e21ee - <std[70759c8f55707aa4]::thread::local::LocalKey<tokio[da0ece585b901bd]::runtime::context::Context>>::with::<tokio[da0ece585b901bd]::runtime::context::set_scheduler<(alloc[2182bb758b4b3781]::boxed::Box<tokio[da0ece585b901bd]::runtime::scheduler::current_thread::Core>, core[df12db4294e9bfd3]::option::Option<()>), <tokio[da0ece585b901bd]::runtime::scheduler::current_thread::CoreGuard>::enter<<tokio[da0ece585b901bd]::runtime::scheduler::current_thread::CoreGuard>::block_on<core[df12db4294e9bfd3]::pin::Pin<&mut core[df12db4294e9bfd3]::pin::Pin<&mut dyn core[df12db4294e9bfd3]::future::future::Future<Output = ()>>>>::{closure#0}, core[df12db4294e9bfd3]::option::Option<()>>::{closure#0}>::{closure#0}, (alloc[2182bb758b4b3781]::boxed::Box<tokio[da0ece585b901bd]::runtime::scheduler::current_thread::Core>, core[df12db4294e9bfd3]::option::Option<()>)>
[INFO] [stdout]                                at /rustc/dfb0accb7f508ae8be965d8629557221c889dd98/library/std/src/thread/local.rs:427:20
[INFO] [stdout]   33:     0x5ac3e05466dd - tokio[da0ece585b901bd]::runtime::context::set_scheduler::<(alloc[2182bb758b4b3781]::boxed::Box<tokio[da0ece585b901bd]::runtime::scheduler::current_thread::Core>, core[df12db4294e9bfd3]::option::Option<()>), <tokio[da0ece585b901bd]::runtime::scheduler::current_thread::CoreGuard>::enter<<tokio[da0ece585b901bd]::runtime::scheduler::current_thread::CoreGuard>::block_on<core[df12db4294e9bfd3]::pin::Pin<&mut core[df12db4294e9bfd3]::pin::Pin<&mut dyn core[df12db4294e9bfd3]::future::future::Future<Output = ()>>>>::{closure#0}, core[df12db4294e9bfd3]::option::Option<()>>::{closure#0}>
[INFO] [stdout]                                at /opt/rustwide/cargo-home/registry/src/index.crates.io-1949cf8c6b5b557f/tokio-1.53.1/src/runtime/context.rs:187:17
[INFO] [stdout]   34:     0x5ac3e050c4f0 - <tokio[da0ece585b901bd]::runtime::scheduler::current_thread::CoreGuard>::enter::<<tokio[da0ece585b901bd]::runtime::scheduler::current_thread::CoreGuard>::block_on<core[df12db4294e9bfd3]::pin::Pin<&mut core[df12db4294e9bfd3]::pin::Pin<&mut dyn core[df12db4294e9bfd3]::future::future::Future<Output = ()>>>>::{closure#0}, core[df12db4294e9bfd3]::option::Option<()>>
[INFO] [stdout]                                at /opt/rustwide/cargo-home/registry/src/index.crates.io-1949cf8c6b5b557f/tokio-1.53.1/src/runtime/scheduler/current_thread/mod.rs:906:27
[INFO] [stdout]   35:     0x5ac3e050c7e6 - <tokio[da0ece585b901bd]::runtime::scheduler::current_thread::CoreGuard>::block_on::<core[df12db4294e9bfd3]::pin::Pin<&mut core[df12db4294e9bfd3]::pin::Pin<&mut dyn core[df12db4294e9bfd3]::future::future::Future<Output = ()>>>>
[INFO] [stdout]                                at /opt/rustwide/cargo-home/registry/src/index.crates.io-1949cf8c6b5b557f/tokio-1.53.1/src/runtime/scheduler/current_thread/mod.rs:817:24
[INFO] [stdout]   36:     0x5ac3e05124b0 - <tokio[da0ece585b901bd]::runtime::scheduler::current_thread::CurrentThread>::block_on::<core[df12db4294e9bfd3]::pin::Pin<&mut dyn core[df12db4294e9bfd3]::future::future::Future<Output = ()>>>::{closure#0}
[INFO] [stdout]                                at /opt/rustwide/cargo-home/registry/src/index.crates.io-1949cf8c6b5b557f/tokio-1.53.1/src/runtime/scheduler/current_thread/mod.rs:218:33
[INFO] [stdout]   37:     0x5ac3e042c298 - tokio[da0ece585b901bd]::runtime::context::runtime::enter_runtime::<<tokio[da0ece585b901bd]::runtime::scheduler::current_thread::CurrentThread>::block_on<core[df12db4294e9bfd3]::pin::Pin<&mut dyn core[df12db4294e9bfd3]::future::future::Future<Output = ()>>>::{closure#0}, ()>
[INFO] [stdout]                                at /opt/rustwide/cargo-home/registry/src/index.crates.io-1949cf8c6b5b557f/tokio-1.53.1/src/runtime/context/runtime.rs:65:16
[INFO] [stdout]   38:     0x5ac3e05008b4 - <tokio[da0ece585b901bd]::runtime::scheduler::current_thread::CurrentThread>::block_on::<core[df12db4294e9bfd3]::pin::Pin<&mut dyn core[df12db4294e9bfd3]::future::future::Future<Output = ()>>>
[INFO] [stdout]                                at /opt/rustwide/cargo-home/registry/src/index.crates.io-1949cf8c6b5b557f/tokio-1.53.1/src/runtime/scheduler/current_thread/mod.rs:206:9
[INFO] [stdout]   39:     0x5ac3e050030f - <tokio[da0ece585b901bd]::runtime::runtime::Runtime>::block_on_inner::<core[df12db4294e9bfd3]::pin::Pin<&mut dyn core[df12db4294e9bfd3]::future::future::Future<Output = ()>>>
[INFO] [stdout]                                at /opt/rustwide/cargo-home/registry/src/index.crates.io-1949cf8c6b5b557f/tokio-1.53.1/src/runtime/runtime.rs:374:52
[INFO] [stdout]   40:     0x5ac3e050045b - <tokio[da0ece585b901bd]::runtime::runtime::Runtime>::block_on::<core[df12db4294e9bfd3]::pin::Pin<&mut dyn core[df12db4294e9bfd3]::future::future::Future<Output = ()>>>
[INFO] [stdout]                                at /opt/rustwide/cargo-home/registry/src/index.crates.io-1949cf8c6b5b557f/tokio-1.53.1/src/runtime/runtime.rs:343:18
[INFO] [stdout]   41:     0x5ac3e0541421 - wm_sangha[369464607d317cdb]::transport::containment_tests::udp_beacon_ingests_valid_and_ignores_garbage
[INFO] [stdout]                                at /opt/rustwide/workdir/src/transport.rs:3303:10
[INFO] [stdout]   42:     0x5ac3e0531b97 - wm_sangha[369464607d317cdb]::transport::containment_tests::udp_beacon_ingests_valid_and_ignores_garbage::{closure#0}
[INFO] [stdout]                                at /opt/rustwide/workdir/src/transport.rs:3278:60
[INFO] [stdout]   43:     0x5ac3e03d3566 - <wm_sangha[369464607d317cdb]::transport::containment_tests::udp_beacon_ingests_valid_and_ignores_garbage::{closure#0} as core[df12db4294e9bfd3]::ops::function::FnOnce<()>>::call_once
[INFO] [stdout]                                at /rustc/dfb0accb7f508ae8be965d8629557221c889dd98/library/core/src/ops/function.rs:250:5
[INFO] [stdout]   44:     0x5ac3e05fbbeb - <fn() -> core[df12db4294e9bfd3]::result::Result<(), alloc[2182bb758b4b3781]::string::String> as core[df12db4294e9bfd3]::ops::function::FnOnce<()>>::call_once
[INFO] [stdout]                                at /rustc/dfb0accb7f508ae8be965d8629557221c889dd98/library/core/src/ops/function.rs:250:5
[INFO] [stdout]   45:     0x5ac3e05fbbeb - test[9d35eded1c95d3be]::__rust_begin_short_backtrace::<core[df12db4294e9bfd3]::result::Result<(), alloc[2182bb758b4b3781]::string::String>, fn() -> core[df12db4294e9bfd3]::result::Result<(), alloc[2182bb758b4b3781]::string::String>>
[INFO] [stdout]                                at /rustc/dfb0accb7f508ae8be965d8629557221c889dd98/library/test/src/lib.rs:733:18
[INFO] [stdout]   46:     0x5ac3e0609255 - test[9d35eded1c95d3be]::run_test_in_process::{closure#0}
[INFO] [stdout]                                at /rustc/dfb0accb7f508ae8be965d8629557221c889dd98/library/test/src/lib.rs:756:74
[INFO] [stdout]   47:     0x5ac3e0609255 - <core[df12db4294e9bfd3]::panic::unwind_safe::AssertUnwindSafe<test[9d35eded1c95d3be]::run_test_in_process::{closure#0}> as core[df12db4294e9bfd3]::ops::function::FnOnce<()>>::call_once
[INFO] [stdout]                                at /rustc/dfb0accb7f508ae8be965d8629557221c889dd98/library/core/src/panic/unwind_safe.rs:275:9
[INFO] [stdout]   48:     0x5ac3e0609255 - std[70759c8f55707aa4]::panicking::catch_unwind::do_call::<core[df12db4294e9bfd3]::panic::unwind_safe::AssertUnwindSafe<test[9d35eded1c95d3be]::run_test_in_process::{closure#0}>, core[df12db4294e9bfd3]::result::Result<(), alloc[2182bb758b4b3781]::string::String>>
[INFO] [stdout]                                at /rustc/dfb0accb7f508ae8be965d8629557221c889dd98/library/std/src/panicking.rs:576:43
[INFO] [stdout]   49:     0x5ac3e0609255 - std[70759c8f55707aa4]::panicking::catch_unwind::<core[df12db4294e9bfd3]::result::Result<(), alloc[2182bb758b4b3781]::string::String>, core[df12db4294e9bfd3]::panic::unwind_safe::AssertUnwindSafe<test[9d35eded1c95d3be]::run_test_in_process::{closure#0}>>
[INFO] [stdout]                                at /rustc/dfb0accb7f508ae8be965d8629557221c889dd98/library/std/src/panicking.rs:544:19
[INFO] [stdout]   50:     0x5ac3e0609255 - std[70759c8f55707aa4]::panic::catch_unwind::<core[df12db4294e9bfd3]::panic::unwind_safe::AssertUnwindSafe<test[9d35eded1c95d3be]::run_test_in_process::{closure#0}>, core[df12db4294e9bfd3]::result::Result<(), alloc[2182bb758b4b3781]::string::String>>
[INFO] [stdout]                                at /rustc/dfb0accb7f508ae8be965d8629557221c889dd98/library/std/src/panic.rs:359:14
[INFO] [stdout]   51:     0x5ac3e0609255 - test[9d35eded1c95d3be]::run_test_in_process
[INFO] [stdout]                                at /rustc/dfb0accb7f508ae8be965d8629557221c889dd98/library/test/src/lib.rs:756:27
[INFO] [stdout]   52:     0x5ac3e0609255 - test[9d35eded1c95d3be]::run_test::{closure#0}
[INFO] [stdout]                                at /rustc/dfb0accb7f508ae8be965d8629557221c889dd98/library/test/src/lib.rs:677:43
[INFO] [stdout]   53:     0x5ac3e0602b14 - test[9d35eded1c95d3be]::run_test::{closure#1}
[INFO] [stdout]                                at /rustc/dfb0accb7f508ae8be965d8629557221c889dd98/library/test/src/lib.rs:707:41
[INFO] [stdout]   54:     0x5ac3e0602b14 - std[70759c8f55707aa4]::sys::backtrace::__rust_begin_short_backtrace::<test[9d35eded1c95d3be]::run_test::{closure#1}, ()>
[INFO] [stdout]                                at /rustc/dfb0accb7f508ae8be965d8629557221c889dd98/library/std/src/sys/backtrace.rs:166:18
[INFO] [stdout]   55:     0x5ac3e060c3b2 - std[70759c8f55707aa4]::thread::lifecycle::spawn_unchecked::<test[9d35eded1c95d3be]::run_test::{closure#1}, ()>::{closure#1}::{closure#0}
[INFO] [stdout]                                at /rustc/dfb0accb7f508ae8be965d8629557221c889dd98/library/std/src/thread/lifecycle.rs:70:13
[INFO] [stdout]   56:     0x5ac3e060c3b2 - <core[df12db4294e9bfd3]::panic::unwind_safe::AssertUnwindSafe<std[70759c8f55707aa4]::thread::lifecycle::spawn_unchecked<test[9d35eded1c95d3be]::run_test::{closure#1}, ()>::{closure#1}::{closure#0}> as core[df12db4294e9bfd3]::ops::function::FnOnce<()>>::call_once
[INFO] [stdout]                                at /rustc/dfb0accb7f508ae8be965d8629557221c889dd98/library/core/src/panic/unwind_safe.rs:275:9
[INFO] [stdout]   57:     0x5ac3e060c3b2 - std[70759c8f55707aa4]::panicking::catch_unwind::do_call::<core[df12db4294e9bfd3]::panic::unwind_safe::AssertUnwindSafe<std[70759c8f55707aa4]::thread::lifecycle::spawn_unchecked<test[9d35eded1c95d3be]::run_test::{closure#1}, ()>::{closure#1}::{closure#0}>, ()>
[INFO] [stdout]                                at /rustc/dfb0accb7f508ae8be965d8629557221c889dd98/library/std/src/panicking.rs:576:43
[INFO] [stdout]   58:     0x5ac3e060c3b2 - std[70759c8f55707aa4]::panicking::catch_unwind::<(), core[df12db4294e9bfd3]::panic::unwind_safe::AssertUnwindSafe<std[70759c8f55707aa4]::thread::lifecycle::spawn_unchecked<test[9d35eded1c95d3be]::run_test::{closure#1}, ()>::{closure#1}::{closure#0}>>
[INFO] [stdout]                                at /rustc/dfb0accb7f508ae8be965d8629557221c889dd98/library/std/src/panicking.rs:544:19
[INFO] [stdout]   59:     0x5ac3e060c3b2 - std[70759c8f55707aa4]::panic::catch_unwind::<core[df12db4294e9bfd3]::panic::unwind_safe::AssertUnwindSafe<std[70759c8f55707aa4]::thread::lifecycle::spawn_unchecked<test[9d35eded1c95d3be]::run_test::{closure#1}, ()>::{closure#1}::{closure#0}>, ()>
[INFO] [stdout]                                at /rustc/dfb0accb7f508ae8be965d8629557221c889dd98/library/std/src/panic.rs:359:14
[INFO] [stdout]   60:     0x5ac3e060c3b2 - std[70759c8f55707aa4]::thread::lifecycle::spawn_unchecked::<test[9d35eded1c95d3be]::run_test::{closure#1}, ()>::{closure#1}
[INFO] [stdout]                                at /rustc/dfb0accb7f508ae8be965d8629557221c889dd98/library/std/src/thread/lifecycle.rs:68:26
[INFO] [stdout]   61:     0x5ac3e060c3b2 - <std[70759c8f55707aa4]::thread::lifecycle::spawn_unchecked<test[9d35eded1c95d3be]::run_test::{closure#1}, ()>::{closure#1} as core[df12db4294e9bfd3]::ops::function::FnOnce<()>>::call_once::{shim:vtable#0}
[INFO] [stdout]                                at /rustc/dfb0accb7f508ae8be965d8629557221c889dd98/library/core/src/ops/function.rs:250:5
[INFO] [stdout]   62:     0x5ac3e07b27f9 - <alloc[2182bb758b4b3781]::boxed::Box<dyn core[df12db4294e9bfd3]::ops::function::FnOnce<(), Output = ()> + core[df12db4294e9bfd3]::marker::Send> as core[df12db4294e9bfd3]::ops::function::FnOnce<()>>::call_once
[INFO] [stdout]                                at /rustc/dfb0accb7f508ae8be965d8629557221c889dd98/library/alloc/src/boxed.rs:2320:9
[INFO] [stdout]   63:     0x5ac3e07b27f9 - <std[70759c8f55707aa4]::sys::thread::unix::Thread>::new::thread_start
[INFO] [stdout]                                at /rustc/dfb0accb7f508ae8be965d8629557221c889dd98/library/std/src/sys/thread/unix.rs:123:17
[INFO] [stdout]   64:     0x7c5dc1991dfa - <unknown>
[INFO] [stdout]   65:     0x7c5dc1a253d4 - clone
[INFO] [stdout]   66:                0x0 - <unknown>
[INFO] [stdout] 
[INFO] [stdout] ---- transport::containment_tests::udp_forged_beacon_cannot_redirect_known_peer stdout ----
[INFO] [stdout] 
[INFO] [stdout] thread 'transport::containment_tests::udp_forged_beacon_cannot_redirect_known_peer' (2354) panicked at src/transport.rs:3555:13:
[INFO] [stdout] genuine beacon must refresh the bound peer's address (saw 127.0.0.1:1111)
[INFO] [stdout] stack backtrace:
[INFO] [stdout]    0:     0x5ac3e07b3831 - std[70759c8f55707aa4]::backtrace_rs::backtrace::libunwind::trace
[INFO] [stdout]                                at /rustc/dfb0accb7f508ae8be965d8629557221c889dd98/library/std/src/../../backtrace/src/backtrace/libunwind.rs:117:9
[INFO] [stdout]    1:     0x5ac3e07b3831 - std[70759c8f55707aa4]::backtrace_rs::backtrace::trace_unsynchronized::<std[70759c8f55707aa4]::sys::backtrace::_print_fmt::{closure#1}>
[INFO] [stdout]                                at /rustc/dfb0accb7f508ae8be965d8629557221c889dd98/library/std/src/../../backtrace/src/backtrace/mod.rs:66:14
[INFO] [stdout]    2:     0x5ac3e07b3831 - std[70759c8f55707aa4]::sys::backtrace::_print_fmt
[INFO] [stdout]                                at /rustc/dfb0accb7f508ae8be965d8629557221c889dd98/library/std/src/sys/backtrace.rs:74:9
[INFO] [stdout]    3:     0x5ac3e07b3831 - <<std[70759c8f55707aa4]::sys::backtrace::BacktraceLock>::print::DisplayBacktrace as core[df12db4294e9bfd3]::fmt::Display>::fmt
[INFO] [stdout]                                at /rustc/dfb0accb7f508ae8be965d8629557221c889dd98/library/std/src/sys/backtrace.rs:44:26
[INFO] [stdout]    4:     0x5ac3e07ca3ba - <core[df12db4294e9bfd3]::fmt::rt::Argument>::fmt
[INFO] [stdout]                                at /rustc/dfb0accb7f508ae8be965d8629557221c889dd98/library/core/src/fmt/rt.rs:152:76
[INFO] [stdout]    5:     0x5ac3e07ca3ba - core[df12db4294e9bfd3]::fmt::write
[INFO] [stdout]    6:     0x5ac3e07b84ac - core[df12db4294e9bfd3]::io::write::default_write_fmt::<alloc[2182bb758b4b3781]::vec::Vec<u8>>
[INFO] [stdout]                                at /rustc/dfb0accb7f508ae8be965d8629557221c889dd98/library/core/src/io/write.rs:402:11
[INFO] [stdout]    7:     0x5ac3e07b84ac - <alloc[2182bb758b4b3781]::vec::Vec<u8> as core[df12db4294e9bfd3]::io::write::Write>::write_fmt
[INFO] [stdout]                                at /rustc/dfb0accb7f508ae8be965d8629557221c889dd98/library/core/src/io/write.rs:335:13
[INFO] [stdout]    8:     0x5ac3e078cd46 - <std[70759c8f55707aa4]::sys::backtrace::BacktraceLock>::print
[INFO] [stdout]                                at /rustc/dfb0accb7f508ae8be965d8629557221c889dd98/library/std/src/sys/backtrace.rs:47:9
[INFO] [stdout]    9:     0x5ac3e078cd46 - std[70759c8f55707aa4]::panicking::default_hook::{closure#0}
[INFO] [stdout]                                at /rustc/dfb0accb7f508ae8be965d8629557221c889dd98/library/std/src/panicking.rs:292:27
[INFO] [stdout]   10:     0x5ac3e07aaa29 - std[70759c8f55707aa4]::panicking::default_hook
[INFO] [stdout]                                at /rustc/dfb0accb7f508ae8be965d8629557221c889dd98/library/std/src/panicking.rs:316:9
[INFO] [stdout]   11:     0x5ac3e0608900 - <alloc[2182bb758b4b3781]::boxed::Box<dyn for<'a, 'b> core[df12db4294e9bfd3]::ops::function::Fn<(&'a std[70759c8f55707aa4]::panic::PanicHookInfo<'b>,), Output = ()> + core[df12db4294e9bfd3]::marker::Send + core[df12db4294e9bfd3]::marker::Sync> as core[df12db4294e9bfd3]::ops::function::Fn<(&std[70759c8f55707aa4]::panic::PanicHookInfo,)>>::call
[INFO] [stdout]                                at /rustc/dfb0accb7f508ae8be965d8629557221c889dd98/library/alloc/src/boxed.rs:2334:9
[INFO] [stdout]   12:     0x5ac3e0608900 - test[9d35eded1c95d3be]::test_main_inner::<test[9d35eded1c95d3be]::test_main_static::{closure#0}>::{closure#0}
[INFO] [stdout]                                at /rustc/dfb0accb7f508ae8be965d8629557221c889dd98/library/test/src/lib.rs:155:21
[INFO] [stdout]   13:     0x5ac3e07aad52 - <alloc[2182bb758b4b3781]::boxed::Box<dyn for<'a, 'b> core[df12db4294e9bfd3]::ops::function::Fn<(&'a std[70759c8f55707aa4]::panic::PanicHookInfo<'b>,), Output = ()> + core[df12db4294e9bfd3]::marker::Send + core[df12db4294e9bfd3]::marker::Sync> as core[df12db4294e9bfd3]::ops::function::Fn<(&std[70759c8f55707aa4]::panic::PanicHookInfo,)>>::call
[INFO] [stdout]                                at /rustc/dfb0accb7f508ae8be965d8629557221c889dd98/library/alloc/src/boxed.rs:2334:9
[INFO] [stdout]   14:     0x5ac3e07aad52 - std[70759c8f55707aa4]::panicking::panic_with_hook
[INFO] [stdout]                                at /rustc/dfb0accb7f508ae8be965d8629557221c889dd98/library/std/src/panicking.rs:823:13
[INFO] [stdout]   15:     0x5ac3e078cdf2 - std[70759c8f55707aa4]::panicking::panic_handler::{closure#0}
[INFO] [stdout]                                at /rustc/dfb0accb7f508ae8be965d8629557221c889dd98/library/std/src/panicking.rs:688:13
[INFO] [stdout]   16:     0x5ac3e07857b9 - std[70759c8f55707aa4]::sys::backtrace::__rust_end_short_backtrace::<std[70759c8f55707aa4]::panicking::panic_handler::{closure#0}, !>
[INFO] [stdout]                                at /rustc/dfb0accb7f508ae8be965d8629557221c889dd98/library/std/src/sys/backtrace.rs:182:18
[INFO] [stdout]   17:     0x5ac3e078dccd - __rustc[8fa7c3cbc660c2b3]::rust_begin_unwind
[INFO] [stdout]                                at /rustc/dfb0accb7f508ae8be965d8629557221c889dd98/library/std/src/panicking.rs:679:5
[INFO] [stdout]   18:     0x5ac3e07cabdc - core[df12db4294e9bfd3]::panicking::panic_fmt
[INFO] [stdout]                                at /rustc/dfb0accb7f508ae8be965d8629557221c889dd98/library/core/src/panicking.rs:80:14
[INFO] [stdout]   19:     0x5ac3e05388b8 - wm_sangha[369464607d317cdb]::transport::containment_tests::udp_forged_beacon_cannot_redirect_known_peer::{closure#0}
[INFO] [stdout]                                at /opt/rustwide/workdir/src/transport.rs:3555:13
[INFO] [stdout]   20:     0x5ac3e0570452 - <core[df12db4294e9bfd3]::pin::Pin<&mut dyn core[df12db4294e9bfd3]::future::future::Future<Output = ()>> as core[df12db4294e9bfd3]::future::future::Future>::poll
[INFO] [stdout]                                at /rustc/dfb0accb7f508ae8be965d8629557221c889dd98/library/core/src/future/future.rs:133:9
[INFO] [stdout]   21:     0x5ac3e05704cd - <core[df12db4294e9bfd3]::pin::Pin<&mut core[df12db4294e9bfd3]::pin::Pin<&mut dyn core[df12db4294e9bfd3]::future::future::Future<Output = ()>>> as core[df12db4294e9bfd3]::future::future::Future>::poll
[INFO] [stdout]                                at /rustc/dfb0accb7f508ae8be965d8629557221c889dd98/library/core/src/future/future.rs:133:9
[INFO] [stdout]   22:     0x5ac3e051497d - <tokio[da0ece585b901bd]::runtime::scheduler::current_thread::CoreGuard>::block_on::<core[df12db4294e9bfd3]::pin::Pin<&mut core[df12db4294e9bfd3]::pin::Pin<&mut dyn core[df12db4294e9bfd3]::future::future::Future<Output = ()>>>>::{closure#0}::{closure#0}::{closure#0}
[INFO] [stdout]                                at /opt/rustwide/cargo-home/registry/src/index.crates.io-1949cf8c6b5b557f/tokio-1.53.1/src/runtime/scheduler/current_thread/mod.rs:830:70
[INFO] [stdout]   23:     0x5ac3e05148b5 - tokio[da0ece585b901bd]::task::coop::with_budget::<core[df12db4294e9bfd3]::task::poll::Poll<()>, <tokio[da0ece585b901bd]::runtime::scheduler::current_thread::CoreGuard>::block_on<core[df12db4294e9bfd3]::pin::Pin<&mut core[df12db4294e9bfd3]::pin::Pin<&mut dyn core[df12db4294e9bfd3]::future::future::Future<Output = ()>>>>::{closure#0}::{closure#0}::{closure#0}>
[INFO] [stdout]                                at /opt/rustwide/cargo-home/registry/src/index.crates.io-1949cf8c6b5b557f/tokio-1.53.1/src/task/coop/mod.rs:167:5
[INFO] [stdout]   24:     0x5ac3e05148b5 - tokio[da0ece585b901bd]::task::coop::budget::<core[df12db4294e9bfd3]::task::poll::Poll<()>, <tokio[da0ece585b901bd]::runtime::scheduler::current_thread::CoreGuard>::block_on<core[df12db4294e9bfd3]::pin::Pin<&mut core[df12db4294e9bfd3]::pin::Pin<&mut dyn core[df12db4294e9bfd3]::future::future::Future<Output = ()>>>>::{closure#0}::{closure#0}::{closure#0}>
[INFO] [stdout]                                at /opt/rustwide/cargo-home/registry/src/index.crates.io-1949cf8c6b5b557f/tokio-1.53.1/src/task/coop/mod.rs:133:5
[INFO] [stdout]   25:     0x5ac3e05148b5 - <tokio[da0ece585b901bd]::runtime::scheduler::current_thread::CoreGuard>::block_on::<core[df12db4294e9bfd3]::pin::Pin<&mut core[df12db4294e9bfd3]::pin::Pin<&mut dyn core[df12db4294e9bfd3]::future::future::Future<Output = ()>>>>::{closure#0}::{closure#0}
[INFO] [stdout]                                at /opt/rustwide/cargo-home/registry/src/index.crates.io-1949cf8c6b5b557f/tokio-1.53.1/src/runtime/scheduler/current_thread/mod.rs:830:25
[INFO] [stdout]   26:     0x5ac3e0506dd2 - <tokio[da0ece585b901bd]::runtime::scheduler::current_thread::Context>::enter::<core[df12db4294e9bfd3]::task::poll::Poll<()>, <tokio[da0ece585b901bd]::runtime::scheduler::current_thread::CoreGuard>::block_on<core[df12db4294e9bfd3]::pin::Pin<&mut core[df12db4294e9bfd3]::pin::Pin<&mut dyn core[df12db4294e9bfd3]::future::future::Future<Output = ()>>>>::{closure#0}::{closure#0}>
[INFO] [stdout]                                at /opt/rustwide/cargo-home/registry/src/index.crates.io-1949cf8c6b5b557f/tokio-1.53.1/src/runtime/scheduler/current_thread/mod.rs:488:19
[INFO] [stdout]   27:     0x5ac3e05134cd - <tokio[da0ece585b901bd]::runtime::scheduler::current_thread::CoreGuard>::block_on::<core[df12db4294e9bfd3]::pin::Pin<&mut core[df12db4294e9bfd3]::pin::Pin<&mut dyn core[df12db4294e9bfd3]::future::future::Future<Output = ()>>>>::{closure#0}
[INFO] [stdout]                                at /opt/rustwide/cargo-home/registry/src/index.crates.io-1949cf8c6b5b557f/tokio-1.53.1/src/runtime/scheduler/current_thread/mod.rs:829:44
[INFO] [stdout]   28:     0x5ac3e0512764 - <tokio[da0ece585b901bd]::runtime::scheduler::current_thread::CoreGuard>::enter::<<tokio[da0ece585b901bd]::runtime::scheduler::current_thread::CoreGuard>::block_on<core[df12db4294e9bfd3]::pin::Pin<&mut core[df12db4294e9bfd3]::pin::Pin<&mut dyn core[df12db4294e9bfd3]::future::future::Future<Output = ()>>>>::{closure#0}, core[df12db4294e9bfd3]::option::Option<()>>::{closure#0}
[INFO] [stdout]                                at /opt/rustwide/cargo-home/registry/src/index.crates.io-1949cf8c6b5b557f/tokio-1.53.1/src/runtime/scheduler/current_thread/mod.rs:906:68
[INFO] [stdout]   29:     0x5ac3e05006fb - <tokio[da0ece585b901bd]::runtime::context::scoped::Scoped<tokio[da0ece585b901bd]::runtime::scheduler::Context>>::set::<<tokio[da0ece585b901bd]::runtime::scheduler::current_thread::CoreGuard>::enter<<tokio[da0ece585b901bd]::runtime::scheduler::current_thread::CoreGuard>::block_on<core[df12db4294e9bfd3]::pin::Pin<&mut core[df12db4294e9bfd3]::pin::Pin<&mut dyn core[df12db4294e9bfd3]::future::future::Future<Output = ()>>>>::{closure#0}, core[df12db4294e9bfd3]::option::Option<()>>::{closure#0}, (alloc[2182bb758b4b3781]::boxed::Box<tokio[da0ece585b901bd]::runtime::scheduler::current_thread::Core>, core[df12db4294e9bfd3]::option::Option<()>)>
[INFO] [stdout]                                at /opt/rustwide/cargo-home/registry/src/index.crates.io-1949cf8c6b5b557f/tokio-1.53.1/src/runtime/context/scoped.rs:40:9
[INFO] [stdout]   30:     0x5ac3e05503b9 - tokio[da0ece585b901bd]::runtime::context::set_scheduler::<(alloc[2182bb758b4b3781]::boxed::Box<tokio[da0ece585b901bd]::runtime::scheduler::current_thread::Core>, core[df12db4294e9bfd3]::option::Option<()>), <tokio[da0ece585b901bd]::runtime::scheduler::current_thread::CoreGuard>::enter<<tokio[da0ece585b901bd]::runtime::scheduler::current_thread::CoreGuard>::block_on<core[df12db4294e9bfd3]::pin::Pin<&mut core[df12db4294e9bfd3]::pin::Pin<&mut dyn core[df12db4294e9bfd3]::future::future::Future<Output = ()>>>>::{closure#0}, core[df12db4294e9bfd3]::option::Option<()>>::{closure#0}>::{closure#0}
[INFO] [stdout]                                at /opt/rustwide/cargo-home/registry/src/index.crates.io-1949cf8c6b5b557f/tokio-1.53.1/src/runtime/context.rs:187:38
[INFO] [stdout]   31:     0x5ac3e04e263f - <std[70759c8f55707aa4]::thread::local::LocalKey<tokio[da0ece585b901bd]::runtime::context::Context>>::try_with::<tokio[da0ece585b901bd]::runtime::context::set_scheduler<(alloc[2182bb758b4b3781]::boxed::Box<tokio[da0ece585b901bd]::runtime::scheduler::current_thread::Core>, core[df12db4294e9bfd3]::option::Option<()>), <tokio[da0ece585b901bd]::runtime::scheduler::current_thread::CoreGuard>::enter<<tokio[da0ece585b901bd]::runtime::scheduler::current_thread::CoreGuard>::block_on<core[df12db4294e9bfd3]::pin::Pin<&mut core[df12db4294e9bfd3]::pin::Pin<&mut dyn core[df12db4294e9bfd3]::future::future::Future<Output = ()>>>>::{closure#0}, core[df12db4294e9bfd3]::option::Option<()>>::{closure#0}>::{closure#0}, (alloc[2182bb758b4b3781]::boxed::Box<tokio[da0ece585b901bd]::runtime::scheduler::current_thread::Core>, core[df12db4294e9bfd3]::option::Option<()>)>
[INFO] [stdout]                                at /rustc/dfb0accb7f508ae8be965d8629557221c889dd98/library/std/src/thread/local.rs:463:12
[INFO] [stdout]   32:     0x5ac3e04e21ee - <std[70759c8f55707aa4]::thread::local::LocalKey<tokio[da0ece585b901bd]::runtime::context::Context>>::with::<tokio[da0ece585b901bd]::runtime::context::set_scheduler<(alloc[2182bb758b4b3781]::boxed::Box<tokio[da0ece585b901bd]::runtime::scheduler::current_thread::Core>, core[df12db4294e9bfd3]::option::Option<()>), <tokio[da0ece585b901bd]::runtime::scheduler::current_thread::CoreGuard>::enter<<tokio[da0ece585b901bd]::runtime::scheduler::current_thread::CoreGuard>::block_on<core[df12db4294e9bfd3]::pin::Pin<&mut core[df12db4294e9bfd3]::pin::Pin<&mut dyn core[df12db4294e9bfd3]::future::future::Future<Output = ()>>>>::{closure#0}, core[df12db4294e9bfd3]::option::Option<()>>::{closure#0}>::{closure#0}, (alloc[2182bb758b4b3781]::boxed::Box<tokio[da0ece585b901bd]::runtime::scheduler::current_thread::Core>, core[df12db4294e9bfd3]::option::Option<()>)>
[INFO] [stdout]                                at /rustc/dfb0accb7f508ae8be965d8629557221c889dd98/library/std/src/thread/local.rs:427:20
[INFO] [stdout]   33:     0x5ac3e05466dd - tokio[da0ece585b901bd]::runtime::context::set_scheduler::<(alloc[2182bb758b4b3781]::boxed::Box<tokio[da0ece585b901bd]::runtime::scheduler::current_thread::Core>, core[df12db4294e9bfd3]::option::Option<()>), <tokio[da0ece585b901bd]::runtime::scheduler::current_thread::CoreGuard>::enter<<tokio[da0ece585b901bd]::runtime::scheduler::current_thread::CoreGuard>::block_on<core[df12db4294e9bfd3]::pin::Pin<&mut core[df12db4294e9bfd3]::pin::Pin<&mut dyn core[df12db4294e9bfd3]::future::future::Future<Output = ()>>>>::{closure#0}, core[df12db4294e9bfd3]::option::Option<()>>::{closure#0}>
[INFO] [stdout]                                at /opt/rustwide/cargo-home/registry/src/index.crates.io-1949cf8c6b5b557f/tokio-1.53.1/src/runtime/context.rs:187:17
[INFO] [stdout]   34:     0x5ac3e050c4f0 - <tokio[da0ece585b901bd]::runtime::scheduler::current_thread::CoreGuard>::enter::<<tokio[da0ece585b901bd]::runtime::scheduler::current_thread::CoreGuard>::block_on<core[df12db4294e9bfd3]::pin::Pin<&mut core[df12db4294e9bfd3]::pin::Pin<&mut dyn core[df12db4294e9bfd3]::future::future::Future<Output = ()>>>>::{closure#0}, core[df12db4294e9bfd3]::option::Option<()>>
[INFO] [stdout]                                at /opt/rustwide/cargo-home/registry/src/index.crates.io-1949cf8c6b5b557f/tokio-1.53.1/src/runtime/scheduler/current_thread/mod.rs:906:27
[INFO] [stdout]   35:     0x5ac3e050c7e6 - <tokio[da0ece585b901bd]::runtime::scheduler::current_thread::CoreGuard>::block_on::<core[df12db4294e9bfd3]::pin::Pin<&mut core[df12db4294e9bfd3]::pin::Pin<&mut dyn core[df12db4294e9bfd3]::future::future::Future<Output = ()>>>>
[INFO] [stdout]                                at /opt/rustwide/cargo-home/registry/src/index.crates.io-1949cf8c6b5b557f/tokio-1.53.1/src/runtime/scheduler/current_thread/mod.rs:817:24
[INFO] [stdout]   36:     0x5ac3e05124b0 - <tokio[da0ece585b901bd]::runtime::scheduler::current_thread::CurrentThread>::block_on::<core[df12db4294e9bfd3]::pin::Pin<&mut dyn core[df12db4294e9bfd3]::future::future::Future<Output = ()>>>::{closure#0}
[INFO] [stdout]                                at /opt/rustwide/cargo-home/registry/src/index.crates.io-1949cf8c6b5b557f/tokio-1.53.1/src/runtime/scheduler/current_thread/mod.rs:218:33
[INFO] [stdout]   37:     0x5ac3e042c298 - tokio[da0ece585b901bd]::runtime::context::runtime::enter_runtime::<<tokio[da0ece585b901bd]::runtime::scheduler::current_thread::CurrentThread>::block_on<core[df12db4294e9bfd3]::pin::Pin<&mut dyn core[df12db4294e9bfd3]::future::future::Future<Output = ()>>>::{closure#0}, ()>
[INFO] [stdout]                                at /opt/rustwide/cargo-home/registry/src/index.crates.io-1949cf8c6b5b557f/tokio-1.53.1/src/runtime/context/runtime.rs:65:16
[INFO] [stdout]   38:     0x5ac3e05008b4 - <tokio[da0ece585b901bd]::runtime::scheduler::current_thread::CurrentThread>::block_on::<core[df12db4294e9bfd3]::pin::Pin<&mut dyn core[df12db4294e9bfd3]::future::future::Future<Output = ()>>>
[INFO] [stdout]                                at /opt/rustwide/cargo-home/registry/src/index.crates.io-1949cf8c6b5b557f/tokio-1.53.1/src/runtime/scheduler/current_thread/mod.rs:206:9
[INFO] [stdout]   39:     0x5ac3e050030f - <tokio[da0ece585b901bd]::runtime::runtime::Runtime>::block_on_inner::<core[df12db4294e9bfd3]::pin::Pin<&mut dyn core[df12db4294e9bfd3]::future::future::Future<Output = ()>>>
[INFO] [stdout]                                at /opt/rustwide/cargo-home/registry/src/index.crates.io-1949cf8c6b5b557f/tokio-1.53.1/src/runtime/runtime.rs:374:52
[INFO] [stdout]   40:     0x5ac3e050045b - <tokio[da0ece585b901bd]::runtime::runtime::Runtime>::block_on::<core[df12db4294e9bfd3]::pin::Pin<&mut dyn core[df12db4294e9bfd3]::future::future::Future<Output = ()>>>
[INFO] [stdout]                                at /opt/rustwide/cargo-home/registry/src/index.crates.io-1949cf8c6b5b557f/tokio-1.53.1/src/runtime/runtime.rs:343:18
[INFO] [stdout]   41:     0x5ac3e05415e1 - wm_sangha[369464607d317cdb]::transport::containment_tests::udp_forged_beacon_cannot_redirect_known_peer
[INFO] [stdout]                                at /opt/rustwide/workdir/src/transport.rs:3543:14
[INFO] [stdout]   42:     0x5ac3e0531bc7 - wm_sangha[369464607d317cdb]::transport::containment_tests::udp_forged_beacon_cannot_redirect_known_peer::{closure#0}
[INFO] [stdout]                                at /opt/rustwide/workdir/src/transport.rs:3485:60
[INFO] [stdout]   43:     0x5ac3e03d3586 - <wm_sangha[369464607d317cdb]::transport::containment_tests::udp_forged_beacon_cannot_redirect_known_peer::{closure#0} as core[df12db4294e9bfd3]::ops::function::FnOnce<()>>::call_once
[INFO] [stdout]                                at /rustc/dfb0accb7f508ae8be965d8629557221c889dd98/library/core/src/ops/function.rs:250:5
[INFO] [stdout]   44:     0x5ac3e05fbbeb - <fn() -> core[df12db4294e9bfd3]::result::Result<(), alloc[2182bb758b4b3781]::string::String> as core[df12db4294e9bfd3]::ops::function::FnOnce<()>>::call_once
[INFO] [stdout]                                at /rustc/dfb0accb7f508ae8be965d8629557221c889dd98/library/core/src/ops/function.rs:250:5
[INFO] [stdout]   45:     0x5ac3e05fbbeb - test[9d35eded1c95d3be]::__rust_begin_short_backtrace::<core[df12db4294e9bfd3]::result::Result<(), alloc[2182bb758b4b3781]::string::String>, fn() -> core[df12db4294e9bfd3]::result::Result<(), alloc[2182bb758b4b3781]::string::String>>
[INFO] [stdout]                                at /rustc/dfb0accb7f508ae8be965d8629557221c889dd98/library/test/src/lib.rs:733:18
[INFO] [stdout]   46:     0x5ac3e0609255 - test[9d35eded1c95d3be]::run_test_in_process::{closure#0}
[INFO] [stdout]                                at /rustc/dfb0accb7f508ae8be965d8629557221c889dd98/library/test/src/lib.rs:756:74
[INFO] [stdout]   47:     0x5ac3e0609255 - <core[df12db4294e9bfd3]::panic::unwind_safe::AssertUnwindSafe<test[9d35eded1c95d3be]::run_test_in_process::{closure#0}> as core[df12db4294e9bfd3]::ops::function::FnOnce<()>>::call_once
[INFO] [stdout]                                at /rustc/dfb0accb7f508ae8be965d8629557221c889dd98/library/core/src/panic/unwind_safe.rs:275:9
[INFO] [stdout]   48:     0x5ac3e0609255 - std[70759c8f55707aa4]::panicking::catch_unwind::do_call::<core[df12db4294e9bfd3]::panic::unwind_safe::AssertUnwindSafe<test[9d35eded1c95d3be]::run_test_in_process::{closure#0}>, core[df12db4294e9bfd3]::result::Result<(), alloc[2182bb758b4b3781]::string::String>>
[INFO] [stdout]                                at /rustc/dfb0accb7f508ae8be965d8629557221c889dd98/library/std/src/panicking.rs:576:43
[INFO] [stdout]   49:     0x5ac3e0609255 - std[70759c8f55707aa4]::panicking::catch_unwind::<core[df12db4294e9bfd3]::result::Result<(), alloc[2182bb758b4b3781]::string::String>, core[df12db4294e9bfd3]::panic::unwind_safe::AssertUnwindSafe<test[9d35eded1c95d3be]::run_test_in_process::{closure#0}>>
[INFO] [stdout]                                at /rustc/dfb0accb7f508ae8be965d8629557221c889dd98/library/std/src/panicking.rs:544:19
[INFO] [stdout]   50:     0x5ac3e0609255 - std[70759c8f55707aa4]::panic::catch_unwind::<core[df12db4294e9bfd3]::panic::unwind_safe::AssertUnwindSafe<test[9d35eded1c95d3be]::run_test_in_process::{closure#0}>, core[df12db4294e9bfd3]::result::Result<(), alloc[2182bb758b4b3781]::string::String>>
[INFO] [stdout]                                at /rustc/dfb0accb7f508ae8be965d8629557221c889dd98/library/std/src/panic.rs:359:14
[INFO] [stdout]   51:     0x5ac3e0609255 - test[9d35eded1c95d3be]::run_test_in_process
[INFO] [stdout]                                at /rustc/dfb0accb7f508ae8be965d8629557221c889dd98/library/test/src/lib.rs:756:27
[INFO] [stdout]   52:     0x5ac3e0609255 - test[9d35eded1c95d3be]::run_test::{closure#0}
[INFO] [stdout]                                at /rustc/dfb0accb7f508ae8be965d8629557221c889dd98/library/test/src/lib.rs:677:43
[INFO] [stdout]   53:     0x5ac3e0602b14 - test[9d35eded1c95d3be]::run_test::{closure#1}
[INFO] [stdout]                                at /rustc/dfb0accb7f508ae8be965d8629557221c889dd98/library/test/src/lib.rs:707:41
[INFO] [stdout]   54:     0x5ac3e0602b14 - std[70759c8f55707aa4]::sys::backtrace::__rust_begin_short_backtrace::<test[9d35eded1c95d3be]::run_test::{closure#1}, ()>
[INFO] [stdout]                                at /rustc/dfb0accb7f508ae8be965d8629557221c889dd98/library/std/src/sys/backtrace.rs:166:18
[INFO] [stdout]   55:     0x5ac3e060c3b2 - std[70759c8f55707aa4]::thread::lifecycle::spawn_unchecked::<test[9d35eded1c95d3be]::run_test::{closure#1}, ()>::{closure#1}::{closure#0}
[INFO] [stdout]                                at /rustc/dfb0accb7f508ae8be965d8629557221c889dd98/library/std/src/thread/lifecycle.rs:70:13
[INFO] [stdout]   56:     0x5ac3e060c3b2 - <core[df12db4294e9bfd3]::panic::unwind_safe::AssertUnwindSafe<std[70759c8f55707aa4]::thread::lifecycle::spawn_unchecked<test[9d35eded1c95d3be]::run_test::{closure#1}, ()>::{closure#1}::{closure#0}> as core[df12db4294e9bfd3]::ops::function::FnOnce<()>>::call_once
[INFO] [stdout]                                at /rustc/dfb0accb7f508ae8be965d8629557221c889dd98/library/core/src/panic/unwind_safe.rs:275:9
[INFO] [stdout]   57:     0x5ac3e060c3b2 - std[70759c8f55707aa4]::panicking::catch_unwind::do_call::<core[df12db4294e9bfd3]::panic::unwind_safe::AssertUnwindSafe<std[70759c8f55707aa4]::thread::lifecycle::spawn_unchecked<test[9d35eded1c95d3be]::run_test::{closure#1}, ()>::{closure#1}::{closure#0}>, ()>
[INFO] [stdout]                                at /rustc/dfb0accb7f508ae8be965d8629557221c889dd98/library/std/src/panicking.rs:576:43
[INFO] [stdout]   58:     0x5ac3e060c3b2 - std[70759c8f55707aa4]::panicking::catch_unwind::<(), core[df12db4294e9bfd3]::panic::unwind_safe::AssertUnwindSafe<std[70759c8f55707aa4]::thread::lifecycle::spawn_unchecked<test[9d35eded1c95d3be]::run_test::{closure#1}, ()>::{closure#1}::{closure#0}>>
[INFO] [stdout]                                at /rustc/dfb0accb7f508ae8be965d8629557221c889dd98/library/std/src/panicking.rs:544:19
[INFO] [stdout]   59:     0x5ac3e060c3b2 - std[70759c8f55707aa4]::panic::catch_unwind::<core[df12db4294e9bfd3]::panic::unwind_safe::AssertUnwindSafe<std[70759c8f55707aa4]::thread::lifecycle::spawn_unchecked<test[9d35eded1c95d3be]::run_test::{closure#1}, ()>::{closure#1}::{closure#0}>, ()>
[INFO] [stdout]                                at /rustc/dfb0accb7f508ae8be965d8629557221c889dd98/library/std/src/panic.rs:359:14
[INFO] [stdout]   60:     0x5ac3e060c3b2 - std[70759c8f55707aa4]::thread::lifecycle::spawn_unchecked::<test[9d35eded1c95d3be]::run_test::{closure#1}, ()>::{closure#1}
[INFO] [stdout]                                at /rustc/dfb0accb7f508ae8be965d8629557221c889dd98/library/std/src/thread/lifecycle.rs:68:26
[INFO] [stdout]   61:     0x5ac3e060c3b2 - <std[70759c8f55707aa4]::thread::lifecycle::spawn_unchecked<test[9d35eded1c95d3be]::run_test::{closure#1}, ()>::{closure#1} as core[df12db4294e9bfd3]::ops::function::FnOnce<()>>::call_once::{shim:vtable#0}
[INFO] [stdout]                                at /rustc/dfb0accb7f508ae8be965d8629557221c889dd98/library/core/src/ops/function.rs:250:5
[INFO] [stdout]   62:     0x5ac3e07b27f9 - <alloc[2182bb758b4b3781]::boxed::Box<dyn core[df12db4294e9bfd3]::ops::function::FnOnce<(), Output = ()> + core[df12db4294e9bfd3]::marker::Send> as core[df12db4294e9bfd3]::ops::function::FnOnce<()>>::call_once
[INFO] [stdout]                                at /rustc/dfb0accb7f508ae8be965d8629557221c889dd98/library/alloc/src/boxed.rs:2320:9
[INFO] [stdout]   63:     0x5ac3e07b27f9 - <std[70759c8f55707aa4]::sys::thread::unix::Thread>::new::thread_start
[INFO] [stdout]                                at /rustc/dfb0accb7f508ae8be965d8629557221c889dd98/library/std/src/sys/thread/unix.rs:123:17
[INFO] [stdout]   64:     0x7c5dc1991dfa - <unknown>
[INFO] [stdout]   65:     0x7c5dc1a253d4 - clone
[INFO] [stdout]   66:                0x0 - <unknown>
[INFO] [stdout] 
[INFO] [stdout] 
[INFO] [stdout] failures:
[INFO] [stdout]     transport::containment_tests::udp_beacon_ingests_valid_and_ignores_garbage
[INFO] [stdout]     transport::containment_tests::udp_forged_beacon_cannot_redirect_known_peer
[INFO] [stdout] 
[INFO] [stdout] test result: FAILED. 236 passed; 2 failed; 0 ignored; 0 measured; 0 filtered out; finished in 4.20s
[INFO] [stdout] 
[INFO] [stderr] error: test failed, to rerun pass `--lib`
[INFO] running `Command { std: "docker" "inspect" "84f6f408bf58ce2c19a6e34ea642ee1ebbd38e121c2c293359ae0acb62e3f4e3", kill_on_drop: false }`
[INFO] running `Command { std: "docker" "rm" "-f" "84f6f408bf58ce2c19a6e34ea642ee1ebbd38e121c2c293359ae0acb62e3f4e3", kill_on_drop: false }`
[INFO] [stdout] 84f6f408bf58ce2c19a6e34ea642ee1ebbd38e121c2c293359ae0acb62e3f4e3
