[INFO] fetching crate wm-cognitive 9.3.4...
[INFO] testing wm-cognitive-9.3.4 against 1.99.0-beta.8 for beta-1.100-2
[INFO] extracting crate wm-cognitive 9.3.4 into /workspace/builds/worker-1-tc1/source
[INFO] started tweaking crates.io crate wm-cognitive 9.3.4
[INFO] removed 0 missing tests
[INFO] finished tweaking crates.io crate wm-cognitive 9.3.4
[INFO] tweaked toml for crates.io crate wm-cognitive 9.3.4 written to /workspace/builds/worker-1-tc1/source/Cargo.toml
[INFO] validating manifest of crates.io crate wm-cognitive 9.3.4 on toolchain 1.99.0-beta.8
[INFO] running `Command { std: CARGO_HOME="/workspace/cargo-home" RUSTUP_HOME="/workspace/rustup-home" "/workspace/cargo-home/bin/cargo" "+1.99.0-beta.8" "metadata" "--manifest-path" "Cargo.toml" "--no-deps", kill_on_drop: false }`
[INFO] crate crates.io crate wm-cognitive 9.3.4 already has a lockfile, it will not be regenerated
[INFO] running `Command { std: CARGO_HOME="/workspace/cargo-home" RUSTUP_HOME="/workspace/rustup-home" "/workspace/cargo-home/bin/cargo" "+1.99.0-beta.8" "fetch" "--manifest-path" "Cargo.toml", kill_on_drop: false }`
[INFO] [stderr]     Updating crates.io index
[INFO] [stderr]  Downloading crates ...
[INFO] [stderr]   Downloaded futures-macro v0.3.33
[INFO] [stderr]   Downloaded tantivy-tokenizer-api v0.7.0
[INFO] [stderr]   Downloaded typetag-impl v0.2.23
[INFO] [stderr]   Downloaded murmurhash32 v0.3.1
[INFO] [stderr]   Downloaded wm-conformal v9.3.4
[INFO] [stderr]   Downloaded levenshtein_automata v0.2.1
[INFO] [stderr]   Downloaded ownedbytes v0.9.0
[INFO] [stderr]   Downloaded utf8-ranges v1.0.5
[INFO] [stderr]   Downloaded tantivy-bitpacker v0.10.0
[INFO] [stderr]   Downloaded downcast-rs v2.0.2
[INFO] [stderr]   Downloaded measure_time v0.9.0
[INFO] [stderr]   Downloaded find-msvc-tools v0.1.10
[INFO] [stderr]   Downloaded typetag v0.2.23
[INFO] [stderr]   Downloaded tantivy-stacker v0.7.0
[INFO] [stderr]   Downloaded tantivy-common v0.11.0
[INFO] [stderr]   Downloaded fastdivide v0.4.2
[INFO] [stderr]   Downloaded census v0.4.2
[INFO] [stderr]   Downloaded ed25519 v3.0.0
[INFO] [stderr]   Downloaded bitpacking v0.9.3
[INFO] [stderr]   Downloaded sketches-ddsketch v0.4.1
[INFO] [stderr]   Downloaded lmdb v0.8.0
[INFO] [stderr]   Downloaded wm-core v9.3.4
[INFO] [stderr]   Downloaded uuid v1.24.0
[INFO] [stderr]   Downloaded wm-substrate v9.3.4
[INFO] [stderr]   Downloaded tantivy-query-grammar v0.26.0
[INFO] [stderr]   Downloaded oneshot v0.1.13
[INFO] [stderr]   Downloaded lz4_flex v0.13.1
[INFO] [stderr]   Downloaded fs4 v0.13.1
[INFO] [stderr]   Downloaded argon2 v0.5.3
[INFO] [stderr]   Downloaded password-hash v0.5.0
[INFO] [stderr]   Downloaded blake2 v0.10.6
[INFO] [stderr]   Downloaded tantivy-sstable v0.7.0
[INFO] [stderr]   Downloaded wm-simulation v9.3.4
[INFO] [stderr]   Downloaded htmlescape v0.3.1
[INFO] [stderr]   Downloaded bon v3.9.3
[INFO] [stderr]   Downloaded crossbeam-channel v0.5.16
[INFO] [stderr]   Downloaded wide v0.7.33
[INFO] [stderr]   Downloaded ed25519-dalek v3.0.0
[INFO] [stderr]   Downloaded cc v1.4.2
[INFO] [stderr]   Downloaded bon-macros v3.9.3
[INFO] [stderr]   Downloaded tantivy-columnar v0.7.0
[INFO] [stderr]   Downloaded datasketches v0.2.0
[INFO] [stderr]   Downloaded futures-util v0.3.33
[INFO] [stderr]   Downloaded lmdb-sys v0.8.0
[INFO] [stderr]   Downloaded wm-governance v9.3.4
[INFO] [stderr]   Downloaded wm-memory v9.3.4
[INFO] [stderr]   Downloaded curve25519-dalek v5.0.0
[INFO] [stderr]   Downloaded tantivy v0.26.1
[INFO] [stderr]   Downloaded tantivy-fst v0.5.0
[INFO] [stderr]   Downloaded rust-stemmers v1.2.0
[INFO] [stderr]   Downloaded wm-workspace v9.3.4
[INFO] [stderr]   Downloaded wm-bicameral v9.3.4
[INFO] running `Command { std: "docker" "create" "-v" "/var/lib/crater-agent-workspace/builds/worker-1-tc1/source:/opt/rustwide/workdir:ro,Z" "-v" "/var/lib/crater-agent-workspace/builds/worker-1-tc1/target:/opt/rustwide/target:rw,Z" "-v" "/var/lib/crater-agent-workspace/cargo-home:/opt/rustwide/cargo-home:ro,Z" "-v" "/var/lib/crater-agent-workspace/rustup-home:/opt/rustwide/rustup-home:ro,Z" "-m" "1610612736" "--network" "none" "ghcr.io/rust-lang/crates-build-env/linux@sha256:3111399a4047eeb3a02b7a90e478d715f38a8c6669b5c4b49d30a17385265909" "sleep" "infinity", kill_on_drop: false }`
[INFO] [stdout] aa57ed19129878c17553f7c105082940fb2d9b63d8c4ccd7be30c7df177a5574
[INFO] running `Command { std: "docker" "start" "aa57ed19129878c17553f7c105082940fb2d9b63d8c4ccd7be30c7df177a5574", kill_on_drop: false }`
[INFO] running `Command { std: "docker" "inspect" "aa57ed19129878c17553f7c105082940fb2d9b63d8c4ccd7be30c7df177a5574", kill_on_drop: false }`
[INFO] running `Command { std: "docker" "exec" "-e" "SOURCE_DIR=/opt/rustwide/workdir" "-e" "CARGO_HOME=/opt/rustwide/cargo-home" "-e" "RUSTUP_HOME=/opt/rustwide/rustup-home" "-e" "CARGO_TARGET_DIR=/opt/rustwide/target" "-w" "/opt/rustwide/workdir" "--user" "0:0" "aa57ed19129878c17553f7c105082940fb2d9b63d8c4ccd7be30c7df177a5574" "/opt/rustwide/cargo-home/bin/cargo" "+1.99.0-beta.8" "metadata" "--no-deps" "--format-version=1", kill_on_drop: false }`
[INFO] running `Command { std: "docker" "inspect" "aa57ed19129878c17553f7c105082940fb2d9b63d8c4ccd7be30c7df177a5574", kill_on_drop: false }`
[INFO] running `Command { std: "docker" "exec" "-e" "SOURCE_DIR=/opt/rustwide/workdir" "-e" "CARGO_HOME=/opt/rustwide/cargo-home" "-e" "RUSTUP_HOME=/opt/rustwide/rustup-home" "-e" "CARGO_TARGET_DIR=/opt/rustwide/target" "-e" "CARGO_INCREMENTAL=0" "-e" "RUST_BACKTRACE=full" "-e" "RUSTFLAGS=--cap-lints=warn" "-e" "RUSTDOCFLAGS=--cap-lints=warn" "-w" "/opt/rustwide/workdir" "--user" "0:0" "aa57ed19129878c17553f7c105082940fb2d9b63d8c4ccd7be30c7df177a5574" "/opt/rustwide/cargo-home/bin/cargo" "+1.99.0-beta.8" "build" "--frozen" "--message-format=json", kill_on_drop: false }`
[INFO] [stderr]    Compiling find-msvc-tools v0.1.10
[INFO] [stderr]    Compiling subtle v2.6.1
[INFO] [stderr]    Compiling syn v2.0.119
[INFO] [stderr]    Compiling syn v3.0.3
[INFO] [stderr]    Compiling getrandom v0.2.17
[INFO] [stderr]    Compiling generic-array v0.14.7
[INFO] [stderr]    Compiling hybrid-array v0.4.14
[INFO] [stderr]    Compiling crunchy v0.2.4
[INFO] [stderr]    Compiling rand_core v0.6.4
[INFO] [stderr]    Compiling thiserror v2.0.20
[INFO] [stderr]    Compiling cc v1.4.2
[INFO] [stderr]    Compiling deranged v0.5.8
[INFO] [stderr]    Compiling curve25519-dalek v5.0.0
[INFO] [stderr]    Compiling getrandom v0.4.3
[INFO] [stderr]    Compiling zerocopy v0.8.56
[INFO] [stderr]    Compiling getrandom v0.3.4
[INFO] [stderr]    Compiling block-buffer v0.12.1
[INFO] [stderr]    Compiling crypto-common v0.2.2
[INFO] [stderr]    Compiling crypto-common v0.1.7
[INFO] [stderr]    Compiling block-buffer v0.10.4
[INFO] [stderr]    Compiling byteorder v1.5.0
[INFO] [stderr]    Compiling digest v0.10.7
[INFO] [stderr]    Compiling rustversion v1.0.23
[INFO] [stderr]    Compiling time-core v0.1.8
[INFO] [stderr]    Compiling zstd-safe v7.2.4
[INFO] [stderr]    Compiling strsim v0.11.1
[INFO] [stderr]    Compiling ownedbytes v0.9.0
[INFO] [stderr]    Compiling signature v3.0.0
[INFO] [stderr]    Compiling ahash v0.8.12
[INFO] [stderr]    Compiling sha1_smol v1.0.1
[INFO] [stderr]    Compiling either v1.17.0
[INFO] [stderr]    Compiling prettyplease v0.2.37
[INFO] [stderr]    Compiling typeid v1.0.3
[INFO] [stderr]    Compiling uuid v1.24.0
[INFO] [stderr]    Compiling ed25519 v3.0.0
[INFO] [stderr]    Compiling bitpacking v0.9.3
[INFO] [stderr]    Compiling digest v0.11.3
[INFO] [stderr]    Compiling sha2 v0.11.0
[INFO] [stderr]    Compiling time v0.3.47
[INFO] [stderr]    Compiling hmac v0.12.1
[INFO] [stderr]    Compiling zstd-sys v2.0.16+zstd.1.5.7
[INFO] [stderr]    Compiling ring v0.17.14
[INFO] [stderr]    Compiling utf8-ranges v1.0.5
[INFO] [stderr]    Compiling futures-core v0.3.33
[INFO] [stderr]    Compiling futures-task v0.3.33
[INFO] [stderr]    Compiling bitflags v2.13.1
[INFO] [stderr]    Compiling smallvec v1.15.2
[INFO] [stderr]    Compiling erased-serde v0.4.10
[INFO] [stderr]    Compiling httparse v1.10.1
[INFO] [stderr]    Compiling rustix v1.1.4
[INFO] [stderr]    Compiling tantivy-fst v0.5.0
[INFO] [stderr]    Compiling hkdf v0.12.4
[INFO] [stderr]    Compiling lmdb-sys v0.8.0
[INFO] [stderr]    Compiling darling_core v0.23.0
[INFO] [stderr]    Compiling serde_derive v1.0.229
[INFO] [stderr]    Compiling async-trait v0.1.92
[INFO] [stderr]    Compiling thiserror-impl v2.0.20
[INFO] [stderr]    Compiling tantivy-bitpacker v0.10.0
[INFO] [stderr]    Compiling zeroize_derive v1.5.0
[INFO] [stderr]    Compiling tracing-attributes v0.1.31
[INFO] [stderr]    Compiling zeroize v1.9.0
[INFO] [stderr]    Compiling curve25519-dalek-derive v0.1.1
[INFO] [stderr]    Compiling rustls-pki-types v1.15.1
[INFO] [stderr]    Compiling futures-macro v0.3.33
[INFO] [stderr]    Compiling futures-util v0.3.33
[INFO] [stderr]    Compiling itertools v0.14.0
[INFO] [stderr]    Compiling tracing v0.1.44
[INFO] [stderr]    Compiling darling_macro v0.23.0
[INFO] [stderr]    Compiling darling v0.23.0
[INFO] [stderr]    Compiling sha2 v0.10.9
[INFO] [stderr]    Compiling inout v0.1.4
[INFO] [stderr]    Compiling aho-corasick v1.1.5
[INFO] [stderr]    Compiling ed25519-dalek v3.0.0
[INFO] [stderr]    Compiling adler2 v2.0.1
[INFO] [stderr]    Compiling murmurhash32 v0.3.1
[INFO] [stderr]    Compiling rustls v0.23.45
[INFO] [stderr]    Compiling serde v1.0.229
[INFO] [stderr]    Compiling simd-adler32 v0.3.10
[INFO] [stderr]    Compiling typetag v0.2.23
[INFO] [stderr]    Compiling minimal-lexical v0.2.1
[INFO] [stderr]    Compiling miniz_oxide v0.8.9
[INFO] [stderr]    Compiling cipher v0.4.4
[INFO] [stderr]    Compiling nom v7.1.3
[INFO] [stderr]    Compiling bon-macros v3.9.3
[INFO] [stderr]    Compiling chrono v0.4.45
[INFO] [stderr]    Compiling tantivy-common v0.11.0
[INFO] [stderr]    Compiling regex-automata v0.4.18
[INFO] [stderr]    Compiling tantivy-stacker v0.7.0
[INFO] [stderr]    Compiling rustls-webpki v0.103.15
[INFO] [stderr]    Compiling typetag-impl v0.2.23
[INFO] [stderr]    Compiling wm-core v9.3.4
[INFO] [stderr]    Compiling http v1.5.0
[INFO] [stderr]    Compiling universal-hash v0.5.1
[INFO] [stderr]    Compiling ordered-float v5.3.0
[INFO] [stderr]    Compiling inventory v0.3.24
[INFO] [stderr]    Compiling downcast-rs v2.0.2
[INFO] [stderr]    Compiling fastdivide v0.4.2
[INFO] [stderr]    Compiling fastrand v2.5.0
[INFO] [stderr]    Compiling base64 v0.23.1
[INFO] [stderr]    Compiling tantivy-query-grammar v0.26.0
[INFO] [stderr]    Compiling ureq-proto v0.6.1
[INFO] [stderr]    Compiling tempfile v3.27.0
[INFO] [stderr]    Compiling regex v1.13.1
[INFO] [stderr]    Compiling password-hash v0.5.0
[INFO] [stderr]    Compiling poly1305 v0.8.0
[INFO] [stderr]    Compiling rayon v1.12.0
[INFO] [stderr]    Compiling bon v3.9.3
[INFO] [stderr]    Compiling flate2 v1.1.9
[INFO] [stderr]    Compiling tantivy-tokenizer-api v0.7.0
[INFO] [stderr]    Compiling rust-stemmers v1.2.0
[INFO] [stderr]    Compiling sketches-ddsketch v0.4.1
[INFO] [stderr]    Compiling chacha20 v0.9.1
[INFO] [stderr]    Compiling webpki-roots v1.0.9
[INFO] [stderr]    Compiling fs4 v0.13.1
[INFO] [stderr]    Compiling arc-swap v1.9.2
[INFO] [stderr]    Compiling measure_time v0.9.0
[INFO] [stderr]    Compiling blake2 v0.10.6
[INFO] [stderr]    Compiling aead v0.5.2
[INFO] [stderr]    Compiling crossbeam-channel v0.5.16
[INFO] [stderr]    Compiling rmp v0.8.15
[INFO] [stderr]    Compiling memmap2 v0.9.11
[INFO] [stderr]    Compiling lz4_flex v0.13.1
[INFO] [stderr]    Compiling levenshtein_automata v0.2.1
[INFO] [stderr]    Compiling oneshot v0.1.13
[INFO] [stderr]    Compiling datasketches v0.2.0
[INFO] [stderr]    Compiling census v0.4.2
[INFO] [stderr]    Compiling utf8-zero v0.8.1
[INFO] [stderr]    Compiling htmlescape v0.3.1
[INFO] [stderr]    Compiling lmdb v0.8.0
[INFO] [stderr]    Compiling rmp-serde v1.3.1
[INFO] [stderr]    Compiling argon2 v0.5.3
[INFO] [stderr]    Compiling chacha20poly1305 v0.10.1
[INFO] [stderr]    Compiling wm-conformal v9.3.4
[INFO] [stderr]    Compiling matrixmultiply v0.3.11
[INFO] [stderr]    Compiling toml_datetime v0.6.11
[INFO] [stderr]    Compiling serde_spanned v0.6.9
[INFO] [stderr]    Compiling tokio-macros v2.7.2
[INFO] [stderr]    Compiling mio v1.2.2
[INFO] [stderr]    Compiling toml_write v0.1.2
[INFO] [stderr]    Compiling rawpointer v0.2.1
[INFO] [stderr]    Compiling winnow v0.7.15
[INFO] [stderr]    Compiling bytemuck v1.25.2
[INFO] [stderr]    Compiling wm-simulation v9.3.4
[INFO] [stderr]    Compiling safe_arch v0.7.4
[INFO] [stderr]    Compiling tokio v1.53.1
[INFO] [stderr]    Compiling wm-substrate v9.3.4
[INFO] [stderr]    Compiling num-complex v0.4.6
[INFO] [stderr]    Compiling num-integer v0.1.46
[INFO] [stderr]    Compiling wide v0.7.33
[INFO] [stderr]    Compiling ndarray v0.16.1
[INFO] [stderr]    Compiling zstd v0.13.3
[INFO] [stderr]    Compiling tantivy-sstable v0.7.0
[INFO] [stderr]    Compiling ureq v3.4.0
[INFO] [stderr]    Compiling tantivy-columnar v0.7.0
[INFO] [stderr]    Compiling toml_edit v0.22.27
[INFO] [stderr]    Compiling tantivy v0.26.1
[INFO] [stderr]    Compiling wm-workspace v9.3.4
[INFO] [stderr]    Compiling toml v0.8.23
[INFO] [stderr]    Compiling wm-memory v9.3.4
[INFO] [stderr]    Compiling wm-governance v9.3.4
[INFO] [stderr]    Compiling wm-bicameral v9.3.4
[INFO] [stderr]    Compiling wm-cognitive v9.3.4 (/opt/rustwide/workdir)
[INFO] [stderr]     Finished `dev` profile [unoptimized + debuginfo] target(s) in 3m 49s
[INFO] running `Command { std: "docker" "inspect" "aa57ed19129878c17553f7c105082940fb2d9b63d8c4ccd7be30c7df177a5574", kill_on_drop: false }`
[INFO] running `Command { std: "docker" "exec" "-e" "SOURCE_DIR=/opt/rustwide/workdir" "-e" "CARGO_HOME=/opt/rustwide/cargo-home" "-e" "RUSTUP_HOME=/opt/rustwide/rustup-home" "-e" "CARGO_TARGET_DIR=/opt/rustwide/target" "-e" "CARGO_INCREMENTAL=0" "-e" "RUST_BACKTRACE=full" "-e" "RUSTFLAGS=--cap-lints=warn" "-e" "RUSTDOCFLAGS=--cap-lints=warn" "-w" "/opt/rustwide/workdir" "--user" "0:0" "aa57ed19129878c17553f7c105082940fb2d9b63d8c4ccd7be30c7df177a5574" "/opt/rustwide/cargo-home/bin/cargo" "+1.99.0-beta.8" "test" "--frozen" "--no-run" "--message-format=json", kill_on_drop: false }`
[INFO] [stderr]    Compiling num-traits v0.2.19
[INFO] [stderr]    Compiling zerocopy-derive v0.8.56
[INFO] [stderr]    Compiling getrandom v0.3.4
[INFO] [stderr]    Compiling clap_builder v4.6.6
[INFO] [stderr]    Compiling itertools v0.10.5
[INFO] [stderr]    Compiling wait-timeout v0.2.1
[INFO] [stderr]    Compiling quick-error v1.2.3
[INFO] [stderr]    Compiling bit-vec v0.8.0
[INFO] [stderr]    Compiling tinytemplate v1.2.1
[INFO] [stderr]    Compiling rand_core v0.9.5
[INFO] [stderr]    Compiling bit-set v0.8.0
[INFO] [stderr]    Compiling rusty-fork v0.3.1
[INFO] [stderr]    Compiling rand v0.9.5
[INFO] [stderr]    Compiling rand_xorshift v0.4.0
[INFO] [stderr]    Compiling is-terminal v0.4.17
[INFO] [stderr]    Compiling unarray v0.1.4
[INFO] [stderr]    Compiling chrono v0.4.45
[INFO] [stderr]    Compiling ordered-float v5.3.0
[INFO] [stderr]    Compiling rmp v0.8.15
[INFO] [stderr]    Compiling num-complex v0.4.6
[INFO] [stderr]    Compiling num-integer v0.1.46
[INFO] [stderr]    Compiling rmp-serde v1.3.1
[INFO] [stderr]    Compiling tantivy-query-grammar v0.26.0
[INFO] [stderr]    Compiling criterion-plot v0.5.0
[INFO] [stderr]    Compiling zerocopy v0.8.56
[INFO] [stderr]    Compiling ndarray v0.16.1
[INFO] [stderr]    Compiling plotters v0.3.7
[INFO] [stderr]    Compiling clap v4.6.6
[INFO] [stderr]    Compiling wm-substrate v9.3.4
[INFO] [stderr]    Compiling tantivy v0.26.1
[INFO] [stderr]    Compiling ahash v0.8.12
[INFO] [stderr]    Compiling half v2.7.1
[INFO] [stderr]    Compiling ppv-lite86 v0.2.21
[INFO] [stderr]    Compiling wm-core v9.3.4
[INFO] [stderr]    Compiling ciborium-ll v0.2.2
[INFO] [stderr]    Compiling ciborium v0.2.2
[INFO] [stderr]    Compiling rand_chacha v0.9.0
[INFO] [stderr]    Compiling proptest v1.11.0
[INFO] [stderr]    Compiling criterion v0.5.1
[INFO] [stderr]    Compiling wm-simulation v9.3.4
[INFO] [stderr]    Compiling wm-workspace v9.3.4
[INFO] [stderr]    Compiling wm-memory v9.3.4
[INFO] [stderr]    Compiling wm-governance v9.3.4
[INFO] [stderr]    Compiling wm-bicameral v9.3.4
[INFO] [stderr]    Compiling wm-cognitive v9.3.4 (/opt/rustwide/workdir)
[INFO] [stderr]     Finished `test` profile [unoptimized + debuginfo] target(s) in 2m 26s
[INFO] running `Command { std: "docker" "inspect" "aa57ed19129878c17553f7c105082940fb2d9b63d8c4ccd7be30c7df177a5574", kill_on_drop: false }`
[INFO] running `Command { std: "docker" "exec" "-e" "SOURCE_DIR=/opt/rustwide/workdir" "-e" "CARGO_HOME=/opt/rustwide/cargo-home" "-e" "RUSTUP_HOME=/opt/rustwide/rustup-home" "-e" "CARGO_TARGET_DIR=/opt/rustwide/target" "-e" "CARGO_INCREMENTAL=0" "-e" "RUST_BACKTRACE=full" "-e" "RUSTFLAGS=--cap-lints=warn" "-e" "RUSTDOCFLAGS=--cap-lints=warn" "-w" "/opt/rustwide/workdir" "--user" "0:0" "aa57ed19129878c17553f7c105082940fb2d9b63d8c4ccd7be30c7df177a5574" "/opt/rustwide/cargo-home/bin/cargo" "+1.99.0-beta.8" "test" "--frozen", kill_on_drop: false }`
[INFO] [stderr]     Finished `test` profile [unoptimized + debuginfo] target(s) in 0.48s
[INFO] [stderr]      Running unittests src/lib.rs (/opt/rustwide/target/debug/deps/wm_cognitive-72690fa6cc572051)
[INFO] [stdout] 
[INFO] [stdout] running 725 tests
[INFO] [stdout] test alchemical_round::tests::test_stage_cyclical_progression ... ok
[INFO] [stdout] test autonomic::tests::autonomic_config_from_env_no_bin ... ok
[INFO] [stdout] test autonomic::tests::autonomic_layer_pulse_empty_buffer ... ok
[INFO] [stdout] test autonomic::tests::autonomic_config_defaults ... ok
[INFO] [stdout] test alchemical_round::tests::test_engine_catalog_completeness ... ok
[INFO] [stdout] test autonomic::tests::autonomic_layer_telemetry_max_buffer ... ok
[INFO] [stdout] test autonomic::tests::daemon_path_accepts_valid_binary ... ok
[INFO] [stdout] test autonomic::tests::autonomic_layer_reset ... ok
[INFO] [stdout] test autonomic::tests::autonomic_layer_status ... ok
[INFO] [stdout] test autonomic::tests::daemon_path_rejects_non_executable ... ok
[INFO] [stdout] test autonomic::tests::daemon_path_rejects_empty ... ok
[INFO] [stdout] test autonomic::tests::daemon_path_rejects_directory ... ok
[INFO] [stdout] test autonomic::tests::autonomic_layer_telemetry_buffer ... ok
[INFO] [stdout] test autonomic::tests::autonomic_layer_disabled ... ok
[INFO] [stdout] test autonomic::tests::daemon_path_rejects_traversal ... ok
[INFO] [stdout] test autonomic::tests::daemon_path_rejects_relative ... ok
[INFO] [stdout] test autonomic::tests::autonomic_config_from_env_disabled ... ok
[INFO] [stdout] test autonomic::tests::salience_analyze_rejects_empty_tokens ... ok
[INFO] [stdout] test autonomic::tests::salience_analyze_rejects_oversized_tokens ... ok
[INFO] [stdout] test autonomic::tests::daemon_path_rejects_nonexistent ... ok
[INFO] [stdout] test autonomic::tests::autonomic_layer_pulse_no_daemon ... ok
[INFO] [stdout] test autonomic::tests::salience_processor_background ... ok
[INFO] [stdout] test autonomic::tests::salience_processor_baseline_ema ... ok
[INFO] [stdout] test autonomic::tests::salience_processor_diversity ... ok
[INFO] [stdout] test autonomic::tests::salience_processor_repetition ... ok
[INFO] [stdout] test autonomic::tests::salience_processor_reset ... ok
[INFO] [stdout] test autonomic::tests::signal_to_drive_events_anomaly ... ok
[INFO] [stdout] test autonomic::tests::signal_to_drive_events_high_salience ... ok
[INFO] [stdout] test autonomic::tests::signal_to_drive_events_novelty ... ok
[INFO] [stdout] test autonomic::tests::salience_processor_novelty ... ok
[INFO] [stdout] test autonomic::tests::signal_to_workspace_event_background ... ok
[INFO] [stdout] test autonomic::tests::signal_to_workspace_event_novelty ... ok
[INFO] [stdout] test autonomic::tests::signal_type_display ... ok
[INFO] [stdout] test autonomous::tests::cycle_type_all_has_8 ... ok
[INFO] [stdout] test autonomous::tests::cycle_type_names ... ok
[INFO] [stdout] test autonomous::tests::cycle_type_purposes_are_nonempty ... ok
[INFO] [stdout] test autonomous::tests::default_config_has_sensible_values ... ok
[INFO] [stdout] test autonomous::tests::connect_skips_on_low_health ... ok
[INFO] [stdout] test autonomous::tests::emergence_does_not_require_human_review ... ok
[INFO] [stdout] test autonomous::tests::connect_skips_connected_memories ... ok
[INFO] [stdout] test alchemical_round::tests::test_execute_alchemical_round ... ok
[INFO] [stdout] test autonomous::tests::emergence_detects_frequent_tags ... ok
[INFO] [stdout] test autonomous::tests::compress_empty_galaxy_returns_no_proposals ... ok
[INFO] [stdout] test autonomous::tests::connect_finds_disconnected_memories ... ok
[INFO] [stdout] test autonomous::tests::compress_finds_overlapping_pairs ... ok
[INFO] [stdout] test autonomous::tests::gnosis_log_written_to_substrate ... ok
[INFO] [stdout] test autonomous::tests::emergence_creates_dynamic_galaxies ... ok
[INFO] [stdout] test autonomous::tests::improve_cycle_requires_human_review ... ok
[INFO] [stdout] test autonomous::tests::improve_cycle_signature_includes_target_and_count ... ok
[INFO] [stdout] test autonomous::tests::improve_cycle_no_friction_returns_no_proposals ... ok
[INFO] [stdout] test autonomous::tests::improve_cycle_health_gate_works ... ok
[INFO] [stdout] test autonomous::tests::infer_link_type_high_overlap_returns_extends ... ok
[INFO] [stdout] test autonomous::tests::infer_link_type_low_overlap_returns_related ... ok
[INFO] [stdout] test autonomous::tests::improve_cycle_groups_by_category_and_target ... ok
[INFO] [stdout] test autonomous::tests::improve_cycle_detects_patterns ... ok
[INFO] [stdout] test autonomous::tests::emergence_without_dynamic_galaxies_works ... ok
[INFO] [stdout] test autonomous::tests::emergence_filters_low_frequency_tags ... ok
[INFO] [stdout] test autonomous::tests::improve_cycle_single_low_severity_no_proposal ... ok
[INFO] [stdout] test autonomous::tests::prune_high_importance_requires_human_review ... ok
[INFO] [stdout] test autonomous::tests::improve_cycle_single_high_severity_gets_proposal ... ok
[INFO] [stdout] test autonomous::tests::improve_cycle_run_all_includes_improve ... ok
[INFO] [stdout] test autonomous::tests::redteam_cycle_generates_proposals ... ok
[INFO] [stdout] test autonomous::tests::prune_identifies_low_retention_memories ... ok
[INFO] [stdout] test autonomous::tests::redteam_cycle_health_gate_works ... ok
[INFO] [stdout] test autonomous::tests::prune_skips_protected_memories ... ok
[INFO] [stdout] test autonomous::tests::redteam_cycle_requires_human_review ... ok
[INFO] [stdout] test autonomous::tests::redteam_cycle_identifies_uncovered_vectors ... ok
[INFO] [stdout] test autonomous::tests::redteam_cycle_includes_governance_vectors ... ok
[INFO] [stdout] test autonomous::tests::redteam_cycle_includes_karma_vectors ... ok
[INFO] [stdout] test autonomous::tests::research_cycle_does_not_require_human_review ... ok
[INFO] [stdout] test autonomous::tests::redteam_cycle_prioritizes_friction_targets ... ok
[INFO] [stdout] test autonomous::tests::redteam_cycle_signature_is_deterministic ... ok
[INFO] [stdout] test autonomous::tests::redteam_cycle_includes_new_attack_vectors ... ok
[INFO] [stdout] test autonomous::tests::redteam_cycle_proposals_have_pseudocode ... ok
[INFO] [stdout] test autonomous::tests::redteam_cycle_marks_covered_vectors ... ok
[INFO] [stdout] test autonomous::tests::research_cycle_purpose_is_set ... ok
[INFO] [stdout] test autonomous::tests::research_cycle_signature_includes_hypotheses ... ok
[INFO] [stdout] test autonomous::tests::research_cycle_finds_low_confidence_memories ... ok
[INFO] [stdout] test autonomous::tests::research_cycle_finds_friction_entries ... ok
[INFO] [stdout] test autonomous::tests::research_cycle_consumes_synchronicity_hints ... ok
[INFO] [stdout] test autonomous::tests::research_cycle_finds_questions ... ok
[INFO] [stdout] test autonomous::tests::redteam_cycle_suspends_on_repeated_output ... ok
[INFO] [stdout] test autonomous::tests::research_cycle_no_open_problems ... ok
[INFO] [stdout] test autonomous::tests::research_cycle_skips_resolved_friction ... ok
[INFO] [stdout] test autonomous::tests::research_cycle_with_imagination_engine ... ok
[INFO] [stdout] test autonomous::tests::research_cycle_low_health_skipped ... ok
[INFO] [stdout] test autonomous::tests::signature_differs_for_different_proposals ... ok
[INFO] [stdout] test autonomous::tests::signature_is_deterministic ... ok
[INFO] [stdout] test autonomous::tests::sensorimotor_cycle_fails_closed_without_safety_mask ... ok
[INFO] [stdout] test autonomous::tests::research_cycle_stores_high_score_hypotheses ... ok
[INFO] [stdout] test autonomous::tests::tag_jaccard_disjoint_sets ... ok
[INFO] [stdout] test autonomous::tests::tag_jaccard_identical_sets ... ok
[INFO] [stdout] test autonomous::tests::tag_jaccard_partial_overlap ... ok
[INFO] [stdout] test cerebellum::tests::cerebellar_controller_attenuation_decreases_on_surprise ... ok
[INFO] [stdout] test cerebellum::tests::cerebellar_controller_attenuation_increases ... ok
[INFO] [stdout] test cerebellum::tests::cerebellar_controller_avg_mse ... ok
[INFO] [stdout] test cerebellum::tests::cerebellar_controller_error_history ... ok
[INFO] [stdout] test cerebellum::tests::cerebellar_controller_default ... ok
[INFO] [stdout] test cerebellum::tests::cerebellar_controller_is_calibrated ... ok
[INFO] [stdout] test cerebellum::tests::cerebellar_controller_new ... ok
[INFO] [stdout] test cerebellum::tests::cerebellar_controller_predict ... ok
[INFO] [stdout] test cerebellum::tests::cerebellar_controller_process_feedback ... ok
[INFO] [stdout] test cerebellum::tests::controller_with_surprise_threshold ... ok
[INFO] [stdout] test cerebellum::tests::forward_model_learn_reduces_error ... ok
[INFO] [stdout] test cerebellum::tests::forward_model_predict_identity ... ok
[INFO] [stdout] test cerebellum::tests::controller_with_history_size ... ok
[INFO] [stdout] test cerebellum::tests::forward_model_new ... ok
[INFO] [stdout] test cerebellum::tests::forward_model_with_learning_rate ... ok
[INFO] [stdout] test cerebellum::tests::motor_timing_new ... ok
[INFO] [stdout] test cerebellum::tests::motor_timing_command_at_time ... ok
[INFO] [stdout] test cerebellum::tests::prediction_error_compute ... ok
[INFO] [stdout] test cerebellum::tests::prediction_error_surprising ... ok
[INFO] [stdout] test cerebellum::tests::prediction_error_magnitude ... ok
[INFO] [stdout] test citta::tests::citta_dimension_all_has_16 ... ok
[INFO] [stdout] test citta::tests::apotheosis_evaluate_and_trend ... ok
[INFO] [stdout] test citta::tests::citta_dimension_names_unique ... ok
[INFO] [stdout] test citta::tests::citta_heartbeat_beat_failure ... ok
[INFO] [stdout] test citta::tests::citta_heartbeat_coherence_reading ... ok
[INFO] [stdout] test citta::tests::apotheosis_trend_flat_with_few_samples ... ok
[INFO] [stdout] test citta::tests::citta_heartbeat_beat_success ... ok
[INFO] [stdout] test citta::tests::citta_heartbeat_to_json ... ok
[INFO] [stdout] test citta::tests::citta_vector_coherence_neutral_is_high ... ok
[INFO] [stdout] test citta::tests::citta_vector_decay_moves_toward_neutral ... ok
[INFO] [stdout] test citta::tests::citta_vector_coherence_extremes_is_low ... ok
[INFO] [stdout] test citta::tests::citta_vector_magnitude ... ok
[INFO] [stdout] test citta::tests::citta_vector_neutral_is_0_5 ... ok
[INFO] [stdout] test citta::tests::citta_vector_update_clamps ... ok
[INFO] [stdout] test citta::tests::citta_vector_update_out_of_bounds_ignored ... ok
[INFO] [stdout] test citta::tests::citta_vector_valence_neutral_is_zero ... ok
[INFO] [stdout] test citta::tests::coherence_valence_returns_tuple ... ok
[INFO] [stdout] test citta::tests::karma_feedback_sattvic_boosts_joy ... ok
[INFO] [stdout] test citta::tests::citta_vector_valence_positive ... ok
[INFO] [stdout] test citta::tests::karma_feedback_tamasic_reduces_joy ... ok
[INFO] [stdout] test citta::tests::presence_tracks_active_idle ... ok
[INFO] [stdout] test citta::tests::retirement_threshold_default ... ok
[INFO] [stdout] test citta::tests::retirement_threshold_high_apotheosis ... ok
[INFO] [stdout] test citta::tests::smarana_autonomous_integration ... ok
[INFO] [stdout] test citta::tests::smarana_records_recalls_and_misses ... ok
[INFO] [stdout] test citta_engine::tests::test_citta_phase_transitions ... ok
[INFO] [stdout] test codegen::tests::code_gen_config_default ... ok
[INFO] [stdout] test codegen::tests::code_gen_result_default ... ok
[INFO] [stdout] test codegen::tests::code_patch_serialization ... ok
[INFO] [stdout] test codegen::tests::extract_number_finds_failed ... ok
[INFO] [stdout] test codegen::tests::extract_number_finds_passed ... ok
[INFO] [stdout] test codegen::tests::last_n_lines_short_string ... ok
[INFO] [stdout] test codegen::tests::last_n_lines_truncates ... ok
[INFO] [stdout] test codegen::tests::parse_test_results_all_passed ... ok
[INFO] [stdout] test codegen::tests::parse_test_results_empty ... ok
[INFO] [stdout] test codegen::tests::parse_test_results_multiple_lines ... ok
[INFO] [stdout] test codegen::tests::parse_test_results_some_failed ... ok
[INFO] [stdout] test codegen::tests::patch_test_result_serialization ... ok
[INFO] [stdout] test autonomous::tests::sensorimotor_cycle_executes_with_actuator_bit ... ok
[INFO] [stdout] test codegen::tests::test_patch_empty_content_returns_error ... ok
[INFO] [stdout] test constellation::tests::constellation_report_new_is_empty ... ok
[INFO] [stdout] test autonomous::tests::run_all_executes_all_eight_cycles ... ok
[INFO] [stdout] test autonomous::tests::sensorimotor_cycle_without_bus_returns_no_proposals ... ok
[INFO] [stdout] test autonomous::tests::sensorimotor_cycle_with_bus_polls_sensors ... ok
[INFO] [stdout] test codegen::tests::run_code_gen_cycle_no_proposals ... ok
[INFO] [stdout] test citta_engine::tests::test_kaizen_uncommitted_alert ... ok
[INFO] [stdout] test constellation::tests::euclidean_3d_distance ... ok
[INFO] [stdout] test constellation::tests::is_in_constellation_check ... ok
[INFO] [stdout] test citta_engine::tests::test_citta_coordinator_runs_all_engines ... ok
[INFO] [stdout] test depth_gauge::tests::detect_layer_dream_by_work_marker ... ok
[INFO] [stdout] test depth_gauge::tests::detect_layer_flow_by_compression ... ok
[INFO] [stdout] test depth_gauge::tests::detect_layer_surface ... ok
[INFO] [stdout] test depth_gauge::tests::detect_layer_terminal_by_compression ... ok
[INFO] [stdout] test depth_gauge::tests::gauge_current_metrics ... ok
[INFO] [stdout] test depth_gauge::tests::gauge_descend_and_ascend ... ok
[INFO] [stdout] test depth_gauge::tests::gauge_end_task_without_begin_returns_none ... ok
[INFO] [stdout] test autonomous::tests::suspension_after_repeated_identical_output ... ok
[INFO] [stdout] test depth_gauge::tests::gauge_history_summary_empty ... ok
[INFO] [stdout] test depth_gauge::tests::gauge_predict_objective_time ... ok
[INFO] [stdout] test depth_gauge::tests::gauge_begin_end_task ... ok
[INFO] [stdout] test depth_gauge::tests::gauge_predict_objective_time_dream ... ok
[INFO] [stdout] test depth_gauge::tests::gauge_starts_at_surface ... ok
[INFO] [stdout] test depth_gauge::tests::layer_display ... ok
[INFO] [stdout] test constellation::tests::detection_empty_store ... ok
[INFO] [stdout] test depth_gauge::tests::gauge_history_summary_after_tasks ... ok
[INFO] [stdout] test depth_gauge::tests::layer_compression_ratios ... ok
[INFO] [stdout] test depth_gauge::tests::layer_token_efficiency ... ok
[INFO] [stdout] test distill::tests::active_edge_holds_recent_sessions_verbatim ... ok
[INFO] [stdout] test distill::tests::distill_memory_stamps_knowledge_class_and_session_tags ... ok
[INFO] [stdout] test distill::tests::index_lists_sessions_and_topics ... ok
[INFO] [stdout] test distill::tests::session_file_markdown_carries_provenance_header ... ok
[INFO] [stdout] test distill::tests::roundtrip_parse_from_store_records ... ok
[INFO] [stdout] test distill::tests::slug_is_deterministic_and_tag_safe ... ok
[INFO] [stdout] test distill::tests::token_cost_tracking_sums_when_present ... ok
[INFO] [stdout] test constellation::tests::detection_finds_constellation ... ok
[INFO] [stdout] test distill::tests::topics_require_cross_session_evidence ... ok
[INFO] [stdout] test distill::tests::topic_summary_is_question_addressed_with_provenance ... ok
[INFO] [stdout] test constellation::tests::detection_respects_max_constellations ... ok
[INFO] [stdout] test constellation::tests::detection_tracks_drift ... ok
[INFO] [stdout] test constellation::tests::detection_names_from_dominant_tags ... ok
[INFO] [stdout] test dream::tests::dream_context_with_imagination ... ok
[INFO] [stdout] test dream::tests::dream_cycle_last_result_available ... ok
[INFO] [stdout] test dream::tests::consolidation_folds_duplicate_metadata_and_reports_removals ... ok
[INFO] [stdout] test dream::tests::dream_cycle_decay_never_deletes ... ok
[INFO] [stdout] test dream::tests::dream_cycle_should_not_run_in_gamma ... ok
[INFO] [stdout] test dream::tests::dream_cycle_should_not_run_when_already_running ... ok
[INFO] [stdout] test dream::tests::dream_cycle_should_run_in_theta ... ok
[INFO] [stdout] test dream::tests::consolidation_dedup_preserves_pinned_duplicate_id_and_metadata ... ok
[INFO] [stdout] test dream::tests::dream_cycle_consolidation_transfers_to_codex ... ok
[INFO] [stdout] test dream::tests::dream_cycle_enrichment_tags_untagged ... ok
[INFO] [stdout] test dream::tests::consolidation_dedup_keeps_distinct_fold_provenance ... ok
[INFO] [stdout] test dream::tests::dream_phase_all_has_12 ... ok
[INFO] [stdout] test dream::tests::dream_phase_has_description ... ok
[INFO] [stdout] test dream::tests::dream_phase_names_unique ... ok
[INFO] [stdout] test dream::tests::dream_cycle_run_completes_all_phases ... ok
[INFO] [stdout] test dream::tests::dream_cycle_to_json ... ok
[INFO] [stdout] test dream::tests::dream_cycle_with_autonomous_smarana ... ok
[INFO] [stdout] test dream::tests::dream_result_to_json ... ok
[INFO] [stdout] test dream::tests::dream_cycle_processes_real_memories ... ok
[INFO] [stdout] test dream::tests::dream_cycle_sweep_transitions_tiers ... ok
[INFO] [stdout] test dream::tests::dream_cycle_with_phagic_digestion ... ok
[INFO] [stdout] test dream::tests::s7_active_edge_skips_recent_sessions ... ok
[INFO] [stdout] test dream::tests::sleep_consolidation_tracks_turns ... ok
[INFO] [stdout] test dream::tests::dream_cycle_oracle_with_imagination ... ok
[INFO] [stdout] test dream::tests::s7_distill_session_digest_has_provenance_header ... ok
[INFO] [stdout] test drive::bias::tests::bias_confidence_from_satisfaction_and_energy ... ok
[INFO] [stdout] test drive::bias::tests::bias_config_apply ... ok
[INFO] [stdout] test drive::bias::tests::bias_config_respects_min_weight ... ok
[INFO] [stdout] test drive::bias::tests::bias_from_high_caution ... ok
[INFO] [stdout] test drive::bias::tests::bias_from_high_curiosity ... ok
[INFO] [stdout] test drive::bias::tests::bias_from_high_social ... ok
[INFO] [stdout] test drive::bias::tests::bias_from_low_energy ... ok
[INFO] [stdout] test drive::bias::tests::bias_from_neutral_state ... ok
[INFO] [stdout] test drive::bias::tests::bias_weight_by_category ... ok
[INFO] [stdout] test drive::cross_pollination::tests::below_threshold_not_triggered ... ok
[INFO] [stdout] test drive::cross_pollination::tests::cascade_count_accumulates ... ok
[INFO] [stdout] test drive::cross_pollination::tests::caution_spike_suppresses_curiosity ... ok
[INFO] [stdout] test drive::cross_pollination::tests::check_cascades_no_spike_returns_empty ... ok
[INFO] [stdout] test drive::cross_pollination::tests::clear_log_resets_log_only ... ok
[INFO] [stdout] test drive::cross_pollination::tests::curiosity_spike_boosts_social ... ok
[INFO] [stdout] test drive::cross_pollination::tests::curiosity_spike_suppresses_caution ... ok
[INFO] [stdout] test drive::cross_pollination::tests::curiosity_spike_triggers_cascade ... ok
[INFO] [stdout] test drive::cross_pollination::tests::custom_rule_works ... ok
[INFO] [stdout] test drive::cross_pollination::tests::empty_matrix_has_no_rules ... ok
[INFO] [stdout] test drive::cross_pollination::tests::multiple_drives_spiking_produce_multiple_cascades ... ok
[INFO] [stdout] test drive::cross_pollination::tests::new_matrix_has_default_rules ... ok
[INFO] [stdout] test drive::cross_pollination::tests::resonance_log_records_cascades ... ok
[INFO] [stdout] test drive::cross_pollination::tests::resonance_stats_returns_json ... ok
[INFO] [stdout] test drive::cross_pollination::tests::satisfaction_spike_boosts_energy_and_social ... ok
[INFO] [stdout] test drive::cross_pollination::tests::set_rule_replaces_existing ... ok
[INFO] [stdout] test drive::cross_pollination::tests::threshold_boundary_not_triggered ... ok
[INFO] [stdout] test drive::drive_state::tests::drive_config_default ... ok
[INFO] [stdout] test drive::drive_state::tests::drive_state_default_matches_baseline ... ok
[INFO] [stdout] test drive::drive_state::tests::drive_state_dominant ... ok
[INFO] [stdout] test drive::drive_state::tests::drive_state_get_by_kind ... ok
[INFO] [stdout] test drive::event::tests::drive_event_kind_variants ... ok
[INFO] [stdout] test drive::event::tests::drive_event_new ... ok
[INFO] [stdout] test drive::event::tests::drive_event_source_variants ... ok
[INFO] [stdout] test drive::event::tests::drive_event_with_detail ... ok
[INFO] [stdout] test drive::event::tests::drive_event_with_source ... ok
[INFO] [stdout] test drive::tests::decay_moves_toward_baseline ... ok
[INFO] [stdout] test drive::tests::drive_bias_reflects_state ... ok
[INFO] [stdout] test drive::tests::drive_core_default_state ... ok
[INFO] [stdout] test drive::tests::drive_snapshot_returns_json ... ok
[INFO] [stdout] test drive::tests::drives_clamp_to_0_1 ... ok
[INFO] [stdout] test drive::tests::event_count_tracks ... ok
[INFO] [stdout] test drive::tests::high_confidence_decreases_caution ... ok
[INFO] [stdout] test drive::tests::low_confidence_increases_caution ... ok
[INFO] [stdout] test drive::tests::novel_input_increases_curiosity ... ok
[INFO] [stdout] test drive::tests::resource_pressure_decreases_energy ... ok
[INFO] [stdout] test drive::tests::resource_relief_increases_energy ... ok
[INFO] [stdout] test drive::tests::social_interaction_increases_social ... ok
[INFO] [stdout] test drive::tests::tool_error_decreases_satisfaction ... ok
[INFO] [stdout] test drive::tests::tool_error_increases_caution ... ok
[INFO] [stdout] test drive::tests::tool_success_increases_satisfaction ... ok
[INFO] [stdout] test eco_mode::tests::apply_harmony_alpha_stays_alpha_when_stressed ... ok
[INFO] [stdout] test eco_mode::tests::apply_harmony_beta_to_alpha_when_stressed ... ok
[INFO] [stdout] test eco_mode::tests::apply_harmony_does_not_ascend ... ok
[INFO] [stdout] test eco_mode::tests::apply_harmony_healthy_no_restriction ... ok
[INFO] [stdout] test eco_mode::tests::apply_harmony_strained_caps_at_beta ... ok
[INFO] [stdout] test eco_mode::tests::apply_harmony_stressed_caps_at_alpha ... ok
[INFO] [stdout] test eco_mode::tests::apply_presence_high_activity_keeps_beta ... ok
[INFO] [stdout] test eco_mode::tests::apply_presence_low_activity_stays_current ... ok
[INFO] [stdout] test eco_mode::tests::brain_wave_config_from_env_uses_defaults ... ok
[INFO] [stdout] test eco_mode::tests::eco_mode_metrics_json ... ok
[INFO] [stdout] test eco_mode::tests::eco_mode_next_transition_after_event ... ok
[INFO] [stdout] test eco_mode::tests::eco_mode_records_transitions ... ok
[INFO] [stdout] test eco_mode::tests::eco_mode_subsystems_update_on_transition ... ok
[INFO] [stdout] test eco_mode::tests::subsystem_flags_alpha_reads_only ... ok
[INFO] [stdout] test eco_mode::tests::subsystem_flags_beta_no_dream ... ok
[INFO] [stdout] test eco_mode::tests::subsystem_flags_delta_none_active ... ok
[INFO] [stdout] test eco_mode::tests::subsystem_flags_gamma_all_active ... ok
[INFO] [stdout] test eco_mode::tests::subsystem_flags_theta_dream_active ... ok
[INFO] [stdout] test gardens::tests::test_centroid_calculation_and_report ... ok
[INFO] [stdout] test gardens::tests::test_coordinate_distance_and_blending ... ok
[INFO] [stdout] test gardens::tests::test_garden_catalog_integrity ... ok
[INFO] [stdout] test gardens::tests::test_match_keywords ... ok
[INFO] [stdout] test dream::tests::s7_yama_admit_allow_flag_and_unhooked ... ok
[INFO] [stdout] test gardens::tests::test_resonance_activation_cascades_and_dampening ... ok
[INFO] [stdout] test hardware::tests::test_hardware_sampling_produces_plausible_values ... ok
[INFO] [stdout] test hardware::tests::test_regime_classification ... ok
[INFO] [stdout] test limbic::tests::emotional_event_intensity_clamped ... ok
[INFO] [stdout] test limbic::tests::emotional_event_new ... ok
[INFO] [stdout] test limbic::tests::limbic_state_apply_event ... ok
[INFO] [stdout] test limbic::tests::limbic_state_decay_reduces_activation ... ok
[INFO] [stdout] test limbic::tests::limbic_state_dominant ... ok
[INFO] [stdout] test limbic::tests::limbic_state_dominant_none_when_calm ... ok
[INFO] [stdout] test limbic::tests::limbic_state_new ... ok
[INFO] [stdout] test limbic::tests::limbic_state_opponent_processing ... ok
[INFO] [stdout] test limbic::tests::limbic_state_total_intensity ... ok
[INFO] [stdout] test limbic::tests::limbic_state_valence_sign_negative ... ok
[INFO] [stdout] test limbic::tests::limbic_state_valence_sign_neutral ... ok
[INFO] [stdout] test hardware::tests::test_homeostasis_conversion ... ok
[INFO] [stdout] test limbic::tests::limbic_state_valence_sign_positive ... ok
[INFO] [stdout] test limbic::tests::limbic_system_event_history ... ok
[INFO] [stdout] test limbic::tests::limbic_system_new ... ok
[INFO] [stdout] test limbic::tests::limbic_system_process_event ... ok
[INFO] [stdout] test limbic::tests::limbic_system_record_failure ... ok
[INFO] [stdout] test limbic::tests::limbic_system_record_novelty ... ok
[INFO] [stdout] test limbic::tests::limbic_system_record_risk ... ok
[INFO] [stdout] test limbic::tests::limbic_system_default ... ok
[INFO] [stdout] test limbic::tests::limbic_system_record_success ... ok
[INFO] [stdout] test limbic::tests::limbic_system_summary ... ok
[INFO] [stdout] test limbic::tests::limbic_system_uptime ... ok
[INFO] [stdout] test limbic::tests::limbic_system_with_decay_rate ... ok
[INFO] [stdout] test limbic::tests::limbic_system_update_recomputes_modulation ... ok
[INFO] [stdout] test limbic::tests::neuromodulation_from_compassion ... ok
[INFO] [stdout] test limbic::tests::neuromodulation_from_curiosity ... ok
[INFO] [stdout] test limbic::tests::neuromodulation_from_fear ... ok
[INFO] [stdout] test limbic::tests::neuromodulation_from_frustration ... ok
[INFO] [stdout] test limbic::tests::neuromodulation_neutral ... ok
[INFO] [stdout] test limbic::tests::valence_as_str ... ok
[INFO] [stdout] test limbic::tests::valence_all_count ... ok
[INFO] [stdout] test limbic::tests::valence_is_negative ... ok
[INFO] [stdout] test limbic::tests::valence_display ... ok
[INFO] [stdout] test limbic::tests::valence_is_positive ... ok
[INFO] [stdout] test miner::tests::compute_overlap_disjoint ... ok
[INFO] [stdout] test miner::tests::compute_overlap_identical ... ok
[INFO] [stdout] test miner::tests::compute_overlap_partial ... ok
[INFO] [stdout] test limbic::tests::valence_neutral_neither_positive_nor_negative ... ok
[INFO] [stdout] test miner::tests::extract_keywords_basic ... ok
[INFO] [stdout] test miner::tests::extract_keywords_empty ... ok
[INFO] [stdout] test miner::tests::extract_keywords_max_limit ... ok
[INFO] [stdout] test dream::tests::s7_learned_dream_cycle_records_narrative_effectiveness ... ok
[INFO] [stdout] test miner::tests::mining_report_to_json ... ok
[INFO] [stdout] test neural::tests::dopamine_boosts_importance ... ok
[INFO] [stdout] test neural::tests::dopamine_penalizes_low_reward ... ok
[INFO] [stdout] test neural::tests::metaplasticity_clamped ... ok
[INFO] [stdout] test neural::tests::metaplasticity_hebbian_boost ... ok
[INFO] [stdout] test neural::tests::metaplasticity_high_for_new_memories ... ok
[INFO] [stdout] test neural::tests::metaplasticity_learn_moves_toward_target ... ok
[INFO] [stdout] test neural::tests::metaplasticity_low_for_frequently_accessed ... ok
[INFO] [stdout] test neural::tests::momentum_accumulates ... ok
[INFO] [stdout] test dream::tests::s7_distill_cross_session_topic_summary_with_provenance ... ok
[INFO] [stdout] test neural::tests::momentum_apply_momentum_boosts_recent ... ok
[INFO] [stdout] test neural::tests::momentum_active_nodes_filtered ... ok
[INFO] [stdout] test neural::tests::momentum_decay_prunes_weak ... ok
[INFO] [stdout] test dream::tests::validity_sweep_derives_superseded_from_edges ... ok
[INFO] [stdout] test neural::tests::momentum_decay_reduces ... ok
[INFO] [stdout] test neural::tests::momentum_update_and_get ... ok
[INFO] [stdout] test neural::tests::momentum_empty_returns_zero ... ok
[INFO] [stdout] test neural::tests::momentum_reset ... ok
[INFO] [stdout] test neural::tests::momentum_update_from_result ... ok
[INFO] [stdout] test neural::tests::predictive_avg_surprise ... ok
[INFO] [stdout] test neural::tests::predictive_empty_predict_returns_zeros ... ok
[INFO] [stdout] test neural::tests::predictive_error_zero_for_matching ... ok
[INFO] [stdout] test neural::tests::predictive_novelty_higher_for_surprising ... ok
[INFO] [stdout] test neural::tests::predictive_novelty_score_in_range ... ok
[INFO] [stdout] test neural::tests::predictive_observe_and_predict ... ok
[INFO] [stdout] test neural::tests::predictive_process_returns_surprise_then_observes ... ok
[INFO] [stdout] test neural::tests::predictive_reset ... ok
[INFO] [stdout] test neural::tests::predictive_window_eviction ... ok
[INFO] [stdout] test neural::tests::predictive_error_nonzero_for_different ... ok
[INFO] [stdout] test dream::tests::validity_sweep_leaves_revoked_and_contradicted_alone ... ok
[INFO] [stdout] test neural::tests::ripple_tagger_skips_inactive_memories ... ok
[INFO] [stdout] test neural::tests::ripple_tagger_does_not_retag ... ok
[INFO] [stdout] test neural::tests::serotonin_stabilizes ... ok
[INFO] [stdout] test miner::tests::mine_skips_existing_associations ... ok
[INFO] [stdout] test miner::tests::mine_creates_associations ... ok
[INFO] [stdout] test neural::tests::neuromodulation_apply_to_store ... ok
[INFO] [stdout] test neural::tests::ripple_tagger_tags_active_memories ... ok
[INFO] [stdout] test neural::tests::surprise_gate_apply_boosts_importance ... ok
[INFO] [stdout] test neural::tests::surprise_gate_apply_skips_low_novelty ... ok
[INFO] [stdout] test neural::tests::surprise_gate_encodes_high_novelty ... ok
[INFO] [stdout] test neural::tests::surprise_gate_normal_for_moderate ... ok
[INFO] [stdout] test neural::tests::surprise_gate_skips_low_novelty ... ok
[INFO] [stdout] test neural::tests::thalamic_apply_to_scores ... ok
[INFO] [stdout] test neural::tests::thalamic_coding_boosts_codex ... ok
[INFO] [stdout] test neural::tests::thalamic_compute_weights ... ok
[INFO] [stdout] test neural::tests::thalamic_context_all_variants ... ok
[INFO] [stdout] test neural::tests::thalamic_cross_galaxy_factor ... ok
[INFO] [stdout] test neural::tests::thalamic_default_all_equal ... ok
[INFO] [stdout] test neural::tests::thalamic_default_context ... ok
[INFO] [stdout] test neural::tests::thalamic_introspection_boosts_citta ... ok
[INFO] [stdout] test neural::tests::thalamic_set_context ... ok
[INFO] [stdout] test novelty::tests::test_extract_predicate_strips_boilerplate_and_snippets ... ok
[INFO] [stdout] test novelty::tests::test_near_duplicate_distance_threshold ... ok
[INFO] [stdout] test novelty::tests::test_telemetry_source_rejected_by_class ... ok
[INFO] [stdout] test pattern_bridge::tests::assess_novelty_no_constellations ... ok
[INFO] [stdout] test pattern_bridge::tests::assess_novelty_with_matching_constellation ... ok
[INFO] [stdout] test pattern_bridge::tests::assess_novelty_with_non_matching_constellation ... ok
[INFO] [stdout] test pattern_bridge::tests::disabled_constellation_skips_assessment ... ok
[INFO] [stdout] test pattern_bridge::tests::disabled_strategy_skips_prior ... ok
[INFO] [stdout] test pattern_bridge::tests::enrich_scenario_combines_all ... ok
[INFO] [stdout] test pattern_bridge::tests::enrich_scenario_novel_gets_penalty ... ok
[INFO] [stdout] test pattern_bridge::tests::enrich_scenarios_batch ... ok
[INFO] [stdout] test pattern_bridge::tests::evaluate_surprise_high_novelty ... ok
[INFO] [stdout] test pattern_bridge::tests::evaluate_surprise_low_novelty ... ok
[INFO] [stdout] test pattern_bridge::tests::evaluate_surprise_moderate_novelty ... ok
[INFO] [stdout] test pattern_bridge::tests::gate_decision_kind_from_gate_decision ... ok
[INFO] [stdout] test pattern_bridge::tests::pattern_bridge_default ... ok
[INFO] [stdout] test pattern_bridge::tests::pattern_enriched_scenario_to_json ... ok
[INFO] [stdout] test pattern_bridge::tests::spreading_activation_default ... ok
[INFO] [stdout] test pattern_bridge::tests::strategy_prior_no_patterns ... ok
[INFO] [stdout] test pattern_bridge::tests::strategy_prior_with_matching_theme ... ok
[INFO] [stdout] test pattern_dream_bridge::tests::clear_resets_all_state ... ok
[INFO] [stdout] test pattern_dream_bridge::tests::new_bridge_is_empty ... ok
[INFO] [stdout] test pattern_dream_bridge::tests::pending_returns_queued_patterns ... ok
[INFO] [stdout] test pattern_dream_bridge::tests::process_queue_drains_even_when_no_syntheses ... ok
[INFO] [stdout] test pattern_dream_bridge::tests::process_queue_groups_by_type ... ok
[INFO] [stdout] test pattern_dream_bridge::tests::process_queue_synthesis_contains_pattern_count ... ok
[INFO] [stdout] test pattern_dream_bridge::tests::process_queue_with_less_than_two_returns_empty ... ok
[INFO] [stdout] test pattern_dream_bridge::tests::queue_cap_drops_excess_patterns ... ok
[INFO] [stdout] test pattern_dream_bridge::tests::queue_pattern_increases_count ... ok
[INFO] [stdout] test pattern_dream_bridge::tests::queue_pattern_with_metadata ... ok
[INFO] [stdout] test pattern_dream_bridge::tests::queued_pattern_new_with_metadata_chaining ... ok
[INFO] [stdout] test pattern_dream_bridge::tests::summary_reflects_state ... ok
[INFO] [stdout] test pattern_dream_bridge::tests::syntheses_accumulate_across_cycles ... ok
[INFO] [stdout] test pattern_dream_bridge::tests::syntheses_returns_all_produced ... ok
[INFO] [stdout] test neural::tests::spreading_activation_seed_only ... ok
[INFO] [stdout] test novelty::tests::test_falsification_1042_identical_verdicts ... ok
[INFO] [stdout] test redteam_manifest::tests::enrich_with_coverage_updates_manifest ... ok
[INFO] [stdout] test redteam_manifest::tests::friction_to_proposals_deduplicates ... ok
[INFO] [stdout] test neural::tests::spreading_activation_propagates ... ok
[INFO] [stdout] test redteam_manifest::tests::friction_to_proposals_matches_crate_names ... ok
[INFO] [stdout] test redteam_manifest::tests::friction_to_proposals_no_manifest_still_works ... ok
[INFO] [stdout] test dream::tests::s7_yama_budget_blocks_distillation_disclosed ... ok
[INFO] [stdout] test redteam_manifest::tests::has_test_coverage_returns_false_for_missing_dir ... ok
[INFO] [stdout] test redteam_manifest::tests::has_test_coverage_returns_false_for_nonexistent ... ok
[INFO] [stdout] test neural::tests::spreading_activation_respects_max_hops ... ok
[INFO] [stdout] test neural::tests::spreading_activation_top_n ... ok
[INFO] [stdout] test redteam_manifest::tests::manifest_hash_is_deterministic ... ok
[INFO] [stdout] test redteam_manifest::tests::manifest_to_proposals_generates_all ... ok
[INFO] [stdout] test phagic::tests::coordinator_health_snapshot_empty ... ok
[INFO] [stdout] test redteam_manifest::tests::manifest_to_proposals_marks_untested_as_uncovered ... ok
[INFO] [stdout] test redteam_manifest::tests::read_default_manifest_succeeds ... ok
[INFO] [stdout] test phagic::tests::coordinator_digest_and_health_snapshot ... ok
[INFO] [stdout] test redteam_manifest::tests::read_nonexistent_manifest_returns_none ... ok
[INFO] [stdout] test reflex::builtins::tests::beam_instability_returns_emergency_stop ... ok
[INFO] [stdout] test reflex::builtins::tests::builtins_count ... ok
[INFO] [stdout] test reflex::builtins::tests::builtins_ids_unique ... ok
[INFO] [stdout] test reflex::builtins::tests::collision_avoid_returns_emergency_stop ... ok
[INFO] [stdout] test reflex::builtins::tests::e_stop_returns_emergency_stop ... ok
[INFO] [stdout] test reflex::builtins::tests::freq_deviation_returns_correction ... ok
[INFO] [stdout] test reflex::builtins::tests::packet_drop_returns_drop ... ok
[INFO] [stdout] test reflex::builtins::tests::pwave_detect_returns_alert ... ok
[INFO] [stdout] test reflex::builtins::tests::qec_correct_returns_correction ... ok
[INFO] [stdout] test reflex::builtins::tests::register_builtins_all ... ok
[INFO] [stdout] test reflex::builtins::tests::thermal_limit_returns_reduce_power ... ok
[INFO] [stdout] test reflex::builtins::tests::register_builtins_dispatch_all ... ok
[INFO] [stdout] test reflex::dispatch::tests::default_safety_mask ... ok
[INFO] [stdout] test reflex::dispatch::tests::dispatch_count_increments ... ok
[INFO] [stdout] test reflex::dispatch::tests::emergency_stop_allowed_under_deny_all ... ok
[INFO] [stdout] test reflex::dispatch::tests::handler_failure_propagates ... ok
[INFO] [stdout] test reflex::dispatch::tests::re_registering_handler_replaces_silently ... ok
[INFO] [stdout] test reflex::dispatch::tests::register_and_dispatch ... ok
[INFO] [stdout] test reflex::dispatch::tests::register_with_bit ... ok
[INFO] [stdout] test reflex::dispatch::tests::dispatch_unregistered ... ok
[INFO] [stdout] test reflex::dispatch::tests::dispatch_timed ... ok
[INFO] [stdout] test reflex::dispatch::tests::registered_count ... ok
[INFO] [stdout] test reflex::dispatch::tests::safety_blocked ... ok
[INFO] [stdout] test reflex::dispatch::tests::safety_allowed_emergency_stop ... ok
[INFO] [stdout] test reflex::dispatch::tests::replace_handler ... ok
[INFO] [stdout] test reflex::safety::tests::allow_all_permits_everything ... ok
[INFO] [stdout] test reflex::dispatch::tests::set_safety_mask_dynamically ... ok
[INFO] [stdout] test reflex::dispatch::tests::unregister_handler ... ok
[INFO] [stdout] test reflex::safety::tests::combine_multiple_bits ... ok
[INFO] [stdout] test reflex::safety::tests::combine_with_blocked_bit ... ok
[INFO] [stdout] test reflex::safety::tests::default_allows_sensor_read ... ok
[INFO] [stdout] test reflex::safety::tests::default_blocks_actuator_control ... ok
[INFO] [stdout] test reflex::safety::tests::default_blocks_beam_dump ... ok
[INFO] [stdout] test reflex::safety::tests::default_allows_emergency_stop ... ok
[INFO] [stdout] test reflex::safety::tests::deny_all_blocks_everything_except_emergency_stop ... ok
[INFO] [stdout] test reflex::safety::tests::emergency_stop_is_unconditional ... ok
[INFO] [stdout] test reflex::safety::tests::is_allowed_const_eval ... ok
[INFO] [stdout] test reflex::safety::tests::non_subset_mask_blocked ... ok
[INFO] [stdout] test reflex::safety::tests::parse_safety_mask_accepts_decimal_and_hex ... ok
[INFO] [stdout] test reflex::safety::tests::parse_safety_mask_rejects_garbage ... ok
[INFO] [stdout] test reflex::safety::tests::subset_mask_allowed ... ok
[INFO] [stdout] test reflex::types::tests::reflex_args_default ... ok
[INFO] [stdout] test reflex::types::tests::reflex_args_max_payload ... ok
[INFO] [stdout] test reflex::types::tests::reflex_args_payload_too_large ... ok
[INFO] [stdout] test reflex::types::tests::reflex_args_set_payload ... ok
[INFO] [stdout] test reflex::types::tests::reflex_args_size_no_heap ... ok
[INFO] [stdout] test reflex::types::tests::reflex_command_default_is_noop ... ok
[INFO] [stdout] test reflex::types::tests::reflex_output_alert ... ok
[INFO] [stdout] test reflex::types::tests::reflex_output_e_stop ... ok
[INFO] [stdout] test reflex::types::tests::reflex_output_payload_too_large ... ok
[INFO] [stdout] test reflex::types::tests::reflex_output_set_payload ... ok
[INFO] [stdout] test reflex::types::tests::reflex_output_size_no_heap ... ok
[INFO] [stdout] test resonance::bus::tests::cascade_depth_capped ... ok
[INFO] [stdout] test resonance::bus::tests::cascade_propagates ... ok
[INFO] [stdout] test resonance::bus::tests::clear_resets_state ... ok
[INFO] [stdout] test resonance::bus::tests::custom_cascade_rule ... ok
[INFO] [stdout] test resonance::bus::tests::events_per_category_tracked ... ok
[INFO] [stdout] test resonance::bus::tests::multiple_subscribers_same_event ... ok
[INFO] [stdout] test resonance::bus::tests::no_cascade_when_flag_false ... ok
[INFO] [stdout] test resonance::bus::tests::persistence_disabled_by_default ... ok
[INFO] [stdout] test resonance::bus::tests::persistence_seeds_recent_events_on_reload ... ok
[INFO] [stdout] test reflex::safety::tests::default_allows_power_reduction ... ok
[INFO] [stdout] test resonance::bus::tests::persistence_writes_events_to_jsonl ... ok
[INFO] [stdout] test resonance::bus::tests::recent_events_capped ... ok
[INFO] [stdout] test resonance::bus::tests::remove_cascade_rule ... ok
[INFO] [stdout] test resonance::bus::tests::resonance_event_to_json ... ok
[INFO] [stdout] test redteam_manifest::tests::manifest_has_attack_surfaces ... ok
[INFO] [stdout] test redteam_manifest::tests::manifest_hash_changes_on_modification ... ok
[INFO] [stdout] test resonance::bus::tests::recent_events_stored ... ok
[INFO] [stdout] test resonance::bus::tests::subscribe_to_all ... ok
[INFO] [stdout] test resonance::bus::tests::subscribe_to_category ... ok
[INFO] [stdout] test resonance::bus::tests::subscribe_to_multiple_types ... ok
[INFO] [stdout] test resonance::bus::tests::stats_track_correctly ... ok
[INFO] [stdout] test resonance::bus::tests::subscribe_and_emit_single_type ... ok
[INFO] [stdout] test resonance::bus::tests::subscription_filter_matches ... ok
[INFO] [stdout] test resonance::bus::tests::unsubscribe_nonexistent_returns_false ... ok
[INFO] [stdout] test resonance::bus::tests::unsubscribe_removes_callback ... ok
[INFO] [stdout] test resonance::event_type::tests::category_display ... ok
[INFO] [stdout] test resonance::event_type::tests::category_names ... ok
[INFO] [stdout] test resonance::event_type::tests::event_category_mapping ... ok
[INFO] [stdout] test resonance::event_type::tests::event_count_is_237 ... ok
[INFO] [stdout] test resonance::event_type::tests::event_type_display ... ok
[INFO] [stdout] test resonance::event_type::tests::in_category_counts ... ok
[INFO] [stdout] test resonance::event_type::tests::categories_are_10 ... ok
[INFO] [stdout] test resonance::gan_ying::tests::test_l2_buffer_promotion_to_l1 ... ok
[INFO] [stdout] test resonance::nervous_system::tests::all_234_events_map_to_a_subsystem ... ok
[INFO] [stdout] test resonance::gan_ying::tests::test_ambient_observer_observation ... ok
[INFO] [stdout] test resonance::nervous_system::tests::consciousness_events_map_to_central ... ok
[INFO] [stdout] test resonance::nervous_system::tests::consolidation_dream_events_map_to_enteric ... ok
[INFO] [stdout] test resonance::nervous_system::tests::drive_limbic_events_map_to_endocrine ... ok
[INFO] [stdout] test resonance::nervous_system::tests::governance_events_map_to_immune ... ok
[INFO] [stdout] test resonance::nervous_system::tests::sensor_harmony_events_map_to_sensory ... ok
[INFO] [stdout] test resonance::nervous_system::tests::seven_subsystems ... ok
[INFO] [stdout] test resonance::event_type::tests::all_events_have_unique_names ... ok
[INFO] [stdout] test resonance::nervous_system::tests::subsystem_description ... ok
[INFO] [stdout] test resonance::nervous_system::tests::system_events_map_to_autonomic ... ok
[INFO] [stdout] test resonance::nervous_system::tests::category_to_subsystem_mapping ... ok
[INFO] [stdout] test resonance::nervous_system::tests::subsystem_names ... ok
[INFO] [stdout] test resonance::nervous_system::tests::subsystem_display ... ok
[INFO] [stdout] test resonance::nervous_system::tests::uns_health_unhealthy ... ok
[INFO] [stdout] test resonance::nervous_system::tests::uns_summary ... ok
[INFO] [stdout] test resonance::nervous_system::tests::uns_routes_events ... ok
[INFO] [stdout] test resonance::nervous_system::tests::tool_actuator_events_map_to_motor ... ok
[INFO] [stdout] test resonance::synchronicity::tests::clear_resets_state ... ok
[INFO] [stdout] test resonance::synchronicity::tests::detects_synchronicity_with_multiple_subsystems ... ok
[INFO] [stdout] test resonance::synchronicity::tests::no_synchronicity_with_single_subsystem ... ok
[INFO] [stdout] test resonance::synchronicity::tests::recent_synchronicities ... ok
[INFO] [stdout] test resonance::synchronicity::tests::strong_synchronicity_has_3plus_subsystems ... ok
[INFO] [stdout] test resonance::synchronicity::tests::summary_json ... ok
[INFO] [stdout] test resonance::synchronicity::tests::empty_detector ... ok
[INFO] [stdout] test resonance::nervous_system::tests::uns_health_error_rate ... ok
[INFO] [stdout] test resonance::synchronicity::tests::low_salience_filtered ... ok
[INFO] [stdout] test resonance::synchronicity::tests::synchronicity_to_json ... ok
[INFO] [stdout] test resonance::synchronicity::tests::total_observed_tracked ... ok
[INFO] [stdout] test resonance_chamber::tests::test_capacity_overflow_evicts_lowest_resonance ... ok
[INFO] [stdout] test resonance::gan_ying::tests::test_l1_buffer_sub_microsecond_hit ... ok
[INFO] [stdout] test resonance_chamber::tests::test_epoch_bound_expiration ... ok
[INFO] [stdout] test resonance_chamber::tests::test_harmonic_merge_threshold_and_target_galaxies ... ok
[INFO] [stdout] test resonance_chamber::tests::test_reinforcement_boosts_harmonic_score ... ok
[INFO] [stdout] test resonance::synchronicity::tests::synchronicity_strength ... ok
[INFO] [stdout] test retention::tests::collect_tags_extracts_unique ... ok
[INFO] [stdout] test retention::tests::emotional_signal_boosts_retention ... ok
[INFO] [stdout] test retention::tests::evaluate_connected_memory_gets_boost ... ok
[INFO] [stdout] test retention::tests::evaluate_has_seven_signals ... ok
[INFO] [stdout] test retention::tests::evaluate_high_importance_memory ... ok
[INFO] [stdout] test retention::tests::evaluate_tagged_memory_gets_pattern_boost ... ok
[INFO] [stdout] test retention::tests::is_protected_flag_overrides_low_importance ... ok
[INFO] [stdout] test retention::tests::neuro_signal_boosts_retention ... ok
[INFO] [stdout] test retention::tests::retention_signal_serializes ... ok
[INFO] [stdout] test retention::tests::evaluate_low_importance_memory ... ok
[INFO] [stdout] test retention::tests::sweep_report_to_json ... ok
[INFO] [stdout] test redteam_manifest::tests::has_test_coverage_finds_security_tests ... FAILED
[INFO] [stdout] test redteam_manifest::tests::has_test_coverage_finds_store_tests ... FAILED
[INFO] [stdout] test session_miner::tests::bare_error_word_is_not_an_error_marker ... ok
[INFO] [stdout] test session_miner::tests::bigram_topics_ranked_by_frequency ... ok
[INFO] [stdout] test session_miner::tests::breakthroughs_detected ... ok
[INFO] [stdout] test resonance_chamber::tests::test_temporal_signature_bounded_lifetime_and_auto_expiration ... ok
[INFO] [stdout] test retention::tests::sweep_respects_is_protected_flag ... ok
[INFO] [stdout] test retention::tests::sweep_decays_low_importance ... ok
[INFO] [stdout] test retention::tests::sweep_never_deletes ... ok
[INFO] [stdout] test session_miner::tests::dedupe_keeps_highest_confidence ... ok
[INFO] [stdout] test session_miner::tests::empty_and_garbage_input_never_panic ... ok
[INFO] [stdout] test session_miner::tests::jsonl_multi_shape_parsing ... ok
[INFO] [stdout] test session_miner::tests::serde_roundtrip ... ok
[INFO] [stdout] test session_miner::tests::max_per_kind_cap ... ok
[INFO] [stdout] test smarana::tests::test_alchemical_stage_classification ... ok
[INFO] [stdout] test smarana::tests::test_ebbinghaus_decay_curve ... ok
[INFO] [stdout] test smarana::tests::test_gist_distillation ... ok
[INFO] [stdout] test smarana::tests::test_lapse_penalty_reduces_stability ... ok
[INFO] [stdout] test smarana::tests::test_spacing_effect_greater_stability_on_delayed_recall ... ok
[INFO] [stdout] test session_miner::tests::confidence_floor_filters_everything ... ok
[INFO] [stdout] test spiral::tests::escalation_callback_not_invoked_on_unsuspension ... ok
[INFO] [stdout] test spiral::tests::escalation_callback_receives_cycle_and_reason ... ok
[INFO] [stdout] test spiral::tests::jaccard_similarity_both_empty ... ok
[INFO] [stdout] test spiral::tests::jaccard_similarity_identical ... ok
[INFO] [stdout] test spiral::tests::jaccard_similarity_no_overlap ... ok
[INFO] [stdout] test spiral::tests::jaccard_similarity_one_empty ... ok
[INFO] [stdout] test spiral::tests::jaccard_similarity_partial ... ok
[INFO] [stdout] test spiral::tests::novelty_score_all_new_items ... ok
[INFO] [stdout] test spiral::tests::novelty_score_empty_signature_is_full_novel ... ok
[INFO] [stdout] test spiral::tests::novelty_score_first_run_is_full_novel ... ok
[INFO] [stdout] test spiral::tests::novelty_score_identical_to_previous_is_zero ... ok
[INFO] [stdout] test spiral::tests::novelty_score_partial_overlap ... ok
[INFO] [stdout] test spiral::tests::semantic_detection_disabled_falls_back_to_exact ... ok
[INFO] [stdout] test spiral::tests::semantic_detection_suspends_similar_outputs ... ok
[INFO] [stdout] test spiral::tests::spiral_direction_labels ... ok
[INFO] [stdout] test spiral::tests::spiral_report_to_json_has_expected_fields ... ok
[INFO] [stdout] test spiral::tests::tracker_direction_for_untracked_cycle_is_outward ... ok
[INFO] [stdout] test spiral::tests::tracker_first_record_is_outward ... ok
[INFO] [stdout] test spiral::tests::tracker_is_suspended_check ... ok
[INFO] [stdout] test spiral::tests::escalation_callback_invoked_on_suspension ... ok
[INFO] [stdout] test spiral::tests::tracker_novelty_history_capped_at_10 ... ok
[INFO] [stdout] test spiral::tests::tracker_report_shows_overall_direction ... ok
[INFO] [stdout] test spiral::tests::tracker_report_stable_when_mixed ... ok
[INFO] [stdout] test session_miner::tests::directives_detected ... ok
[INFO] [stdout] test spiral::tests::tracker_report_healthy_when_all_outward ... ok
[INFO] [stdout] test spiral::tests::tracker_suspends_after_repeated_identical ... ok
[INFO] [stdout] test spiral::tests::tracker_tracks_multiple_cycles_independently ... ok
[INFO] [stdout] test spiral::tests::tracker_unique_proposals_count_grows ... ok
[INFO] [stdout] test spiral::tests::tracker_unsuspends_on_novel_output ... ok
[INFO] [stdout] test session_miner::tests::insight_content_truncated_to_config ... ok
[INFO] [stdout] test spiral::tests::tracker_works_with_compression_proposals ... ok
[INFO] [stdout] test spiral::tests::tracker_works_with_no_proposals_result ... ok
[INFO] [stdout] test strategy::tests::jaccard_similarity_disjoint_sets ... ok
[INFO] [stdout] test strategy::tests::jaccard_similarity_identical_sets ... ok
[INFO] [stdout] test spiral::tests::tracker_total_suspensions_counts_across_cycles ... ok
[INFO] [stdout] test strategy::tests::jaccard_similarity_partial_overlap ... ok
[INFO] [stdout] test spiral::tests::tracker_signatures_capped_at_100 ... ok
[INFO] [stdout] test session_miner::tests::decisions_detected_with_tiers ... ok
[INFO] [stdout] test strategy::tests::synthesis_report_new_is_empty ... ok
[INFO] [stdout] test session_miner::tests::errors_with_resolution_boost ... ok
[INFO] [stdout] test smarana::tests::test_hebbian_reinforcement_and_de_novo_creation ... ok
[INFO] [stdout] test dream::tests::s7_narrative_second_run_skips_unchanged_evidence ... ok
[INFO] [stdout] test strategy::tests::synthesis_empty_store ... ok
[INFO] [stdout] test symbiosync::tests::test_somatic_consolidation_succeeds_in_cool_idle_state ... ok
[INFO] [stdout] test symbiosync::tests::test_somatic_throttling_yields_when_cpu_is_hot ... ok
[INFO] [stdout] test symbiosync::tests::test_somatic_throttling_yields_when_load_is_high ... ok
[INFO] [stdout] test strategy::tests::sleep_consolidation_skips_low_importance ... ok
[INFO] [stdout] test symbiosync::tests::test_unconscious_pattern_alignment_reinforces_co_occurring_thoughts ... ok
[INFO] [stdout] test timescale::bus::tests::active_inactive_tiers ... ok
[INFO] [stdout] test timescale::bus::tests::brain_wave_gating ... ok
[INFO] [stdout] test timescale::bus::tests::delta_brain_wave_only_evolutionary_active ... ok
[INFO] [stdout] test timescale::bus::tests::error_hook_recorded ... ok
[INFO] [stdout] test timescale::bus::tests::hook_priority_ordering ... ok
[INFO] [stdout] test timescale::bus::tests::inactive_tier_hooks_skipped_in_tick_all ... ok
[INFO] [stdout] test timescale::bus::tests::priority_inversion_prevented_by_tier_gating ... ok
[INFO] [stdout] test timescale::bus::tests::register_hook ... ok
[INFO] [stdout] test timescale::bus::tests::register_with_fallback ... ok
[INFO] [stdout] test timescale::bus::tests::tick_all_executes_active_tiers ... ok
[INFO] [stdout] test timescale::bus::tests::tick_interval_respected ... ok
[INFO] [stdout] test timescale::bus::tests::tick_tier_executes_hooks ... ok
[INFO] [stdout] test timescale::bus::tests::tick_tier_inactive_returns_zero ... ok
[INFO] [stdout] test timescale::bus::tests::tier_stats_collection ... ok
[INFO] [stdout] test timescale::bus::tests::total_ticks_increments ... ok
[INFO] [stdout] test timescale::bus::tests::unregister_hook ... ok
[INFO] [stdout] test timescale::bus::tests::unregister_nonexistent ... ok
[INFO] [stdout] test timescale::hooks::tests::hook_callback_executes ... ok
[INFO] [stdout] test strategy::tests::sleep_consolidation_transfers_sessions_to_codex ... ok
[INFO] [stdout] test timescale::hooks::tests::hook_new_basic ... ok
[INFO] [stdout] test timescale::hooks::tests::hook_result_is_complete ... ok
[INFO] [stdout] test timescale::hooks::tests::hook_result_is_error ... ok
[INFO] [stdout] test timescale::hooks::tests::hook_stats_record_success ... ok
[INFO] [stdout] test timescale::hooks::tests::hook_stats_record_timeout ... ok
[INFO] [stdout] test timescale::hooks::tests::hook_stats_snapshot ... ok
[INFO] [stdout] test timescale::hooks::tests::hook_stats_success_rate ... ok
[INFO] [stdout] test timescale::hooks::tests::hook_stats_success_rate_no_ticks ... ok
[INFO] [stdout] test timescale::hooks::tests::hook_with_fallback_and_priority ... ok
[INFO] [stdout] test timescale::tier::tests::defaults_all_tiers_cover_all_states ... ok
[INFO] [stdout] test timescale::tier::tests::defaults_tier_0_reflex_timing ... ok
[INFO] [stdout] test timescale::tier::tests::defaults_tier_4_evolutionary_timing ... ok
[INFO] [stdout] test timescale::tier::tests::tier_config_active_in_delta ... ok
[INFO] [stdout] test timescale::tier::tests::tier_config_active_in_gamma ... ok
[INFO] [stdout] test timescale::tier::tests::tier_count_is_5 ... ok
[INFO] [stdout] test timescale::hooks::tests::hook_stats_record_error ... ok
[INFO] [stdout] test timescale::tier::tests::tier_names ... ok
[INFO] [stdout] test wu_xing::tests::adjust_element_changes_energy ... ok
[INFO] [stdout] test wu_xing::tests::adjust_element_clamps_to_one ... ok
[INFO] [stdout] test wu_xing::tests::adjust_element_clamps_to_zero ... ok
[INFO] [stdout] test wu_xing::tests::adjust_element_propagates_generating ... ok
[INFO] [stdout] test wu_xing::tests::adjust_element_propagates_overcoming ... ok
[INFO] [stdout] test timescale::tier::tests::tier_from_index_roundtrip ... ok
[INFO] [stdout] test wu_xing::tests::adjust_with_quality_override ... ok
[INFO] [stdout] test wu_xing::tests::analyze_situation_detects_fire ... ok
[INFO] [stdout] test wu_xing::tests::analyze_situation_detects_wood ... ok
[INFO] [stdout] test wu_xing::tests::analyze_situation_no_match_returns_none ... ok
[INFO] [stdout] test wu_xing::tests::analyze_situation_detects_water ... ok
[INFO] [stdout] test wu_xing::tests::assess_balance_returns_recommendation ... ok
[INFO] [stdout] test wu_xing::tests::analyze_situation_with_secondary ... ok
[INFO] [stdout] test wu_xing::tests::balance_score_decreases_with_imbalance ... ok
[INFO] [stdout] test wu_xing::tests::current_cycle_phase_returns_description ... ok
[INFO] [stdout] test wu_xing::tests::cycle_history_records_adjustments ... ok
[INFO] [stdout] test wu_xing::tests::deficient_element_finds_lowest ... ok
[INFO] [stdout] test wu_xing::tests::determine_quality_blossoming ... ok
[INFO] [stdout] test wu_xing::tests::determine_quality_dormant ... ok
[INFO] [stdout] test wu_xing::tests::determine_quality_growing ... ok
[INFO] [stdout] test timescale::bus::tests::bus_default_creation ... ok
[INFO] [stdout] test wu_xing::tests::dominant_element_finds_highest ... ok
[INFO] [stdout] test wu_xing::tests::drain_decreases_energy ... ok
[INFO] [stdout] test wu_xing::tests::element_all_returns_five ... ok
[INFO] [stdout] test wu_xing::tests::element_as_str ... ok
[INFO] [stdout] test wu_xing::tests::element_generates_cycle ... ok
[INFO] [stdout] test wu_xing::tests::element_hanzi ... ok
[INFO] [stdout] test wu_xing::tests::element_overcomes_cycle ... ok
[INFO] [stdout] test wu_xing::tests::element_meaning ... ok
[INFO] [stdout] test wu_xing::tests::elemental_state_new_auto_quality ... ok
[INFO] [stdout] test wu_xing::tests::elemental_state_with_quality ... ok
[INFO] [stdout] test wu_xing::tests::full_generating_cycle_completes ... ok
[INFO] [stdout] test wu_xing::tests::full_overcoming_cycle_completes ... ok
[INFO] [stdout] test wu_xing::tests::balance_score_perfect_when_equal ... ok
[INFO] [stdout] test wu_xing::tests::harmony_score_decreases_with_blocked_flow ... ok
[INFO] [stdout] test wu_xing::tests::is_balanced_true_at_start ... ok
[INFO] [stdout] test wu_xing::tests::multiple_adjustments_accumulate ... ok
[INFO] [stdout] test wu_xing::tests::new_engine_all_elements_at_half ... ok
[INFO] [stdout] test wu_xing::tests::status_returns_json ... ok
[INFO] [stdout] test zodiac_council::tests::council_deliberation_approves_safe_proposal ... ok
[INFO] [stdout] test zodiac_council::tests::council_deliberation_on_seal_adaptation_attaches_hermit_guard_stipulation ... ok
[INFO] [stdout] test wu_xing::tests::nourish_increases_energy ... ok
[INFO] [stdout] test wu_xing::tests::rebalance_moves_toward_center ... ok
[INFO] [stdout] test zodiac_council::tests::council_deliberation_triggers_cancer_guardian_veto_on_high_risk ... ok
[INFO] [stdout] test strategy::tests::synthesis_creates_strategy_from_cluster ... ok
[INFO] [stdout] test symbiosync::tests::test_auto_expiration_of_stale_thoughts_during_dream_cycle ... ok
[INFO] [stdout] test strategy::tests::synthesis_skips_low_importance_clusters ... ok
[INFO] [stdout] test strategy::tests::synthesis_skips_small_clusters ... ok
[INFO] [stdout] test strategy::tests::synthesis_respects_max_strategies ... ok
[INFO] [stdout] 
[INFO] [stdout] failures:
[INFO] [stdout] 
[INFO] [stdout] ---- redteam_manifest::tests::has_test_coverage_finds_security_tests stdout ----
[INFO] [stdout] 
[INFO] [stdout] thread 'redteam_manifest::tests::has_test_coverage_finds_security_tests' (3610) panicked at src/redteam_manifest.rs:499:9:
[INFO] [stdout] Should find security test coverage in wm-core
[INFO] [stdout] stack backtrace:
[INFO] [stdout]    0:     0x5810d872d741 - std[70759c8f55707aa4]::backtrace_rs::backtrace::libunwind::trace
[INFO] [stdout]                                at /rustc/dfb0accb7f508ae8be965d8629557221c889dd98/library/std/src/../../backtrace/src/backtrace/libunwind.rs:117:9
[INFO] [stdout]    1:     0x5810d872d741 - std[70759c8f55707aa4]::backtrace_rs::backtrace::trace_unsynchronized::<std[70759c8f55707aa4]::sys::backtrace::_print_fmt::{closure#1}>
[INFO] [stdout]                                at /rustc/dfb0accb7f508ae8be965d8629557221c889dd98/library/std/src/../../backtrace/src/backtrace/mod.rs:66:14
[INFO] [stdout]    2:     0x5810d872d741 - std[70759c8f55707aa4]::sys::backtrace::_print_fmt
[INFO] [stdout]                                at /rustc/dfb0accb7f508ae8be965d8629557221c889dd98/library/std/src/sys/backtrace.rs:74:9
[INFO] [stdout]    3:     0x5810d872d741 - <<std[70759c8f55707aa4]::sys::backtrace::BacktraceLock>::print::DisplayBacktrace as core[df12db4294e9bfd3]::fmt::Display>::fmt
[INFO] [stdout]                                at /rustc/dfb0accb7f508ae8be965d8629557221c889dd98/library/std/src/sys/backtrace.rs:44:26
[INFO] [stdout]    4:     0x5810d8746bca - <core[df12db4294e9bfd3]::fmt::rt::Argument>::fmt
[INFO] [stdout]                                at /rustc/dfb0accb7f508ae8be965d8629557221c889dd98/library/core/src/fmt/rt.rs:152:76
[INFO] [stdout]    5:     0x5810d8746bca - core[df12db4294e9bfd3]::fmt::write
[INFO] [stdout]    6:     0x5810d873237c - core[df12db4294e9bfd3]::io::write::default_write_fmt::<alloc[2182bb758b4b3781]::vec::Vec<u8>>
[INFO] [stdout]                                at /rustc/dfb0accb7f508ae8be965d8629557221c889dd98/library/core/src/io/write.rs:402:11
[INFO] [stdout]    7:     0x5810d873237c - <alloc[2182bb758b4b3781]::vec::Vec<u8> as core[df12db4294e9bfd3]::io::write::Write>::write_fmt
[INFO] [stdout]                                at /rustc/dfb0accb7f508ae8be965d8629557221c889dd98/library/core/src/io/write.rs:335:13
[INFO] [stdout]    8:     0x5810d87058c6 - <std[70759c8f55707aa4]::sys::backtrace::BacktraceLock>::print
[INFO] [stdout]                                at /rustc/dfb0accb7f508ae8be965d8629557221c889dd98/library/std/src/sys/backtrace.rs:47:9
[INFO] [stdout]    9:     0x5810d87058c6 - std[70759c8f55707aa4]::panicking::default_hook::{closure#0}
[INFO] [stdout]                                at /rustc/dfb0accb7f508ae8be965d8629557221c889dd98/library/std/src/panicking.rs:292:27
[INFO] [stdout]   10:     0x5810d8724009 - std[70759c8f55707aa4]::panicking::default_hook
[INFO] [stdout]                                at /rustc/dfb0accb7f508ae8be965d8629557221c889dd98/library/std/src/panicking.rs:316:9
[INFO] [stdout]   11:     0x5810d78f7390 - <alloc[2182bb758b4b3781]::boxed::Box<dyn for<'a, 'b> core[df12db4294e9bfd3]::ops::function::Fn<(&'a std[70759c8f55707aa4]::panic::PanicHookInfo<'b>,), Output = ()> + core[df12db4294e9bfd3]::marker::Send + core[df12db4294e9bfd3]::marker::Sync> as core[df12db4294e9bfd3]::ops::function::Fn<(&std[70759c8f55707aa4]::panic::PanicHookInfo,)>>::call
[INFO] [stdout]                                at /rustc/dfb0accb7f508ae8be965d8629557221c889dd98/library/alloc/src/boxed.rs:2334:9
[INFO] [stdout]   12:     0x5810d78f7390 - test[9d35eded1c95d3be]::test_main_inner::<test[9d35eded1c95d3be]::test_main_static::{closure#0}>::{closure#0}
[INFO] [stdout]                                at /rustc/dfb0accb7f508ae8be965d8629557221c889dd98/library/test/src/lib.rs:155:21
[INFO] [stdout]   13:     0x5810d8724332 - <alloc[2182bb758b4b3781]::boxed::Box<dyn for<'a, 'b> core[df12db4294e9bfd3]::ops::function::Fn<(&'a std[70759c8f55707aa4]::panic::PanicHookInfo<'b>,), Output = ()> + core[df12db4294e9bfd3]::marker::Send + core[df12db4294e9bfd3]::marker::Sync> as core[df12db4294e9bfd3]::ops::function::Fn<(&std[70759c8f55707aa4]::panic::PanicHookInfo,)>>::call
[INFO] [stdout]                                at /rustc/dfb0accb7f508ae8be965d8629557221c889dd98/library/alloc/src/boxed.rs:2334:9
[INFO] [stdout]   14:     0x5810d8724332 - std[70759c8f55707aa4]::panicking::panic_with_hook
[INFO] [stdout]                                at /rustc/dfb0accb7f508ae8be965d8629557221c889dd98/library/std/src/panicking.rs:823:13
[INFO] [stdout]   15:     0x5810d87059a4 - std[70759c8f55707aa4]::panicking::panic_handler::{closure#0}
[INFO] [stdout]                                at /rustc/dfb0accb7f508ae8be965d8629557221c889dd98/library/std/src/panicking.rs:681:13
[INFO] [stdout]   16:     0x5810d86fe2c9 - std[70759c8f55707aa4]::sys::backtrace::__rust_end_short_backtrace::<std[70759c8f55707aa4]::panicking::panic_handler::{closure#0}, !>
[INFO] [stdout]                                at /rustc/dfb0accb7f508ae8be965d8629557221c889dd98/library/std/src/sys/backtrace.rs:182:18
[INFO] [stdout]   17:     0x5810d870681d - __rustc[8fa7c3cbc660c2b3]::rust_begin_unwind
[INFO] [stdout]                                at /rustc/dfb0accb7f508ae8be965d8629557221c889dd98/library/std/src/panicking.rs:679:5
[INFO] [stdout]   18:     0x5810d874749c - core[df12db4294e9bfd3]::panicking::panic_fmt
[INFO] [stdout]                                at /rustc/dfb0accb7f508ae8be965d8629557221c889dd98/library/core/src/panicking.rs:80:14
[INFO] [stdout]   19:     0x5810d7675e99 - wm_cognitive[f295f297c0dcd878]::redteam_manifest::tests::has_test_coverage_finds_security_tests
[INFO] [stdout]                                at /opt/rustwide/workdir/src/redteam_manifest.rs:499:9
[INFO] [stdout]   20:     0x5810d7657027 - wm_cognitive[f295f297c0dcd878]::redteam_manifest::tests::has_test_coverage_finds_security_tests::{closure#0}
[INFO] [stdout]                                at /opt/rustwide/workdir/src/redteam_manifest.rs:493:48
[INFO] [stdout]   21:     0x5810d77144e6 - <wm_cognitive[f295f297c0dcd878]::redteam_manifest::tests::has_test_coverage_finds_security_tests::{closure#0} as core[df12db4294e9bfd3]::ops::function::FnOnce<()>>::call_once
[INFO] [stdout]                                at /rustc/dfb0accb7f508ae8be965d8629557221c889dd98/library/core/src/ops/function.rs:250:5
[INFO] [stdout]   22:     0x5810d78ea67b - <fn() -> core[df12db4294e9bfd3]::result::Result<(), alloc[2182bb758b4b3781]::string::String> as core[df12db4294e9bfd3]::ops::function::FnOnce<()>>::call_once
[INFO] [stdout]                                at /rustc/dfb0accb7f508ae8be965d8629557221c889dd98/library/core/src/ops/function.rs:250:5
[INFO] [stdout]   23:     0x5810d78ea67b - test[9d35eded1c95d3be]::__rust_begin_short_backtrace::<core[df12db4294e9bfd3]::result::Result<(), alloc[2182bb758b4b3781]::string::String>, fn() -> core[df12db4294e9bfd3]::result::Result<(), alloc[2182bb758b4b3781]::string::String>>
[INFO] [stdout]                                at /rustc/dfb0accb7f508ae8be965d8629557221c889dd98/library/test/src/lib.rs:733:18
[INFO] [stdout]   24:     0x5810d78f7ce5 - test[9d35eded1c95d3be]::run_test_in_process::{closure#0}
[INFO] [stdout]                                at /rustc/dfb0accb7f508ae8be965d8629557221c889dd98/library/test/src/lib.rs:756:74
[INFO] [stdout]   25:     0x5810d78f7ce5 - <core[df12db4294e9bfd3]::panic::unwind_safe::AssertUnwindSafe<test[9d35eded1c95d3be]::run_test_in_process::{closure#0}> as core[df12db4294e9bfd3]::ops::function::FnOnce<()>>::call_once
[INFO] [stdout]                                at /rustc/dfb0accb7f508ae8be965d8629557221c889dd98/library/core/src/panic/unwind_safe.rs:275:9
[INFO] [stdout]   26:     0x5810d78f7ce5 - std[70759c8f55707aa4]::panicking::catch_unwind::do_call::<core[df12db4294e9bfd3]::panic::unwind_safe::AssertUnwindSafe<test[9d35eded1c95d3be]::run_test_in_process::{closure#0}>, core[df12db4294e9bfd3]::result::Result<(), alloc[2182bb758b4b3781]::string::String>>
[INFO] [stdout]                                at /rustc/dfb0accb7f508ae8be965d8629557221c889dd98/library/std/src/panicking.rs:576:43
[INFO] [stdout]   27:     0x5810d78f7ce5 - std[70759c8f55707aa4]::panicking::catch_unwind::<core[df12db4294e9bfd3]::result::Result<(), alloc[2182bb758b4b3781]::string::String>, core[df12db4294e9bfd3]::panic::unwind_safe::AssertUnwindSafe<test[9d35eded1c95d3be]::run_test_in_process::{closure#0}>>
[INFO] [stdout]                                at /rustc/dfb0accb7f508ae8be965d8629557221c889dd98/library/std/src/panicking.rs:544:19
[INFO] [stdout]   28:     0x5810d78f7ce5 - std[70759c8f55707aa4]::panic::catch_unwind::<core[df12db4294e9bfd3]::panic::unwind_safe::AssertUnwindSafe<test[9d35eded1c95d3be]::run_test_in_process::{closure#0}>, core[df12db4294e9bfd3]::result::Result<(), alloc[2182bb758b4b3781]::string::String>>
[INFO] [stdout]                                at /rustc/dfb0accb7f508ae8be965d8629557221c889dd98/library/std/src/panic.rs:359:14
[INFO] [stdout]   29:     0x5810d78f7ce5 - test[9d35eded1c95d3be]::run_test_in_process
[INFO] [stdout]                                at /rustc/dfb0accb7f508ae8be965d8629557221c889dd98/library/test/src/lib.rs:756:27
[INFO] [stdout]   30:     0x5810d78f7ce5 - test[9d35eded1c95d3be]::run_test::{closure#0}
[INFO] [stdout]                                at /rustc/dfb0accb7f508ae8be965d8629557221c889dd98/library/test/src/lib.rs:677:43
[INFO] [stdout]   31:     0x5810d78f15a4 - test[9d35eded1c95d3be]::run_test::{closure#1}
[INFO] [stdout]                                at /rustc/dfb0accb7f508ae8be965d8629557221c889dd98/library/test/src/lib.rs:707:41
[INFO] [stdout]   32:     0x5810d78f15a4 - std[70759c8f55707aa4]::sys::backtrace::__rust_begin_short_backtrace::<test[9d35eded1c95d3be]::run_test::{closure#1}, ()>
[INFO] [stdout]                                at /rustc/dfb0accb7f508ae8be965d8629557221c889dd98/library/std/src/sys/backtrace.rs:166:18
[INFO] [stdout]   33:     0x5810d78fae42 - std[70759c8f55707aa4]::thread::lifecycle::spawn_unchecked::<test[9d35eded1c95d3be]::run_test::{closure#1}, ()>::{closure#1}::{closure#0}
[INFO] [stdout]                                at /rustc/dfb0accb7f508ae8be965d8629557221c889dd98/library/std/src/thread/lifecycle.rs:70:13
[INFO] [stdout]   34:     0x5810d78fae42 - <core[df12db4294e9bfd3]::panic::unwind_safe::AssertUnwindSafe<std[70759c8f55707aa4]::thread::lifecycle::spawn_unchecked<test[9d35eded1c95d3be]::run_test::{closure#1}, ()>::{closure#1}::{closure#0}> as core[df12db4294e9bfd3]::ops::function::FnOnce<()>>::call_once
[INFO] [stdout]                                at /rustc/dfb0accb7f508ae8be965d8629557221c889dd98/library/core/src/panic/unwind_safe.rs:275:9
[INFO] [stdout]   35:     0x5810d78fae42 - std[70759c8f55707aa4]::panicking::catch_unwind::do_call::<core[df12db4294e9bfd3]::panic::unwind_safe::AssertUnwindSafe<std[70759c8f55707aa4]::thread::lifecycle::spawn_unchecked<test[9d35eded1c95d3be]::run_test::{closure#1}, ()>::{closure#1}::{closure#0}>, ()>
[INFO] [stdout]                                at /rustc/dfb0accb7f508ae8be965d8629557221c889dd98/library/std/src/panicking.rs:576:43
[INFO] [stdout]   36:     0x5810d78fae42 - std[70759c8f55707aa4]::panicking::catch_unwind::<(), core[df12db4294e9bfd3]::panic::unwind_safe::AssertUnwindSafe<std[70759c8f55707aa4]::thread::lifecycle::spawn_unchecked<test[9d35eded1c95d3be]::run_test::{closure#1}, ()>::{closure#1}::{closure#0}>>
[INFO] [stdout]                                at /rustc/dfb0accb7f508ae8be965d8629557221c889dd98/library/std/src/panicking.rs:544:19
[INFO] [stdout]   37:     0x5810d78fae42 - std[70759c8f55707aa4]::panic::catch_unwind::<core[df12db4294e9bfd3]::panic::unwind_safe::AssertUnwindSafe<std[70759c8f55707aa4]::thread::lifecycle::spawn_unchecked<test[9d35eded1c95d3be]::run_test::{closure#1}, ()>::{closure#1}::{closure#0}>, ()>
[INFO] [stdout]                                at /rustc/dfb0accb7f508ae8be965d8629557221c889dd98/library/std/src/panic.rs:359:14
[INFO] [stdout]   38:     0x5810d78fae42 - std[70759c8f55707aa4]::thread::lifecycle::spawn_unchecked::<test[9d35eded1c95d3be]::run_test::{closure#1}, ()>::{closure#1}
[INFO] [stdout]                                at /rustc/dfb0accb7f508ae8be965d8629557221c889dd98/library/std/src/thread/lifecycle.rs:68:26
[INFO] [stdout]   39:     0x5810d78fae42 - <std[70759c8f55707aa4]::thread::lifecycle::spawn_unchecked<test[9d35eded1c95d3be]::run_test::{closure#1}, ()>::{closure#1} as core[df12db4294e9bfd3]::ops::function::FnOnce<()>>::call_once::{shim:vtable#0}
[INFO] [stdout]                                at /rustc/dfb0accb7f508ae8be965d8629557221c889dd98/library/core/src/ops/function.rs:250:5
[INFO] [stdout]   40:     0x5810d872c239 - <alloc[2182bb758b4b3781]::boxed::Box<dyn core[df12db4294e9bfd3]::ops::function::FnOnce<(), Output = ()> + core[df12db4294e9bfd3]::marker::Send> as core[df12db4294e9bfd3]::ops::function::FnOnce<()>>::call_once
[INFO] [stdout]                                at /rustc/dfb0accb7f508ae8be965d8629557221c889dd98/library/alloc/src/boxed.rs:2320:9
[INFO] [stdout]   41:     0x5810d872c239 - <std[70759c8f55707aa4]::sys::thread::unix::Thread>::new::thread_start
[INFO] [stdout]                                at /rustc/dfb0accb7f508ae8be965d8629557221c889dd98/library/std/src/sys/thread/unix.rs:123:17
[INFO] [stdout]   42:     0x7945ea6a3dfa - <unknown>
[INFO] [stdout]   43:     0x7945ea7373d4 - clone
[INFO] [stdout]   44:                0x0 - <unknown>
[INFO] [stdout] 
[INFO] [stdout] ---- redteam_manifest::tests::has_test_coverage_finds_store_tests stdout ----
[INFO] [stdout] 
[INFO] [stdout] thread 'redteam_manifest::tests::has_test_coverage_finds_store_tests' (3611) panicked at src/redteam_manifest.rs:511:9:
[INFO] [stdout] Should find store test coverage in wm-memory
[INFO] [stdout] stack backtrace:
[INFO] [stdout]    0:     0x5810d872d741 - std[70759c8f55707aa4]::backtrace_rs::backtrace::libunwind::trace
[INFO] [stdout]                                at /rustc/dfb0accb7f508ae8be965d8629557221c889dd98/library/std/src/../../backtrace/src/backtrace/libunwind.rs:117:9
[INFO] [stdout]    1:     0x5810d872d741 - std[70759c8f55707aa4]::backtrace_rs::backtrace::trace_unsynchronized::<std[70759c8f55707aa4]::sys::backtrace::_print_fmt::{closure#1}>
[INFO] [stdout]                                at /rustc/dfb0accb7f508ae8be965d8629557221c889dd98/library/std/src/../../backtrace/src/backtrace/mod.rs:66:14
[INFO] [stdout]    2:     0x5810d872d741 - std[70759c8f55707aa4]::sys::backtrace::_print_fmt
[INFO] [stdout]                                at /rustc/dfb0accb7f508ae8be965d8629557221c889dd98/library/std/src/sys/backtrace.rs:74:9
[INFO] [stdout]    3:     0x5810d872d741 - <<std[70759c8f55707aa4]::sys::backtrace::BacktraceLock>::print::DisplayBacktrace as core[df12db4294e9bfd3]::fmt::Display>::fmt
[INFO] [stdout]                                at /rustc/dfb0accb7f508ae8be965d8629557221c889dd98/library/std/src/sys/backtrace.rs:44:26
[INFO] [stdout]    4:     0x5810d8746bca - <core[df12db4294e9bfd3]::fmt::rt::Argument>::fmt
[INFO] [stdout]                                at /rustc/dfb0accb7f508ae8be965d8629557221c889dd98/library/core/src/fmt/rt.rs:152:76
[INFO] [stdout]    5:     0x5810d8746bca - core[df12db4294e9bfd3]::fmt::write
[INFO] [stdout]    6:     0x5810d873237c - core[df12db4294e9bfd3]::io::write::default_write_fmt::<alloc[2182bb758b4b3781]::vec::Vec<u8>>
[INFO] [stdout]                                at /rustc/dfb0accb7f508ae8be965d8629557221c889dd98/library/core/src/io/write.rs:402:11
[INFO] [stdout]    7:     0x5810d873237c - <alloc[2182bb758b4b3781]::vec::Vec<u8> as core[df12db4294e9bfd3]::io::write::Write>::write_fmt
[INFO] [stdout]                                at /rustc/dfb0accb7f508ae8be965d8629557221c889dd98/library/core/src/io/write.rs:335:13
[INFO] [stdout]    8:     0x5810d87058c6 - <std[70759c8f55707aa4]::sys::backtrace::BacktraceLock>::print
[INFO] [stdout]                                at /rustc/dfb0accb7f508ae8be965d8629557221c889dd98/library/std/src/sys/backtrace.rs:47:9
[INFO] [stdout]    9:     0x5810d87058c6 - std[70759c8f55707aa4]::panicking::default_hook::{closure#0}
[INFO] [stdout]                                at /rustc/dfb0accb7f508ae8be965d8629557221c889dd98/library/std/src/panicking.rs:292:27
[INFO] [stdout]   10:     0x5810d8724009 - std[70759c8f55707aa4]::panicking::default_hook
[INFO] [stdout]                                at /rustc/dfb0accb7f508ae8be965d8629557221c889dd98/library/std/src/panicking.rs:316:9
[INFO] [stdout]   11:     0x5810d78f7390 - <alloc[2182bb758b4b3781]::boxed::Box<dyn for<'a, 'b> core[df12db4294e9bfd3]::ops::function::Fn<(&'a std[70759c8f55707aa4]::panic::PanicHookInfo<'b>,), Output = ()> + core[df12db4294e9bfd3]::marker::Send + core[df12db4294e9bfd3]::marker::Sync> as core[df12db4294e9bfd3]::ops::function::Fn<(&std[70759c8f55707aa4]::panic::PanicHookInfo,)>>::call
[INFO] [stdout]                                at /rustc/dfb0accb7f508ae8be965d8629557221c889dd98/library/alloc/src/boxed.rs:2334:9
[INFO] [stdout]   12:     0x5810d78f7390 - test[9d35eded1c95d3be]::test_main_inner::<test[9d35eded1c95d3be]::test_main_static::{closure#0}>::{closure#0}
[INFO] [stdout]                                at /rustc/dfb0accb7f508ae8be965d8629557221c889dd98/library/test/src/lib.rs:155:21
[INFO] [stdout]   13:     0x5810d8724332 - <alloc[2182bb758b4b3781]::boxed::Box<dyn for<'a, 'b> core[df12db4294e9bfd3]::ops::function::Fn<(&'a std[70759c8f55707aa4]::panic::PanicHookInfo<'b>,), Output = ()> + core[df12db4294e9bfd3]::marker::Send + core[df12db4294e9bfd3]::marker::Sync> as core[df12db4294e9bfd3]::ops::function::Fn<(&std[70759c8f55707aa4]::panic::PanicHookInfo,)>>::call
[INFO] [stdout]                                at /rustc/dfb0accb7f508ae8be965d8629557221c889dd98/library/alloc/src/boxed.rs:2334:9
[INFO] [stdout]   14:     0x5810d8724332 - std[70759c8f55707aa4]::panicking::panic_with_hook
[INFO] [stdout]                                at /rustc/dfb0accb7f508ae8be965d8629557221c889dd98/library/std/src/panicking.rs:823:13
[INFO] [stdout]   15:     0x5810d87059a4 - std[70759c8f55707aa4]::panicking::panic_handler::{closure#0}
[INFO] [stdout]                                at /rustc/dfb0accb7f508ae8be965d8629557221c889dd98/library/std/src/panicking.rs:681:13
[INFO] [stdout]   16:     0x5810d86fe2c9 - std[70759c8f55707aa4]::sys::backtrace::__rust_end_short_backtrace::<std[70759c8f55707aa4]::panicking::panic_handler::{closure#0}, !>
[INFO] [stdout]                                at /rustc/dfb0accb7f508ae8be965d8629557221c889dd98/library/std/src/sys/backtrace.rs:182:18
[INFO] [stdout]   17:     0x5810d870681d - __rustc[8fa7c3cbc660c2b3]::rust_begin_unwind
[INFO] [stdout]                                at /rustc/dfb0accb7f508ae8be965d8629557221c889dd98/library/std/src/panicking.rs:679:5
[INFO] [stdout]   18:     0x5810d874749c - core[df12db4294e9bfd3]::panicking::panic_fmt
[INFO] [stdout]                                at /rustc/dfb0accb7f508ae8be965d8629557221c889dd98/library/core/src/panicking.rs:80:14
[INFO] [stdout]   19:     0x5810d7675439 - wm_cognitive[f295f297c0dcd878]::redteam_manifest::tests::has_test_coverage_finds_store_tests
[INFO] [stdout]                                at /opt/rustwide/workdir/src/redteam_manifest.rs:511:9
[INFO] [stdout]   20:     0x5810d7656f67 - wm_cognitive[f295f297c0dcd878]::redteam_manifest::tests::has_test_coverage_finds_store_tests::{closure#0}
[INFO] [stdout]                                at /opt/rustwide/workdir/src/redteam_manifest.rs:506:45
[INFO] [stdout]   21:     0x5810d7714466 - <wm_cognitive[f295f297c0dcd878]::redteam_manifest::tests::has_test_coverage_finds_store_tests::{closure#0} as core[df12db4294e9bfd3]::ops::function::FnOnce<()>>::call_once
[INFO] [stdout]                                at /rustc/dfb0accb7f508ae8be965d8629557221c889dd98/library/core/src/ops/function.rs:250:5
[INFO] [stdout]   22:     0x5810d78ea67b - <fn() -> core[df12db4294e9bfd3]::result::Result<(), alloc[2182bb758b4b3781]::string::String> as core[df12db4294e9bfd3]::ops::function::FnOnce<()>>::call_once
[INFO] [stdout]                                at /rustc/dfb0accb7f508ae8be965d8629557221c889dd98/library/core/src/ops/function.rs:250:5
[INFO] [stdout]   23:     0x5810d78ea67b - test[9d35eded1c95d3be]::__rust_begin_short_backtrace::<core[df12db4294e9bfd3]::result::Result<(), alloc[2182bb758b4b3781]::string::String>, fn() -> core[df12db4294e9bfd3]::result::Result<(), alloc[2182bb758b4b3781]::string::String>>
[INFO] [stdout]                                at /rustc/dfb0accb7f508ae8be965d8629557221c889dd98/library/test/src/lib.rs:733:18
[INFO] [stdout]   24:     0x5810d78f7ce5 - test[9d35eded1c95d3be]::run_test_in_process::{closure#0}
[INFO] [stdout]                                at /rustc/dfb0accb7f508ae8be965d8629557221c889dd98/library/test/src/lib.rs:756:74
[INFO] [stdout]   25:     0x5810d78f7ce5 - <core[df12db4294e9bfd3]::panic::unwind_safe::AssertUnwindSafe<test[9d35eded1c95d3be]::run_test_in_process::{closure#0}> as core[df12db4294e9bfd3]::ops::function::FnOnce<()>>::call_once
[INFO] [stdout]                                at /rustc/dfb0accb7f508ae8be965d8629557221c889dd98/library/core/src/panic/unwind_safe.rs:275:9
[INFO] [stdout]   26:     0x5810d78f7ce5 - std[70759c8f55707aa4]::panicking::catch_unwind::do_call::<core[df12db4294e9bfd3]::panic::unwind_safe::AssertUnwindSafe<test[9d35eded1c95d3be]::run_test_in_process::{closure#0}>, core[df12db4294e9bfd3]::result::Result<(), alloc[2182bb758b4b3781]::string::String>>
[INFO] [stdout]                                at /rustc/dfb0accb7f508ae8be965d8629557221c889dd98/library/std/src/panicking.rs:576:43
[INFO] [stdout]   27:     0x5810d78f7ce5 - std[70759c8f55707aa4]::panicking::catch_unwind::<core[df12db4294e9bfd3]::result::Result<(), alloc[2182bb758b4b3781]::string::String>, core[df12db4294e9bfd3]::panic::unwind_safe::AssertUnwindSafe<test[9d35eded1c95d3be]::run_test_in_process::{closure#0}>>
[INFO] [stdout]                                at /rustc/dfb0accb7f508ae8be965d8629557221c889dd98/library/std/src/panicking.rs:544:19
[INFO] [stdout]   28:     0x5810d78f7ce5 - std[70759c8f55707aa4]::panic::catch_unwind::<core[df12db4294e9bfd3]::panic::unwind_safe::AssertUnwindSafe<test[9d35eded1c95d3be]::run_test_in_process::{closure#0}>, core[df12db4294e9bfd3]::result::Result<(), alloc[2182bb758b4b3781]::string::String>>
[INFO] [stdout]                                at /rustc/dfb0accb7f508ae8be965d8629557221c889dd98/library/std/src/panic.rs:359:14
[INFO] [stdout]   29:     0x5810d78f7ce5 - test[9d35eded1c95d3be]::run_test_in_process
[INFO] [stdout]                                at /rustc/dfb0accb7f508ae8be965d8629557221c889dd98/library/test/src/lib.rs:756:27
[INFO] [stdout]   30:     0x5810d78f7ce5 - test[9d35eded1c95d3be]::run_test::{closure#0}
[INFO] [stdout]                                at /rustc/dfb0accb7f508ae8be965d8629557221c889dd98/library/test/src/lib.rs:677:43
[INFO] [stdout]   31:     0x5810d78f15a4 - test[9d35eded1c95d3be]::run_test::{closure#1}
[INFO] [stdout]                                at /rustc/dfb0accb7f508ae8be965d8629557221c889dd98/library/test/src/lib.rs:707:41
[INFO] [stdout]   32:     0x5810d78f15a4 - std[70759c8f55707aa4]::sys::backtrace::__rust_begin_short_backtrace::<test[9d35eded1c95d3be]::run_test::{closure#1}, ()>
[INFO] [stdout]                                at /rustc/dfb0accb7f508ae8be965d8629557221c889dd98/library/std/src/sys/backtrace.rs:166:18
[INFO] [stdout]   33:     0x5810d78fae42 - std[70759c8f55707aa4]::thread::lifecycle::spawn_unchecked::<test[9d35eded1c95d3be]::run_test::{closure#1}, ()>::{closure#1}::{closure#0}
[INFO] [stdout]                                at /rustc/dfb0accb7f508ae8be965d8629557221c889dd98/library/std/src/thread/lifecycle.rs:70:13
[INFO] [stdout]   34:     0x5810d78fae42 - <core[df12db4294e9bfd3]::panic::unwind_safe::AssertUnwindSafe<std[70759c8f55707aa4]::thread::lifecycle::spawn_unchecked<test[9d35eded1c95d3be]::run_test::{closure#1}, ()>::{closure#1}::{closure#0}> as core[df12db4294e9bfd3]::ops::function::FnOnce<()>>::call_once
[INFO] [stdout]                                at /rustc/dfb0accb7f508ae8be965d8629557221c889dd98/library/core/src/panic/unwind_safe.rs:275:9
[INFO] [stdout]   35:     0x5810d78fae42 - std[70759c8f55707aa4]::panicking::catch_unwind::do_call::<core[df12db4294e9bfd3]::panic::unwind_safe::AssertUnwindSafe<std[70759c8f55707aa4]::thread::lifecycle::spawn_unchecked<test[9d35eded1c95d3be]::run_test::{closure#1}, ()>::{closure#1}::{closure#0}>, ()>
[INFO] [stdout]                                at /rustc/dfb0accb7f508ae8be965d8629557221c889dd98/library/std/src/panicking.rs:576:43
[INFO] [stdout]   36:     0x5810d78fae42 - std[70759c8f55707aa4]::panicking::catch_unwind::<(), core[df12db4294e9bfd3]::panic::unwind_safe::AssertUnwindSafe<std[70759c8f55707aa4]::thread::lifecycle::spawn_unchecked<test[9d35eded1c95d3be]::run_test::{closure#1}, ()>::{closure#1}::{closure#0}>>
[INFO] [stdout]                                at /rustc/dfb0accb7f508ae8be965d8629557221c889dd98/library/std/src/panicking.rs:544:19
[INFO] [stdout]   37:     0x5810d78fae42 - std[70759c8f55707aa4]::panic::catch_unwind::<core[df12db4294e9bfd3]::panic::unwind_safe::AssertUnwindSafe<std[70759c8f55707aa4]::thread::lifecycle::spawn_unchecked<test[9d35eded1c95d3be]::run_test::{closure#1}, ()>::{closure#1}::{closure#0}>, ()>
[INFO] [stdout]                                at /rustc/dfb0accb7f508ae8be965d8629557221c889dd98/library/std/src/panic.rs:359:14
[INFO] [stdout]   38:     0x5810d78fae42 - std[70759c8f55707aa4]::thread::lifecycle::spawn_unchecked::<test[9d35eded1c95d3be]::run_test::{closure#1}, ()>::{closure#1}
[INFO] [stdout]                                at /rustc/dfb0accb7f508ae8be965d8629557221c889dd98/library/std/src/thread/lifecycle.rs:68:26
[INFO] [stdout]   39:     0x5810d78fae42 - <std[70759c8f55707aa4]::thread::lifecycle::spawn_unchecked<test[9d35eded1c95d3be]::run_test::{closure#1}, ()>::{closure#1} as core[df12db4294e9bfd3]::ops::function::FnOnce<()>>::call_once::{shim:vtable#0}
[INFO] [stdout]                                at /rustc/dfb0accb7f508ae8be965d8629557221c889dd98/library/core/src/ops/function.rs:250:5
[INFO] [stdout]   40:     0x5810d872c239 - <alloc[2182bb758b4b3781]::boxed::Box<dyn core[df12db4294e9bfd3]::ops::function::FnOnce<(), Output = ()> + core[df12db4294e9bfd3]::marker::Send> as core[df12db4294e9bfd3]::ops::function::FnOnce<()>>::call_once
[INFO] [stdout]                                at /rustc/dfb0accb7f508ae8be965d8629557221c889dd98/library/alloc/src/boxed.rs:2320:9
[INFO] [stdout]   41:     0x5810d872c239 - <std[70759c8f55707aa4]::sys::thread::unix::Thread>::new::thread_start
[INFO] [stdout]                                at /rustc/dfb0accb7f508ae8be965d8629557221c889dd98/library/std/src/sys/thread/unix.rs:123:17
[INFO] [stdout]   42:     0x7945ea6a3dfa - <unknown>
[INFO] [stdout]   43:     0x7945ea7373d4 - clone
[INFO] [stdout]   44:                0x0 - <unknown>
[INFO] [stdout] 
[INFO] [stdout] 
[INFO] [stdout] failures:
[INFO] [stdout]     redteam_manifest::tests::has_test_coverage_finds_security_tests
[INFO] [stdout]     redteam_manifest::tests::has_test_coverage_finds_store_tests
[INFO] [stdout] 
[INFO] [stdout] test result: FAILED. 723 passed; 2 failed; 0 ignored; 0 measured; 0 filtered out; finished in 1.71s
[INFO] [stdout] 
[INFO] [stderr] error: test failed, to rerun pass `--lib`
[INFO] running `Command { std: "docker" "inspect" "aa57ed19129878c17553f7c105082940fb2d9b63d8c4ccd7be30c7df177a5574", kill_on_drop: false }`
[INFO] running `Command { std: "docker" "rm" "-f" "aa57ed19129878c17553f7c105082940fb2d9b63d8c4ccd7be30c7df177a5574", kill_on_drop: false }`
[INFO] [stdout] aa57ed19129878c17553f7c105082940fb2d9b63d8c4ccd7be30c7df177a5574
