[INFO] fetching crate wisp 0.3.0...
[INFO] testing wisp-0.3.0 against 1.99.0-beta.8 for beta-1.100-2
[INFO] extracting crate wisp 0.3.0 into /workspace/builds/worker-7-tc1/source
[INFO] started tweaking crates.io crate wisp 0.3.0
[INFO] removed 0 missing tests
[INFO] finished tweaking crates.io crate wisp 0.3.0
[INFO] tweaked toml for crates.io crate wisp 0.3.0 written to /workspace/builds/worker-7-tc1/source/Cargo.toml
[INFO] validating manifest of crates.io crate wisp 0.3.0 on toolchain 1.99.0-beta.8
[INFO] running `Command { std: CARGO_HOME="/workspace/cargo-home" RUSTUP_HOME="/workspace/rustup-home" "/workspace/cargo-home/bin/cargo" "+1.99.0-beta.8" "metadata" "--manifest-path" "Cargo.toml" "--no-deps", kill_on_drop: false }`
[INFO] crate crates.io crate wisp 0.3.0 already has a lockfile, it will not be regenerated
[INFO] running `Command { std: CARGO_HOME="/workspace/cargo-home" RUSTUP_HOME="/workspace/rustup-home" "/workspace/cargo-home/bin/cargo" "+1.99.0-beta.8" "fetch" "--manifest-path" "Cargo.toml", kill_on_drop: false }`
[INFO] [stderr]     Updating crates.io index
[INFO] [stderr]  Downloading crates ...
[INFO] [stderr]   Downloaded wisp-fuzzy v0.3.0
[INFO] [stderr]   Downloaded wisp-zoxide v0.3.0
[INFO] [stderr]   Downloaded wisp-core v0.3.0
[INFO] [stderr]   Downloaded wisp-ui v0.3.0
[INFO] [stderr]   Downloaded wisp-status v0.3.0
[INFO] [stderr]   Downloaded lru v0.12.5
[INFO] [stderr]   Downloaded strum v0.26.3
[INFO] [stderr]   Downloaded instability v0.3.10
[INFO] [stderr]   Downloaded wisp-tmux v0.3.0
[INFO] [stderr]   Downloaded wisp-preview v0.3.0
[INFO] [stderr]   Downloaded wisp-kindra v0.3.0
[INFO] [stderr]   Downloaded embers-core v0.1.0
[INFO] [stderr]   Downloaded wisp-config v0.3.0
[INFO] [stderr]   Downloaded rhai-autodocs v0.11.0
[INFO] [stderr]   Downloaded unicode-truncate v1.1.0
[INFO] [stderr]   Downloaded smartstring v1.0.1
[INFO] [stderr]   Downloaded num-order v1.2.0
[INFO] [stderr]   Downloaded directories v6.0.0
[INFO] [stderr]   Downloaded libredox v0.1.15
[INFO] [stderr]   Downloaded wisp-app v0.3.0
[INFO] [stderr]   Downloaded argh_shared v0.1.19
[INFO] [stderr]   Downloaded strum_macros v0.26.4
[INFO] [stderr]   Downloaded cassowary v0.3.0
[INFO] [stderr]   Downloaded wisp-embers v0.3.0
[INFO] [stderr]   Downloaded thin-vec v0.2.14
[INFO] [stderr]   Downloaded num-modular v0.6.1
[INFO] [stderr]   Downloaded argh v0.1.19
[INFO] [stderr]   Downloaded embers-protocol v0.1.0
[INFO] [stderr]   Downloaded argh_derive v0.1.19
[INFO] [stderr]   Downloaded rhai_codegen v3.1.0
[INFO] [stderr]   Downloaded pest_derive v2.8.6
[INFO] [stderr]   Downloaded pest_generator v2.8.6
[INFO] [stderr]   Downloaded pest_meta v2.8.6
[INFO] [stderr]   Downloaded handlebars v6.4.0
[INFO] [stderr]   Downloaded crossterm v0.28.1
[INFO] [stderr]   Downloaded embers-client v0.1.0
[INFO] [stderr]   Downloaded ratatui v0.29.0
[INFO] [stderr]   Downloaded rhai v1.24.0
[INFO] running `Command { std: "docker" "create" "-v" "/var/lib/crater-agent-workspace/builds/worker-7-tc1/source:/opt/rustwide/workdir:ro,Z" "-v" "/var/lib/crater-agent-workspace/builds/worker-7-tc1/target:/opt/rustwide/target:rw,Z" "-v" "/var/lib/crater-agent-workspace/cargo-home:/opt/rustwide/cargo-home:ro,Z" "-v" "/var/lib/crater-agent-workspace/rustup-home:/opt/rustwide/rustup-home:ro,Z" "-m" "1610612736" "--network" "none" "ghcr.io/rust-lang/crates-build-env/linux@sha256:3111399a4047eeb3a02b7a90e478d715f38a8c6669b5c4b49d30a17385265909" "sleep" "infinity", kill_on_drop: false }`
[INFO] [stdout] 50e7b87fd862a709bf86f6c41155bf3e6f22795dd7543f30fe5159d9135a2ed6
[INFO] running `Command { std: "docker" "start" "50e7b87fd862a709bf86f6c41155bf3e6f22795dd7543f30fe5159d9135a2ed6", kill_on_drop: false }`
[INFO] running `Command { std: "docker" "inspect" "50e7b87fd862a709bf86f6c41155bf3e6f22795dd7543f30fe5159d9135a2ed6", kill_on_drop: false }`
[INFO] running `Command { std: "docker" "exec" "-e" "SOURCE_DIR=/opt/rustwide/workdir" "-e" "CARGO_HOME=/opt/rustwide/cargo-home" "-e" "RUSTUP_HOME=/opt/rustwide/rustup-home" "-e" "CARGO_TARGET_DIR=/opt/rustwide/target" "-w" "/opt/rustwide/workdir" "--user" "0:0" "50e7b87fd862a709bf86f6c41155bf3e6f22795dd7543f30fe5159d9135a2ed6" "/opt/rustwide/cargo-home/bin/cargo" "+1.99.0-beta.8" "metadata" "--no-deps" "--format-version=1", kill_on_drop: false }`
[INFO] running `Command { std: "docker" "inspect" "50e7b87fd862a709bf86f6c41155bf3e6f22795dd7543f30fe5159d9135a2ed6", kill_on_drop: false }`
[INFO] running `Command { std: "docker" "exec" "-e" "SOURCE_DIR=/opt/rustwide/workdir" "-e" "CARGO_HOME=/opt/rustwide/cargo-home" "-e" "RUSTUP_HOME=/opt/rustwide/rustup-home" "-e" "CARGO_TARGET_DIR=/opt/rustwide/target" "-e" "CARGO_INCREMENTAL=0" "-e" "RUST_BACKTRACE=full" "-e" "RUSTFLAGS=--cap-lints=warn" "-e" "RUSTDOCFLAGS=--cap-lints=warn" "-w" "/opt/rustwide/workdir" "--user" "0:0" "50e7b87fd862a709bf86f6c41155bf3e6f22795dd7543f30fe5159d9135a2ed6" "/opt/rustwide/cargo-home/bin/cargo" "+1.99.0-beta.8" "build" "--frozen" "--message-format=json", kill_on_drop: false }`
[INFO] [stderr]    Compiling serde_core v1.0.228
[INFO] [stderr]    Compiling libc v0.2.183
[INFO] [stderr]    Compiling serde v1.0.228
[INFO] [stderr]    Compiling serde_derive v1.0.228
[INFO] [stderr]    Compiling thiserror-impl v2.0.18
[INFO] [stderr]    Compiling signal-hook v0.3.18
[INFO] [stderr]    Compiling fnv v1.0.7
[INFO] [stderr]    Compiling indexmap v2.13.0
[INFO] [stderr]    Compiling darling_core v0.20.11
[INFO] [stderr]    Compiling winnow v0.7.15
[INFO] [stderr]    Compiling rustix v0.38.44
[INFO] [stderr]    Compiling toml_write v0.1.2
[INFO] [stderr]    Compiling wisp-core v0.3.0
[INFO] [stderr]    Compiling linux-raw-sys v0.4.15
[INFO] [stderr]    Compiling instability v0.3.10
[INFO] [stderr]    Compiling thiserror v2.0.18
[INFO] [stderr]    Compiling itertools v0.13.0
[INFO] [stderr]    Compiling errno v0.3.14
[INFO] [stderr]    Compiling signal-hook-registry v1.4.8
[INFO] [stderr]    Compiling parking_lot_core v0.9.12
[INFO] [stderr]    Compiling mio v1.1.1
[INFO] [stderr]    Compiling hashbrown v0.15.5
[INFO] [stderr]    Compiling strum_macros v0.26.4
[INFO] [stderr]    Compiling parking_lot v0.12.5
[INFO] [stderr]    Compiling castaway v0.2.4
[INFO] [stderr]    Compiling signal-hook-mio v0.2.5
[INFO] [stderr]    Compiling unicode-width v0.1.14
[INFO] [stderr]    Compiling static_assertions v1.1.0
[INFO] [stderr]    Compiling indoc v2.0.7
[INFO] [stderr]    Compiling serde_json v1.0.149
[INFO] [stderr]    Compiling unicode-segmentation v1.12.0
[INFO] [stderr]    Compiling lru v0.12.5
[INFO] [stderr]    Compiling compact_str v0.8.1
[INFO] [stderr]    Compiling crossterm v0.28.1
[INFO] [stderr]    Compiling serde_ignored v0.1.14
[INFO] [stderr]    Compiling wisp-tmux v0.3.0
[INFO] [stderr]    Compiling darling_macro v0.20.11
[INFO] [stderr]    Compiling cassowary v0.3.0
[INFO] [stderr]    Compiling darling v0.20.11
[INFO] [stderr]    Compiling unicode-truncate v1.1.0
[INFO] [stderr]    Compiling memchr v2.8.0
[INFO] [stderr]    Compiling unicode-width v0.2.0
[INFO] [stderr]    Compiling argh_shared v0.1.19
[INFO] [stderr]    Compiling wisp-zoxide v0.3.0
[INFO] [stderr]    Compiling argh_derive v0.1.19
[INFO] [stderr]    Compiling wisp-fuzzy v0.3.0
[INFO] [stderr]    Compiling wisp-preview v0.3.0
[INFO] [stderr]    Compiling wisp-status v0.3.0
[INFO] [stderr]    Compiling strum v0.26.3
[INFO] [stderr]    Compiling ratatui v0.29.0
[INFO] [stderr]    Compiling toml_datetime v0.6.11
[INFO] [stderr]    Compiling serde_spanned v0.6.9
[INFO] [stderr]    Compiling toml_edit v0.22.27
[INFO] [stderr]    Compiling argh v0.1.19
[INFO] [stderr]    Compiling toml v0.8.23
[INFO] [stderr]    Compiling wisp-ui v0.3.0
[INFO] [stderr]    Compiling wisp-config v0.3.0
[INFO] [stderr]    Compiling wisp-kindra v0.3.0
[INFO] [stderr]    Compiling wisp-app v0.3.0
[INFO] [stderr]    Compiling wisp v0.3.0 (/opt/rustwide/workdir)
[INFO] [stderr]     Finished `dev` profile [unoptimized + debuginfo] target(s) in 51.70s
[INFO] running `Command { std: "docker" "inspect" "50e7b87fd862a709bf86f6c41155bf3e6f22795dd7543f30fe5159d9135a2ed6", kill_on_drop: false }`
[INFO] running `Command { std: "docker" "exec" "-e" "SOURCE_DIR=/opt/rustwide/workdir" "-e" "CARGO_HOME=/opt/rustwide/cargo-home" "-e" "RUSTUP_HOME=/opt/rustwide/rustup-home" "-e" "CARGO_TARGET_DIR=/opt/rustwide/target" "-e" "CARGO_INCREMENTAL=0" "-e" "RUST_BACKTRACE=full" "-e" "RUSTFLAGS=--cap-lints=warn" "-e" "RUSTDOCFLAGS=--cap-lints=warn" "-w" "/opt/rustwide/workdir" "--user" "0:0" "50e7b87fd862a709bf86f6c41155bf3e6f22795dd7543f30fe5159d9135a2ed6" "/opt/rustwide/cargo-home/bin/cargo" "+1.99.0-beta.8" "test" "--frozen" "--no-run" "--message-format=json", kill_on_drop: false }`
[INFO] [stderr]    Compiling wisp v0.3.0 (/opt/rustwide/workdir)
[INFO] [stderr]     Finished `test` profile [unoptimized + debuginfo] target(s) in 2.42s
[INFO] running `Command { std: "docker" "inspect" "50e7b87fd862a709bf86f6c41155bf3e6f22795dd7543f30fe5159d9135a2ed6", kill_on_drop: false }`
[INFO] running `Command { std: "docker" "exec" "-e" "SOURCE_DIR=/opt/rustwide/workdir" "-e" "CARGO_HOME=/opt/rustwide/cargo-home" "-e" "RUSTUP_HOME=/opt/rustwide/rustup-home" "-e" "CARGO_TARGET_DIR=/opt/rustwide/target" "-e" "CARGO_INCREMENTAL=0" "-e" "RUST_BACKTRACE=full" "-e" "RUSTFLAGS=--cap-lints=warn" "-e" "RUSTDOCFLAGS=--cap-lints=warn" "-w" "/opt/rustwide/workdir" "--user" "0:0" "50e7b87fd862a709bf86f6c41155bf3e6f22795dd7543f30fe5159d9135a2ed6" "/opt/rustwide/cargo-home/bin/cargo" "+1.99.0-beta.8" "test" "--frozen", kill_on_drop: false }`
[INFO] [stderr]     Finished `test` profile [unoptimized + debuginfo] target(s) in 0.10s
[INFO] [stderr]      Running unittests src/main.rs (/opt/rustwide/target/debug/deps/wisp-0521caa2f6d6221a)
[INFO] [stdout] 
[INFO] [stdout] running 35 tests
[INFO] [stdout] test git::tests::branch_name_for_directory_strips_heads_prefix ... ok
[INFO] [stdout] test tests::activate_filter_selection_creates_kindra_temp_worktree ... ok
[INFO] [stdout] test tests::activate_filter_selection_creates_session_for_worktree_rows ... ok
[INFO] [stdout] test tests::activate_filter_selection_switches_or_creates_as_needed ... ok
[INFO] [stdout] test tests::activate_filter_selection_creates_session_for_zoxide_row ... ok
[INFO] [stdout] test tests::create_session_from_query_falls_back_when_zoxide_has_no_match ... ok
[INFO] [stdout] test tests::create_session_with_basename_avoids_collision ... ok
[INFO] [stdout] test git::tests::resolves_repo_root_for_nested_git_directory_paths ... ok
[INFO] [stdout] test git::tests::resolves_repo_root_for_worktree_git_files ... ok
[INFO] [stdout] test tests::creates_session_from_query_using_zoxide_match ... ok
[INFO] [stdout] test tests::create_session_with_basename_uses_basename_when_no_collision ... ok
[INFO] [stdout] test tests::activate_filter_selection_zoxide_row_at_end_of_list ... ok
[INFO] [stdout] test tests::applies_session_sort_modes_and_keeps_current_discoverable ... ok
[INFO] [stdout] test tests::activate_filter_selection_zoxide_uses_hash_on_collision ... ok
[INFO] [stdout] test tests::create_session_with_basename_with_real_directory ... ok
[INFO] [stdout] test tests::disable_sidebar_closes_other_sidebar_panes_in_the_session ... ok
[INFO] [stdout] test tests::kindra_delete_target_matches_only_temp_worktree_rows ... ok
[INFO] [stdout] test tests::kindra_temp_branch_name_normalizes_and_rejects_invalid_names ... ok
[INFO] [stdout] test tests::reconcile_sidebar_keeps_only_the_active_window_sidebar ... ok
[INFO] [stdout] test tests::reconcile_sidebar_opens_a_new_sidebar_when_the_active_window_has_none ... ok
[INFO] [stdout] test tests::generate_preview_for_zoxide_item_with_real_directory ... ok
[INFO] [stdout] test tests::installs_and_clears_statusline_refresh_hooks ... ok
[INFO] [stdout] test tests::picker_bindings_follow_the_configured_actions ... ok
[INFO] [stdout] test tests::session_items_for_picker_mode_returns_info_item_when_not_in_git_repo ... ok
[INFO] [stdout] test tests::filter_items_matches_git_branch_names ... ok
[INFO] [stdout] test tests::sidebar_handoff_only_triggers_when_session_or_window_changes ... ok
[INFO] [stdout] test tests::sidebar_state_loads_legacy_format_without_overriding_default_sort ... ok
[INFO] [stdout] test tests::stable_path_hash_is_deterministic ... ok
[INFO] [stdout] test tests::snapshot_client_id_defaults_tmux_to_default_client ... ok
[INFO] [stdout] test tests::statusline_render_rejects_conflicting_force_flags ... ok
[INFO] [stdout] test tests::sidebar_state_round_trips_query_selection_and_kind ... ok
[INFO] [stdout] test tests::statusline_install_uses_render_command_expression ... ok
[INFO] [stdout] test tests::statusline_mode_requires_click_support_and_mouse ... ok
[INFO] [stdout] test git::tests::branch_status_marks_ahead_branches_as_not_pushed ... ok
[INFO] [stderr]      Running tests/smoke.rs (/opt/rustwide/target/debug/deps/smoke-fc7e8d7c94726861)
[INFO] [stdout] test git::tests::branch_status_treats_behind_only_branches_as_pushed ... ok
[INFO] [stdout] 
[INFO] [stdout] test result: ok. 35 passed; 0 failed; 0 ignored; 0 measured; 0 filtered out; finished in 0.40s
[INFO] [stdout] 
[INFO] [stdout] 
[INFO] [stdout] running 10 tests
[INFO] [stdout] test explicit_help_prints_top_level_help ... ok
[INFO] [stdout] test statusline_help_lists_nested_subcommands ... ok
[INFO] [stdout] test doctor_reports_embers_when_selected_without_a_socket ... ok
[INFO] [stdout] test no_args_prints_top_level_help ... ok
[INFO] [stdout] test print_config_command_dumps_effective_config ... ok
[INFO] [stdout] test embers_statusline_reports_not_supported_before_connecting ... ok
[INFO] [stdout] test unknown_command_is_rejected ... ok
[INFO] [stdout] test status_line_help_lists_nested_subcommands ... ok
[INFO] [stdout] test doctor_command_reports_runtime_environment ... ok
[INFO] [stdout] test statusline_render_command_prints_status_output ... FAILED
[INFO] [stdout] 
[INFO] [stdout] failures:
[INFO] [stdout] 
[INFO] [stdout] ---- statusline_render_command_prints_status_output stdout ----
[INFO] [stdout] statusline render failed!
[INFO] [stdout] stdout: 
[INFO] [stdout] stderr: wisp: tmux is unavailable: No such file or directory (os error 2)
[INFO] [stdout] 
[INFO] [stdout] 
[INFO] [stdout] thread 'statusline_render_command_prints_status_output' (1099) panicked at tests/smoke.rs:143:5:
[INFO] [stdout] assertion failed: output.status.success()
[INFO] [stdout] stack backtrace:
[INFO] [stdout]    0:     0x5f68847bc241 - std[70759c8f55707aa4]::backtrace_rs::backtrace::libunwind::trace
[INFO] [stdout]                                at /rustc/dfb0accb7f508ae8be965d8629557221c889dd98/library/std/src/../../backtrace/src/backtrace/libunwind.rs:117:9
[INFO] [stdout]    1:     0x5f68847bc241 - std[70759c8f55707aa4]::backtrace_rs::backtrace::trace_unsynchronized::<std[70759c8f55707aa4]::sys::backtrace::_print_fmt::{closure#1}>
[INFO] [stdout]                                at /rustc/dfb0accb7f508ae8be965d8629557221c889dd98/library/std/src/../../backtrace/src/backtrace/mod.rs:66:14
[INFO] [stdout]    2:     0x5f68847bc241 - std[70759c8f55707aa4]::sys::backtrace::_print_fmt
[INFO] [stdout]                                at /rustc/dfb0accb7f508ae8be965d8629557221c889dd98/library/std/src/sys/backtrace.rs:74:9
[INFO] [stdout]    3:     0x5f68847bc241 - <<std[70759c8f55707aa4]::sys::backtrace::BacktraceLock>::print::DisplayBacktrace as core[df12db4294e9bfd3]::fmt::Display>::fmt
[INFO] [stdout]                                at /rustc/dfb0accb7f508ae8be965d8629557221c889dd98/library/std/src/sys/backtrace.rs:44:26
[INFO] [stdout]    4:     0x5f68847d041a - <core[df12db4294e9bfd3]::fmt::rt::Argument>::fmt
[INFO] [stdout]                                at /rustc/dfb0accb7f508ae8be965d8629557221c889dd98/library/core/src/fmt/rt.rs:152:76
[INFO] [stdout]    5:     0x5f68847d041a - core[df12db4294e9bfd3]::fmt::write
[INFO] [stdout]    6:     0x5f68847c06dc - core[df12db4294e9bfd3]::io::write::default_write_fmt::<alloc[2182bb758b4b3781]::vec::Vec<u8>>
[INFO] [stdout]                                at /rustc/dfb0accb7f508ae8be965d8629557221c889dd98/library/core/src/io/write.rs:402:11
[INFO] [stdout]    7:     0x5f68847c06dc - <alloc[2182bb758b4b3781]::vec::Vec<u8> as core[df12db4294e9bfd3]::io::write::Write>::write_fmt
[INFO] [stdout]                                at /rustc/dfb0accb7f508ae8be965d8629557221c889dd98/library/core/src/io/write.rs:335:13
[INFO] [stdout]    8:     0x5f68847980b6 - <std[70759c8f55707aa4]::sys::backtrace::BacktraceLock>::print
[INFO] [stdout]                                at /rustc/dfb0accb7f508ae8be965d8629557221c889dd98/library/std/src/sys/backtrace.rs:47:9
[INFO] [stdout]    9:     0x5f68847980b6 - std[70759c8f55707aa4]::panicking::default_hook::{closure#0}
[INFO] [stdout]                                at /rustc/dfb0accb7f508ae8be965d8629557221c889dd98/library/std/src/panicking.rs:292:27
[INFO] [stdout]   10:     0x5f68847b49a9 - std[70759c8f55707aa4]::panicking::default_hook
[INFO] [stdout]                                at /rustc/dfb0accb7f508ae8be965d8629557221c889dd98/library/std/src/panicking.rs:316:9
[INFO] [stdout]   11:     0x5f688474feb0 - <alloc[2182bb758b4b3781]::boxed::Box<dyn for<'a, 'b> core[df12db4294e9bfd3]::ops::function::Fn<(&'a std[70759c8f55707aa4]::panic::PanicHookInfo<'b>,), Output = ()> + core[df12db4294e9bfd3]::marker::Send + core[df12db4294e9bfd3]::marker::Sync> as core[df12db4294e9bfd3]::ops::function::Fn<(&std[70759c8f55707aa4]::panic::PanicHookInfo,)>>::call
[INFO] [stdout]                                at /rustc/dfb0accb7f508ae8be965d8629557221c889dd98/library/alloc/src/boxed.rs:2334:9
[INFO] [stdout]   12:     0x5f688474feb0 - test[9d35eded1c95d3be]::test_main_inner::<test[9d35eded1c95d3be]::test_main_static::{closure#0}>::{closure#0}
[INFO] [stdout]                                at /rustc/dfb0accb7f508ae8be965d8629557221c889dd98/library/test/src/lib.rs:155:21
[INFO] [stdout]   13:     0x5f68847b4b62 - <alloc[2182bb758b4b3781]::boxed::Box<dyn for<'a, 'b> core[df12db4294e9bfd3]::ops::function::Fn<(&'a std[70759c8f55707aa4]::panic::PanicHookInfo<'b>,), Output = ()> + core[df12db4294e9bfd3]::marker::Send + core[df12db4294e9bfd3]::marker::Sync> as core[df12db4294e9bfd3]::ops::function::Fn<(&std[70759c8f55707aa4]::panic::PanicHookInfo,)>>::call
[INFO] [stdout]                                at /rustc/dfb0accb7f508ae8be965d8629557221c889dd98/library/alloc/src/boxed.rs:2334:9
[INFO] [stdout]   14:     0x5f68847b4b62 - std[70759c8f55707aa4]::panicking::panic_with_hook
[INFO] [stdout]                                at /rustc/dfb0accb7f508ae8be965d8629557221c889dd98/library/std/src/panicking.rs:823:13
[INFO] [stdout]   15:     0x5f6884798194 - std[70759c8f55707aa4]::panicking::panic_handler::{closure#0}
[INFO] [stdout]                                at /rustc/dfb0accb7f508ae8be965d8629557221c889dd98/library/std/src/panicking.rs:681:13
[INFO] [stdout]   16:     0x5f6884790ee9 - std[70759c8f55707aa4]::sys::backtrace::__rust_end_short_backtrace::<std[70759c8f55707aa4]::panicking::panic_handler::{closure#0}, !>
[INFO] [stdout]                                at /rustc/dfb0accb7f508ae8be965d8629557221c889dd98/library/std/src/sys/backtrace.rs:182:18
[INFO] [stdout]   17:     0x5f6884798d5d - __rustc[8fa7c3cbc660c2b3]::rust_begin_unwind
[INFO] [stdout]                                at /rustc/dfb0accb7f508ae8be965d8629557221c889dd98/library/std/src/panicking.rs:679:5
[INFO] [stdout]   18:     0x5f68847d0b4c - core[df12db4294e9bfd3]::panicking::panic_fmt
[INFO] [stdout]                                at /rustc/dfb0accb7f508ae8be965d8629557221c889dd98/library/core/src/panicking.rs:80:14
[INFO] [stdout]   19:     0x5f68847d0b12 - core[df12db4294e9bfd3]::panicking::panic
[INFO] [stdout]                                at /rustc/dfb0accb7f508ae8be965d8629557221c889dd98/library/core/src/panicking.rs:150:5
[INFO] [stdout]   20:     0x5f688473d34f - smoke[135869995d62d843]::statusline_render_command_prints_status_output
[INFO] [stdout]                                at /opt/rustwide/workdir/tests/smoke.rs:143:5
[INFO] [stdout]   21:     0x5f688473b5a7 - smoke[135869995d62d843]::statusline_render_command_prints_status_output::{closure#0}
[INFO] [stdout]                                at /opt/rustwide/workdir/tests/smoke.rs:132:52
[INFO] [stdout]   22:     0x5f6884742de6 - <smoke[135869995d62d843]::statusline_render_command_prints_status_output::{closure#0} as core[df12db4294e9bfd3]::ops::function::FnOnce<()>>::call_once
[INFO] [stdout]                                at /rustc/dfb0accb7f508ae8be965d8629557221c889dd98/library/core/src/ops/function.rs:250:5
[INFO] [stdout]   23:     0x5f688474319b - <fn() -> core[df12db4294e9bfd3]::result::Result<(), alloc[2182bb758b4b3781]::string::String> as core[df12db4294e9bfd3]::ops::function::FnOnce<()>>::call_once
[INFO] [stdout]                                at /rustc/dfb0accb7f508ae8be965d8629557221c889dd98/library/core/src/ops/function.rs:250:5
[INFO] [stdout]   24:     0x5f688474319b - test[9d35eded1c95d3be]::__rust_begin_short_backtrace::<core[df12db4294e9bfd3]::result::Result<(), alloc[2182bb758b4b3781]::string::String>, fn() -> core[df12db4294e9bfd3]::result::Result<(), alloc[2182bb758b4b3781]::string::String>>
[INFO] [stdout]                                at /rustc/dfb0accb7f508ae8be965d8629557221c889dd98/library/test/src/lib.rs:733:18
[INFO] [stdout]   25:     0x5f6884750805 - test[9d35eded1c95d3be]::run_test_in_process::{closure#0}
[INFO] [stdout]                                at /rustc/dfb0accb7f508ae8be965d8629557221c889dd98/library/test/src/lib.rs:756:74
[INFO] [stdout]   26:     0x5f6884750805 - <core[df12db4294e9bfd3]::panic::unwind_safe::AssertUnwindSafe<test[9d35eded1c95d3be]::run_test_in_process::{closure#0}> as core[df12db4294e9bfd3]::ops::function::FnOnce<()>>::call_once
[INFO] [stdout]                                at /rustc/dfb0accb7f508ae8be965d8629557221c889dd98/library/core/src/panic/unwind_safe.rs:275:9
[INFO] [stdout]   27:     0x5f6884750805 - std[70759c8f55707aa4]::panicking::catch_unwind::do_call::<core[df12db4294e9bfd3]::panic::unwind_safe::AssertUnwindSafe<test[9d35eded1c95d3be]::run_test_in_process::{closure#0}>, core[df12db4294e9bfd3]::result::Result<(), alloc[2182bb758b4b3781]::string::String>>
[INFO] [stdout]                                at /rustc/dfb0accb7f508ae8be965d8629557221c889dd98/library/std/src/panicking.rs:576:43
[INFO] [stdout]   28:     0x5f6884750805 - std[70759c8f55707aa4]::panicking::catch_unwind::<core[df12db4294e9bfd3]::result::Result<(), alloc[2182bb758b4b3781]::string::String>, core[df12db4294e9bfd3]::panic::unwind_safe::AssertUnwindSafe<test[9d35eded1c95d3be]::run_test_in_process::{closure#0}>>
[INFO] [stdout]                                at /rustc/dfb0accb7f508ae8be965d8629557221c889dd98/library/std/src/panicking.rs:544:19
[INFO] [stdout]   29:     0x5f6884750805 - std[70759c8f55707aa4]::panic::catch_unwind::<core[df12db4294e9bfd3]::panic::unwind_safe::AssertUnwindSafe<test[9d35eded1c95d3be]::run_test_in_process::{closure#0}>, core[df12db4294e9bfd3]::result::Result<(), alloc[2182bb758b4b3781]::string::String>>
[INFO] [stdout]                                at /rustc/dfb0accb7f508ae8be965d8629557221c889dd98/library/std/src/panic.rs:359:14
[INFO] [stdout]   30:     0x5f6884750805 - test[9d35eded1c95d3be]::run_test_in_process
[INFO] [stdout]                                at /rustc/dfb0accb7f508ae8be965d8629557221c889dd98/library/test/src/lib.rs:756:27
[INFO] [stdout]   31:     0x5f6884750805 - test[9d35eded1c95d3be]::run_test::{closure#0}
[INFO] [stdout]                                at /rustc/dfb0accb7f508ae8be965d8629557221c889dd98/library/test/src/lib.rs:677:43
[INFO] [stdout]   32:     0x5f688474a0c4 - test[9d35eded1c95d3be]::run_test::{closure#1}
[INFO] [stdout]                                at /rustc/dfb0accb7f508ae8be965d8629557221c889dd98/library/test/src/lib.rs:707:41
[INFO] [stdout]   33:     0x5f688474a0c4 - std[70759c8f55707aa4]::sys::backtrace::__rust_begin_short_backtrace::<test[9d35eded1c95d3be]::run_test::{closure#1}, ()>
[INFO] [stdout]                                at /rustc/dfb0accb7f508ae8be965d8629557221c889dd98/library/std/src/sys/backtrace.rs:166:18
[INFO] [stdout]   34:     0x5f6884753962 - std[70759c8f55707aa4]::thread::lifecycle::spawn_unchecked::<test[9d35eded1c95d3be]::run_test::{closure#1}, ()>::{closure#1}::{closure#0}
[INFO] [stdout]                                at /rustc/dfb0accb7f508ae8be965d8629557221c889dd98/library/std/src/thread/lifecycle.rs:70:13
[INFO] [stdout]   35:     0x5f6884753962 - <core[df12db4294e9bfd3]::panic::unwind_safe::AssertUnwindSafe<std[70759c8f55707aa4]::thread::lifecycle::spawn_unchecked<test[9d35eded1c95d3be]::run_test::{closure#1}, ()>::{closure#1}::{closure#0}> as core[df12db4294e9bfd3]::ops::function::FnOnce<()>>::call_once
[INFO] [stdout]                                at /rustc/dfb0accb7f508ae8be965d8629557221c889dd98/library/core/src/panic/unwind_safe.rs:275:9
[INFO] [stdout]   36:     0x5f6884753962 - std[70759c8f55707aa4]::panicking::catch_unwind::do_call::<core[df12db4294e9bfd3]::panic::unwind_safe::AssertUnwindSafe<std[70759c8f55707aa4]::thread::lifecycle::spawn_unchecked<test[9d35eded1c95d3be]::run_test::{closure#1}, ()>::{closure#1}::{closure#0}>, ()>
[INFO] [stdout]                                at /rustc/dfb0accb7f508ae8be965d8629557221c889dd98/library/std/src/panicking.rs:576:43
[INFO] [stdout]   37:     0x5f6884753962 - std[70759c8f55707aa4]::panicking::catch_unwind::<(), core[df12db4294e9bfd3]::panic::unwind_safe::AssertUnwindSafe<std[70759c8f55707aa4]::thread::lifecycle::spawn_unchecked<test[9d35eded1c95d3be]::run_test::{closure#1}, ()>::{closure#1}::{closure#0}>>
[INFO] [stdout]                                at /rustc/dfb0accb7f508ae8be965d8629557221c889dd98/library/std/src/panicking.rs:544:19
[INFO] [stdout]   38:     0x5f6884753962 - std[70759c8f55707aa4]::panic::catch_unwind::<core[df12db4294e9bfd3]::panic::unwind_safe::AssertUnwindSafe<std[70759c8f55707aa4]::thread::lifecycle::spawn_unchecked<test[9d35eded1c95d3be]::run_test::{closure#1}, ()>::{closure#1}::{closure#0}>, ()>
[INFO] [stdout]                                at /rustc/dfb0accb7f508ae8be965d8629557221c889dd98/library/std/src/panic.rs:359:14
[INFO] [stdout]   39:     0x5f6884753962 - std[70759c8f55707aa4]::thread::lifecycle::spawn_unchecked::<test[9d35eded1c95d3be]::run_test::{closure#1}, ()>::{closure#1}
[INFO] [stdout]                                at /rustc/dfb0accb7f508ae8be965d8629557221c889dd98/library/std/src/thread/lifecycle.rs:68:26
[INFO] [stdout]   40:     0x5f6884753962 - <std[70759c8f55707aa4]::thread::lifecycle::spawn_unchecked<test[9d35eded1c95d3be]::run_test::{closure#1}, ()>::{closure#1} as core[df12db4294e9bfd3]::ops::function::FnOnce<()>>::call_once::{shim:vtable#0}
[INFO] [stdout]                                at /rustc/dfb0accb7f508ae8be965d8629557221c889dd98/library/core/src/ops/function.rs:250:5
[INFO] [stdout]   41:     0x5f68847bbb19 - <alloc[2182bb758b4b3781]::boxed::Box<dyn core[df12db4294e9bfd3]::ops::function::FnOnce<(), Output = ()> + core[df12db4294e9bfd3]::marker::Send> as core[df12db4294e9bfd3]::ops::function::FnOnce<()>>::call_once
[INFO] [stdout]                                at /rustc/dfb0accb7f508ae8be965d8629557221c889dd98/library/alloc/src/boxed.rs:2320:9
[INFO] [stdout]   42:     0x5f68847bbb19 - <std[70759c8f55707aa4]::sys::thread::unix::Thread>::new::thread_start
[INFO] [stdout]                                at /rustc/dfb0accb7f508ae8be965d8629557221c889dd98/library/std/src/sys/thread/unix.rs:123:17
[INFO] [stdout]   43:     0x7f1899d03dfa - <unknown>
[INFO] [stdout]   44:     0x7f1899d973d4 - clone
[INFO] [stdout]   45:                0x0 - <unknown>
[INFO] [stdout] 
[INFO] [stdout] 
[INFO] [stdout] failures:
[INFO] [stdout]     statusline_render_command_prints_status_output
[INFO] [stdout] 
[INFO] [stdout] test result: FAILED. 9 passed; 1 failed; 0 ignored; 0 measured; 0 filtered out; finished in 0.07s
[INFO] [stdout] 
[INFO] [stderr] error: test failed, to rerun pass `--test smoke`
[INFO] running `Command { std: "docker" "inspect" "50e7b87fd862a709bf86f6c41155bf3e6f22795dd7543f30fe5159d9135a2ed6", kill_on_drop: false }`
[INFO] running `Command { std: "docker" "rm" "-f" "50e7b87fd862a709bf86f6c41155bf3e6f22795dd7543f30fe5159d9135a2ed6", kill_on_drop: false }`
[INFO] [stdout] 50e7b87fd862a709bf86f6c41155bf3e6f22795dd7543f30fe5159d9135a2ed6
