[INFO] fetching crate windows-time 0.100.0...
[INFO] testing windows-time-0.100.0 against 1.100.0-beta.1 for beta-1.100-2
[INFO] extracting crate windows-time 0.100.0 into /workspace/builds/worker-3-tc2/source
[INFO] started tweaking crates.io crate windows-time 0.100.0
[INFO] finished tweaking crates.io crate windows-time 0.100.0
[INFO] tweaked toml for crates.io crate windows-time 0.100.0 written to /workspace/builds/worker-3-tc2/source/Cargo.toml
[INFO] validating manifest of crates.io crate windows-time 0.100.0 on toolchain 1.100.0-beta.1
[INFO] running `Command { std: CARGO_HOME="/workspace/cargo-home" RUSTUP_HOME="/workspace/rustup-home" "/workspace/cargo-home/bin/cargo" "+1.100.0-beta.1" "metadata" "--manifest-path" "Cargo.toml" "--no-deps", kill_on_drop: false }`
[INFO] crate crates.io crate windows-time 0.100.0 already has a lockfile, it will not be regenerated
[INFO] running `Command { std: CARGO_HOME="/workspace/cargo-home" RUSTUP_HOME="/workspace/rustup-home" "/workspace/cargo-home/bin/cargo" "+1.100.0-beta.1" "fetch" "--manifest-path" "Cargo.toml", kill_on_drop: false }`
[INFO] running `Command { std: "docker" "create" "-v" "/var/lib/crater-agent-workspace/builds/worker-3-tc2/source:/opt/rustwide/workdir:ro,Z" "-v" "/var/lib/crater-agent-workspace/builds/worker-3-tc2/target:/opt/rustwide/target:rw,Z" "-v" "/var/lib/crater-agent-workspace/cargo-home:/opt/rustwide/cargo-home:ro,Z" "-v" "/var/lib/crater-agent-workspace/rustup-home:/opt/rustwide/rustup-home:ro,Z" "-m" "1610612736" "--network" "none" "ghcr.io/rust-lang/crates-build-env/linux@sha256:3111399a4047eeb3a02b7a90e478d715f38a8c6669b5c4b49d30a17385265909" "sleep" "infinity", kill_on_drop: false }`
[INFO] [stdout] 86316ff0c356d5f3ffa02144638c126890a8f84fddd08dc16233ae67ae525a01
[INFO] running `Command { std: "docker" "start" "86316ff0c356d5f3ffa02144638c126890a8f84fddd08dc16233ae67ae525a01", kill_on_drop: false }`
[INFO] running `Command { std: "docker" "inspect" "86316ff0c356d5f3ffa02144638c126890a8f84fddd08dc16233ae67ae525a01", kill_on_drop: false }`
[INFO] running `Command { std: "docker" "exec" "-e" "SOURCE_DIR=/opt/rustwide/workdir" "-e" "CARGO_HOME=/opt/rustwide/cargo-home" "-e" "RUSTUP_HOME=/opt/rustwide/rustup-home" "-e" "CARGO_TARGET_DIR=/opt/rustwide/target" "-w" "/opt/rustwide/workdir" "--user" "0:0" "86316ff0c356d5f3ffa02144638c126890a8f84fddd08dc16233ae67ae525a01" "/opt/rustwide/cargo-home/bin/cargo" "+1.100.0-beta.1" "metadata" "--no-deps" "--format-version=1", kill_on_drop: false }`
[INFO] running `Command { std: "docker" "inspect" "86316ff0c356d5f3ffa02144638c126890a8f84fddd08dc16233ae67ae525a01", kill_on_drop: false }`
[INFO] running `Command { std: "docker" "exec" "-e" "SOURCE_DIR=/opt/rustwide/workdir" "-e" "CARGO_HOME=/opt/rustwide/cargo-home" "-e" "RUSTUP_HOME=/opt/rustwide/rustup-home" "-e" "CARGO_TARGET_DIR=/opt/rustwide/target" "-e" "CARGO_INCREMENTAL=0" "-e" "RUST_BACKTRACE=full" "-e" "RUSTFLAGS=--cap-lints=warn" "-e" "RUSTDOCFLAGS=--cap-lints=warn" "-w" "/opt/rustwide/workdir" "--user" "0:0" "86316ff0c356d5f3ffa02144638c126890a8f84fddd08dc16233ae67ae525a01" "/opt/rustwide/cargo-home/bin/cargo" "+1.100.0-beta.1" "build" "--frozen" "--message-format=json", kill_on_drop: false }`
[INFO] [stderr]    Compiling windows-link v0.100.0
[INFO] [stderr]    Compiling windows-strings v0.100.0
[INFO] [stderr]    Compiling windows-result v0.100.0
[INFO] [stderr]    Compiling windows-core v0.100.0
[INFO] [stderr]    Compiling windows-time v0.100.0 (/opt/rustwide/workdir)
[INFO] [stderr] warning: unused dependency `windows-core`
[INFO] [stderr]  --> Cargo.toml:1:15
[INFO] [stderr]   |
[INFO] [stderr] 1 | [dependencies.windows-core]
[INFO] [stderr]   |               ^^^^^^^^^^^^^
[INFO] [stderr]   |
[INFO] [stderr]   = note: `cargo::unused_dependencies` is set to `warn` by default
[INFO] [stderr] help: consider removing the dependency on `windows-core`
[INFO] [stderr] warning: `windows-time` (manifest) generated 1 warning
[INFO] [stderr]     Finished `dev` profile [unoptimized + debuginfo] target(s) in 0.56s
[INFO] running `Command { std: "docker" "inspect" "86316ff0c356d5f3ffa02144638c126890a8f84fddd08dc16233ae67ae525a01", kill_on_drop: false }`
[INFO] running `Command { std: "docker" "exec" "-e" "SOURCE_DIR=/opt/rustwide/workdir" "-e" "CARGO_HOME=/opt/rustwide/cargo-home" "-e" "RUSTUP_HOME=/opt/rustwide/rustup-home" "-e" "CARGO_TARGET_DIR=/opt/rustwide/target" "-e" "CARGO_INCREMENTAL=0" "-e" "RUST_BACKTRACE=full" "-e" "RUSTFLAGS=--cap-lints=warn" "-e" "RUSTDOCFLAGS=--cap-lints=warn" "-w" "/opt/rustwide/workdir" "--user" "0:0" "86316ff0c356d5f3ffa02144638c126890a8f84fddd08dc16233ae67ae525a01" "/opt/rustwide/cargo-home/bin/cargo" "+1.100.0-beta.1" "test" "--frozen" "--no-run" "--message-format=json", kill_on_drop: false }`
[INFO] [stderr]    Compiling windows-time v0.100.0 (/opt/rustwide/workdir)
[INFO] [stderr] warning: unused dependency `windows-core`
[INFO] [stderr]  --> Cargo.toml:1:15
[INFO] [stderr]   |
[INFO] [stderr] 1 | [dependencies.windows-core]
[INFO] [stderr]   |               ^^^^^^^^^^^^^
[INFO] [stderr]   |
[INFO] [stderr]   = note: `cargo::unused_dependencies` is set to `warn` by default
[INFO] [stderr] help: consider removing the dependency on `windows-core`
[INFO] [stderr] warning: `windows-time` (manifest) generated 1 warning
[INFO] [stderr]     Finished `test` profile [unoptimized + debuginfo] target(s) in 0.11s
[INFO] running `Command { std: "docker" "inspect" "86316ff0c356d5f3ffa02144638c126890a8f84fddd08dc16233ae67ae525a01", kill_on_drop: false }`
[INFO] running `Command { std: "docker" "exec" "-e" "SOURCE_DIR=/opt/rustwide/workdir" "-e" "CARGO_HOME=/opt/rustwide/cargo-home" "-e" "RUSTUP_HOME=/opt/rustwide/rustup-home" "-e" "CARGO_TARGET_DIR=/opt/rustwide/target" "-e" "CARGO_INCREMENTAL=0" "-e" "RUST_BACKTRACE=full" "-e" "RUSTFLAGS=--cap-lints=warn" "-e" "RUSTDOCFLAGS=--cap-lints=warn" "-w" "/opt/rustwide/workdir" "--user" "0:0" "86316ff0c356d5f3ffa02144638c126890a8f84fddd08dc16233ae67ae525a01" "/opt/rustwide/cargo-home/bin/cargo" "+1.100.0-beta.1" "test" "--frozen", kill_on_drop: false }`
[INFO] [stderr] warning: unused dependency `windows-core`
[INFO] [stderr]  --> Cargo.toml:1:15
[INFO] [stderr]   |
[INFO] [stderr] 1 | [dependencies.windows-core]
[INFO] [stderr]   |               ^^^^^^^^^^^^^
[INFO] [stderr]   |
[INFO] [stderr]   = note: `cargo::unused_dependencies` is set to `warn` by default
[INFO] [stderr] help: consider removing the dependency on `windows-core`
[INFO] [stderr] warning: `windows-time` (manifest) generated 1 warning
[INFO] [stderr]     Finished `test` profile [unoptimized + debuginfo] target(s) in 0.01s
[INFO] [stderr]      Running unittests src/lib.rs (/opt/rustwide/target/debug/build/windows-time/c671f4a338d9d53d/out/windows_time-c671f4a338d9d53d)
[INFO] [stdout] 
[INFO] [stdout] running 0 tests
[INFO] [stdout] 
[INFO] [stdout] test result: ok. 0 passed; 0 failed; 0 ignored; 0 measured; 0 filtered out; finished in 0.00s
[INFO] [stdout] 
[INFO] [stderr]    Doc-tests windows_time
[INFO] [stdout] 
[INFO] [stdout] running 1 test
[INFO] [stdout] test src/../readme.md - (line 20) ... FAILED
[INFO] [stdout] 
[INFO] [stdout] failures:
[INFO] [stdout] 
[INFO] [stdout] ---- src/../readme.md - (line 20) stdout ----
[INFO] [stdout] error[E0433]: cannot find type `TimeSpan` in this scope
[INFO] [stdout]   --> src/../readme.md:24:12
[INFO] [stdout]    |
[INFO] [stdout] 24 | let span = TimeSpan::from_minutes(90);
[INFO] [stdout]    |            ^^^^^^^^ use of undeclared type `TimeSpan`
[INFO] [stdout] 
[INFO] [stdout] error[E0433]: cannot find type `DateTime` in this scope
[INFO] [stdout]   --> src/../readme.md:27:13
[INFO] [stdout]    |
[INFO] [stdout] 27 | let start = DateTime::from_unix_secs(1_000_000_000);
[INFO] [stdout]    |             ^^^^^^^^ use of undeclared type `DateTime`
[INFO] [stdout] 
[INFO] [stdout] error: aborting due to 2 previous errors
[INFO] [stdout] 
[INFO] [stdout] For more information about this error, try `rustc --explain E0433`.
[INFO] [stdout] Couldn't compile the test.
[INFO] [stdout] 
[INFO] [stdout] failures:
[INFO] [stdout]     src/../readme.md - (line 20)
[INFO] [stdout] 
[INFO] [stdout] test result: FAILED. 0 passed; 1 failed; 0 ignored; 0 measured; 0 filtered out; finished in 0.04s
[INFO] [stdout] 
[INFO] [stdout] all doctests ran in 0.08s; merged doctests compilation took 0.04s
[INFO] [stderr] error: doctest failed, to rerun pass `--doc`
[INFO] running `Command { std: "docker" "inspect" "86316ff0c356d5f3ffa02144638c126890a8f84fddd08dc16233ae67ae525a01", kill_on_drop: false }`
[INFO] running `Command { std: "docker" "rm" "-f" "86316ff0c356d5f3ffa02144638c126890a8f84fddd08dc16233ae67ae525a01", kill_on_drop: false }`
[INFO] [stdout] 86316ff0c356d5f3ffa02144638c126890a8f84fddd08dc16233ae67ae525a01
