[INFO] fetching crate windjammer-ui 0.3.6...
[INFO] testing windjammer-ui-0.3.6 against 1.99.0-beta.8 for beta-1.100-2
[INFO] extracting crate windjammer-ui 0.3.6 into /workspace/builds/worker-1-tc1/source
[INFO] started tweaking crates.io crate windjammer-ui 0.3.6
[INFO] removed 0 missing examples
[INFO] removed 0 missing tests
[INFO] finished tweaking crates.io crate windjammer-ui 0.3.6
[INFO] tweaked toml for crates.io crate windjammer-ui 0.3.6 written to /workspace/builds/worker-1-tc1/source/Cargo.toml
[INFO] validating manifest of crates.io crate windjammer-ui 0.3.6 on toolchain 1.99.0-beta.8
[INFO] running `Command { std: CARGO_HOME="/workspace/cargo-home" RUSTUP_HOME="/workspace/rustup-home" "/workspace/cargo-home/bin/cargo" "+1.99.0-beta.8" "metadata" "--manifest-path" "Cargo.toml" "--no-deps", kill_on_drop: false }`
[INFO] crate crates.io crate windjammer-ui 0.3.6 already has a lockfile, it will not be regenerated
[INFO] running `Command { std: CARGO_HOME="/workspace/cargo-home" RUSTUP_HOME="/workspace/rustup-home" "/workspace/cargo-home/bin/cargo" "+1.99.0-beta.8" "fetch" "--manifest-path" "Cargo.toml", kill_on_drop: false }`
[INFO] [stderr]     Updating crates.io index
[INFO] [stderr]  Downloading crates ...
[INFO] [stderr]   Downloaded windjammer-ui-macro v0.3.6
[INFO] [stderr]   Downloaded pango v0.18.3
[INFO] [stderr]   Downloaded gtk3-macros v0.18.2
[INFO] [stderr]   Downloaded foreign-types v0.5.0
[INFO] [stderr]   Downloaded foreign-types-shared v0.3.1
[INFO] [stderr]   Downloaded foreign-types-macros v0.2.3
[INFO] [stderr]   Downloaded proc-macro-crate v1.3.1
[INFO] [stderr]   Downloaded core-graphics v0.24.0
[INFO] [stderr]   Downloaded zerofrom-derive v0.1.6
[INFO] [stderr]   Downloaded unic-char-property v0.9.0
[INFO] [stderr]   Downloaded serde_spanned v1.0.4
[INFO] [stderr]   Downloaded dyn-clone v1.0.20
[INFO] [stderr]   Downloaded typeid v1.0.3
[INFO] [stderr]   Downloaded unic-ucd-version v0.9.0
[INFO] [stderr]   Downloaded num-conv v0.1.0
[INFO] [stderr]   Downloaded android_system_properties v0.1.5
[INFO] [stderr]   Downloaded schemars v0.8.22
[INFO] [stderr]   Downloaded libappindicator-sys v0.9.0
[INFO] [stderr]   Downloaded dirs v6.0.0
[INFO] [stderr]   Downloaded dirs-sys v0.5.0
[INFO] [stderr]   Downloaded option-ext v0.2.0
[INFO] [stderr]   Downloaded unic-ucd-ident v0.9.0
[INFO] [stderr]   Downloaded unic-common v0.9.0
[INFO] [stderr]   Downloaded embed_plist v1.2.2
[INFO] [stderr]   Downloaded field-offset v0.3.6
[INFO] [stderr]   Downloaded memoffset v0.9.1
[INFO] [stderr]   Downloaded yoke-derive v0.8.1
[INFO] [stderr]   Downloaded form_urlencoded v1.2.2
[INFO] [stderr]   Downloaded dpi v0.1.2
[INFO] [stderr]   Downloaded libredox v0.1.12
[INFO] [stderr]   Downloaded unic-char-range v0.9.0
[INFO] [stderr]   Downloaded vswhom-sys v0.1.3
[INFO] [stderr]   Downloaded utf8_iter v1.0.4
[INFO] [stderr]   Downloaded idna_adapter v1.2.1
[INFO] [stderr]   Downloaded zerofrom v0.1.6
[INFO] [stderr]   Downloaded potential_utf v0.1.4
[INFO] [stderr]   Downloaded libloading v0.7.4
[INFO] [stderr]   Downloaded redox_users v0.5.2
[INFO] [stderr]   Downloaded toml_writer v1.0.6+spec-1.1.0
[INFO] [stderr]   Downloaded swift-rs v1.0.7
[INFO] [stderr]   Downloaded itoa v1.0.17
[INFO] [stderr]   Downloaded time-macros v0.2.24
[INFO] [stderr]   Downloaded time-core v0.1.6
[INFO] [stderr]   Downloaded darling_macro v0.21.3
[INFO] [stderr]   Downloaded ref-cast v1.0.25
[INFO] [stderr]   Downloaded ref-cast-impl v1.0.25
[INFO] [stderr]   Downloaded serde-untagged v0.1.9
[INFO] [stderr]   Downloaded vswhom v0.1.0
[INFO] [stderr]   Downloaded serialize-to-javascript-impl v0.1.2
[INFO] [stderr]   Downloaded serde_repr v0.1.20
[INFO] [stderr]   Downloaded http-body v1.0.1
[INFO] [stderr]   Downloaded want v0.3.1
[INFO] [stderr]   Downloaded mime v0.3.17
[INFO] [stderr]   Downloaded http-range v0.1.5
[INFO] [stderr]   Downloaded linked-hash-map v0.5.6
[INFO] [stderr]   Downloaded objc_id v0.1.1
[INFO] [stderr]   Downloaded zvariant_utils v2.1.0
[INFO] [stderr]   Downloaded gdk-pixbuf v0.18.5
[INFO] [stderr]   Downloaded autocfg v1.5.0
[INFO] [stderr]   Downloaded atk v0.18.2
[INFO] [stderr]   Downloaded percent-encoding v2.3.2
[INFO] [stderr]   Downloaded zerovec-derive v0.11.2
[INFO] [stderr]   Downloaded synstructure v0.13.2
[INFO] [stderr]   Downloaded yoke v0.8.1
[INFO] [stderr]   Downloaded stable_deref_trait v1.2.1
[INFO] [stderr]   Downloaded displaydoc v0.2.5
[INFO] [stderr]   Downloaded writeable v0.6.2
[INFO] [stderr]   Downloaded tinystr v0.8.2
[INFO] [stderr]   Downloaded litemap v0.8.1
[INFO] [stderr]   Downloaded simd-adler32 v0.3.8
[INFO] [stderr]   Downloaded fdeflate v0.3.7
[INFO] [stderr]   Downloaded keyboard-types v0.7.0
[INFO] [stderr]   Downloaded crossbeam-utils v0.8.21
[INFO] [stderr]   Downloaded redox_syscall v0.7.0
[INFO] [stderr]   Downloaded getrandom v0.2.16
[INFO] [stderr]   Downloaded urlpattern v0.3.0
[INFO] [stderr]   Downloaded zmij v1.0.9
[INFO] [stderr]   Downloaded deranged v0.5.5
[INFO] [stderr]   Downloaded serde_with_macros v3.16.1
[INFO] [stderr]   Downloaded darling v0.21.3
[INFO] [stderr]   Downloaded strsim v0.11.1
[INFO] [stderr]   Downloaded iana-time-zone v0.1.64
[INFO] [stderr]   Downloaded erased-serde v0.4.9
[INFO] [stderr]   Downloaded core-foundation v0.10.1
[INFO] [stderr]   Downloaded serialize-to-javascript v0.1.2
[INFO] [stderr]   Downloaded serde_urlencoded v0.7.1
[INFO] [stderr]   Downloaded try-lock v0.2.5
[INFO] [stderr]   Downloaded atomic-waker v1.1.2
[INFO] [stderr]   Downloaded malloc_buf v0.0.6
[INFO] [stderr]   Downloaded objc-foundation v0.1.1
[INFO] [stderr]   Downloaded block v0.1.6
[INFO] [stderr]   Downloaded zvariant_derive v4.2.0
[INFO] [stderr]   Downloaded enumflags2_derive v0.7.12
[INFO] [stderr]   Downloaded endi v1.1.1
[INFO] [stderr]   Downloaded zbus_names v3.0.0
[INFO] [stderr]   Downloaded zbus_macros v4.4.0
[INFO] [stderr]   Downloaded xdg-home v1.3.0
[INFO] [stderr]   Downloaded cfg_aliases v0.2.1
[INFO] [stderr]   Downloaded parking v2.2.1
[INFO] [stderr]   Downloaded piper v0.2.4
[INFO] [stderr]   Downloaded event-listener-strategy v0.5.4
[INFO] [stderr]   Downloaded async-signal v0.2.13
[INFO] [stderr]   Downloaded windows-targets v0.53.5
[INFO] [stderr]   Downloaded async-stream v0.3.6
[INFO] [stderr]   Downloaded async-stream-impl v0.3.6
[INFO] [stderr]   Downloaded windows-numerics v0.2.0
[INFO] [stderr]   Downloaded gethostname v1.1.0
[INFO] [stderr]   Downloaded toml_edit v0.19.15
[INFO] [stderr]   Downloaded cairo-rs v0.18.5
[INFO] [stderr]   Downloaded url v2.5.7
[INFO] [stderr]   Downloaded icu_properties v2.1.2
[INFO] [stderr]   Downloaded zerotrie v0.2.3
[INFO] [stderr]   Downloaded icu_provider v2.1.1
[INFO] [stderr]   Downloaded icu_locale_core v2.1.1
[INFO] [stderr]   Downloaded icu_normalizer v2.1.1
[INFO] [stderr]   Downloaded icu_normalizer_data v2.1.1
[INFO] [stderr]   Downloaded tray-icon v0.21.3
[INFO] [stderr]   Downloaded flate2 v1.1.5
[INFO] [stderr]   Downloaded crossbeam-channel v0.5.15
[INFO] [stderr]   Downloaded libappindicator v0.9.0
[INFO] [stderr]   Downloaded log v0.4.29
[INFO] [stderr]   Downloaded toml v0.9.10+spec-1.1.0
[INFO] [stderr]   Downloaded darling_core v0.21.3
[INFO] [stderr]   Downloaded schemars v1.2.0
[INFO] [stderr]   Downloaded indexmap v1.9.3
[INFO] [stderr]   Downloaded precomputed-hash v0.1.1
[INFO] [stderr]   Downloaded core-graphics-types v0.2.0
[INFO] [stderr]   Downloaded tauri-codegen v2.5.2
[INFO] [stderr]   Downloaded tauri-winres v0.3.5
[INFO] [stderr]   Downloaded winreg v0.55.0
[INFO] [stderr]   Downloaded wasm-streams v0.4.2
[INFO] [stderr]   Downloaded wasm-bindgen-futures v0.4.56
[INFO] [stderr]   Downloaded ipnet v2.11.0
[INFO] [stderr]   Downloaded httparse v1.10.1
[INFO] [stderr]   Downloaded http-body-util v0.1.3
[INFO] [stderr]   Downloaded onig v6.5.1
[INFO] [stderr]   Downloaded pollster v0.3.0
[INFO] [stderr]   Downloaded objc v0.2.7
[INFO] [stderr]   Downloaded enumflags2 v0.7.12
[INFO] [stderr]   Downloaded uds_windows v1.1.0
[INFO] [stderr]   Downloaded tempfile v3.24.0
[INFO] [stderr]   Downloaded ordered-stream v0.2.0
[INFO] [stderr]   Downloaded event-listener v5.4.1
[INFO] [stderr]   Downloaded concurrent-queue v2.5.0
[INFO] [stderr]   Downloaded blocking v1.6.2
[INFO] [stderr]   Downloaded futures-lite v2.6.1
[INFO] [stderr]   Downloaded async-task v4.7.1
[INFO] [stderr]   Downloaded async-channel v2.5.0
[INFO] [stderr]   Downloaded async-trait v0.1.89
[INFO] [stderr]   Downloaded async-recursion v1.1.1
[INFO] [stderr]   Downloaded async-process v2.5.0
[INFO] [stderr]   Downloaded async-lock v3.4.2
[INFO] [stderr]   Downloaded hermit-abi v0.5.2
[INFO] [stderr]   Downloaded async-fs v2.2.0
[INFO] [stderr]   Downloaded async-executor v1.13.3
[INFO] [stderr]   Downloaded async-broadcast v0.7.2
[INFO] [stderr]   Downloaded async-net v2.0.0
[INFO] [stderr]   Downloaded notify v6.1.1
[INFO] [stderr]   Downloaded proc-macro2 v1.0.104
[INFO] [stderr]   Downloaded wasm-bindgen v0.2.106
[INFO] [stderr]   Downloaded webview2-com v0.38.0
[INFO] [stderr]   Downloaded thiserror v2.0.17
[INFO] [stderr]   Downloaded thiserror-impl v2.0.17
[INFO] [stderr]   Downloaded webview2-com-macros v0.8.0
[INFO] [stderr]   Downloaded webkit2gtk-sys v2.0.1
[INFO] [stderr]   Downloaded javascriptcore-rs-sys v1.1.1
[INFO] [stderr]   Downloaded pango-sys v0.18.0
[INFO] [stderr]   Downloaded gdk-pixbuf-sys v0.18.0
[INFO] [stderr]   Downloaded atk-sys v0.18.2
[INFO] [stderr]   Downloaded soup3 v0.5.0
[INFO] [stderr]   Downloaded wayland-client v0.31.12
[INFO] [stderr]   Downloaded wayland-protocols-misc v0.3.10
[INFO] [stderr]   Downloaded wayland-protocols-experimental v20250721.0.1
[INFO] [stderr]   Downloaded wayland-cursor v0.31.12
[INFO] [stderr]   Downloaded calloop-wayland-source v0.4.1
[INFO] [stderr]   Downloaded error-code v3.3.2
[INFO] [stderr]   Downloaded crossbeam-deque v0.8.6
[INFO] [stderr]   Downloaded crossbeam-epoch v0.9.18
[INFO] [stderr]   Downloaded gdk v0.18.2
[INFO] [stderr]   Downloaded zerovec v0.11.5
[INFO] [stderr]   Downloaded icu_collections v2.1.1
[INFO] [stderr]   Downloaded png v0.17.16
[INFO] [stderr]   Downloaded muda v0.17.1
[INFO] [stderr]   Downloaded unicode-segmentation v1.12.0
[INFO] [stderr]   Downloaded tauri-utils v2.8.1
[INFO] [stderr]   Downloaded base64 v0.21.7
[INFO] [stderr]   Downloaded schemars v0.9.0
[INFO] [stderr]   Downloaded phf v0.11.3
[INFO] [stderr]   Downloaded kuchikiki v0.8.8-speedreader
[INFO] [stderr]   Downloaded nodrop v0.1.14
[INFO] [stderr]   Downloaded rand_core v0.5.1
[INFO] [stderr]   Downloaded softbuffer v0.4.8
[INFO] [stderr]   Downloaded tracing-attributes v0.1.31
[INFO] [stderr]   Downloaded bytemuck v1.24.0
[INFO] [stderr]   Downloaded bytemuck_derive v1.10.2
[INFO] [stderr]   Downloaded tauri-macros v2.5.2
[INFO] [stderr]   Downloaded plist v1.8.0
[INFO] [stderr]   Downloaded ico v0.4.0
[INFO] [stderr]   Downloaded tauri-build v2.5.3
[INFO] [stderr]   Downloaded embed-resource v3.0.6
[INFO] [stderr]   Downloaded cargo_toml v0.22.3
[INFO] [stderr]   Downloaded tower v0.5.2
[INFO] [stderr]   Downloaded tokio-util v0.7.17
[INFO] [stderr]   Downloaded ryu v1.0.22
[INFO] [stderr]   Downloaded hyper-util v0.1.19
[INFO] [stderr]   Downloaded yaml-rust v0.4.5
[INFO] [stderr]   Downloaded bincode v1.3.3
[INFO] [stderr]   Downloaded rfd v0.14.1
[INFO] [stderr]   Downloaded ashpd v0.8.1
[INFO] [stderr]   Downloaded zvariant v4.2.0
[INFO] [stderr]   Downloaded async-io v2.6.0
[INFO] [stderr]   Downloaded polling v3.11.0
[INFO] [stderr]   Downloaded png v0.18.0
[INFO] [stderr]   Downloaded objc2-core-foundation v0.3.2
[INFO] [stderr]   Downloaded objc2-core-image v0.3.2
[INFO] [stderr]   Downloaded webkit2gtk v2.0.1
[INFO] [stderr]   Downloaded gtk-sys v0.18.2
[INFO] [stderr]   Downloaded gdk-sys v0.18.2
[INFO] [stderr]   Downloaded xcursor v0.3.10
[INFO] [stderr]   Downloaded wayland-csd-frame v0.3.0
[INFO] [stderr]   Downloaded memmap2 v0.9.9
[INFO] [stderr]   Downloaded calloop v0.14.3
[INFO] [stderr]   Downloaded arboard v3.6.1
[INFO] [stderr]   Downloaded idna v1.1.0
[INFO] [stderr]   Downloaded icu_properties_data v2.1.2
[INFO] [stderr]   Downloaded serde_json v1.0.148
[INFO] [stderr]   Downloaded serde_with v3.16.1
[INFO] [stderr]   Downloaded time v0.3.44
[INFO] [stderr]   Downloaded chrono v0.4.42
[INFO] [stderr]   Downloaded phf_shared v0.11.3
[INFO] [stderr]   Downloaded rand v0.8.5
[INFO] [stderr]   Downloaded servo_arc v0.2.0
[INFO] [stderr]   Downloaded phf_shared v0.8.0
[INFO] [stderr]   Downloaded siphasher v0.3.11
[INFO] [stderr]   Downloaded phf_generator v0.8.0
[INFO] [stderr]   Downloaded quick-xml v0.38.4
[INFO] [stderr]   Downloaded reqwest v0.12.28
[INFO] [stderr]   Downloaded tower-http v0.6.8
[INFO] [stderr]   Downloaded iri-string v0.7.10
[INFO] [stderr]   Downloaded zbus v4.4.0
[INFO] [stderr]   Downloaded nix v0.29.0
[INFO] [stderr]   Downloaded image v0.25.9
[INFO] [stderr]   Downloaded syn v2.0.112
[INFO] [stderr]   Downloaded tauri v2.9.5
[INFO] [stderr]   Downloaded objc2-foundation v0.3.2
[INFO] [stderr]   Downloaded objc2 v0.6.3
[INFO] [stderr]   Downloaded cairo-sys-rs v0.18.2
[INFO] [stderr]   Downloaded clipboard-win v5.4.1
[INFO] [stderr]   Downloaded egui-wgpu v0.29.1
[INFO] [stderr]   Downloaded type-map v0.5.1
[INFO] [stderr]   Downloaded rustc-hash v2.1.1
[INFO] [stderr]   Downloaded criterion v0.5.1
[INFO] [stderr]   Downloaded rayon v1.11.0
[INFO] [stderr]   Downloaded either v1.15.0
[INFO] [stderr]   Downloaded itertools v0.10.5
[INFO] [stderr]   Downloaded is-terminal v0.4.17
[INFO] [stderr]   Downloaded schemars_derive v0.8.22
[INFO] [stderr]   Downloaded serde_derive_internals v0.29.1
[INFO] [stderr]   Downloaded siphasher v1.0.1
[INFO] [stderr]   Downloaded phf_macros v0.11.3
[INFO] [stderr]   Downloaded phf_generator v0.11.3
[INFO] [stderr]   Downloaded selectors v0.24.0
[INFO] [stderr]   Downloaded phf_codegen v0.8.0
[INFO] [stderr]   Downloaded rand v0.7.3
[INFO] [stderr]   Downloaded rand_pcg v0.2.1
[INFO] [stderr]   Downloaded getrandom v0.1.16
[INFO] [stderr]   Downloaded wasi v0.9.0+wasi-snapshot-preview1
[INFO] [stderr]   Downloaded rand_hc v0.2.0
[INFO] [stderr]   Downloaded rand_chacha v0.2.2
[INFO] [stderr]   Downloaded onig_sys v69.9.1
[INFO] [stderr]   Downloaded rustix v1.1.3
[INFO] [stderr]   Downloaded inotify-sys v0.1.5
[INFO] [stderr]   Downloaded web-sys v0.3.83
[INFO] [stderr]   Downloaded urlencoding v2.1.3
[INFO] [stderr]   Downloaded tokio-test v0.4.4
[INFO] [stderr]   Downloaded x11rb v0.13.2
[INFO] [stderr]   Downloaded x11rb-protocol v0.13.2
[INFO] [stderr]   Downloaded zerocopy v0.8.31
[INFO] [stderr]   Downloaded zerocopy-derive v0.8.31
[INFO] [stderr]   Downloaded syntect v5.3.0
[INFO] [stderr]   Downloaded kqueue-sys v1.0.4
[INFO] [stderr]   Downloaded inotify v0.9.6
[INFO] [stderr]   Downloaded filetime v0.2.26
[INFO] [stderr]   Downloaded egui_dock v0.14.0
[INFO] [stderr]   Downloaded egui v0.29.1
[INFO] [stderr]   Downloaded epaint v0.29.1
[INFO] [stderr]   Downloaded emath v0.29.1
[INFO] [stderr]   Downloaded ecolor v0.29.1
[INFO] [stderr]   Downloaded ahash v0.8.12
[INFO] [stderr]   Downloaded owned_ttf_parser v0.25.1
[INFO] [stderr]   Downloaded tokio-stream v0.1.17
[INFO] [stderr]   Downloaded mio v1.1.1
[INFO] [stderr]   Downloaded bytes v1.11.0
[INFO] [stderr]   Downloaded windows-result v0.3.4
[INFO] [stderr]   Downloaded windows-sys v0.48.0
[INFO] [stderr]   Downloaded mio v0.8.11
[INFO] [stderr]   Downloaded kqueue v1.1.1
[INFO] [stderr]   Downloaded fsevent-sys v4.1.0
[INFO] [stderr]   Downloaded paste v1.0.15
[INFO] [stderr]   Downloaded nohash-hasher v0.2.0
[INFO] [stderr]   Downloaded epaint_default_fonts v0.29.1
[INFO] [stderr]   Downloaded ab_glyph v0.2.32
[INFO] [stderr]   Downloaded ttf-parser v0.25.1
[INFO] [stderr]   Downloaded tokio-macros v2.6.0
[INFO] [stderr]   Downloaded windows_aarch64_gnullvm v0.53.1
[INFO] [stderr]   Downloaded raw-window-handle v0.6.2
[INFO] [stderr]   Downloaded objc2-encode v4.1.0
[INFO] [stderr]   Downloaded clap_lex v0.7.6
[INFO] [stderr]   Downloaded hyper v1.8.1
[INFO] [stderr]   Downloaded socket2 v0.6.1
[INFO] [stderr]   Downloaded smallvec v1.15.1
[INFO] [stderr]   Downloaded windows-link v0.1.3
[INFO] [stderr]   Downloaded windows-strings v0.4.2
[INFO] [stderr]   Downloaded windows-future v0.2.1
[INFO] [stderr]   Downloaded windows-threading v0.1.0
[INFO] [stderr]   Downloaded windows-collections v0.2.0
[INFO] [stderr]   Downloaded window-vibrancy v0.6.0
[INFO] [stderr]   Downloaded windows-version v0.1.7
[INFO] [stderr]   Downloaded objc2-exception-helper v0.1.1
[INFO] [stderr]   Downloaded cc v1.2.51
[INFO] [stderr]   Downloaded shlex v1.3.0
[INFO] [stderr]   Downloaded jobserver v0.1.34
[INFO] [stderr]   Downloaded find-msvc-tools v0.1.6
[INFO] [stderr]   Downloaded block2 v0.6.2
[INFO] [stderr]   Downloaded objc2-app-kit v0.3.2
[INFO] [stderr]   Downloaded objc2-io-surface v0.3.2
[INFO] [stderr]   Downloaded objc2-core-data v0.3.2
[INFO] [stderr]   Downloaded objc2-cloud-kit v0.3.2
[INFO] [stderr]   Downloaded system-deps v6.2.2
[INFO] [stderr]   Downloaded version-compare v0.2.1
[INFO] [stderr]   Downloaded target-lexicon v0.12.16
[INFO] [stderr]   Downloaded soup3-sys v0.5.0
[INFO] [stderr]   Downloaded glib v0.18.5
[INFO] [stderr]   Downloaded proc-macro-crate v2.0.2
[INFO] [stderr]   Downloaded futures-executor v0.3.31
[INFO] [stderr]   Downloaded gio v0.18.4
[INFO] [stderr]   Downloaded anstyle v1.0.13
[INFO] [stderr]   Downloaded fxhash v0.2.1
[INFO] [stderr]   Downloaded cssparser v0.29.6
[INFO] [stderr]   Downloaded proc-macro-hack v0.5.20+deprecated
[INFO] [stderr]   Downloaded matches v0.1.10
[INFO] [stderr]   Downloaded dtoa-short v0.3.5
[INFO] [stderr]   Downloaded dtoa v1.0.11
[INFO] [stderr]   Downloaded web-time v1.1.0
[INFO] [stderr]   Downloaded objc-sys v0.3.5
[INFO] [stderr]   Downloaded wasm-bindgen-shared v0.2.106
[INFO] [stderr]   Downloaded windows-core v0.61.2
[INFO] [stderr]   Downloaded dispatch2 v0.3.0
[INFO] [stderr]   Downloaded objc2-quartz-core v0.3.2
[INFO] [stderr]   Downloaded objc2-core-video v0.3.2
[INFO] [stderr]   Downloaded objc2-core-text v0.3.2
[INFO] [stderr]   Downloaded toml v0.8.2
[INFO] [stderr]   Downloaded winnow v0.5.40
[INFO] [stderr]   Downloaded toml_datetime v0.6.3
[INFO] [stderr]   Downloaded serde_spanned v0.6.9
[INFO] [stderr]   Downloaded pkg-config v0.3.32
[INFO] [stderr]   Downloaded heck v0.5.0
[INFO] [stderr]   Downloaded cfg-expr v0.15.8
[INFO] [stderr]   Downloaded gobject-sys v0.18.0
[INFO] [stderr]   Downloaded glib-sys v0.18.1
[INFO] [stderr]   Downloaded gio-sys v0.18.1
[INFO] [stderr]   Downloaded glib-macros v0.18.5
[INFO] [stderr]   Downloaded futures-sink v0.3.31
[INFO] [stderr]   Downloaded futures-io v0.3.31
[INFO] [stderr]   Downloaded futures-channel v0.3.31
[INFO] [stderr]   Downloaded clap v4.5.54
[INFO] [stderr]   Downloaded clap_builder v4.5.54
[INFO] [stderr]   Downloaded derive_more v0.99.20
[INFO] [stderr]   Downloaded ab_glyph_rasterizer v0.1.10
[INFO] [stderr]   Downloaded xkbcommon-dl v0.4.2
[INFO] [stderr]   Downloaded dlib v0.5.2
[INFO] [stderr]   Downloaded pin-project-internal v1.1.10
[INFO] [stderr]   Downloaded wasm-bindgen-macro v0.2.106
[INFO] [stderr]   Downloaded toml_edit v0.20.2
[INFO] [stderr]   Downloaded byteorder-lite v0.1.0
[INFO] [stderr]   Downloaded criterion-plot v0.5.0
[INFO] [stderr]   Downloaded cocoa-foundation v0.1.2
[INFO] [stderr]   Downloaded phf v0.8.0
[INFO] [stderr]   Downloaded convert_case v0.4.0
[INFO] [stderr]   Downloaded phf v0.10.1
[INFO] [stderr]   Downloaded phf_shared v0.10.0
[INFO] [stderr]   Downloaded phf_macros v0.10.0
[INFO] [stderr]   Downloaded phf_generator v0.10.0
[INFO] [stderr]   Downloaded match_token v0.1.0
[INFO] [stderr]   Downloaded markup5ever v0.14.1
[INFO] [stderr]   Downloaded mac v0.1.1
[INFO] [stderr]   Downloaded futf v0.1.5
[INFO] [stderr]   Downloaded new_debug_unreachable v1.0.6
[INFO] [stderr]   Downloaded string_cache_codegen v0.5.4
[INFO] [stderr]   Downloaded string_cache v0.8.9
[INFO] [stderr]   Downloaded phf_codegen v0.11.3
[INFO] [stderr]   Downloaded proc-macro2-diagnostics v0.10.1
[INFO] [stderr]   Downloaded winit v0.30.12
[INFO] [stderr]   Downloaded libloading v0.8.9
[INFO] [stderr]   Downloaded rustix v0.38.44
[INFO] [stderr]   Downloaded orbclient v0.3.50
[INFO] [stderr]   Downloaded objc2 v0.5.2
[INFO] [stderr]   Downloaded wasm-bindgen-macro-support v0.2.106
[INFO] [stderr]   Downloaded egui-winit v0.29.1
[INFO] [stderr]   Downloaded smithay-clipboard v0.7.3
[INFO] [stderr]   Downloaded html5ever v0.29.1
[INFO] [stderr]   Downloaded tendril v0.4.3
[INFO] [stderr]   Downloaded jsonptr v0.6.3
[INFO] [stderr]   Downloaded cfb v0.7.3
[INFO] [stderr]   Downloaded dunce v1.0.5
[INFO] [stderr]   Downloaded ctor v0.2.9
[INFO] [stderr]   Downloaded cargo-platform v0.1.9
[INFO] [stderr]   Downloaded camino v1.2.2
[INFO] [stderr]   Downloaded ndk-sys v0.6.0+11769913
[INFO] [stderr]   Downloaded eframe v0.29.1
[INFO] [stderr]   Downloaded smol_str v0.2.2
[INFO] [stderr]   Downloaded objc2-ui-kit v0.2.2
[INFO] [stderr]   Downloaded objc2-user-notifications v0.2.2
[INFO] [stderr]   Downloaded objc2-foundation v0.2.2
[INFO] [stderr]   Downloaded objc2-core-location v0.2.2
[INFO] [stderr]   Downloaded objc2-uniform-type-identifiers v0.2.2
[INFO] [stderr]   Downloaded objc2-quartz-core v0.2.2
[INFO] [stderr]   Downloaded objc2-metal v0.2.2
[INFO] [stderr]   Downloaded moxcms v0.7.11
[INFO] [stderr]   Downloaded wayland-sys v0.31.8
[INFO] [stderr]   Downloaded cssparser-macros v0.6.1
[INFO] [stderr]   Downloaded utf-8 v0.7.6
[INFO] [stderr]   Downloaded infer v0.19.0
[INFO] [stderr]   Downloaded http v1.4.0
[INFO] [stderr]   Downloaded cargo_metadata v0.19.2
[INFO] [stderr]   Downloaded tao-macros v0.1.3
[INFO] [stderr]   Downloaded jni-sys v0.3.0
[INFO] [stderr]   Downloaded windows_x86_64_gnullvm v0.53.1
[INFO] [stderr]   Downloaded windows_aarch64_msvc v0.53.1
[INFO] [stderr]   Downloaded webbrowser v1.0.6
[INFO] [stderr]   Downloaded wayland-backend v0.3.12
[INFO] [stderr]   Downloaded json-patch v3.0.1
[INFO] [stderr]   Downloaded tauri-runtime-wry v2.9.3
[INFO] [stderr]   Downloaded x11-dl v2.21.0
[INFO] [stderr]   Downloaded linux-raw-sys v0.4.15
[INFO] [stderr]   Downloaded block2 v0.5.1
[INFO] [stderr]   Downloaded objc2-symbols v0.2.2
[INFO] [stderr]   Downloaded android-activity v0.6.0
[INFO] [stderr]   Downloaded renderdoc-sys v1.1.0
[INFO] [stderr]   Downloaded windows_x86_64_msvc v0.53.1
[INFO] [stderr]   Downloaded windows_x86_64_gnu v0.53.1
[INFO] [stderr]   Downloaded console_error_panic_hook v0.1.7
[INFO] [stderr]   Downloaded anyhow v1.0.100
[INFO] [stderr]   Downloaded objc2-javascript-core v0.3.2
[INFO] [stderr]   Downloaded ndk v0.9.0
[INFO] [stderr]   Downloaded xkeysym v0.2.1
[INFO] [stderr]   Downloaded objc2-link-presentation v0.2.2
[INFO] [stderr]   Downloaded objc2-app-kit v0.2.2
[INFO] [stderr]   Downloaded objc2-core-image v0.2.2
[INFO] [stderr]   Downloaded objc2-core-data v0.2.2
[INFO] [stderr]   Downloaded core-graphics-types v0.1.3
[INFO] [stderr]   Downloaded calloop v0.13.0
[INFO] [stderr]   Downloaded wgpu-types v22.0.0
[INFO] [stderr]   Downloaded ndk-sys v0.5.0+25.2.9519653
[INFO] [stderr]   Downloaded spirv v0.3.0+sdk-1.3.268.0
[INFO] [stderr]   Downloaded windows_i686_msvc v0.53.1
[INFO] [stderr]   Downloaded brotli-decompressor v5.0.0
[INFO] [stderr]   Downloaded wry v0.53.5
[INFO] [stderr]   Downloaded windows-targets v0.42.2
[INFO] [stderr]   Downloaded wgpu v22.1.0
[INFO] [stderr]   Downloaded naga v22.1.0
[INFO] [stderr]   Downloaded unicode-width v0.1.14
[INFO] [stderr]   Downloaded widestring v1.2.1
[INFO] [stderr]   Downloaded windows-core v0.52.0
[INFO] [stderr]   Downloaded gpu-alloc-types v0.3.0
[INFO] [stderr]   Downloaded gtk v0.18.2
[INFO] [stderr]   Downloaded smithay-client-toolkit v0.20.0
[INFO] [stderr]   Downloaded alloc-stdlib v0.2.2
[INFO] [stderr]   Downloaded alloc-no-stdlib v2.0.4
[INFO] [stderr]   Downloaded typenum v1.19.0
[INFO] [stderr]   Downloaded objc2-web-kit v0.3.2
[INFO] [stderr]   Downloaded duplicate v2.0.1
[INFO] [stderr]   Downloaded core-graphics v0.23.2
[INFO] [stderr]   Downloaded profiling v1.0.17
[INFO] [stderr]   Downloaded termcolor v1.4.1
[INFO] [stderr]   Downloaded cfg_aliases v0.1.1
[INFO] [stderr]   Downloaded wayland-protocols-wlr v0.3.10
[INFO] [stderr]   Downloaded rustc-hash v1.1.0
[INFO] [stderr]   Downloaded presser v0.3.1
[INFO] [stderr]   Downloaded document-features v0.2.12
[INFO] [stderr]   Downloaded litrs v1.0.0
[INFO] [stderr]   Downloaded wayland-scanner v0.31.8
[INFO] [stderr]   Downloaded wayland-protocols v0.32.10
[INFO] [stderr]   Downloaded objc2-ui-kit v0.3.2
[INFO] [stderr]   Downloaded jni v0.21.1
[INFO] [stderr]   Downloaded core-foundation v0.9.4
[INFO] [stderr]   Downloaded arrayvec v0.7.6
[INFO] [stderr]   Downloaded com_macros v0.6.0
[INFO] [stderr]   Downloaded libc v0.2.179
[INFO] [stderr]   Downloaded tokio v1.49.0
[INFO] [stderr]   Downloaded windows_i686_gnu v0.42.2
[INFO] [stderr]   Downloaded cesu8 v1.1.0
[INFO] [stderr]   Downloaded bit-set v0.6.0
[INFO] [stderr]   Downloaded windows_i686_gnullvm v0.53.1
[INFO] [stderr]   Downloaded windows_i686_gnu v0.53.1
[INFO] [stderr]   Downloaded tauri-runtime v2.9.2
[INFO] [stderr]   Downloaded gdkwayland-sys v0.18.2
[INFO] [stderr]   Downloaded dlopen2_derive v0.4.3
[INFO] [stderr]   Downloaded dispatch v0.2.0
[INFO] [stderr]   Downloaded wgpu-core v22.1.0
[INFO] [stderr]   Downloaded brotli v8.0.2
[INFO] [stderr]   Downloaded gdkx11 v0.18.2
[INFO] [stderr]   Downloaded dlopen2 v0.8.2
[INFO] [stderr]   Downloaded objc2-cloud-kit v0.2.2
[INFO] [stderr]   Downloaded codespan-reporting v0.11.1
[INFO] [stderr]   Downloaded pxfm v0.1.27
[INFO] [stderr]   Downloaded gdkx11-sys v0.18.2
[INFO] [stderr]   Downloaded bit-vec v0.7.0
[INFO] [stderr]   Downloaded gpu-descriptor v0.3.2
[INFO] [stderr]   Downloaded js-sys v0.3.83
[INFO] [stderr]   Downloaded ndk-context v0.1.1
[INFO] [stderr]   Downloaded hexf-parse v0.2.1
[INFO] [stderr]   Downloaded combine v4.6.7
[INFO] [stderr]   Downloaded x11 v2.21.0
[INFO] [stderr]   Downloaded xml-rs v0.8.28
[INFO] [stderr]   Downloaded tao v0.34.5
[INFO] [stderr]   Downloaded windows_x86_64_gnullvm v0.42.2
[INFO] [stderr]   Downloaded unicode-xid v0.2.6
[INFO] [stderr]   Downloaded cookie v0.18.1
[INFO] [stderr]   Downloaded gpu-allocator v0.26.0
[INFO] [stderr]   Downloaded windows_x86_64_gnu v0.42.2
[INFO] [stderr]   Downloaded windows_x86_64_msvc v0.42.2
[INFO] [stderr]   Downloaded windows-sys v0.60.2
[INFO] [stderr]   Downloaded windows_aarch64_gnullvm v0.42.2
[INFO] [stderr]   Downloaded slotmap v1.1.1
[INFO] [stderr]   Downloaded windows_i686_msvc v0.42.2
[INFO] [stderr]   Downloaded windows_aarch64_msvc v0.42.2
[INFO] [stderr]   Downloaded glutin_wgl_sys v0.6.1
[INFO] [stderr]   Downloaded gl_generator v0.14.0
[INFO] [stderr]   Downloaded metal v0.29.0
[INFO] [stderr]   Downloaded glow v0.13.1
[INFO] [stderr]   Downloaded uuid v1.19.0
[INFO] [stderr]   Downloaded khronos-egl v6.0.0
[INFO] [stderr]   Downloaded pin-project v1.1.10
[INFO] [stderr]   Downloaded objc2-contacts v0.2.2
[INFO] [stderr]   Downloaded downcast-rs v1.2.1
[INFO] [stderr]   Downloaded com v0.6.0
[INFO] [stderr]   Downloaded javascriptcore-rs v1.1.2
[INFO] [stderr]   Downloaded android-properties v0.2.2
[INFO] [stderr]   Downloaded gpu-descriptor-types v0.2.0
[INFO] [stderr]   Downloaded ash v0.38.0+1.3.281
[INFO] [stderr]   Downloaded sha2 v0.10.9
[INFO] [stderr]   Downloaded objc2-core-graphics v0.3.2
[INFO] [stderr]   Downloaded cursor-icon v1.2.0
[INFO] [stderr]   Downloaded khronos_api v3.1.0
[INFO] [stderr]   Downloaded wgpu-hal v22.0.0
[INFO] [stderr]   Downloaded com_macros_support v0.6.0
[INFO] [stderr]   Downloaded gpu-alloc v0.6.0
[INFO] [stderr]   Downloaded objc2-security v0.3.2
[INFO] [stderr]   Downloaded bumpalo v3.19.1
[INFO] [stderr]   Downloaded cocoa v0.25.0
[INFO] [stderr]   Downloaded windows-sys v0.45.0
[INFO] [stderr]   Downloaded hassle-rs v0.11.0
[INFO] [stderr]   Downloaded webview2-com-sys v0.38.0
[INFO] [stderr]   Downloaded windows v0.52.0
[INFO] [stderr]   Downloaded windows v0.61.3
[INFO] [stderr]   Downloaded hashbrown v0.12.3
[INFO] running `Command { std: "docker" "create" "-v" "/var/lib/crater-agent-workspace/builds/worker-1-tc1/source:/opt/rustwide/workdir:ro,Z" "-v" "/var/lib/crater-agent-workspace/builds/worker-1-tc1/target:/opt/rustwide/target:rw,Z" "-v" "/var/lib/crater-agent-workspace/cargo-home:/opt/rustwide/cargo-home:ro,Z" "-v" "/var/lib/crater-agent-workspace/rustup-home:/opt/rustwide/rustup-home:ro,Z" "-m" "1610612736" "--network" "none" "ghcr.io/rust-lang/crates-build-env/linux@sha256:3111399a4047eeb3a02b7a90e478d715f38a8c6669b5c4b49d30a17385265909" "sleep" "infinity", kill_on_drop: false }`
[INFO] [stdout] 256f46b1bca150a2cc0d8db050419a752dda7e5315005b428f7492e058c1ee68
[INFO] running `Command { std: "docker" "start" "256f46b1bca150a2cc0d8db050419a752dda7e5315005b428f7492e058c1ee68", kill_on_drop: false }`
[INFO] running `Command { std: "docker" "inspect" "256f46b1bca150a2cc0d8db050419a752dda7e5315005b428f7492e058c1ee68", kill_on_drop: false }`
[INFO] running `Command { std: "docker" "exec" "-e" "SOURCE_DIR=/opt/rustwide/workdir" "-e" "CARGO_HOME=/opt/rustwide/cargo-home" "-e" "RUSTUP_HOME=/opt/rustwide/rustup-home" "-e" "CARGO_TARGET_DIR=/opt/rustwide/target" "-w" "/opt/rustwide/workdir" "--user" "0:0" "256f46b1bca150a2cc0d8db050419a752dda7e5315005b428f7492e058c1ee68" "/opt/rustwide/cargo-home/bin/cargo" "+1.99.0-beta.8" "metadata" "--no-deps" "--format-version=1", kill_on_drop: false }`
[INFO] running `Command { std: "docker" "inspect" "256f46b1bca150a2cc0d8db050419a752dda7e5315005b428f7492e058c1ee68", kill_on_drop: false }`
[INFO] running `Command { std: "docker" "exec" "-e" "SOURCE_DIR=/opt/rustwide/workdir" "-e" "CARGO_HOME=/opt/rustwide/cargo-home" "-e" "RUSTUP_HOME=/opt/rustwide/rustup-home" "-e" "CARGO_TARGET_DIR=/opt/rustwide/target" "-e" "CARGO_INCREMENTAL=0" "-e" "RUST_BACKTRACE=full" "-e" "RUSTFLAGS=--cap-lints=warn" "-e" "RUSTDOCFLAGS=--cap-lints=warn" "-w" "/opt/rustwide/workdir" "--user" "0:0" "256f46b1bca150a2cc0d8db050419a752dda7e5315005b428f7492e058c1ee68" "/opt/rustwide/cargo-home/bin/cargo" "+1.99.0-beta.8" "build" "--frozen" "--message-format=json", kill_on_drop: false }`
[INFO] [stderr]    Compiling unicode-ident v1.0.22
[INFO] [stderr]    Compiling proc-macro2 v1.0.104
[INFO] [stderr]    Compiling quote v1.0.42
[INFO] [stderr]    Compiling wasm-bindgen-shared v0.2.106
[INFO] [stderr]    Compiling rustversion v1.0.22
[INFO] [stderr]    Compiling bumpalo v3.19.1
[INFO] [stderr]    Compiling cfg-if v1.0.4
[INFO] [stderr]    Compiling libc v0.2.179
[INFO] [stderr]    Compiling serde_core v1.0.228
[INFO] [stderr]    Compiling once_cell v1.21.3
[INFO] [stderr]    Compiling getrandom v0.3.4
[INFO] [stderr]    Compiling zmij v1.0.9
[INFO] [stderr]    Compiling serde v1.0.228
[INFO] [stderr]    Compiling serde_json v1.0.148
[INFO] [stderr]    Compiling memchr v2.7.6
[INFO] [stderr]    Compiling windjammer-ui v0.3.6 (/opt/rustwide/workdir)
[INFO] [stderr]    Compiling itoa v1.0.17
[INFO] [stderr]    Compiling smallvec v1.15.1
[INFO] [stderr]    Compiling urlencoding v2.1.3
[INFO] [stderr]    Compiling wasm-bindgen v0.2.106
[INFO] [stderr]    Compiling syn v2.0.112
[INFO] [stderr]    Compiling uuid v1.19.0
[INFO] [stderr]    Compiling wasm-bindgen-macro-support v0.2.106
[INFO] [stderr]    Compiling serde_derive v1.0.228
[INFO] [stderr]    Compiling windjammer-ui-macro v0.3.6
[INFO] [stderr]    Compiling wasm-bindgen-macro v0.2.106
[INFO] [stderr]    Compiling js-sys v0.3.83
[INFO] [stderr]    Compiling console_error_panic_hook v0.1.7
[INFO] [stderr]    Compiling web-sys v0.3.83
[INFO] [stderr]     Finished `dev` profile [unoptimized + debuginfo] target(s) in 38.71s
[INFO] running `Command { std: "docker" "inspect" "256f46b1bca150a2cc0d8db050419a752dda7e5315005b428f7492e058c1ee68", kill_on_drop: false }`
[INFO] running `Command { std: "docker" "exec" "-e" "SOURCE_DIR=/opt/rustwide/workdir" "-e" "CARGO_HOME=/opt/rustwide/cargo-home" "-e" "RUSTUP_HOME=/opt/rustwide/rustup-home" "-e" "CARGO_TARGET_DIR=/opt/rustwide/target" "-e" "CARGO_INCREMENTAL=0" "-e" "RUST_BACKTRACE=full" "-e" "RUSTFLAGS=--cap-lints=warn" "-e" "RUSTDOCFLAGS=--cap-lints=warn" "-w" "/opt/rustwide/workdir" "--user" "0:0" "256f46b1bca150a2cc0d8db050419a752dda7e5315005b428f7492e058c1ee68" "/opt/rustwide/cargo-home/bin/cargo" "+1.99.0-beta.8" "test" "--frozen" "--no-run" "--message-format=json", kill_on_drop: false }`
[INFO] [stderr]    Compiling serde_core v1.0.228
[INFO] [stderr]    Compiling libc v0.2.179
[INFO] [stderr]    Compiling serde v1.0.228
[INFO] [stderr]    Compiling once_cell v1.21.3
[INFO] [stderr]    Compiling crossbeam-utils v0.8.21
[INFO] [stderr]    Compiling zerocopy v0.8.31
[INFO] [stderr]    Compiling autocfg v1.5.0
[INFO] [stderr]    Compiling rayon-core v1.13.0
[INFO] [stderr]    Compiling either v1.15.0
[INFO] [stderr]    Compiling pin-project-lite v0.2.16
[INFO] [stderr]    Compiling clap_lex v0.7.6
[INFO] [stderr]    Compiling anstyle v1.0.13
[INFO] [stderr]    Compiling plotters-backend v0.3.7
[INFO] [stderr]    Compiling regex-syntax v0.8.8
[INFO] [stderr]    Compiling zerocopy-derive v0.8.31
[INFO] [stderr]    Compiling ciborium-io v0.2.2
[INFO] [stderr]    Compiling futures-core v0.3.31
[INFO] [stderr]    Compiling tokio v1.49.0
[INFO] [stderr]    Compiling async-stream-impl v0.3.6
[INFO] [stderr]    Compiling cast v0.3.0
[INFO] [stderr]    Compiling wasm-bindgen v0.2.106
[INFO] [stderr]    Compiling clap_builder v4.5.54
[INFO] [stderr]    Compiling itertools v0.10.5
[INFO] [stderr]    Compiling same-file v1.0.6
[INFO] [stderr]    Compiling oorandom v11.1.5
[INFO] [stderr]    Compiling plotters-svg v0.3.7
[INFO] [stderr]    Compiling walkdir v2.5.0
[INFO] [stderr]    Compiling anes v0.1.6
[INFO] [stderr]    Compiling bytes v1.11.0
[INFO] [stderr]    Compiling num-traits v0.2.19
[INFO] [stderr]    Compiling async-stream v0.3.6
[INFO] [stderr]    Compiling crossbeam-epoch v0.9.18
[INFO] [stderr]    Compiling crossbeam-deque v0.8.6
[INFO] [stderr]    Compiling js-sys v0.3.83
[INFO] [stderr]    Compiling console_error_panic_hook v0.1.7
[INFO] [stderr]    Compiling plotters v0.3.7
[INFO] [stderr]    Compiling regex-automata v0.4.13
[INFO] [stderr]    Compiling criterion-plot v0.5.0
[INFO] [stderr]    Compiling getrandom v0.3.4
[INFO] [stderr]    Compiling is-terminal v0.4.17
[INFO] [stderr]    Compiling rayon v1.11.0
[INFO] [stderr]    Compiling uuid v1.19.0
[INFO] [stderr]    Compiling clap v4.5.54
[INFO] [stderr]    Compiling tokio-stream v0.1.17
[INFO] [stderr]    Compiling tokio-test v0.4.4
[INFO] [stderr]    Compiling serde_json v1.0.148
[INFO] [stderr]    Compiling regex v1.12.2
[INFO] [stderr]    Compiling half v2.7.1
[INFO] [stderr]    Compiling ciborium-ll v0.2.2
[INFO] [stderr]    Compiling ciborium v0.2.2
[INFO] [stderr]    Compiling tinytemplate v1.2.1
[INFO] [stderr]    Compiling criterion v0.5.1
[INFO] [stderr]    Compiling web-sys v0.3.83
[INFO] [stderr]    Compiling windjammer-ui v0.3.6 (/opt/rustwide/workdir)
[INFO] [stderr]     Finished `test` profile [unoptimized + debuginfo] target(s) in 50.50s
[INFO] running `Command { std: "docker" "inspect" "256f46b1bca150a2cc0d8db050419a752dda7e5315005b428f7492e058c1ee68", kill_on_drop: false }`
[INFO] running `Command { std: "docker" "exec" "-e" "SOURCE_DIR=/opt/rustwide/workdir" "-e" "CARGO_HOME=/opt/rustwide/cargo-home" "-e" "RUSTUP_HOME=/opt/rustwide/rustup-home" "-e" "CARGO_TARGET_DIR=/opt/rustwide/target" "-e" "CARGO_INCREMENTAL=0" "-e" "RUST_BACKTRACE=full" "-e" "RUSTFLAGS=--cap-lints=warn" "-e" "RUSTDOCFLAGS=--cap-lints=warn" "-w" "/opt/rustwide/workdir" "--user" "0:0" "256f46b1bca150a2cc0d8db050419a752dda7e5315005b428f7492e058c1ee68" "/opt/rustwide/cargo-home/bin/cargo" "+1.99.0-beta.8" "test" "--frozen", kill_on_drop: false }`
[INFO] [stderr]     Finished `test` profile [unoptimized + debuginfo] target(s) in 0.36s
[INFO] [stderr]      Running unittests src/lib.rs (/opt/rustwide/target/debug/deps/windjammer_ui-daf11e4546b9602e)
[INFO] [stdout] 
[INFO] [stdout] running 86 tests
[INFO] [stdout] test app::tests::test_app_creation ... ok
[INFO] [stdout] test events::tests::test_event_context_prevent_default ... ok
[INFO] [stdout] test platform::desktop::tests::test_desktop_platform ... ok
[INFO] [stdout] test platform::tests::test_target_from_str ... ok
[INFO] [stdout] test platform::tests::test_is_mobile ... ok
[INFO] [stdout] test events::tests::test_fn_handler ... ok
[INFO] [stdout] test events::tests::test_event_display ... ok
[INFO] [stdout] test events::tests::test_modifiers_default ... ok
[INFO] [stdout] test events::tests::test_event_dispatcher_add_listener ... ok
[INFO] [stdout] test events::dispatcher::tests::test_event_registration ... ok
[INFO] [stdout] test reactivity::tests::test_computed ... ok
[INFO] [stdout] test events::tests::test_event_stop_propagation ... ok
[INFO] [stdout] test events::tests::test_event_propagation_bubbling ... ok
[INFO] [stdout] test events::dispatcher::tests::test_multiple_handlers ... ok
[INFO] [stdout] test reactivity::tests::test_effect_runs_immediately ... ok
[INFO] [stdout] test reactivity::tests::test_signal_basic ... ok
[INFO] [stdout] test events::dispatcher::tests::test_unknown_event ... ok
[INFO] [stdout] test events::tests::test_event_context_stop_propagation ... ok
[INFO] [stdout] test reactivity::tests::test_nested_effects ... ok
[INFO] [stdout] test reactivity::tests::test_signal_effect ... ok
[INFO] [stdout] test platform::web::tests::test_web_platform ... ok
[INFO] [stdout] test platform::tests::test_target_name ... ok
[INFO] [stdout] test reactivity::tests::test_untracked_read ... ok
[INFO] [stdout] test reactivity::tests::test_multiple_dependencies ... ok
[INFO] [stdout] test reactivity_optimized::tests::test_copy_signal ... ok
[INFO] [stdout] test reactivity_optimized::tests::test_effect ... ok
[INFO] [stdout] test reactivity_tests::tests::test_effect_runs_on_signal_change ... ok
[INFO] [stdout] test reactivity_tests::tests::test_effect_persistence ... ok
[INFO] [stdout] test reactivity_tests::tests::test_effect_with_multiple_signals ... ok
[INFO] [stdout] test reactivity_tests::tests::test_nested_computed ... ok
[INFO] [stdout] test reactivity_tests::tests::test_signal_creation ... ok
[INFO] [stdout] test reactivity_tests::tests::test_signal_update ... ok
[INFO] [stdout] test renderer::tests::test_desktop_renderer_creation ... ok
[INFO] [stdout] test renderer::tests::test_desktop_renderer_render ... ok
[INFO] [stdout] test renderer::tests::test_mobile_renderer_creation ... ok
[INFO] [stdout] test component::tests::test_component_render ... ok
[INFO] [stdout] test routing::tests::test_file_to_route_dynamic ... ok
[INFO] [stdout] test routing::tests::test_file_to_route_index ... ok
[INFO] [stdout] test reactivity_tests::tests::test_string_signal ... ok
[INFO] [stdout] test renderer::tests::test_web_renderer_render ... ok
[INFO] [stdout] test routing::tests::test_file_to_route_static ... ok
[INFO] [stdout] test routing::tests::test_file_to_route_catchall ... ok
[INFO] [stdout] test reactivity_tests::tests::test_signal_set ... ok
[INFO] [stdout] test routing::tests::test_route_matches_multiple_params ... ok
[INFO] [stdout] test reactivity_tests::tests::test_multiple_signals ... ok
[INFO] [stdout] test reactivity_optimized::tests::test_batched_updates ... ok
[INFO] [stdout] test routing::tests::test_route_matches_dynamic ... ok
[INFO] [stdout] test reactivity_tests::tests::test_signal_clone ... ok
[INFO] [stdout] test reactivity_tests::tests::test_computed_with_computation ... ok
[INFO] [stdout] test routing::tests::test_route_matches_static ... ok
[INFO] [stdout] test routing::tests::test_router_back ... ok
[INFO] [stdout] test routing::tests::test_router_navigate ... ok
[INFO] [stdout] test routing::tests::test_router_params ... ok
[INFO] [stdout] test reactivity_optimized::tests::test_signal_basic ... ok
[INFO] [stdout] test routing::tests::test_router_query ... ok
[INFO] [stdout] test reactivity_optimized::tests::test_smallvec_optimization ... ok
[INFO] [stdout] test reactivity_tests::tests::test_computed ... ok
[INFO] [stdout] test runtime::tests::test_event_registration ... ok
[INFO] [stdout] test ssr::tests::test_attribute_escaping ... ok
[INFO] [stdout] test reactivity_tests::tests::test_bool_signal ... ok
[INFO] [stdout] test routing::tests::test_route_guard_not_authenticated ... ok
[INFO] [stdout] test routing::tests::test_route_guard_authenticated ... ok
[INFO] [stdout] test ssr::tests::test_hydration_state ... ok
[INFO] [stdout] test ssr::tests::test_ssr_document_generation ... ok
[INFO] [stdout] test ssr::tests::test_ssr_escape_html ... ok
[INFO] [stdout] test ssr::tests::test_ssr_nested_elements ... ok
[INFO] [stdout] test ssr::tests::test_ssr_render_simple_element ... ok
[INFO] [stdout] test ssr::tests::test_ssr_render_void_element ... ok
[INFO] [stdout] test ssr::tests::test_ssr_render_with_attributes ... ok
[INFO] [stdout] test ssr::tests::test_streaming_ssr ... ok
[INFO] [stdout] test tests::test_prelude_imports ... ok
[INFO] [stdout] test vdom::tests::test_diff_text_update ... ok
[INFO] [stdout] test vdom::tests::test_velement_creation ... ok
[INFO] [stdout] test vdom::tests::test_vtext_creation ... ok
[INFO] [stdout] test vnode_ffi::tests::test_add_child ... ok
[INFO] [stdout] test vnode_ffi::tests::test_add_class ... ok
[INFO] [stdout] test simple_renderer::tests::test_render_text ... ok
[INFO] [stdout] test vnode_ffi::tests::test_convenience_builders ... ok
[INFO] [stdout] test vnode_ffi::tests::test_create_element ... ok
[INFO] [stdout] test vnode_ffi::tests::test_create_text ... ok
[INFO] [stdout] test renderer::tests::test_mobile_renderer_render ... ok
[INFO] [stdout] test runtime::tests::test_runtime_creation ... ok
[INFO] [stdout] test renderer::tests::test_web_renderer_creation ... ok
[INFO] [stdout] test simple_renderer::tests::test_render_component ... ok
[INFO] [stdout] test simple_renderer::tests::test_render_element ... ok
[INFO] [stderr]      Running unittests src/bin/counter_wasm.rs (/opt/rustwide/target/debug/deps/counter_wasm-6c3f9698be884686)
[INFO] [stdout] test vdom::tests::test_diff_no_change ... ok
[INFO] [stdout] 
[INFO] [stdout] test result: ok. 86 passed; 0 failed; 0 ignored; 0 measured; 0 filtered out; finished in 0.02s
[INFO] [stdout] 
[INFO] [stderr]      Running unittests src/bin/serve_wasm.rs (/opt/rustwide/target/debug/deps/serve_wasm-91a58b7387ad9325)
[INFO] [stdout] 
[INFO] [stdout] running 0 tests
[INFO] [stdout] 
[INFO] [stdout] test result: ok. 0 passed; 0 failed; 0 ignored; 0 measured; 0 filtered out; finished in 0.00s
[INFO] [stdout] 
[INFO] [stdout] 
[INFO] [stderr]      Running tests/cross_file_trait_test.rs (/opt/rustwide/target/debug/deps/cross_file_trait_test-673e7e1151c81228)
[INFO] [stdout] running 0 tests
[INFO] [stdout] 
[INFO] [stdout] test result: ok. 0 passed; 0 failed; 0 ignored; 0 measured; 0 filtered out; finished in 0.00s
[INFO] [stdout] 
[INFO] [stdout] 
[INFO] [stdout] running 1 test
[INFO] [stdout] test test_cross_file_trait_resolution_compiles ... ok
[INFO] [stderr]      Running tests/examples_integration_test.rs (/opt/rustwide/target/debug/deps/examples_integration_test-8ad56b2ecd41641a)
[INFO] [stdout] 
[INFO] [stdout] test result: ok. 1 passed; 0 failed; 0 ignored; 0 measured; 0 filtered out; finished in 0.00s
[INFO] [stdout] 
[INFO] [stdout] 
[INFO] [stdout] running 6 tests
[INFO] [stdout] test test_examples_have_html_wrappers ... ok
[INFO] [stdout] test test_dashboard_example_compiles ... FAILED
[INFO] [stdout] test test_contact_form_example_compiles ... FAILED
[INFO] [stdout] test test_counter_example_compiles ... FAILED
[INFO] [stdout] test test_all_examples_exist ... FAILED
[INFO] [stdout] test test_todo_app_example_compiles ... FAILED
[INFO] [stdout] 
[INFO] [stdout] failures:
[INFO] [stdout] 
[INFO] [stdout] ---- test_dashboard_example_compiles stdout ----
[INFO] [stdout] 
[INFO] [stdout] thread 'test_dashboard_example_compiles' (2146) panicked at tests/examples_integration_test.rs:77:5:
[INFO] [stdout] Dashboard example doesn't exist at "examples_wj/dashboard.wj"
[INFO] [stdout] stack backtrace:
[INFO] [stdout]    0:     0x571051c13e11 - std[70759c8f55707aa4]::backtrace_rs::backtrace::libunwind::trace
[INFO] [stdout]                                at /rustc/dfb0accb7f508ae8be965d8629557221c889dd98/library/std/src/../../backtrace/src/backtrace/libunwind.rs:117:9
[INFO] [stdout]    1:     0x571051c13e11 - std[70759c8f55707aa4]::backtrace_rs::backtrace::trace_unsynchronized::<std[70759c8f55707aa4]::sys::backtrace::_print_fmt::{closure#1}>
[INFO] [stdout]                                at /rustc/dfb0accb7f508ae8be965d8629557221c889dd98/library/std/src/../../backtrace/src/backtrace/mod.rs:66:14
[INFO] [stdout]    2:     0x571051c13e11 - std[70759c8f55707aa4]::sys::backtrace::_print_fmt
[INFO] [stdout]                                at /rustc/dfb0accb7f508ae8be965d8629557221c889dd98/library/std/src/sys/backtrace.rs:74:9
[INFO] [stdout]    3:     0x571051c13e11 - <<std[70759c8f55707aa4]::sys::backtrace::BacktraceLock>::print::DisplayBacktrace as core[df12db4294e9bfd3]::fmt::Display>::fmt
[INFO] [stdout]                                at /rustc/dfb0accb7f508ae8be965d8629557221c889dd98/library/std/src/sys/backtrace.rs:44:26
[INFO] [stdout]    4:     0x571051c2802a - <core[df12db4294e9bfd3]::fmt::rt::Argument>::fmt
[INFO] [stdout]                                at /rustc/dfb0accb7f508ae8be965d8629557221c889dd98/library/core/src/fmt/rt.rs:152:76
[INFO] [stdout]    5:     0x571051c2802a - core[df12db4294e9bfd3]::fmt::write
[INFO] [stdout]    6:     0x571051c182ac - core[df12db4294e9bfd3]::io::write::default_write_fmt::<alloc[2182bb758b4b3781]::vec::Vec<u8>>
[INFO] [stdout]                                at /rustc/dfb0accb7f508ae8be965d8629557221c889dd98/library/core/src/io/write.rs:402:11
[INFO] [stdout]    7:     0x571051c182ac - <alloc[2182bb758b4b3781]::vec::Vec<u8> as core[df12db4294e9bfd3]::io::write::Write>::write_fmt
[INFO] [stdout]                                at /rustc/dfb0accb7f508ae8be965d8629557221c889dd98/library/core/src/io/write.rs:335:13
[INFO] [stdout]    8:     0x571051bf0306 - <std[70759c8f55707aa4]::sys::backtrace::BacktraceLock>::print
[INFO] [stdout]                                at /rustc/dfb0accb7f508ae8be965d8629557221c889dd98/library/std/src/sys/backtrace.rs:47:9
[INFO] [stdout]    9:     0x571051bf0306 - std[70759c8f55707aa4]::panicking::default_hook::{closure#0}
[INFO] [stdout]                                at /rustc/dfb0accb7f508ae8be965d8629557221c889dd98/library/std/src/panicking.rs:292:27
[INFO] [stdout]   10:     0x571051c0c579 - std[70759c8f55707aa4]::panicking::default_hook
[INFO] [stdout]                                at /rustc/dfb0accb7f508ae8be965d8629557221c889dd98/library/std/src/panicking.rs:316:9
[INFO] [stdout]   11:     0x571051ba8900 - <alloc[2182bb758b4b3781]::boxed::Box<dyn for<'a, 'b> core[df12db4294e9bfd3]::ops::function::Fn<(&'a std[70759c8f55707aa4]::panic::PanicHookInfo<'b>,), Output = ()> + core[df12db4294e9bfd3]::marker::Send + core[df12db4294e9bfd3]::marker::Sync> as core[df12db4294e9bfd3]::ops::function::Fn<(&std[70759c8f55707aa4]::panic::PanicHookInfo,)>>::call
[INFO] [stdout]                                at /rustc/dfb0accb7f508ae8be965d8629557221c889dd98/library/alloc/src/boxed.rs:2334:9
[INFO] [stdout]   12:     0x571051ba8900 - test[9d35eded1c95d3be]::test_main_inner::<test[9d35eded1c95d3be]::test_main_static::{closure#0}>::{closure#0}
[INFO] [stdout]                                at /rustc/dfb0accb7f508ae8be965d8629557221c889dd98/library/test/src/lib.rs:155:21
[INFO] [stdout]   13:     0x571051c0c732 - <alloc[2182bb758b4b3781]::boxed::Box<dyn for<'a, 'b> core[df12db4294e9bfd3]::ops::function::Fn<(&'a std[70759c8f55707aa4]::panic::PanicHookInfo<'b>,), Output = ()> + core[df12db4294e9bfd3]::marker::Send + core[df12db4294e9bfd3]::marker::Sync> as core[df12db4294e9bfd3]::ops::function::Fn<(&std[70759c8f55707aa4]::panic::PanicHookInfo,)>>::call
[INFO] [stdout]                                at /rustc/dfb0accb7f508ae8be965d8629557221c889dd98/library/alloc/src/boxed.rs:2334:9
[INFO] [stdout]   14:     0x571051c0c732 - std[70759c8f55707aa4]::panicking::panic_with_hook
[INFO] [stdout]                                at /rustc/dfb0accb7f508ae8be965d8629557221c889dd98/library/std/src/panicking.rs:823:13
[INFO] [stdout]   15:     0x571051bf03b2 - std[70759c8f55707aa4]::panicking::panic_handler::{closure#0}
[INFO] [stdout]                                at /rustc/dfb0accb7f508ae8be965d8629557221c889dd98/library/std/src/panicking.rs:688:13
[INFO] [stdout]   16:     0x571051be9139 - std[70759c8f55707aa4]::sys::backtrace::__rust_end_short_backtrace::<std[70759c8f55707aa4]::panicking::panic_handler::{closure#0}, !>
[INFO] [stdout]                                at /rustc/dfb0accb7f508ae8be965d8629557221c889dd98/library/std/src/sys/backtrace.rs:182:18
[INFO] [stdout]   17:     0x571051bf0fad - __rustc[8fa7c3cbc660c2b3]::rust_begin_unwind
[INFO] [stdout]                                at /rustc/dfb0accb7f508ae8be965d8629557221c889dd98/library/std/src/panicking.rs:679:5
[INFO] [stdout]   18:     0x571051c287bc - core[df12db4294e9bfd3]::panicking::panic_fmt
[INFO] [stdout]                                at /rustc/dfb0accb7f508ae8be965d8629557221c889dd98/library/core/src/panicking.rs:80:14
[INFO] [stdout]   19:     0x571051b97383 - examples_integration_test[7977936cea28b484]::test_dashboard_example_compiles
[INFO] [stdout]                                at /opt/rustwide/workdir/tests/examples_integration_test.rs:77:5
[INFO] [stdout]   20:     0x571051b96667 - examples_integration_test[7977936cea28b484]::test_dashboard_example_compiles::{closure#0}
[INFO] [stdout]                                at /opt/rustwide/workdir/tests/examples_integration_test.rs:75:37
[INFO] [stdout]   21:     0x571051b9b8c6 - <examples_integration_test[7977936cea28b484]::test_dashboard_example_compiles::{closure#0} as core[df12db4294e9bfd3]::ops::function::FnOnce<()>>::call_once
[INFO] [stdout]                                at /rustc/dfb0accb7f508ae8be965d8629557221c889dd98/library/core/src/ops/function.rs:250:5
[INFO] [stdout]   22:     0x571051b9bbeb - <fn() -> core[df12db4294e9bfd3]::result::Result<(), alloc[2182bb758b4b3781]::string::String> as core[df12db4294e9bfd3]::ops::function::FnOnce<()>>::call_once
[INFO] [stdout]                                at /rustc/dfb0accb7f508ae8be965d8629557221c889dd98/library/core/src/ops/function.rs:250:5
[INFO] [stdout]   23:     0x571051b9bbeb - test[9d35eded1c95d3be]::__rust_begin_short_backtrace::<core[df12db4294e9bfd3]::result::Result<(), alloc[2182bb758b4b3781]::string::String>, fn() -> core[df12db4294e9bfd3]::result::Result<(), alloc[2182bb758b4b3781]::string::String>>
[INFO] [stdout]                                at /rustc/dfb0accb7f508ae8be965d8629557221c889dd98/library/test/src/lib.rs:733:18
[INFO] [stdout]   24:     0x571051ba9255 - test[9d35eded1c95d3be]::run_test_in_process::{closure#0}
[INFO] [stdout]                                at /rustc/dfb0accb7f508ae8be965d8629557221c889dd98/library/test/src/lib.rs:756:74
[INFO] [stdout]   25:     0x571051ba9255 - <core[df12db4294e9bfd3]::panic::unwind_safe::AssertUnwindSafe<test[9d35eded1c95d3be]::run_test_in_process::{closure#0}> as core[df12db4294e9bfd3]::ops::function::FnOnce<()>>::call_once
[INFO] [stdout]                                at /rustc/dfb0accb7f508ae8be965d8629557221c889dd98/library/core/src/panic/unwind_safe.rs:275:9
[INFO] [stdout]   26:     0x571051ba9255 - std[70759c8f55707aa4]::panicking::catch_unwind::do_call::<core[df12db4294e9bfd3]::panic::unwind_safe::AssertUnwindSafe<test[9d35eded1c95d3be]::run_test_in_process::{closure#0}>, core[df12db4294e9bfd3]::result::Result<(), alloc[2182bb758b4b3781]::string::String>>
[INFO] [stdout]                                at /rustc/dfb0accb7f508ae8be965d8629557221c889dd98/library/std/src/panicking.rs:576:43
[INFO] [stdout]   27:     0x571051ba9255 - std[70759c8f55707aa4]::panicking::catch_unwind::<core[df12db4294e9bfd3]::result::Result<(), alloc[2182bb758b4b3781]::string::String>, core[df12db4294e9bfd3]::panic::unwind_safe::AssertUnwindSafe<test[9d35eded1c95d3be]::run_test_in_process::{closure#0}>>
[INFO] [stdout]                                at /rustc/dfb0accb7f508ae8be965d8629557221c889dd98/library/std/src/panicking.rs:544:19
[INFO] [stdout]   28:     0x571051ba9255 - std[70759c8f55707aa4]::panic::catch_unwind::<core[df12db4294e9bfd3]::panic::unwind_safe::AssertUnwindSafe<test[9d35eded1c95d3be]::run_test_in_process::{closure#0}>, core[df12db4294e9bfd3]::result::Result<(), alloc[2182bb758b4b3781]::string::String>>
[INFO] [stdout]                                at /rustc/dfb0accb7f508ae8be965d8629557221c889dd98/library/std/src/panic.rs:359:14
[INFO] [stdout]   29:     0x571051ba9255 - test[9d35eded1c95d3be]::run_test_in_process
[INFO] [stdout]                                at /rustc/dfb0accb7f508ae8be965d8629557221c889dd98/library/test/src/lib.rs:756:27
[INFO] [stdout]   30:     0x571051ba9255 - test[9d35eded1c95d3be]::run_test::{closure#0}
[INFO] [stdout]                                at /rustc/dfb0accb7f508ae8be965d8629557221c889dd98/library/test/src/lib.rs:677:43
[INFO] [stdout]   31:     0x571051ba2b14 - test[9d35eded1c95d3be]::run_test::{closure#1}
[INFO] [stdout]                                at /rustc/dfb0accb7f508ae8be965d8629557221c889dd98/library/test/src/lib.rs:707:41
[INFO] [stdout]   32:     0x571051ba2b14 - std[70759c8f55707aa4]::sys::backtrace::__rust_begin_short_backtrace::<test[9d35eded1c95d3be]::run_test::{closure#1}, ()>
[INFO] [stdout]                                at /rustc/dfb0accb7f508ae8be965d8629557221c889dd98/library/std/src/sys/backtrace.rs:166:18
[INFO] [stdout]   33:     0x571051bac3b2 - std[70759c8f55707aa4]::thread::lifecycle::spawn_unchecked::<test[9d35eded1c95d3be]::run_test::{closure#1}, ()>::{closure#1}::{closure#0}
[INFO] [stdout]                                at /rustc/dfb0accb7f508ae8be965d8629557221c889dd98/library/std/src/thread/lifecycle.rs:70:13
[INFO] [stdout]   34:     0x571051bac3b2 - <core[df12db4294e9bfd3]::panic::unwind_safe::AssertUnwindSafe<std[70759c8f55707aa4]::thread::lifecycle::spawn_unchecked<test[9d35eded1c95d3be]::run_test::{closure#1}, ()>::{closure#1}::{closure#0}> as core[df12db4294e9bfd3]::ops::function::FnOnce<()>>::call_once
[INFO] [stdout]                                at /rustc/dfb0accb7f508ae8be965d8629557221c889dd98/library/core/src/panic/unwind_safe.rs:275:9
[INFO] [stdout]   35:     0x571051bac3b2 - std[70759c8f55707aa4]::panicking::catch_unwind::do_call::<core[df12db4294e9bfd3]::panic::unwind_safe::AssertUnwindSafe<std[70759c8f55707aa4]::thread::lifecycle::spawn_unchecked<test[9d35eded1c95d3be]::run_test::{closure#1}, ()>::{closure#1}::{closure#0}>, ()>
[INFO] [stdout]                                at /rustc/dfb0accb7f508ae8be965d8629557221c889dd98/library/std/src/panicking.rs:576:43
[INFO] [stdout]   36:     0x571051bac3b2 - std[70759c8f55707aa4]::panicking::catch_unwind::<(), core[df12db4294e9bfd3]::panic::unwind_safe::AssertUnwindSafe<std[70759c8f55707aa4]::thread::lifecycle::spawn_unchecked<test[9d35eded1c95d3be]::run_test::{closure#1}, ()>::{closure#1}::{closure#0}>>
[INFO] [stdout]                                at /rustc/dfb0accb7f508ae8be965d8629557221c889dd98/library/std/src/panicking.rs:544:19
[INFO] [stdout]   37:     0x571051bac3b2 - std[70759c8f55707aa4]::panic::catch_unwind::<core[df12db4294e9bfd3]::panic::unwind_safe::AssertUnwindSafe<std[70759c8f55707aa4]::thread::lifecycle::spawn_unchecked<test[9d35eded1c95d3be]::run_test::{closure#1}, ()>::{closure#1}::{closure#0}>, ()>
[INFO] [stdout]                                at /rustc/dfb0accb7f508ae8be965d8629557221c889dd98/library/std/src/panic.rs:359:14
[INFO] [stdout]   38:     0x571051bac3b2 - std[70759c8f55707aa4]::thread::lifecycle::spawn_unchecked::<test[9d35eded1c95d3be]::run_test::{closure#1}, ()>::{closure#1}
[INFO] [stdout]                                at /rustc/dfb0accb7f508ae8be965d8629557221c889dd98/library/std/src/thread/lifecycle.rs:68:26
[INFO] [stdout]   39:     0x571051bac3b2 - <std[70759c8f55707aa4]::thread::lifecycle::spawn_unchecked<test[9d35eded1c95d3be]::run_test::{closure#1}, ()>::{closure#1} as core[df12db4294e9bfd3]::ops::function::FnOnce<()>>::call_once::{shim:vtable#0}
[INFO] [stdout]                                at /rustc/dfb0accb7f508ae8be965d8629557221c889dd98/library/core/src/ops/function.rs:250:5
[INFO] [stdout]   40:     0x571051c136e9 - <alloc[2182bb758b4b3781]::boxed::Box<dyn core[df12db4294e9bfd3]::ops::function::FnOnce<(), Output = ()> + core[df12db4294e9bfd3]::marker::Send> as core[df12db4294e9bfd3]::ops::function::FnOnce<()>>::call_once
[INFO] [stdout]                                at /rustc/dfb0accb7f508ae8be965d8629557221c889dd98/library/alloc/src/boxed.rs:2320:9
[INFO] [stdout]   41:     0x571051c136e9 - <std[70759c8f55707aa4]::sys::thread::unix::Thread>::new::thread_start
[INFO] [stdout]                                at /rustc/dfb0accb7f508ae8be965d8629557221c889dd98/library/std/src/sys/thread/unix.rs:123:17
[INFO] [stdout]   42:     0x7b356d5a6dfa - <unknown>
[INFO] [stdout]   43:     0x7b356d63a3d4 - clone
[INFO] [stdout]   44:                0x0 - <unknown>
[INFO] [stdout] 
[INFO] [stdout] ---- test_contact_form_example_compiles stdout ----
[INFO] [stdout] 
[INFO] [stdout] thread 'test_contact_form_example_compiles' (2144) panicked at tests/examples_integration_test.rs:65:5:
[INFO] [stdout] Contact form example doesn't exist at "examples_wj/contact_form.wj"
[INFO] [stdout] stack backtrace:
[INFO] [stdout]    0:     0x571051c13e11 - std[70759c8f55707aa4]::backtrace_rs::backtrace::libunwind::trace
[INFO] [stdout]                                at /rustc/dfb0accb7f508ae8be965d8629557221c889dd98/library/std/src/../../backtrace/src/backtrace/libunwind.rs:117:9
[INFO] [stdout]    1:     0x571051c13e11 - std[70759c8f55707aa4]::backtrace_rs::backtrace::trace_unsynchronized::<std[70759c8f55707aa4]::sys::backtrace::_print_fmt::{closure#1}>
[INFO] [stdout]                                at /rustc/dfb0accb7f508ae8be965d8629557221c889dd98/library/std/src/../../backtrace/src/backtrace/mod.rs:66:14
[INFO] [stdout]    2:     0x571051c13e11 - std[70759c8f55707aa4]::sys::backtrace::_print_fmt
[INFO] [stdout]                                at /rustc/dfb0accb7f508ae8be965d8629557221c889dd98/library/std/src/sys/backtrace.rs:74:9
[INFO] [stdout]    3:     0x571051c13e11 - <<std[70759c8f55707aa4]::sys::backtrace::BacktraceLock>::print::DisplayBacktrace as core[df12db4294e9bfd3]::fmt::Display>::fmt
[INFO] [stdout]                                at /rustc/dfb0accb7f508ae8be965d8629557221c889dd98/library/std/src/sys/backtrace.rs:44:26
[INFO] [stdout]    4:     0x571051c2802a - <core[df12db4294e9bfd3]::fmt::rt::Argument>::fmt
[INFO] [stdout]                                at /rustc/dfb0accb7f508ae8be965d8629557221c889dd98/library/core/src/fmt/rt.rs:152:76
[INFO] [stdout]    5:     0x571051c2802a - core[df12db4294e9bfd3]::fmt::write
[INFO] [stdout]    6:     0x571051c182ac - core[df12db4294e9bfd3]::io::write::default_write_fmt::<alloc[2182bb758b4b3781]::vec::Vec<u8>>
[INFO] [stdout]                                at /rustc/dfb0accb7f508ae8be965d8629557221c889dd98/library/core/src/io/write.rs:402:11
[INFO] [stdout]    7:     0x571051c182ac - <alloc[2182bb758b4b3781]::vec::Vec<u8> as core[df12db4294e9bfd3]::io::write::Write>::write_fmt
[INFO] [stdout]                                at /rustc/dfb0accb7f508ae8be965d8629557221c889dd98/library/core/src/io/write.rs:335:13
[INFO] [stdout]    8:     0x571051bf0306 - <std[70759c8f55707aa4]::sys::backtrace::BacktraceLock>::print
[INFO] [stdout]                                at /rustc/dfb0accb7f508ae8be965d8629557221c889dd98/library/std/src/sys/backtrace.rs:47:9
[INFO] [stdout]    9:     0x571051bf0306 - std[70759c8f55707aa4]::panicking::default_hook::{closure#0}
[INFO] [stdout]                                at /rustc/dfb0accb7f508ae8be965d8629557221c889dd98/library/std/src/panicking.rs:292:27
[INFO] [stdout]   10:     0x571051c0c579 - std[70759c8f55707aa4]::panicking::default_hook
[INFO] [stdout]                                at /rustc/dfb0accb7f508ae8be965d8629557221c889dd98/library/std/src/panicking.rs:316:9
[INFO] [stdout]   11:     0x571051ba8900 - <alloc[2182bb758b4b3781]::boxed::Box<dyn for<'a, 'b> core[df12db4294e9bfd3]::ops::function::Fn<(&'a std[70759c8f55707aa4]::panic::PanicHookInfo<'b>,), Output = ()> + core[df12db4294e9bfd3]::marker::Send + core[df12db4294e9bfd3]::marker::Sync> as core[df12db4294e9bfd3]::ops::function::Fn<(&std[70759c8f55707aa4]::panic::PanicHookInfo,)>>::call
[INFO] [stdout]                                at /rustc/dfb0accb7f508ae8be965d8629557221c889dd98/library/alloc/src/boxed.rs:2334:9
[INFO] [stdout]   12:     0x571051ba8900 - test[9d35eded1c95d3be]::test_main_inner::<test[9d35eded1c95d3be]::test_main_static::{closure#0}>::{closure#0}
[INFO] [stdout]                                at /rustc/dfb0accb7f508ae8be965d8629557221c889dd98/library/test/src/lib.rs:155:21
[INFO] [stdout]   13:     0x571051c0c732 - <alloc[2182bb758b4b3781]::boxed::Box<dyn for<'a, 'b> core[df12db4294e9bfd3]::ops::function::Fn<(&'a std[70759c8f55707aa4]::panic::PanicHookInfo<'b>,), Output = ()> + core[df12db4294e9bfd3]::marker::Send + core[df12db4294e9bfd3]::marker::Sync> as core[df12db4294e9bfd3]::ops::function::Fn<(&std[70759c8f55707aa4]::panic::PanicHookInfo,)>>::call
[INFO] [stdout]                                at /rustc/dfb0accb7f508ae8be965d8629557221c889dd98/library/alloc/src/boxed.rs:2334:9
[INFO] [stdout]   14:     0x571051c0c732 - std[70759c8f55707aa4]::panicking::panic_with_hook
[INFO] [stdout]                                at /rustc/dfb0accb7f508ae8be965d8629557221c889dd98/library/std/src/panicking.rs:823:13
[INFO] [stdout]   15:     0x571051bf03b2 - std[70759c8f55707aa4]::panicking::panic_handler::{closure#0}
[INFO] [stdout]                                at /rustc/dfb0accb7f508ae8be965d8629557221c889dd98/library/std/src/panicking.rs:688:13
[INFO] [stdout]   16:     0x571051be9139 - std[70759c8f55707aa4]::sys::backtrace::__rust_end_short_backtrace::<std[70759c8f55707aa4]::panicking::panic_handler::{closure#0}, !>
[INFO] [stdout]                                at /rustc/dfb0accb7f508ae8be965d8629557221c889dd98/library/std/src/sys/backtrace.rs:182:18
[INFO] [stdout]   17:     0x571051bf0fad - __rustc[8fa7c3cbc660c2b3]::rust_begin_unwind
[INFO] [stdout]                                at /rustc/dfb0accb7f508ae8be965d8629557221c889dd98/library/std/src/panicking.rs:679:5
[INFO] [stdout]   18:     0x571051c287bc - core[df12db4294e9bfd3]::panicking::panic_fmt
[INFO] [stdout]                                at /rustc/dfb0accb7f508ae8be965d8629557221c889dd98/library/core/src/panicking.rs:80:14
[INFO] [stdout]   19:     0x571051b979c3 - examples_integration_test[7977936cea28b484]::test_contact_form_example_compiles
[INFO] [stdout]                                at /opt/rustwide/workdir/tests/examples_integration_test.rs:65:5
[INFO] [stdout]   20:     0x571051b966c7 - examples_integration_test[7977936cea28b484]::test_contact_form_example_compiles::{closure#0}
[INFO] [stdout]                                at /opt/rustwide/workdir/tests/examples_integration_test.rs:63:40
[INFO] [stdout]   21:     0x571051b9b906 - <examples_integration_test[7977936cea28b484]::test_contact_form_example_compiles::{closure#0} as core[df12db4294e9bfd3]::ops::function::FnOnce<()>>::call_once
[INFO] [stdout]                                at /rustc/dfb0accb7f508ae8be965d8629557221c889dd98/library/core/src/ops/function.rs:250:5
[INFO] [stdout]   22:     0x571051b9bbeb - <fn() -> core[df12db4294e9bfd3]::result::Result<(), alloc[2182bb758b4b3781]::string::String> as core[df12db4294e9bfd3]::ops::function::FnOnce<()>>::call_once
[INFO] [stdout]                                at /rustc/dfb0accb7f508ae8be965d8629557221c889dd98/library/core/src/ops/function.rs:250:5
[INFO] [stdout]   23:     0x571051b9bbeb - test[9d35eded1c95d3be]::__rust_begin_short_backtrace::<core[df12db4294e9bfd3]::result::Result<(), alloc[2182bb758b4b3781]::string::String>, fn() -> core[df12db4294e9bfd3]::result::Result<(), alloc[2182bb758b4b3781]::string::String>>
[INFO] [stdout]                                at /rustc/dfb0accb7f508ae8be965d8629557221c889dd98/library/test/src/lib.rs:733:18
[INFO] [stdout]   24:     0x571051ba9255 - test[9d35eded1c95d3be]::run_test_in_process::{closure#0}
[INFO] [stdout]                                at /rustc/dfb0accb7f508ae8be965d8629557221c889dd98/library/test/src/lib.rs:756:74
[INFO] [stdout]   25:     0x571051ba9255 - <core[df12db4294e9bfd3]::panic::unwind_safe::AssertUnwindSafe<test[9d35eded1c95d3be]::run_test_in_process::{closure#0}> as core[df12db4294e9bfd3]::ops::function::FnOnce<()>>::call_once
[INFO] [stdout]                                at /rustc/dfb0accb7f508ae8be965d8629557221c889dd98/library/core/src/panic/unwind_safe.rs:275:9
[INFO] [stdout]   26:     0x571051ba9255 - std[70759c8f55707aa4]::panicking::catch_unwind::do_call::<core[df12db4294e9bfd3]::panic::unwind_safe::AssertUnwindSafe<test[9d35eded1c95d3be]::run_test_in_process::{closure#0}>, core[df12db4294e9bfd3]::result::Result<(), alloc[2182bb758b4b3781]::string::String>>
[INFO] [stdout]                                at /rustc/dfb0accb7f508ae8be965d8629557221c889dd98/library/std/src/panicking.rs:576:43
[INFO] [stdout]   27:     0x571051ba9255 - std[70759c8f55707aa4]::panicking::catch_unwind::<core[df12db4294e9bfd3]::result::Result<(), alloc[2182bb758b4b3781]::string::String>, core[df12db4294e9bfd3]::panic::unwind_safe::AssertUnwindSafe<test[9d35eded1c95d3be]::run_test_in_process::{closure#0}>>
[INFO] [stdout]                                at /rustc/dfb0accb7f508ae8be965d8629557221c889dd98/library/std/src/panicking.rs:544:19
[INFO] [stdout]   28:     0x571051ba9255 - std[70759c8f55707aa4]::panic::catch_unwind::<core[df12db4294e9bfd3]::panic::unwind_safe::AssertUnwindSafe<test[9d35eded1c95d3be]::run_test_in_process::{closure#0}>, core[df12db4294e9bfd3]::result::Result<(), alloc[2182bb758b4b3781]::string::String>>
[INFO] [stdout]                                at /rustc/dfb0accb7f508ae8be965d8629557221c889dd98/library/std/src/panic.rs:359:14
[INFO] [stdout]   29:     0x571051ba9255 - test[9d35eded1c95d3be]::run_test_in_process
[INFO] [stdout]                                at /rustc/dfb0accb7f508ae8be965d8629557221c889dd98/library/test/src/lib.rs:756:27
[INFO] [stdout]   30:     0x571051ba9255 - test[9d35eded1c95d3be]::run_test::{closure#0}
[INFO] [stdout]                                at /rustc/dfb0accb7f508ae8be965d8629557221c889dd98/library/test/src/lib.rs:677:43
[INFO] [stdout]   31:     0x571051ba2b14 - test[9d35eded1c95d3be]::run_test::{closure#1}
[INFO] [stdout]                                at /rustc/dfb0accb7f508ae8be965d8629557221c889dd98/library/test/src/lib.rs:707:41
[INFO] [stdout]   32:     0x571051ba2b14 - std[70759c8f55707aa4]::sys::backtrace::__rust_begin_short_backtrace::<test[9d35eded1c95d3be]::run_test::{closure#1}, ()>
[INFO] [stdout]                                at /rustc/dfb0accb7f508ae8be965d8629557221c889dd98/library/std/src/sys/backtrace.rs:166:18
[INFO] [stdout]   33:     0x571051bac3b2 - std[70759c8f55707aa4]::thread::lifecycle::spawn_unchecked::<test[9d35eded1c95d3be]::run_test::{closure#1}, ()>::{closure#1}::{closure#0}
[INFO] [stdout]                                at /rustc/dfb0accb7f508ae8be965d8629557221c889dd98/library/std/src/thread/lifecycle.rs:70:13
[INFO] [stdout]   34:     0x571051bac3b2 - <core[df12db4294e9bfd3]::panic::unwind_safe::AssertUnwindSafe<std[70759c8f55707aa4]::thread::lifecycle::spawn_unchecked<test[9d35eded1c95d3be]::run_test::{closure#1}, ()>::{closure#1}::{closure#0}> as core[df12db4294e9bfd3]::ops::function::FnOnce<()>>::call_once
[INFO] [stdout]                                at /rustc/dfb0accb7f508ae8be965d8629557221c889dd98/library/core/src/panic/unwind_safe.rs:275:9
[INFO] [stdout]   35:     0x571051bac3b2 - std[70759c8f55707aa4]::panicking::catch_unwind::do_call::<core[df12db4294e9bfd3]::panic::unwind_safe::AssertUnwindSafe<std[70759c8f55707aa4]::thread::lifecycle::spawn_unchecked<test[9d35eded1c95d3be]::run_test::{closure#1}, ()>::{closure#1}::{closure#0}>, ()>
[INFO] [stdout]                                at /rustc/dfb0accb7f508ae8be965d8629557221c889dd98/library/std/src/panicking.rs:576:43
[INFO] [stdout]   36:     0x571051bac3b2 - std[70759c8f55707aa4]::panicking::catch_unwind::<(), core[df12db4294e9bfd3]::panic::unwind_safe::AssertUnwindSafe<std[70759c8f55707aa4]::thread::lifecycle::spawn_unchecked<test[9d35eded1c95d3be]::run_test::{closure#1}, ()>::{closure#1}::{closure#0}>>
[INFO] [stdout]                                at /rustc/dfb0accb7f508ae8be965d8629557221c889dd98/library/std/src/panicking.rs:544:19
[INFO] [stdout]   37:     0x571051bac3b2 - std[70759c8f55707aa4]::panic::catch_unwind::<core[df12db4294e9bfd3]::panic::unwind_safe::AssertUnwindSafe<std[70759c8f55707aa4]::thread::lifecycle::spawn_unchecked<test[9d35eded1c95d3be]::run_test::{closure#1}, ()>::{closure#1}::{closure#0}>, ()>
[INFO] [stdout]                                at /rustc/dfb0accb7f508ae8be965d8629557221c889dd98/library/std/src/panic.rs:359:14
[INFO] [stdout]   38:     0x571051bac3b2 - std[70759c8f55707aa4]::thread::lifecycle::spawn_unchecked::<test[9d35eded1c95d3be]::run_test::{closure#1}, ()>::{closure#1}
[INFO] [stdout]                                at /rustc/dfb0accb7f508ae8be965d8629557221c889dd98/library/std/src/thread/lifecycle.rs:68:26
[INFO] [stdout]   39:     0x571051bac3b2 - <std[70759c8f55707aa4]::thread::lifecycle::spawn_unchecked<test[9d35eded1c95d3be]::run_test::{closure#1}, ()>::{closure#1} as core[df12db4294e9bfd3]::ops::function::FnOnce<()>>::call_once::{shim:vtable#0}
[INFO] [stdout]                                at /rustc/dfb0accb7f508ae8be965d8629557221c889dd98/library/core/src/ops/function.rs:250:5
[INFO] [stdout]   40:     0x571051c136e9 - <alloc[2182bb758b4b3781]::boxed::Box<dyn core[df12db4294e9bfd3]::ops::function::FnOnce<(), Output = ()> + core[df12db4294e9bfd3]::marker::Send> as core[df12db4294e9bfd3]::ops::function::FnOnce<()>>::call_once
[INFO] [stdout]                                at /rustc/dfb0accb7f508ae8be965d8629557221c889dd98/library/alloc/src/boxed.rs:2320:9
[INFO] [stdout]   41:     0x571051c136e9 - <std[70759c8f55707aa4]::sys::thread::unix::Thread>::new::thread_start
[INFO] [stdout]                                at /rustc/dfb0accb7f508ae8be965d8629557221c889dd98/library/std/src/sys/thread/unix.rs:123:17
[INFO] [stdout]   42:     0x7b356d5a6dfa - <unknown>
[INFO] [stdout]   43:     0x7b356d63a3d4 - clone
[INFO] [stdout]   44:                0x0 - <unknown>
[INFO] [stdout] 
[INFO] [stdout] ---- test_counter_example_compiles stdout ----
[INFO] [stdout] 
[INFO] [stdout] thread 'test_counter_example_compiles' (2145) panicked at tests/examples_integration_test.rs:41:5:
[INFO] [stdout] Counter example doesn't exist at "examples_wj/counter.wj"
[INFO] [stdout] stack backtrace:
[INFO] [stdout]    0:     0x571051c13e11 - std[70759c8f55707aa4]::backtrace_rs::backtrace::libunwind::trace
[INFO] [stdout]                                at /rustc/dfb0accb7f508ae8be965d8629557221c889dd98/library/std/src/../../backtrace/src/backtrace/libunwind.rs:117:9
[INFO] [stdout]    1:     0x571051c13e11 - std[70759c8f55707aa4]::backtrace_rs::backtrace::trace_unsynchronized::<std[70759c8f55707aa4]::sys::backtrace::_print_fmt::{closure#1}>
[INFO] [stdout]                                at /rustc/dfb0accb7f508ae8be965d8629557221c889dd98/library/std/src/../../backtrace/src/backtrace/mod.rs:66:14
[INFO] [stdout]    2:     0x571051c13e11 - std[70759c8f55707aa4]::sys::backtrace::_print_fmt
[INFO] [stdout]                                at /rustc/dfb0accb7f508ae8be965d8629557221c889dd98/library/std/src/sys/backtrace.rs:74:9
[INFO] [stdout]    3:     0x571051c13e11 - <<std[70759c8f55707aa4]::sys::backtrace::BacktraceLock>::print::DisplayBacktrace as core[df12db4294e9bfd3]::fmt::Display>::fmt
[INFO] [stdout]                                at /rustc/dfb0accb7f508ae8be965d8629557221c889dd98/library/std/src/sys/backtrace.rs:44:26
[INFO] [stdout]    4:     0x571051c2802a - <core[df12db4294e9bfd3]::fmt::rt::Argument>::fmt
[INFO] [stdout]                                at /rustc/dfb0accb7f508ae8be965d8629557221c889dd98/library/core/src/fmt/rt.rs:152:76
[INFO] [stdout]    5:     0x571051c2802a - core[df12db4294e9bfd3]::fmt::write
[INFO] [stdout]    6:     0x571051c182ac - core[df12db4294e9bfd3]::io::write::default_write_fmt::<alloc[2182bb758b4b3781]::vec::Vec<u8>>
[INFO] [stdout]                                at /rustc/dfb0accb7f508ae8be965d8629557221c889dd98/library/core/src/io/write.rs:402:11
[INFO] [stdout]    7:     0x571051c182ac - <alloc[2182bb758b4b3781]::vec::Vec<u8> as core[df12db4294e9bfd3]::io::write::Write>::write_fmt
[INFO] [stdout]                                at /rustc/dfb0accb7f508ae8be965d8629557221c889dd98/library/core/src/io/write.rs:335:13
[INFO] [stdout]    8:     0x571051bf0306 - <std[70759c8f55707aa4]::sys::backtrace::BacktraceLock>::print
[INFO] [stdout]                                at /rustc/dfb0accb7f508ae8be965d8629557221c889dd98/library/std/src/sys/backtrace.rs:47:9
[INFO] [stdout]    9:     0x571051bf0306 - std[70759c8f55707aa4]::panicking::default_hook::{closure#0}
[INFO] [stdout]                                at /rustc/dfb0accb7f508ae8be965d8629557221c889dd98/library/std/src/panicking.rs:292:27
[INFO] [stdout]   10:     0x571051c0c579 - std[70759c8f55707aa4]::panicking::default_hook
[INFO] [stdout]                                at /rustc/dfb0accb7f508ae8be965d8629557221c889dd98/library/std/src/panicking.rs:316:9
[INFO] [stdout]   11:     0x571051ba8900 - <alloc[2182bb758b4b3781]::boxed::Box<dyn for<'a, 'b> core[df12db4294e9bfd3]::ops::function::Fn<(&'a std[70759c8f55707aa4]::panic::PanicHookInfo<'b>,), Output = ()> + core[df12db4294e9bfd3]::marker::Send + core[df12db4294e9bfd3]::marker::Sync> as core[df12db4294e9bfd3]::ops::function::Fn<(&std[70759c8f55707aa4]::panic::PanicHookInfo,)>>::call
[INFO] [stdout]                                at /rustc/dfb0accb7f508ae8be965d8629557221c889dd98/library/alloc/src/boxed.rs:2334:9
[INFO] [stdout]   12:     0x571051ba8900 - test[9d35eded1c95d3be]::test_main_inner::<test[9d35eded1c95d3be]::test_main_static::{closure#0}>::{closure#0}
[INFO] [stdout]                                at /rustc/dfb0accb7f508ae8be965d8629557221c889dd98/library/test/src/lib.rs:155:21
[INFO] [stdout]   13:     0x571051c0c732 - <alloc[2182bb758b4b3781]::boxed::Box<dyn for<'a, 'b> core[df12db4294e9bfd3]::ops::function::Fn<(&'a std[70759c8f55707aa4]::panic::PanicHookInfo<'b>,), Output = ()> + core[df12db4294e9bfd3]::marker::Send + core[df12db4294e9bfd3]::marker::Sync> as core[df12db4294e9bfd3]::ops::function::Fn<(&std[70759c8f55707aa4]::panic::PanicHookInfo,)>>::call
[INFO] [stdout]                                at /rustc/dfb0accb7f508ae8be965d8629557221c889dd98/library/alloc/src/boxed.rs:2334:9
[INFO] [stdout]   14:     0x571051c0c732 - std[70759c8f55707aa4]::panicking::panic_with_hook
[INFO] [stdout]                                at /rustc/dfb0accb7f508ae8be965d8629557221c889dd98/library/std/src/panicking.rs:823:13
[INFO] [stdout]   15:     0x571051bf03b2 - std[70759c8f55707aa4]::panicking::panic_handler::{closure#0}
[INFO] [stdout]                                at /rustc/dfb0accb7f508ae8be965d8629557221c889dd98/library/std/src/panicking.rs:688:13
[INFO] [stdout]   16:     0x571051be9139 - std[70759c8f55707aa4]::sys::backtrace::__rust_end_short_backtrace::<std[70759c8f55707aa4]::panicking::panic_handler::{closure#0}, !>
[INFO] [stdout]                                at /rustc/dfb0accb7f508ae8be965d8629557221c889dd98/library/std/src/sys/backtrace.rs:182:18
[INFO] [stdout]   17:     0x571051bf0fad - __rustc[8fa7c3cbc660c2b3]::rust_begin_unwind
[INFO] [stdout]                                at /rustc/dfb0accb7f508ae8be965d8629557221c889dd98/library/std/src/panicking.rs:679:5
[INFO] [stdout]   18:     0x571051c287bc - core[df12db4294e9bfd3]::panicking::panic_fmt
[INFO] [stdout]                                at /rustc/dfb0accb7f508ae8be965d8629557221c889dd98/library/core/src/panicking.rs:80:14
[INFO] [stdout]   19:     0x571051b97203 - examples_integration_test[7977936cea28b484]::test_counter_example_compiles
[INFO] [stdout]                                at /opt/rustwide/workdir/tests/examples_integration_test.rs:41:5
[INFO] [stdout]   20:     0x571051b96607 - examples_integration_test[7977936cea28b484]::test_counter_example_compiles::{closure#0}
[INFO] [stdout]                                at /opt/rustwide/workdir/tests/examples_integration_test.rs:39:35
[INFO] [stdout]   21:     0x571051b9b886 - <examples_integration_test[7977936cea28b484]::test_counter_example_compiles::{closure#0} as core[df12db4294e9bfd3]::ops::function::FnOnce<()>>::call_once
[INFO] [stdout]                                at /rustc/dfb0accb7f508ae8be965d8629557221c889dd98/library/core/src/ops/function.rs:250:5
[INFO] [stdout]   22:     0x571051b9bbeb - <fn() -> core[df12db4294e9bfd3]::result::Result<(), alloc[2182bb758b4b3781]::string::String> as core[df12db4294e9bfd3]::ops::function::FnOnce<()>>::call_once
[INFO] [stdout]                                at /rustc/dfb0accb7f508ae8be965d8629557221c889dd98/library/core/src/ops/function.rs:250:5
[INFO] [stdout]   23:     0x571051b9bbeb - test[9d35eded1c95d3be]::__rust_begin_short_backtrace::<core[df12db4294e9bfd3]::result::Result<(), alloc[2182bb758b4b3781]::string::String>, fn() -> core[df12db4294e9bfd3]::result::Result<(), alloc[2182bb758b4b3781]::string::String>>
[INFO] [stdout]                                at /rustc/dfb0accb7f508ae8be965d8629557221c889dd98/library/test/src/lib.rs:733:18
[INFO] [stdout]   24:     0x571051ba9255 - test[9d35eded1c95d3be]::run_test_in_process::{closure#0}
[INFO] [stdout]                                at /rustc/dfb0accb7f508ae8be965d8629557221c889dd98/library/test/src/lib.rs:756:74
[INFO] [stdout]   25:     0x571051ba9255 - <core[df12db4294e9bfd3]::panic::unwind_safe::AssertUnwindSafe<test[9d35eded1c95d3be]::run_test_in_process::{closure#0}> as core[df12db4294e9bfd3]::ops::function::FnOnce<()>>::call_once
[INFO] [stdout]                                at /rustc/dfb0accb7f508ae8be965d8629557221c889dd98/library/core/src/panic/unwind_safe.rs:275:9
[INFO] [stdout]   26:     0x571051ba9255 - std[70759c8f55707aa4]::panicking::catch_unwind::do_call::<core[df12db4294e9bfd3]::panic::unwind_safe::AssertUnwindSafe<test[9d35eded1c95d3be]::run_test_in_process::{closure#0}>, core[df12db4294e9bfd3]::result::Result<(), alloc[2182bb758b4b3781]::string::String>>
[INFO] [stdout]                                at /rustc/dfb0accb7f508ae8be965d8629557221c889dd98/library/std/src/panicking.rs:576:43
[INFO] [stdout]   27:     0x571051ba9255 - std[70759c8f55707aa4]::panicking::catch_unwind::<core[df12db4294e9bfd3]::result::Result<(), alloc[2182bb758b4b3781]::string::String>, core[df12db4294e9bfd3]::panic::unwind_safe::AssertUnwindSafe<test[9d35eded1c95d3be]::run_test_in_process::{closure#0}>>
[INFO] [stdout]                                at /rustc/dfb0accb7f508ae8be965d8629557221c889dd98/library/std/src/panicking.rs:544:19
[INFO] [stdout]   28:     0x571051ba9255 - std[70759c8f55707aa4]::panic::catch_unwind::<core[df12db4294e9bfd3]::panic::unwind_safe::AssertUnwindSafe<test[9d35eded1c95d3be]::run_test_in_process::{closure#0}>, core[df12db4294e9bfd3]::result::Result<(), alloc[2182bb758b4b3781]::string::String>>
[INFO] [stdout]                                at /rustc/dfb0accb7f508ae8be965d8629557221c889dd98/library/std/src/panic.rs:359:14
[INFO] [stdout]   29:     0x571051ba9255 - test[9d35eded1c95d3be]::run_test_in_process
[INFO] [stdout]                                at /rustc/dfb0accb7f508ae8be965d8629557221c889dd98/library/test/src/lib.rs:756:27
[INFO] [stdout]   30:     0x571051ba9255 - test[9d35eded1c95d3be]::run_test::{closure#0}
[INFO] [stdout]                                at /rustc/dfb0accb7f508ae8be965d8629557221c889dd98/library/test/src/lib.rs:677:43
[INFO] [stdout]   31:     0x571051ba2b14 - test[9d35eded1c95d3be]::run_test::{closure#1}
[INFO] [stdout]                                at /rustc/dfb0accb7f508ae8be965d8629557221c889dd98/library/test/src/lib.rs:707:41
[INFO] [stdout]   32:     0x571051ba2b14 - std[70759c8f55707aa4]::sys::backtrace::__rust_begin_short_backtrace::<test[9d35eded1c95d3be]::run_test::{closure#1}, ()>
[INFO] [stdout]                                at /rustc/dfb0accb7f508ae8be965d8629557221c889dd98/library/std/src/sys/backtrace.rs:166:18
[INFO] [stdout]   33:     0x571051bac3b2 - std[70759c8f55707aa4]::thread::lifecycle::spawn_unchecked::<test[9d35eded1c95d3be]::run_test::{closure#1}, ()>::{closure#1}::{closure#0}
[INFO] [stdout]                                at /rustc/dfb0accb7f508ae8be965d8629557221c889dd98/library/std/src/thread/lifecycle.rs:70:13
[INFO] [stdout]   34:     0x571051bac3b2 - <core[df12db4294e9bfd3]::panic::unwind_safe::AssertUnwindSafe<std[70759c8f55707aa4]::thread::lifecycle::spawn_unchecked<test[9d35eded1c95d3be]::run_test::{closure#1}, ()>::{closure#1}::{closure#0}> as core[df12db4294e9bfd3]::ops::function::FnOnce<()>>::call_once
[INFO] [stdout]                                at /rustc/dfb0accb7f508ae8be965d8629557221c889dd98/library/core/src/panic/unwind_safe.rs:275:9
[INFO] [stdout]   35:     0x571051bac3b2 - std[70759c8f55707aa4]::panicking::catch_unwind::do_call::<core[df12db4294e9bfd3]::panic::unwind_safe::AssertUnwindSafe<std[70759c8f55707aa4]::thread::lifecycle::spawn_unchecked<test[9d35eded1c95d3be]::run_test::{closure#1}, ()>::{closure#1}::{closure#0}>, ()>
[INFO] [stdout]                                at /rustc/dfb0accb7f508ae8be965d8629557221c889dd98/library/std/src/panicking.rs:576:43
[INFO] [stdout]   36:     0x571051bac3b2 - std[70759c8f55707aa4]::panicking::catch_unwind::<(), core[df12db4294e9bfd3]::panic::unwind_safe::AssertUnwindSafe<std[70759c8f55707aa4]::thread::lifecycle::spawn_unchecked<test[9d35eded1c95d3be]::run_test::{closure#1}, ()>::{closure#1}::{closure#0}>>
[INFO] [stdout]                                at /rustc/dfb0accb7f508ae8be965d8629557221c889dd98/library/std/src/panicking.rs:544:19
[INFO] [stdout]   37:     0x571051bac3b2 - std[70759c8f55707aa4]::panic::catch_unwind::<core[df12db4294e9bfd3]::panic::unwind_safe::AssertUnwindSafe<std[70759c8f55707aa4]::thread::lifecycle::spawn_unchecked<test[9d35eded1c95d3be]::run_test::{closure#1}, ()>::{closure#1}::{closure#0}>, ()>
[INFO] [stdout]                                at /rustc/dfb0accb7f508ae8be965d8629557221c889dd98/library/std/src/panic.rs:359:14
[INFO] [stdout]   38:     0x571051bac3b2 - std[70759c8f55707aa4]::thread::lifecycle::spawn_unchecked::<test[9d35eded1c95d3be]::run_test::{closure#1}, ()>::{closure#1}
[INFO] [stdout]                                at /rustc/dfb0accb7f508ae8be965d8629557221c889dd98/library/std/src/thread/lifecycle.rs:68:26
[INFO] [stdout]   39:     0x571051bac3b2 - <std[70759c8f55707aa4]::thread::lifecycle::spawn_unchecked<test[9d35eded1c95d3be]::run_test::{closure#1}, ()>::{closure#1} as core[df12db4294e9bfd3]::ops::function::FnOnce<()>>::call_once::{shim:vtable#0}
[INFO] [stdout]                                at /rustc/dfb0accb7f508ae8be965d8629557221c889dd98/library/core/src/ops/function.rs:250:5
[INFO] [stdout]   40:     0x571051c136e9 - <alloc[2182bb758b4b3781]::boxed::Box<dyn core[df12db4294e9bfd3]::ops::function::FnOnce<(), Output = ()> + core[df12db4294e9bfd3]::marker::Send> as core[df12db4294e9bfd3]::ops::function::FnOnce<()>>::call_once
[INFO] [stdout]                                at /rustc/dfb0accb7f508ae8be965d8629557221c889dd98/library/alloc/src/boxed.rs:2320:9
[INFO] [stdout]   41:     0x571051c136e9 - <std[70759c8f55707aa4]::sys::thread::unix::Thread>::new::thread_start
[INFO] [stdout]                                at /rustc/dfb0accb7f508ae8be965d8629557221c889dd98/library/std/src/sys/thread/unix.rs:123:17
[INFO] [stdout]   42:     0x7b356d5a6dfa - <unknown>
[INFO] [stdout]   43:     0x7b356d63a3d4 - clone
[INFO] [stdout]   44:                0x0 - <unknown>
[INFO] [stdout] 
[INFO] [stdout] ---- test_all_examples_exist stdout ----
[INFO] [stdout] 
[INFO] [stdout] thread 'test_all_examples_exist' (2143) panicked at tests/examples_integration_test.rs:107:5:
[INFO] [stdout] Missing example files:
[INFO] [stdout] examples_wj/counter.wj
[INFO] [stdout] examples_wj/todo_app.wj
[INFO] [stdout] examples_wj/contact_form.wj
[INFO] [stdout] examples_wj/dashboard.wj
[INFO] [stdout] examples_wj/pbr_material_editor.wj
[INFO] [stdout] examples_wj/scene_hierarchy.wj
[INFO] [stdout] examples_wj/inspector.wj
[INFO] [stdout] examples_wj/asset_browser.wj
[INFO] [stdout] examples_wj/animation_editor.wj
[INFO] [stdout] stack backtrace:
[INFO] [stdout]    0:     0x571051c13e11 - std[70759c8f55707aa4]::backtrace_rs::backtrace::libunwind::trace
[INFO] [stdout]                                at /rustc/dfb0accb7f508ae8be965d8629557221c889dd98/library/std/src/../../backtrace/src/backtrace/libunwind.rs:117:9
[INFO] [stdout]    1:     0x571051c13e11 - std[70759c8f55707aa4]::backtrace_rs::backtrace::trace_unsynchronized::<std[70759c8f55707aa4]::sys::backtrace::_print_fmt::{closure#1}>
[INFO] [stdout]                                at /rustc/dfb0accb7f508ae8be965d8629557221c889dd98/library/std/src/../../backtrace/src/backtrace/mod.rs:66:14
[INFO] [stdout]    2:     0x571051c13e11 - std[70759c8f55707aa4]::sys::backtrace::_print_fmt
[INFO] [stdout]                                at /rustc/dfb0accb7f508ae8be965d8629557221c889dd98/library/std/src/sys/backtrace.rs:74:9
[INFO] [stdout]    3:     0x571051c13e11 - <<std[70759c8f55707aa4]::sys::backtrace::BacktraceLock>::print::DisplayBacktrace as core[df12db4294e9bfd3]::fmt::Display>::fmt
[INFO] [stdout]                                at /rustc/dfb0accb7f508ae8be965d8629557221c889dd98/library/std/src/sys/backtrace.rs:44:26
[INFO] [stdout]    4:     0x571051c2802a - <core[df12db4294e9bfd3]::fmt::rt::Argument>::fmt
[INFO] [stdout]                                at /rustc/dfb0accb7f508ae8be965d8629557221c889dd98/library/core/src/fmt/rt.rs:152:76
[INFO] [stdout]    5:     0x571051c2802a - core[df12db4294e9bfd3]::fmt::write
[INFO] [stdout]    6:     0x571051c182ac - core[df12db4294e9bfd3]::io::write::default_write_fmt::<alloc[2182bb758b4b3781]::vec::Vec<u8>>
[INFO] [stdout]                                at /rustc/dfb0accb7f508ae8be965d8629557221c889dd98/library/core/src/io/write.rs:402:11
[INFO] [stdout]    7:     0x571051c182ac - <alloc[2182bb758b4b3781]::vec::Vec<u8> as core[df12db4294e9bfd3]::io::write::Write>::write_fmt
[INFO] [stdout]                                at /rustc/dfb0accb7f508ae8be965d8629557221c889dd98/library/core/src/io/write.rs:335:13
[INFO] [stdout]    8:     0x571051bf0306 - <std[70759c8f55707aa4]::sys::backtrace::BacktraceLock>::print
[INFO] [stdout]                                at /rustc/dfb0accb7f508ae8be965d8629557221c889dd98/library/std/src/sys/backtrace.rs:47:9
[INFO] [stdout]    9:     0x571051bf0306 - std[70759c8f55707aa4]::panicking::default_hook::{closure#0}
[INFO] [stdout]                                at /rustc/dfb0accb7f508ae8be965d8629557221c889dd98/library/std/src/panicking.rs:292:27
[INFO] [stdout]   10:     0x571051c0c579 - std[70759c8f55707aa4]::panicking::default_hook
[INFO] [stdout]                                at /rustc/dfb0accb7f508ae8be965d8629557221c889dd98/library/std/src/panicking.rs:316:9
[INFO] [stdout]   11:     0x571051ba8900 - <alloc[2182bb758b4b3781]::boxed::Box<dyn for<'a, 'b> core[df12db4294e9bfd3]::ops::function::Fn<(&'a std[70759c8f55707aa4]::panic::PanicHookInfo<'b>,), Output = ()> + core[df12db4294e9bfd3]::marker::Send + core[df12db4294e9bfd3]::marker::Sync> as core[df12db4294e9bfd3]::ops::function::Fn<(&std[70759c8f55707aa4]::panic::PanicHookInfo,)>>::call
[INFO] [stdout]                                at /rustc/dfb0accb7f508ae8be965d8629557221c889dd98/library/alloc/src/boxed.rs:2334:9
[INFO] [stdout]   12:     0x571051ba8900 - test[9d35eded1c95d3be]::test_main_inner::<test[9d35eded1c95d3be]::test_main_static::{closure#0}>::{closure#0}
[INFO] [stdout]                                at /rustc/dfb0accb7f508ae8be965d8629557221c889dd98/library/test/src/lib.rs:155:21
[INFO] [stdout]   13:     0x571051c0c732 - <alloc[2182bb758b4b3781]::boxed::Box<dyn for<'a, 'b> core[df12db4294e9bfd3]::ops::function::Fn<(&'a std[70759c8f55707aa4]::panic::PanicHookInfo<'b>,), Output = ()> + core[df12db4294e9bfd3]::marker::Send + core[df12db4294e9bfd3]::marker::Sync> as core[df12db4294e9bfd3]::ops::function::Fn<(&std[70759c8f55707aa4]::panic::PanicHookInfo,)>>::call
[INFO] [stdout]                                at /rustc/dfb0accb7f508ae8be965d8629557221c889dd98/library/alloc/src/boxed.rs:2334:9
[INFO] [stdout]   14:     0x571051c0c732 - std[70759c8f55707aa4]::panicking::panic_with_hook
[INFO] [stdout]                                at /rustc/dfb0accb7f508ae8be965d8629557221c889dd98/library/std/src/panicking.rs:823:13
[INFO] [stdout]   15:     0x571051bf03b2 - std[70759c8f55707aa4]::panicking::panic_handler::{closure#0}
[INFO] [stdout]                                at /rustc/dfb0accb7f508ae8be965d8629557221c889dd98/library/std/src/panicking.rs:688:13
[INFO] [stdout]   16:     0x571051be9139 - std[70759c8f55707aa4]::sys::backtrace::__rust_end_short_backtrace::<std[70759c8f55707aa4]::panicking::panic_handler::{closure#0}, !>
[INFO] [stdout]                                at /rustc/dfb0accb7f508ae8be965d8629557221c889dd98/library/std/src/sys/backtrace.rs:182:18
[INFO] [stdout]   17:     0x571051bf0fad - __rustc[8fa7c3cbc660c2b3]::rust_begin_unwind
[INFO] [stdout]                                at /rustc/dfb0accb7f508ae8be965d8629557221c889dd98/library/std/src/panicking.rs:679:5
[INFO] [stdout]   18:     0x571051c287bc - core[df12db4294e9bfd3]::panicking::panic_fmt
[INFO] [stdout]                                at /rustc/dfb0accb7f508ae8be965d8629557221c889dd98/library/core/src/panicking.rs:80:14
[INFO] [stdout]   19:     0x571051b9710c - examples_integration_test[7977936cea28b484]::test_all_examples_exist
[INFO] [stdout]                                at /opt/rustwide/workdir/tests/examples_integration_test.rs:107:5
[INFO] [stdout]   20:     0x571051b965d7 - examples_integration_test[7977936cea28b484]::test_all_examples_exist::{closure#0}
[INFO] [stdout]                                at /opt/rustwide/workdir/tests/examples_integration_test.rs:87:29
[INFO] [stdout]   21:     0x571051b9b866 - <examples_integration_test[7977936cea28b484]::test_all_examples_exist::{closure#0} as core[df12db4294e9bfd3]::ops::function::FnOnce<()>>::call_once
[INFO] [stdout]                                at /rustc/dfb0accb7f508ae8be965d8629557221c889dd98/library/core/src/ops/function.rs:250:5
[INFO] [stdout]   22:     0x571051b9bbeb - <fn() -> core[df12db4294e9bfd3]::result::Result<(), alloc[2182bb758b4b3781]::string::String> as core[df12db4294e9bfd3]::ops::function::FnOnce<()>>::call_once
[INFO] [stdout]                                at /rustc/dfb0accb7f508ae8be965d8629557221c889dd98/library/core/src/ops/function.rs:250:5
[INFO] [stdout]   23:     0x571051b9bbeb - test[9d35eded1c95d3be]::__rust_begin_short_backtrace::<core[df12db4294e9bfd3]::result::Result<(), alloc[2182bb758b4b3781]::string::String>, fn() -> core[df12db4294e9bfd3]::result::Result<(), alloc[2182bb758b4b3781]::string::String>>
[INFO] [stdout]                                at /rustc/dfb0accb7f508ae8be965d8629557221c889dd98/library/test/src/lib.rs:733:18
[INFO] [stdout]   24:     0x571051ba9255 - test[9d35eded1c95d3be]::run_test_in_process::{closure#0}
[INFO] [stdout]                                at /rustc/dfb0accb7f508ae8be965d8629557221c889dd98/library/test/src/lib.rs:756:74
[INFO] [stdout]   25:     0x571051ba9255 - <core[df12db4294e9bfd3]::panic::unwind_safe::AssertUnwindSafe<test[9d35eded1c95d3be]::run_test_in_process::{closure#0}> as core[df12db4294e9bfd3]::ops::function::FnOnce<()>>::call_once
[INFO] [stdout]                                at /rustc/dfb0accb7f508ae8be965d8629557221c889dd98/library/core/src/panic/unwind_safe.rs:275:9
[INFO] [stdout]   26:     0x571051ba9255 - std[70759c8f55707aa4]::panicking::catch_unwind::do_call::<core[df12db4294e9bfd3]::panic::unwind_safe::AssertUnwindSafe<test[9d35eded1c95d3be]::run_test_in_process::{closure#0}>, core[df12db4294e9bfd3]::result::Result<(), alloc[2182bb758b4b3781]::string::String>>
[INFO] [stdout]                                at /rustc/dfb0accb7f508ae8be965d8629557221c889dd98/library/std/src/panicking.rs:576:43
[INFO] [stdout]   27:     0x571051ba9255 - std[70759c8f55707aa4]::panicking::catch_unwind::<core[df12db4294e9bfd3]::result::Result<(), alloc[2182bb758b4b3781]::string::String>, core[df12db4294e9bfd3]::panic::unwind_safe::AssertUnwindSafe<test[9d35eded1c95d3be]::run_test_in_process::{closure#0}>>
[INFO] [stdout]                                at /rustc/dfb0accb7f508ae8be965d8629557221c889dd98/library/std/src/panicking.rs:544:19
[INFO] [stdout]   28:     0x571051ba9255 - std[70759c8f55707aa4]::panic::catch_unwind::<core[df12db4294e9bfd3]::panic::unwind_safe::AssertUnwindSafe<test[9d35eded1c95d3be]::run_test_in_process::{closure#0}>, core[df12db4294e9bfd3]::result::Result<(), alloc[2182bb758b4b3781]::string::String>>
[INFO] [stdout]                                at /rustc/dfb0accb7f508ae8be965d8629557221c889dd98/library/std/src/panic.rs:359:14
[INFO] [stdout]   29:     0x571051ba9255 - test[9d35eded1c95d3be]::run_test_in_process
[INFO] [stdout]                                at /rustc/dfb0accb7f508ae8be965d8629557221c889dd98/library/test/src/lib.rs:756:27
[INFO] [stdout]   30:     0x571051ba9255 - test[9d35eded1c95d3be]::run_test::{closure#0}
[INFO] [stdout]                                at /rustc/dfb0accb7f508ae8be965d8629557221c889dd98/library/test/src/lib.rs:677:43
[INFO] [stdout]   31:     0x571051ba2b14 - test[9d35eded1c95d3be]::run_test::{closure#1}
[INFO] [stdout]                                at /rustc/dfb0accb7f508ae8be965d8629557221c889dd98/library/test/src/lib.rs:707:41
[INFO] [stdout]   32:     0x571051ba2b14 - std[70759c8f55707aa4]::sys::backtrace::__rust_begin_short_backtrace::<test[9d35eded1c95d3be]::run_test::{closure#1}, ()>
[INFO] [stdout]                                at /rustc/dfb0accb7f508ae8be965d8629557221c889dd98/library/std/src/sys/backtrace.rs:166:18
[INFO] [stdout]   33:     0x571051bac3b2 - std[70759c8f55707aa4]::thread::lifecycle::spawn_unchecked::<test[9d35eded1c95d3be]::run_test::{closure#1}, ()>::{closure#1}::{closure#0}
[INFO] [stdout]                                at /rustc/dfb0accb7f508ae8be965d8629557221c889dd98/library/std/src/thread/lifecycle.rs:70:13
[INFO] [stdout]   34:     0x571051bac3b2 - <core[df12db4294e9bfd3]::panic::unwind_safe::AssertUnwindSafe<std[70759c8f55707aa4]::thread::lifecycle::spawn_unchecked<test[9d35eded1c95d3be]::run_test::{closure#1}, ()>::{closure#1}::{closure#0}> as core[df12db4294e9bfd3]::ops::function::FnOnce<()>>::call_once
[INFO] [stdout]                                at /rustc/dfb0accb7f508ae8be965d8629557221c889dd98/library/core/src/panic/unwind_safe.rs:275:9
[INFO] [stdout]   35:     0x571051bac3b2 - std[70759c8f55707aa4]::panicking::catch_unwind::do_call::<core[df12db4294e9bfd3]::panic::unwind_safe::AssertUnwindSafe<std[70759c8f55707aa4]::thread::lifecycle::spawn_unchecked<test[9d35eded1c95d3be]::run_test::{closure#1}, ()>::{closure#1}::{closure#0}>, ()>
[INFO] [stdout]                                at /rustc/dfb0accb7f508ae8be965d8629557221c889dd98/library/std/src/panicking.rs:576:43
[INFO] [stdout]   36:     0x571051bac3b2 - std[70759c8f55707aa4]::panicking::catch_unwind::<(), core[df12db4294e9bfd3]::panic::unwind_safe::AssertUnwindSafe<std[70759c8f55707aa4]::thread::lifecycle::spawn_unchecked<test[9d35eded1c95d3be]::run_test::{closure#1}, ()>::{closure#1}::{closure#0}>>
[INFO] [stdout]                                at /rustc/dfb0accb7f508ae8be965d8629557221c889dd98/library/std/src/panicking.rs:544:19
[INFO] [stdout]   37:     0x571051bac3b2 - std[70759c8f55707aa4]::panic::catch_unwind::<core[df12db4294e9bfd3]::panic::unwind_safe::AssertUnwindSafe<std[70759c8f55707aa4]::thread::lifecycle::spawn_unchecked<test[9d35eded1c95d3be]::run_test::{closure#1}, ()>::{closure#1}::{closure#0}>, ()>
[INFO] [stdout]                                at /rustc/dfb0accb7f508ae8be965d8629557221c889dd98/library/std/src/panic.rs:359:14
[INFO] [stdout]   38:     0x571051bac3b2 - std[70759c8f55707aa4]::thread::lifecycle::spawn_unchecked::<test[9d35eded1c95d3be]::run_test::{closure#1}, ()>::{closure#1}
[INFO] [stdout]                                at /rustc/dfb0accb7f508ae8be965d8629557221c889dd98/library/std/src/thread/lifecycle.rs:68:26
[INFO] [stdout]   39:     0x571051bac3b2 - <std[70759c8f55707aa4]::thread::lifecycle::spawn_unchecked<test[9d35eded1c95d3be]::run_test::{closure#1}, ()>::{closure#1} as core[df12db4294e9bfd3]::ops::function::FnOnce<()>>::call_once::{shim:vtable#0}
[INFO] [stdout]                                at /rustc/dfb0accb7f508ae8be965d8629557221c889dd98/library/core/src/ops/function.rs:250:5
[INFO] [stdout]   40:     0x571051c136e9 - <alloc[2182bb758b4b3781]::boxed::Box<dyn core[df12db4294e9bfd3]::ops::function::FnOnce<(), Output = ()> + core[df12db4294e9bfd3]::marker::Send> as core[df12db4294e9bfd3]::ops::function::FnOnce<()>>::call_once
[INFO] [stdout]                                at /rustc/dfb0accb7f508ae8be965d8629557221c889dd98/library/alloc/src/boxed.rs:2320:9
[INFO] [stdout]   41:     0x571051c136e9 - <std[70759c8f55707aa4]::sys::thread::unix::Thread>::new::thread_start
[INFO] [stdout]                                at /rustc/dfb0accb7f508ae8be965d8629557221c889dd98/library/std/src/sys/thread/unix.rs:123:17
[INFO] [stdout]   42:     0x7b356d5a6dfa - <unknown>
[INFO] [stdout]   43:     0x7b356d63a3d4 - clone
[INFO] [stdout]   44:                0x0 - <unknown>
[INFO] [stdout] 
[INFO] [stdout] ---- test_todo_app_example_compiles stdout ----
[INFO] [stdout] 
[INFO] [stdout] thread 'test_todo_app_example_compiles' (2148) panicked at tests/examples_integration_test.rs:53:5:
[INFO] [stdout] Todo app example doesn't exist at "examples_wj/todo_app.wj"
[INFO] [stdout] stack backtrace:
[INFO] [stdout]    0:     0x571051c13e11 - std[70759c8f55707aa4]::backtrace_rs::backtrace::libunwind::trace
[INFO] [stdout]                                at /rustc/dfb0accb7f508ae8be965d8629557221c889dd98/library/std/src/../../backtrace/src/backtrace/libunwind.rs:117:9
[INFO] [stdout]    1:     0x571051c13e11 - std[70759c8f55707aa4]::backtrace_rs::backtrace::trace_unsynchronized::<std[70759c8f55707aa4]::sys::backtrace::_print_fmt::{closure#1}>
[INFO] [stdout]                                at /rustc/dfb0accb7f508ae8be965d8629557221c889dd98/library/std/src/../../backtrace/src/backtrace/mod.rs:66:14
[INFO] [stdout]    2:     0x571051c13e11 - std[70759c8f55707aa4]::sys::backtrace::_print_fmt
[INFO] [stdout]                                at /rustc/dfb0accb7f508ae8be965d8629557221c889dd98/library/std/src/sys/backtrace.rs:74:9
[INFO] [stdout]    3:     0x571051c13e11 - <<std[70759c8f55707aa4]::sys::backtrace::BacktraceLock>::print::DisplayBacktrace as core[df12db4294e9bfd3]::fmt::Display>::fmt
[INFO] [stdout]                                at /rustc/dfb0accb7f508ae8be965d8629557221c889dd98/library/std/src/sys/backtrace.rs:44:26
[INFO] [stdout]    4:     0x571051c2802a - <core[df12db4294e9bfd3]::fmt::rt::Argument>::fmt
[INFO] [stdout]                                at /rustc/dfb0accb7f508ae8be965d8629557221c889dd98/library/core/src/fmt/rt.rs:152:76
[INFO] [stdout]    5:     0x571051c2802a - core[df12db4294e9bfd3]::fmt::write
[INFO] [stdout]    6:     0x571051c182ac - core[df12db4294e9bfd3]::io::write::default_write_fmt::<alloc[2182bb758b4b3781]::vec::Vec<u8>>
[INFO] [stdout]                                at /rustc/dfb0accb7f508ae8be965d8629557221c889dd98/library/core/src/io/write.rs:402:11
[INFO] [stdout]    7:     0x571051c182ac - <alloc[2182bb758b4b3781]::vec::Vec<u8> as core[df12db4294e9bfd3]::io::write::Write>::write_fmt
[INFO] [stdout]                                at /rustc/dfb0accb7f508ae8be965d8629557221c889dd98/library/core/src/io/write.rs:335:13
[INFO] [stdout]    8:     0x571051bf0306 - <std[70759c8f55707aa4]::sys::backtrace::BacktraceLock>::print
[INFO] [stdout]                                at /rustc/dfb0accb7f508ae8be965d8629557221c889dd98/library/std/src/sys/backtrace.rs:47:9
[INFO] [stdout]    9:     0x571051bf0306 - std[70759c8f55707aa4]::panicking::default_hook::{closure#0}
[INFO] [stdout]                                at /rustc/dfb0accb7f508ae8be965d8629557221c889dd98/library/std/src/panicking.rs:292:27
[INFO] [stdout]   10:     0x571051c0c579 - std[70759c8f55707aa4]::panicking::default_hook
[INFO] [stdout]                                at /rustc/dfb0accb7f508ae8be965d8629557221c889dd98/library/std/src/panicking.rs:316:9
[INFO] [stdout]   11:     0x571051ba8900 - <alloc[2182bb758b4b3781]::boxed::Box<dyn for<'a, 'b> core[df12db4294e9bfd3]::ops::function::Fn<(&'a std[70759c8f55707aa4]::panic::PanicHookInfo<'b>,), Output = ()> + core[df12db4294e9bfd3]::marker::Send + core[df12db4294e9bfd3]::marker::Sync> as core[df12db4294e9bfd3]::ops::function::Fn<(&std[70759c8f55707aa4]::panic::PanicHookInfo,)>>::call
[INFO] [stdout]                                at /rustc/dfb0accb7f508ae8be965d8629557221c889dd98/library/alloc/src/boxed.rs:2334:9
[INFO] [stdout]   12:     0x571051ba8900 - test[9d35eded1c95d3be]::test_main_inner::<test[9d35eded1c95d3be]::test_main_static::{closure#0}>::{closure#0}
[INFO] [stdout]                                at /rustc/dfb0accb7f508ae8be965d8629557221c889dd98/library/test/src/lib.rs:155:21
[INFO] [stdout]   13:     0x571051c0c732 - <alloc[2182bb758b4b3781]::boxed::Box<dyn for<'a, 'b> core[df12db4294e9bfd3]::ops::function::Fn<(&'a std[70759c8f55707aa4]::panic::PanicHookInfo<'b>,), Output = ()> + core[df12db4294e9bfd3]::marker::Send + core[df12db4294e9bfd3]::marker::Sync> as core[df12db4294e9bfd3]::ops::function::Fn<(&std[70759c8f55707aa4]::panic::PanicHookInfo,)>>::call
[INFO] [stdout]                                at /rustc/dfb0accb7f508ae8be965d8629557221c889dd98/library/alloc/src/boxed.rs:2334:9
[INFO] [stdout]   14:     0x571051c0c732 - std[70759c8f55707aa4]::panicking::panic_with_hook
[INFO] [stdout]                                at /rustc/dfb0accb7f508ae8be965d8629557221c889dd98/library/std/src/panicking.rs:823:13
[INFO] [stdout]   15:     0x571051bf03b2 - std[70759c8f55707aa4]::panicking::panic_handler::{closure#0}
[INFO] [stdout]                                at /rustc/dfb0accb7f508ae8be965d8629557221c889dd98/library/std/src/panicking.rs:688:13
[INFO] [stdout]   16:     0x571051be9139 - std[70759c8f55707aa4]::sys::backtrace::__rust_end_short_backtrace::<std[70759c8f55707aa4]::panicking::panic_handler::{closure#0}, !>
[INFO] [stdout]                                at /rustc/dfb0accb7f508ae8be965d8629557221c889dd98/library/std/src/sys/backtrace.rs:182:18
[INFO] [stdout]   17:     0x571051bf0fad - __rustc[8fa7c3cbc660c2b3]::rust_begin_unwind
[INFO] [stdout]                                at /rustc/dfb0accb7f508ae8be965d8629557221c889dd98/library/std/src/panicking.rs:679:5
[INFO] [stdout]   18:     0x571051c287bc - core[df12db4294e9bfd3]::panicking::panic_fmt
[INFO] [stdout]                                at /rustc/dfb0accb7f508ae8be965d8629557221c889dd98/library/core/src/panicking.rs:80:14
[INFO] [stdout]   19:     0x571051b972c3 - examples_integration_test[7977936cea28b484]::test_todo_app_example_compiles
[INFO] [stdout]                                at /opt/rustwide/workdir/tests/examples_integration_test.rs:53:5
[INFO] [stdout]   20:     0x571051b96637 - examples_integration_test[7977936cea28b484]::test_todo_app_example_compiles::{closure#0}
[INFO] [stdout]                                at /opt/rustwide/workdir/tests/examples_integration_test.rs:51:36
[INFO] [stdout]   21:     0x571051b9b8a6 - <examples_integration_test[7977936cea28b484]::test_todo_app_example_compiles::{closure#0} as core[df12db4294e9bfd3]::ops::function::FnOnce<()>>::call_once
[INFO] [stdout]                                at /rustc/dfb0accb7f508ae8be965d8629557221c889dd98/library/core/src/ops/function.rs:250:5
[INFO] [stdout]   22:     0x571051b9bbeb - <fn() -> core[df12db4294e9bfd3]::result::Result<(), alloc[2182bb758b4b3781]::string::String> as core[df12db4294e9bfd3]::ops::function::FnOnce<()>>::call_once
[INFO] [stdout]                                at /rustc/dfb0accb7f508ae8be965d8629557221c889dd98/library/core/src/ops/function.rs:250:5
[INFO] [stdout]   23:     0x571051b9bbeb - test[9d35eded1c95d3be]::__rust_begin_short_backtrace::<core[df12db4294e9bfd3]::result::Result<(), alloc[2182bb758b4b3781]::string::String>, fn() -> core[df12db4294e9bfd3]::result::Result<(), alloc[2182bb758b4b3781]::string::String>>
[INFO] [stdout]                                at /rustc/dfb0accb7f508ae8be965d8629557221c889dd98/library/test/src/lib.rs:733:18
[INFO] [stdout]   24:     0x571051ba9255 - test[9d35eded1c95d3be]::run_test_in_process::{closure#0}
[INFO] [stdout]                                at /rustc/dfb0accb7f508ae8be965d8629557221c889dd98/library/test/src/lib.rs:756:74
[INFO] [stdout]   25:     0x571051ba9255 - <core[df12db4294e9bfd3]::panic::unwind_safe::AssertUnwindSafe<test[9d35eded1c95d3be]::run_test_in_process::{closure#0}> as core[df12db4294e9bfd3]::ops::function::FnOnce<()>>::call_once
[INFO] [stdout]                                at /rustc/dfb0accb7f508ae8be965d8629557221c889dd98/library/core/src/panic/unwind_safe.rs:275:9
[INFO] [stdout]   26:     0x571051ba9255 - std[70759c8f55707aa4]::panicking::catch_unwind::do_call::<core[df12db4294e9bfd3]::panic::unwind_safe::AssertUnwindSafe<test[9d35eded1c95d3be]::run_test_in_process::{closure#0}>, core[df12db4294e9bfd3]::result::Result<(), alloc[2182bb758b4b3781]::string::String>>
[INFO] [stdout]                                at /rustc/dfb0accb7f508ae8be965d8629557221c889dd98/library/std/src/panicking.rs:576:43
[INFO] [stdout]   27:     0x571051ba9255 - std[70759c8f55707aa4]::panicking::catch_unwind::<core[df12db4294e9bfd3]::result::Result<(), alloc[2182bb758b4b3781]::string::String>, core[df12db4294e9bfd3]::panic::unwind_safe::AssertUnwindSafe<test[9d35eded1c95d3be]::run_test_in_process::{closure#0}>>
[INFO] [stdout]                                at /rustc/dfb0accb7f508ae8be965d8629557221c889dd98/library/std/src/panicking.rs:544:19
[INFO] [stdout]   28:     0x571051ba9255 - std[70759c8f55707aa4]::panic::catch_unwind::<core[df12db4294e9bfd3]::panic::unwind_safe::AssertUnwindSafe<test[9d35eded1c95d3be]::run_test_in_process::{closure#0}>, core[df12db4294e9bfd3]::result::Result<(), alloc[2182bb758b4b3781]::string::String>>
[INFO] [stdout]                                at /rustc/dfb0accb7f508ae8be965d8629557221c889dd98/library/std/src/panic.rs:359:14
[INFO] [stdout]   29:     0x571051ba9255 - test[9d35eded1c95d3be]::run_test_in_process
[INFO] [stdout]                                at /rustc/dfb0accb7f508ae8be965d8629557221c889dd98/library/test/src/lib.rs:756:27
[INFO] [stdout]   30:     0x571051ba9255 - test[9d35eded1c95d3be]::run_test::{closure#0}
[INFO] [stdout]                                at /rustc/dfb0accb7f508ae8be965d8629557221c889dd98/library/test/src/lib.rs:677:43
[INFO] [stdout]   31:     0x571051ba2b14 - test[9d35eded1c95d3be]::run_test::{closure#1}
[INFO] [stdout]                                at /rustc/dfb0accb7f508ae8be965d8629557221c889dd98/library/test/src/lib.rs:707:41
[INFO] [stdout]   32:     0x571051ba2b14 - std[70759c8f55707aa4]::sys::backtrace::__rust_begin_short_backtrace::<test[9d35eded1c95d3be]::run_test::{closure#1}, ()>
[INFO] [stdout]                                at /rustc/dfb0accb7f508ae8be965d8629557221c889dd98/library/std/src/sys/backtrace.rs:166:18
[INFO] [stdout]   33:     0x571051bac3b2 - std[70759c8f55707aa4]::thread::lifecycle::spawn_unchecked::<test[9d35eded1c95d3be]::run_test::{closure#1}, ()>::{closure#1}::{closure#0}
[INFO] [stdout]                                at /rustc/dfb0accb7f508ae8be965d8629557221c889dd98/library/std/src/thread/lifecycle.rs:70:13
[INFO] [stdout]   34:     0x571051bac3b2 - <core[df12db4294e9bfd3]::panic::unwind_safe::AssertUnwindSafe<std[70759c8f55707aa4]::thread::lifecycle::spawn_unchecked<test[9d35eded1c95d3be]::run_test::{closure#1}, ()>::{closure#1}::{closure#0}> as core[df12db4294e9bfd3]::ops::function::FnOnce<()>>::call_once
[INFO] [stdout]                                at /rustc/dfb0accb7f508ae8be965d8629557221c889dd98/library/core/src/panic/unwind_safe.rs:275:9
[INFO] [stdout]   35:     0x571051bac3b2 - std[70759c8f55707aa4]::panicking::catch_unwind::do_call::<core[df12db4294e9bfd3]::panic::unwind_safe::AssertUnwindSafe<std[70759c8f55707aa4]::thread::lifecycle::spawn_unchecked<test[9d35eded1c95d3be]::run_test::{closure#1}, ()>::{closure#1}::{closure#0}>, ()>
[INFO] [stdout]                                at /rustc/dfb0accb7f508ae8be965d8629557221c889dd98/library/std/src/panicking.rs:576:43
[INFO] [stdout]   36:     0x571051bac3b2 - std[70759c8f55707aa4]::panicking::catch_unwind::<(), core[df12db4294e9bfd3]::panic::unwind_safe::AssertUnwindSafe<std[70759c8f55707aa4]::thread::lifecycle::spawn_unchecked<test[9d35eded1c95d3be]::run_test::{closure#1}, ()>::{closure#1}::{closure#0}>>
[INFO] [stdout]                                at /rustc/dfb0accb7f508ae8be965d8629557221c889dd98/library/std/src/panicking.rs:544:19
[INFO] [stdout]   37:     0x571051bac3b2 - std[70759c8f55707aa4]::panic::catch_unwind::<core[df12db4294e9bfd3]::panic::unwind_safe::AssertUnwindSafe<std[70759c8f55707aa4]::thread::lifecycle::spawn_unchecked<test[9d35eded1c95d3be]::run_test::{closure#1}, ()>::{closure#1}::{closure#0}>, ()>
[INFO] [stdout]                                at /rustc/dfb0accb7f508ae8be965d8629557221c889dd98/library/std/src/panic.rs:359:14
[INFO] [stdout]   38:     0x571051bac3b2 - std[70759c8f55707aa4]::thread::lifecycle::spawn_unchecked::<test[9d35eded1c95d3be]::run_test::{closure#1}, ()>::{closure#1}
[INFO] [stdout]                                at /rustc/dfb0accb7f508ae8be965d8629557221c889dd98/library/std/src/thread/lifecycle.rs:68:26
[INFO] [stdout]   39:     0x571051bac3b2 - <std[70759c8f55707aa4]::thread::lifecycle::spawn_unchecked<test[9d35eded1c95d3be]::run_test::{closure#1}, ()>::{closure#1} as core[df12db4294e9bfd3]::ops::function::FnOnce<()>>::call_once::{shim:vtable#0}
[INFO] [stdout]                                at /rustc/dfb0accb7f508ae8be965d8629557221c889dd98/library/core/src/ops/function.rs:250:5
[INFO] [stdout]   40:     0x571051c136e9 - <alloc[2182bb758b4b3781]::boxed::Box<dyn core[df12db4294e9bfd3]::ops::function::FnOnce<(), Output = ()> + core[df12db4294e9bfd3]::marker::Send> as core[df12db4294e9bfd3]::ops::function::FnOnce<()>>::call_once
[INFO] [stdout]                                at /rustc/dfb0accb7f508ae8be965d8629557221c889dd98/library/alloc/src/boxed.rs:2320:9
[INFO] [stdout]   41:     0x571051c136e9 - <std[70759c8f55707aa4]::sys::thread::unix::Thread>::new::thread_start
[INFO] [stdout]                                at /rustc/dfb0accb7f508ae8be965d8629557221c889dd98/library/std/src/sys/thread/unix.rs:123:17
[INFO] [stdout]   42:     0x7b356d5a6dfa - <unknown>
[INFO] [stdout]   43:     0x7b356d63a3d4 - clone
[INFO] [stdout]   44:                0x0 - <unknown>
[INFO] [stdout] 
[INFO] [stdout] 
[INFO] [stdout] failures:
[INFO] [stdout]     test_all_examples_exist
[INFO] [stdout]     test_contact_form_example_compiles
[INFO] [stdout]     test_counter_example_compiles
[INFO] [stdout]     test_dashboard_example_compiles
[INFO] [stdout]     test_todo_app_example_compiles
[INFO] [stdout] 
[INFO] [stdout] test result: FAILED. 1 passed; 5 failed; 0 ignored; 0 measured; 0 filtered out; finished in 0.11s
[INFO] [stdout] 
[INFO] [stderr] error: test failed, to rerun pass `--test examples_integration_test`
[INFO] running `Command { std: "docker" "inspect" "256f46b1bca150a2cc0d8db050419a752dda7e5315005b428f7492e058c1ee68", kill_on_drop: false }`
[INFO] running `Command { std: "docker" "rm" "-f" "256f46b1bca150a2cc0d8db050419a752dda7e5315005b428f7492e058c1ee68", kill_on_drop: false }`
[INFO] [stdout] 256f46b1bca150a2cc0d8db050419a752dda7e5315005b428f7492e058c1ee68
