[INFO] fetching crate wht_corulix_workspace 1.0.0...
[INFO] testing wht_corulix_workspace-1.0.0 against 1.100.0-beta.1 for beta-1.100-2
[INFO] extracting crate wht_corulix_workspace 1.0.0 into /workspace/builds/worker-0-tc2/source
[INFO] started tweaking crates.io crate wht_corulix_workspace 1.0.0
[INFO] removed 0 missing tests
[INFO] finished tweaking crates.io crate wht_corulix_workspace 1.0.0
[INFO] tweaked toml for crates.io crate wht_corulix_workspace 1.0.0 written to /workspace/builds/worker-0-tc2/source/Cargo.toml
[INFO] validating manifest of crates.io crate wht_corulix_workspace 1.0.0 on toolchain 1.100.0-beta.1
[INFO] running `Command { std: CARGO_HOME="/workspace/cargo-home" RUSTUP_HOME="/workspace/rustup-home" "/workspace/cargo-home/bin/cargo" "+1.100.0-beta.1" "metadata" "--manifest-path" "Cargo.toml" "--no-deps", kill_on_drop: false }`
[INFO] crate crates.io crate wht_corulix_workspace 1.0.0 already has a lockfile, it will not be regenerated
[INFO] running `Command { std: CARGO_HOME="/workspace/cargo-home" RUSTUP_HOME="/workspace/rustup-home" "/workspace/cargo-home/bin/cargo" "+1.100.0-beta.1" "fetch" "--manifest-path" "Cargo.toml", kill_on_drop: false }`
[INFO] [stderr] warning: Cargo.toml: only one of `license` or `license-file` is necessary
[INFO] [stderr] `license` should be used if the package license can be expressed with a standard SPDX expression.
[INFO] [stderr] `license-file` should be used if the package uses a non-standard license.
[INFO] [stderr] See https://doc.rust-lang.org/cargo/reference/manifest.html#the-license-and-license-file-fields for more information.
[INFO] [stderr] warning: `wht_corulix_workspace` (manifest) generated 1 warning
[INFO] running `Command { std: "docker" "create" "-v" "/var/lib/crater-agent-workspace/builds/worker-0-tc2/source:/opt/rustwide/workdir:ro,Z" "-v" "/var/lib/crater-agent-workspace/builds/worker-0-tc2/target:/opt/rustwide/target:rw,Z" "-v" "/var/lib/crater-agent-workspace/cargo-home:/opt/rustwide/cargo-home:ro,Z" "-v" "/var/lib/crater-agent-workspace/rustup-home:/opt/rustwide/rustup-home:ro,Z" "-m" "1610612736" "--network" "none" "ghcr.io/rust-lang/crates-build-env/linux@sha256:3111399a4047eeb3a02b7a90e478d715f38a8c6669b5c4b49d30a17385265909" "sleep" "infinity", kill_on_drop: false }`
[INFO] [stdout] 1bbe4ef836f79e215758314d7c7ab9550cdf6948da38f2da9380f2af6887383e
[INFO] running `Command { std: "docker" "start" "1bbe4ef836f79e215758314d7c7ab9550cdf6948da38f2da9380f2af6887383e", kill_on_drop: false }`
[INFO] running `Command { std: "docker" "inspect" "1bbe4ef836f79e215758314d7c7ab9550cdf6948da38f2da9380f2af6887383e", kill_on_drop: false }`
[INFO] running `Command { std: "docker" "exec" "-e" "SOURCE_DIR=/opt/rustwide/workdir" "-e" "CARGO_HOME=/opt/rustwide/cargo-home" "-e" "RUSTUP_HOME=/opt/rustwide/rustup-home" "-e" "CARGO_TARGET_DIR=/opt/rustwide/target" "-w" "/opt/rustwide/workdir" "--user" "0:0" "1bbe4ef836f79e215758314d7c7ab9550cdf6948da38f2da9380f2af6887383e" "/opt/rustwide/cargo-home/bin/cargo" "+1.100.0-beta.1" "metadata" "--no-deps" "--format-version=1", kill_on_drop: false }`
[INFO] running `Command { std: "docker" "inspect" "1bbe4ef836f79e215758314d7c7ab9550cdf6948da38f2da9380f2af6887383e", kill_on_drop: false }`
[INFO] running `Command { std: "docker" "exec" "-e" "SOURCE_DIR=/opt/rustwide/workdir" "-e" "CARGO_HOME=/opt/rustwide/cargo-home" "-e" "RUSTUP_HOME=/opt/rustwide/rustup-home" "-e" "CARGO_TARGET_DIR=/opt/rustwide/target" "-e" "CARGO_INCREMENTAL=0" "-e" "RUST_BACKTRACE=full" "-e" "RUSTFLAGS=--cap-lints=warn" "-e" "RUSTDOCFLAGS=--cap-lints=warn" "-w" "/opt/rustwide/workdir" "--user" "0:0" "1bbe4ef836f79e215758314d7c7ab9550cdf6948da38f2da9380f2af6887383e" "/opt/rustwide/cargo-home/bin/cargo" "+1.100.0-beta.1" "build" "--frozen" "--message-format=json", kill_on_drop: false }`
[INFO] [stderr] warning: Cargo.toml: only one of `license` or `license-file` is necessary
[INFO] [stderr] `license` should be used if the package license can be expressed with a standard SPDX expression.
[INFO] [stderr] `license-file` should be used if the package uses a non-standard license.
[INFO] [stderr] See https://doc.rust-lang.org/cargo/reference/manifest.html#the-license-and-license-file-fields for more information.
[INFO] [stderr] warning: `wht_corulix_workspace` (manifest) generated 1 warning
[INFO] [stderr]    Compiling libc v0.2.189
[INFO] [stderr]    Compiling serde_json v1.0.151
[INFO] [stderr]    Compiling proc-macro2 v1.0.107
[INFO] [stderr]    Compiling ref-cast v1.0.26
[INFO] [stderr]    Compiling thiserror v2.0.20
[INFO] [stderr]    Compiling memchr v2.8.3
[INFO] [stderr]    Compiling rustix v1.1.4
[INFO] [stderr]    Compiling linux-raw-sys v0.12.1
[INFO] [stderr]    Compiling dyn-clone v1.0.20
[INFO] [stderr]    Compiling bitflags v2.13.1
[INFO] [stderr]    Compiling bytes v1.12.1
[INFO] [stderr]    Compiling jsonc-parser v0.33.1
[INFO] [stderr]    Compiling quote v1.0.47
[INFO] [stderr]    Compiling syn v3.0.3
[INFO] [stderr]    Compiling errno v0.3.14
[INFO] [stderr]    Compiling mio v1.2.2
[INFO] [stderr]    Compiling signal-hook-registry v1.4.8
[INFO] [stderr]    Compiling serde_derive_internals v0.30.0
[INFO] [stderr]    Compiling wht_corulix_process_unix v1.0.0
[INFO] [stderr]    Compiling serde_derive v1.0.229
[INFO] [stderr]    Compiling ref-cast-impl v1.0.26
[INFO] [stderr]    Compiling thiserror-impl v2.0.20
[INFO] [stderr]    Compiling tokio-macros v2.7.2
[INFO] [stderr]    Compiling schemars_derive v1.2.2
[INFO] [stderr]    Compiling tokio v1.53.1
[INFO] [stderr]    Compiling serde v1.0.229
[INFO] [stderr]    Compiling schemars v1.2.2
[INFO] [stderr]    Compiling wht_corulix_core v1.0.0
[INFO] [stderr]    Compiling wht_corulix_workspace v1.0.0 (/opt/rustwide/workdir)
[INFO] [stderr]     Finished `dev` profile [unoptimized + debuginfo] target(s) in 34.21s
[INFO] running `Command { std: "docker" "inspect" "1bbe4ef836f79e215758314d7c7ab9550cdf6948da38f2da9380f2af6887383e", kill_on_drop: false }`
[INFO] running `Command { std: "docker" "exec" "-e" "SOURCE_DIR=/opt/rustwide/workdir" "-e" "CARGO_HOME=/opt/rustwide/cargo-home" "-e" "RUSTUP_HOME=/opt/rustwide/rustup-home" "-e" "CARGO_TARGET_DIR=/opt/rustwide/target" "-e" "CARGO_INCREMENTAL=0" "-e" "RUST_BACKTRACE=full" "-e" "RUSTFLAGS=--cap-lints=warn" "-e" "RUSTDOCFLAGS=--cap-lints=warn" "-w" "/opt/rustwide/workdir" "--user" "0:0" "1bbe4ef836f79e215758314d7c7ab9550cdf6948da38f2da9380f2af6887383e" "/opt/rustwide/cargo-home/bin/cargo" "+1.100.0-beta.1" "test" "--frozen" "--no-run" "--message-format=json", kill_on_drop: false }`
[INFO] [stderr] warning: Cargo.toml: only one of `license` or `license-file` is necessary
[INFO] [stderr] `license` should be used if the package license can be expressed with a standard SPDX expression.
[INFO] [stderr] `license-file` should be used if the package uses a non-standard license.
[INFO] [stderr] See https://doc.rust-lang.org/cargo/reference/manifest.html#the-license-and-license-file-fields for more information.
[INFO] [stderr] warning: `wht_corulix_workspace` (manifest) generated 1 warning
[INFO] [stderr]    Compiling serde_json v1.0.151
[INFO] [stderr]    Compiling escargot v0.5.15
[INFO] [stderr]    Compiling log v0.4.33
[INFO] [stderr]    Compiling schemars v1.2.2
[INFO] [stderr]    Compiling wht_corulix_core v1.0.0
[INFO] [stderr]    Compiling wht_corulix_workspace v1.0.0 (/opt/rustwide/workdir)
[INFO] [stderr]     Finished `test` profile [unoptimized + debuginfo] target(s) in 13.50s
[INFO] running `Command { std: "docker" "inspect" "1bbe4ef836f79e215758314d7c7ab9550cdf6948da38f2da9380f2af6887383e", kill_on_drop: false }`
[INFO] running `Command { std: "docker" "exec" "-e" "SOURCE_DIR=/opt/rustwide/workdir" "-e" "CARGO_HOME=/opt/rustwide/cargo-home" "-e" "RUSTUP_HOME=/opt/rustwide/rustup-home" "-e" "CARGO_TARGET_DIR=/opt/rustwide/target" "-e" "CARGO_INCREMENTAL=0" "-e" "RUST_BACKTRACE=full" "-e" "RUSTFLAGS=--cap-lints=warn" "-e" "RUSTDOCFLAGS=--cap-lints=warn" "-w" "/opt/rustwide/workdir" "--user" "0:0" "1bbe4ef836f79e215758314d7c7ab9550cdf6948da38f2da9380f2af6887383e" "/opt/rustwide/cargo-home/bin/cargo" "+1.100.0-beta.1" "test" "--frozen", kill_on_drop: false }`
[INFO] [stderr] warning: Cargo.toml: only one of `license` or `license-file` is necessary
[INFO] [stderr] `license` should be used if the package license can be expressed with a standard SPDX expression.
[INFO] [stderr] `license-file` should be used if the package uses a non-standard license.
[INFO] [stderr] See https://doc.rust-lang.org/cargo/reference/manifest.html#the-license-and-license-file-fields for more information.
[INFO] [stderr] warning: `wht_corulix_workspace` (manifest) generated 1 warning
[INFO] [stderr]     Finished `test` profile [unoptimized + debuginfo] target(s) in 0.12s
[INFO] [stderr]      Running unittests src/lib.rs (/opt/rustwide/target/debug/build/wht_corulix_workspace/4042b358c8c75ec7/out/wht_corulix_workspace-4042b358c8c75ec7)
[INFO] [stdout] 
[INFO] [stdout] running 158 tests
[INFO] [stdout] test capability::tests::arbitrary_leaf_injection_is_rejected ... ok
[INFO] [stdout] test capability::tests::cross_workspace_rename_is_denied ... ok
[INFO] [stdout] test capability::tests::existing_target_absolute_final_symlink_to_internal_file ... ok
[INFO] [stdout] test capability::tests::existing_target_chain_ending_in_internal_file ... ok
[INFO] [stdout] test capability::tests::existing_target_dangling_final_symlink_fails_as_missing ... ok
[INFO] [stdout] test capability::tests::capability_survives_nested_ancestor_replacement ... ok
[INFO] [stdout] test capability::tests::capability_survives_root_replacement ... ok
[INFO] [stdout] test capability::tests::new_target_dangling_symlink_collides ... ok
[INFO] [stdout] test capability::tests::new_target_absent_may_be_created ... ok
[INFO] [stdout] test capability::tests::existing_target_final_symlink_cycle_is_bounded ... ok
[INFO] [stdout] test capability::tests::existing_target_final_symlink_to_outside_is_denied ... ok
[INFO] [stdout] test capability::tests::new_target_existing_directory_collides ... ok
[INFO] [stdout] test capability::tests::new_target_existing_outside_symlink_collides ... ok
[INFO] [stdout] test capability::tests::existing_target_normal_regular_file ... ok
[INFO] [stdout] test capability::tests::existing_target_relative_final_symlink_to_internal_file ... ok
[INFO] [stdout] test capability::tests::new_target_existing_internal_symlink_collides ... ok
[INFO] [stdout] test capability::tests::new_target_existing_regular_file_collides ... ok
[INFO] [stdout] test capability::tests::read_bytes_max_bytes_zero_boundary ... ok
[INFO] [stdout] test capability::tests::read_bytes_static_boundary_exactly_at_max_succeeds ... ok
[INFO] [stdout] test capability::tests::read_bytes_bounded_read_survives_parent_swap_same_object ... ok
[INFO] [stdout] test capability::tests::read_bytes_static_boundary_over_max_is_file_too_large ... ok
[INFO] [stdout] test capability::tests::opaque_construction_only_through_authority ... ok
[INFO] [stdout] test capability::tests::read_bytes_concurrent_same_object_growth_never_returns_oversized_success ... ok
[INFO] [stdout] test capability::tests::read_bytes_static_boundary_under_max_succeeds ... ok
[INFO] [stdout] test capability::tests::read_survives_parent_swap_after_capability_creation ... ok
[INFO] [stdout] test capability::tests::read_bytes_zero_length_file_succeeds_empty ... ok
[INFO] [stdout] test capability::tests::create_survives_parent_swap_after_capability_creation ... ok
[INFO] [stdout] test capability::tests::rename_source_and_destination_authorities_are_independent ... ok
[INFO] [stdout] test capability::tests::read_bytes_continuous_appender_terminates_within_bound ... ok
[INFO] [stdout] test capability::tests::rename_survives_destination_parent_swap ... ok
[INFO] [stdout] test capability::tests::unlink_survives_parent_swap_after_capability_creation ... ok
[INFO] [stdout] test confine::tests::absolute_path_is_denied ... ok
[INFO] [stdout] test capability::tests::rename_survives_source_parent_swap ... ok
[INFO] [stdout] test confine::tests::broken_symlink_is_denied_not_panicked ... ok
[INFO] [stdout] test confine::tests::blocking_core_and_async_entry_point_agree ... ok
[INFO] [stdout] test confine::tests::canonicalize_external_path_rejects_relative_input ... ok
[INFO] [stdout] test capability::tests::stage_primitive_security_independent_of_filename_secrecy ... ok
[INFO] [stdout] test confine::tests::confine_target_accepts_a_nonexistent_leaf_in_an_existing_directory ... ok
[INFO] [stdout] test confine::tests::canonicalize_external_path_reports_directory_as_not_file ... ok
[INFO] [stdout] test confine::tests::canonicalize_external_path_reports_regular_file ... ok
[INFO] [stdout] test confine::tests::confine_target_accepts_a_nonexistent_leaf_in_a_nested_existing_directory ... ok
[INFO] [stdout] test confine::tests::confine_target_rejects_absolute_path ... ok
[INFO] [stdout] test confine::tests::confined_read_and_process_propagates_read_side_errors_without_calling_process ... ok
[INFO] [stdout] test confine::tests::confined_metadata_returns_regular_file_metadata ... ok
[INFO] [stdout] test confine::tests::confined_read_and_process_runs_process_on_the_read_bytes ... ok
[INFO] [stdout] test confine::tests::confine_target_rejects_traversal ... ok
[INFO] [stdout] test confine::tests::confine_target_rejects_parent_directory_symlink_escape ... ok
[INFO] [stdout] test confine::tests::confine_target_rejects_nonexistent_parent_directory ... ok
[INFO] [stdout] test confine::tests::confined_read_returns_file_bytes ... ok
[INFO] [stdout] test confine::tests::confined_walk_finds_nested_files ... ok
[INFO] [stdout] test confine::tests::confined_read_rejects_oversized_file ... ok
[INFO] [stdout] test confine::tests::confined_walk_respects_max_depth ... ok
[INFO] [stdout] test confine::tests::confined_read_rejects_traversal ... ok
[INFO] [stdout] test confine::tests::confined_walk_scope_itself_is_confined ... ok
[INFO] [stdout] test confine::tests::confined_walk_respects_max_entries ... ok
[INFO] [stdout] test confine::tests::confined_read_rejects_directory_target ... ok
[INFO] [stdout] test confine::tests::m09_p1_caller_supplied_symlink_alias_is_preserved ... ok
[INFO] [stdout] test confine::tests::m09_p1_clone_after_root_replacement ... ok
[INFO] [stdout] test confine::tests::confined_walk_never_follows_symlinks ... ok
[INFO] [stdout] test confine::tests::m09_p1_normal_directory_substitution_during_open ... ok
[INFO] [stdout] test confine::tests::m09_p1_normal_open ... ok
[INFO] [stdout] test confine::tests::empty_relative_path_is_denied ... ok
[INFO] [stdout] test confine::tests::m09_p1_pinned_root_survives_path_replacement ... ok
[INFO] [stdout] test confine::tests::m09_p1_root_equality ... ok
[INFO] [stdout] test confine::tests::file_symlink_escape_is_denied ... ok
[INFO] [stdout] test confine::tests::m09_p1_symlink_substitution_during_open ... ok
[INFO] [stdout] test confine::tests::m09_p4_live_absolute_internal_final_symlink_read ... ok
[INFO] [stdout] test confine::tests::m09_p4_live_outside_final_symlink_denied ... ok
[INFO] [stdout] test confine::tests::m09_p4_root_replaced_by_normal_directory_read_escape_closed ... ok
[INFO] [stdout] test confine::tests::m09_p4_live_chain_internal_final_symlink_read ... ok
[INFO] [stdout] test confine::tests::m09_p4_live_relative_internal_final_symlink_read ... ok
[INFO] [stdout] test confine::tests::m09_p8_verify_current_path_identity_detects_ancestor_replacement ... ok
[INFO] [stdout] test confine::tests::m09_p8_verify_current_path_identity_detects_normal_directory_replacement ... ok
[INFO] [stdout] test confine::tests::m09_p4_parent_swap_before_final_open_read_escape_closed ... ok
[INFO] [stdout] test confine::tests::m09_p4_root_replaced_by_outside_symlink_read_denied ... ok
[INFO] [stdout] test confine::tests::m09_p8_verify_current_path_identity_fails_closed_when_pathname_removed ... ok
[INFO] [stdout] test confine::tests::m09_p4_special_file_fifo_rejected_without_hanging ... ok
[INFO] [stdout] test confine::tests::m09_p8_verify_current_path_identity_detects_symlink_replacement ... ok
[INFO] [stdout] test confine::tests::m09_p8_verify_current_path_identity_passes_again_after_aba_restore ... ok
[INFO] [stdout] test confine::tests::nonexistent_target_is_denied_not_panicked ... ok
[INFO] [stdout] test confine::tests::parent_traversal_is_denied ... ok
[INFO] [stdout] test confine::tests::relative_symlink_outside_root_is_denied ... ok
[INFO] [stdout] test confine::tests::root_prefix_component_is_denied ... ok
[INFO] [stdout] test confine::tests::symlink_cycle_does_not_hang_or_panic ... ok
[INFO] [stdout] test confine::tests::canonicalize_external_path_rejects_missing_target ... ok
[INFO] [stdout] test confine::tests::m09_p8_verify_current_path_identity_passes_on_unmodified_root ... ok
[INFO] [stdout] test context::tests::all_roots_within_boundary_accepts_internal_root ... ok
[INFO] [stdout] test context::tests::duplicate_canonical_roots_are_rejected ... ok
[INFO] [stdout] test context::tests::all_roots_within_boundary_detects_external_root ... ok
[INFO] [stdout] test confine::tests::m09_section20_read_toctou_ancestor_swap_after_check_is_reproduced ... ok
[INFO] [stdout] test confine::tests::nested_symlink_escape_is_denied ... ok
[INFO] [stdout] test context::tests::empty_roots_is_rejected ... ok
[INFO] [stdout] test context::tests::confined_walk_all_tags_entries_with_root_id ... ok
[INFO] [stdout] test context::tests::escaping_root_a_into_root_b_is_rejected ... ok
[INFO] [stdout] test confine::tests::directory_symlink_escape_is_denied ... ok
[INFO] [stdout] test context::tests::multi_root_topology_from_two_distinct_roots ... ok
[INFO] [stdout] test context::tests::multi_root_resolve_ambiguous_display_name_fails ... ok
[INFO] [stdout] test context::tests::multi_root_resolve_requires_selector ... ok
[INFO] [stdout] test context::tests::single_root_resolve_ignores_selector ... ok
[INFO] [stdout] test descriptor::tests::parses_comments_and_trailing_commas ... ok
[INFO] [stdout] test context::tests::single_root_topology_is_single_root ... ok
[INFO] [stdout] test descriptor::tests::ignores_settings_tasks_and_other_non_topology_keys ... ok
[INFO] [stdout] test context::tests::multi_root_resolve_by_name_selects_exact_root ... ok
[INFO] [stdout] test descriptor::tests::parses_minimal_valid_descriptor ... ok
[INFO] [stdout] test descriptor::tests::rejects_empty_folders ... ok
[INFO] [stdout] test descriptor::tests::rejects_folder_missing_path ... ok
[INFO] [stdout] test descriptor::tests::rejects_malformed_syntax ... ok
[INFO] [stdout] test descriptor::tests::rejects_missing_folders ... ok
[INFO] [stdout] test descriptor::tests::rejects_non_string_path ... ok
[INFO] [stdout] test descriptor::tests::rejects_uri_only_folder ... ok
[INFO] [stdout] test descriptor::tests::rejects_too_many_roots ... ok
[INFO] [stdout] test discovery::tests::multiple_markers_in_same_directory_yield_one_candidate ... ok
[INFO] [stdout] test context::tests::multi_root_resolve_unknown_selector_fails ... ok
[INFO] [stdout] test context::tests::overlapping_roots_are_rejected ... ok
[INFO] [stdout] test discovery::tests::seed_itself_with_marker_is_found_at_depth_zero ... ok
[INFO] [stdout] test discovery::tests::no_marker_within_bound_is_exhausted ... ok
[INFO] [stdout] test resolver::tests::ambiguous_descriptors_at_same_level_fail_closed ... ok
[INFO] [stdout] test discovery::tests::nested_seed_discovers_ancestor_marker ... ok
[INFO] [stdout] test resolver::tests::auto_discovered_descriptor_with_internal_roots_binds ... ok
[INFO] [stdout] test resolver::tests::auto_discovered_descriptor_with_external_root_requires_explicit_selection ... ok
[INFO] [stdout] test discovery::tests::discovery_never_walks_past_the_bound ... ok
[INFO] [stdout] test resolver::tests::both_environment_variables_present_fails_closed ... ok
[INFO] [stdout] test resolver::tests::empty_env_var_is_treated_as_absent_not_invalid ... ok
[INFO] [stdout] test resolver::tests::env_takes_precedence_over_discovery ... ok
[INFO] [stdout] test resolver::tests::cwd_seeded_discovery_selects_when_flag_and_env_absent ... ok
[INFO] [stdout] test confine::tests::m09_p4_repeated_read_fd_leak ... ok
[INFO] [stdout] test resolver::tests::discovery_exhausted_fails_closed ... ok
[INFO] [stdout] test resolver::tests::invalid_env_fails_closed_without_fallthrough ... ok
[INFO] [stdout] test resolver::tests::invalid_explicit_flag_fails_closed_without_fallthrough ... ok
[INFO] [stdout] test resolver::tests::explicit_workspace_file_may_reference_external_roots ... ok
[INFO] [stdout] test resolver::tests::explicit_workspace_file_takes_precedence_over_explicit_workspace ... ok
[INFO] [stdout] test resolver::tests::explicit_flag_takes_precedence_over_env_and_discovery ... ok
[INFO] [stdout] test secure_walk::tests::absolute_symlink_sibling_prefix_confusion_is_denied ... ok
[INFO] [stdout] test resolver::tests::invalid_explicit_workspace_file_fails_closed ... ok
[INFO] [stdout] test secure_walk::tests::absolute_symlink_to_outside_is_denied ... ok
[INFO] [stdout] test resolver::tests::selected_workspace_is_always_untrusted ... ok
[INFO] [stdout] test secure_walk::tests::ancestor_swap_after_first_pin_does_not_redirect ... ok
[INFO] [stdout] test secure_walk::tests::absolute_internal_symlink_inside_workspace_is_followed ... ok
[INFO] [stdout] test resolver::tests::multi_root_descriptor_yields_multi_root_topology ... ok
[INFO] [stdout] test secure_walk::tests::current_component_symlink_swap_cannot_escape ... ok
[INFO] [stdout] test secure_walk::tests::chain_ending_outside_is_denied ... ok
[INFO] [stdout] test secure_walk::tests::directory_symlink_component_inside_is_followed ... ok
[INFO] [stdout] test secure_walk::tests::absolute_symlink_after_root_path_replacement_still_resolves_via_fd ... ok
[INFO] [stdout] test secure_walk::tests::mixed_relative_absolute_chain_resolves ... ok
[INFO] [stdout] test resolver::tests::raw_cwd_without_marker_is_not_accepted ... ok
[INFO] [stdout] test secure_walk::tests::normal_multi_component_walk ... ok
[INFO] [stdout] test secure_walk::tests::relative_internal_symlink_sub_path_is_followed ... ok
[INFO] [stdout] test secure_walk::tests::internal_symlink_chain_resolves ... ok
[INFO] [stdout] test secure_walk::tests::directory_symlink_component_outside_is_denied ... ok
[INFO] [stdout] test secure_walk::tests::relative_symlink_nested_up_to_real ... ok
[INFO] [stdout] test secure_walk::tests::nested_ancestor_swap_does_not_redirect ... ok
[INFO] [stdout] test secure_walk::tests::symlink_self_link_fails_closed_deterministically ... ok
[INFO] [stdout] test secure_walk::tests::relative_internal_symlink_alias_is_followed ... ok
[INFO] [stdout] test secure_walk::tests::relative_symlink_to_allowed_sibling ... ok
[INFO] [stdout] test secure_walk::tests::relative_symlink_attempting_above_root_is_denied ... ok
[INFO] [stdout] test secure_walk::tests::symlink_cycle_fails_closed_deterministically ... ok
[INFO] [stdout] test secure_walk::tests::hop_limit_is_enforced ... ok
[INFO] [stderr]      Running tests/p6_process_cwd.rs (/opt/rustwide/target/debug/build/wht_corulix_workspace/d9cfba538a3e7967/out/p6_process_cwd-d9cfba538a3e7967)
[INFO] [stdout] test capability::tests::fd_leak_test ... ok
[INFO] [stdout] 
[INFO] [stdout] test result: ok. 158 passed; 0 failed; 0 ignored; 0 measured; 0 filtered out; finished in 0.56s
[INFO] [stdout] 
[INFO] [stdout] 
[INFO] [stdout] running 11 tests
[INFO] [stdout] test root_symlink_replacement_before_bind_does_not_escape ... FAILED
[INFO] [stdout] test ancestor_replacement_does_not_redirect_the_pinned_workspace ... FAILED
[INFO] [stdout] test normal_pinned_root_cwd_matches_workspace_root ... FAILED
[INFO] [stdout] test preexisting_current_dir_cannot_override_workspace_root_binding ... FAILED
[INFO] [stdout] test root_normal_replacement_before_bind_does_not_redirect ... FAILED
[INFO] [stdout] test root_replacement_after_bind_before_spawn_does_not_redirect ... FAILED
[INFO] [stdout] test multiple_command_bindings_from_the_same_workspace_root ... FAILED
[INFO] [stdout] test repeated_spawn_from_workspace_root_does_not_retain_fds ... FAILED
[INFO] [stdout] test workspace_root_clone_binds_the_same_pinned_object ... FAILED
[INFO] [stdout] test workspace_root_drop_after_bind_does_not_invalidate_command ... FAILED
[INFO] [stdout] test unspawned_bound_command_from_workspace_root_leaks_no_fd ... FAILED
[INFO] [stdout] 
[INFO] [stdout] failures:
[INFO] [stdout] 
[INFO] [stdout] ---- root_symlink_replacement_before_bind_does_not_escape stdout ----
[INFO] [stdout] Error: "failed to build/resolve wht_corulix_process_fixture (manifest_path=\"/opt/rustwide/workdir/../wht_corulix_process_fixture/Cargo.toml\"): Cargo command failed: The cargo subcommand returned an error.\nerror: manifest path `/opt/rustwide/workdir/../wht_corulix_process_fixture/Cargo.toml` does not exist\n\n"
[INFO] [stdout] 
[INFO] [stdout] ---- ancestor_replacement_does_not_redirect_the_pinned_workspace stdout ----
[INFO] [stdout] Error: "failed to build/resolve wht_corulix_process_fixture (manifest_path=\"/opt/rustwide/workdir/../wht_corulix_process_fixture/Cargo.toml\"): Cargo command failed: The cargo subcommand returned an error.\nerror: manifest path `/opt/rustwide/workdir/../wht_corulix_process_fixture/Cargo.toml` does not exist\n\n"
[INFO] [stdout] 
[INFO] [stdout] ---- normal_pinned_root_cwd_matches_workspace_root stdout ----
[INFO] [stdout] Error: "failed to build/resolve wht_corulix_process_fixture (manifest_path=\"/opt/rustwide/workdir/../wht_corulix_process_fixture/Cargo.toml\"): Cargo command failed: The cargo subcommand returned an error.\nerror: manifest path `/opt/rustwide/workdir/../wht_corulix_process_fixture/Cargo.toml` does not exist\n\n"
[INFO] [stdout] 
[INFO] [stdout] ---- preexisting_current_dir_cannot_override_workspace_root_binding stdout ----
[INFO] [stdout] Error: "failed to build/resolve wht_corulix_process_fixture (manifest_path=\"/opt/rustwide/workdir/../wht_corulix_process_fixture/Cargo.toml\"): Cargo command failed: The cargo subcommand returned an error.\nerror: manifest path `/opt/rustwide/workdir/../wht_corulix_process_fixture/Cargo.toml` does not exist\n\n"
[INFO] [stdout] 
[INFO] [stdout] ---- root_normal_replacement_before_bind_does_not_redirect stdout ----
[INFO] [stdout] Error: "failed to build/resolve wht_corulix_process_fixture (manifest_path=\"/opt/rustwide/workdir/../wht_corulix_process_fixture/Cargo.toml\"): Cargo command failed: The cargo subcommand returned an error.\nerror: manifest path `/opt/rustwide/workdir/../wht_corulix_process_fixture/Cargo.toml` does not exist\n\n"
[INFO] [stdout] 
[INFO] [stdout] ---- root_replacement_after_bind_before_spawn_does_not_redirect stdout ----
[INFO] [stdout] Error: "failed to build/resolve wht_corulix_process_fixture (manifest_path=\"/opt/rustwide/workdir/../wht_corulix_process_fixture/Cargo.toml\"): Cargo command failed: The cargo subcommand returned an error.\nerror: manifest path `/opt/rustwide/workdir/../wht_corulix_process_fixture/Cargo.toml` does not exist\n\n"
[INFO] [stdout] 
[INFO] [stdout] ---- multiple_command_bindings_from_the_same_workspace_root stdout ----
[INFO] [stdout] Error: "failed to build/resolve wht_corulix_process_fixture (manifest_path=\"/opt/rustwide/workdir/../wht_corulix_process_fixture/Cargo.toml\"): Cargo command failed: The cargo subcommand returned an error.\nerror: manifest path `/opt/rustwide/workdir/../wht_corulix_process_fixture/Cargo.toml` does not exist\n\n"
[INFO] [stdout] 
[INFO] [stdout] ---- repeated_spawn_from_workspace_root_does_not_retain_fds stdout ----
[INFO] [stdout] Error: "failed to build/resolve wht_corulix_process_fixture (manifest_path=\"/opt/rustwide/workdir/../wht_corulix_process_fixture/Cargo.toml\"): Cargo command failed: The cargo subcommand returned an error.\nerror: manifest path `/opt/rustwide/workdir/../wht_corulix_process_fixture/Cargo.toml` does not exist\n\n"
[INFO] [stdout] 
[INFO] [stdout] ---- workspace_root_clone_binds_the_same_pinned_object stdout ----
[INFO] [stdout] Error: "failed to build/resolve wht_corulix_process_fixture (manifest_path=\"/opt/rustwide/workdir/../wht_corulix_process_fixture/Cargo.toml\"): Cargo command failed: The cargo subcommand returned an error.\nerror: manifest path `/opt/rustwide/workdir/../wht_corulix_process_fixture/Cargo.toml` does not exist\n\n"
[INFO] [stdout] 
[INFO] [stdout] ---- workspace_root_drop_after_bind_does_not_invalidate_command stdout ----
[INFO] [stdout] Error: "failed to build/resolve wht_corulix_process_fixture (manifest_path=\"/opt/rustwide/workdir/../wht_corulix_process_fixture/Cargo.toml\"): Cargo command failed: The cargo subcommand returned an error.\nerror: manifest path `/opt/rustwide/workdir/../wht_corulix_process_fixture/Cargo.toml` does not exist\n\n"
[INFO] [stdout] 
[INFO] [stdout] ---- unspawned_bound_command_from_workspace_root_leaks_no_fd stdout ----
[INFO] [stdout] Error: "failed to build/resolve wht_corulix_process_fixture (manifest_path=\"/opt/rustwide/workdir/../wht_corulix_process_fixture/Cargo.toml\"): Cargo command failed: The cargo subcommand returned an error.\nerror: manifest path `/opt/rustwide/workdir/../wht_corulix_process_fixture/Cargo.toml` does not exist\n\n"
[INFO] [stdout] 
[INFO] [stdout] 
[INFO] [stdout] failures:
[INFO] [stdout]     ancestor_replacement_does_not_redirect_the_pinned_workspace
[INFO] [stdout]     multiple_command_bindings_from_the_same_workspace_root
[INFO] [stdout]     normal_pinned_root_cwd_matches_workspace_root
[INFO] [stdout]     preexisting_current_dir_cannot_override_workspace_root_binding
[INFO] [stdout]     repeated_spawn_from_workspace_root_does_not_retain_fds
[INFO] [stdout]     root_normal_replacement_before_bind_does_not_redirect
[INFO] [stdout]     root_replacement_after_bind_before_spawn_does_not_redirect
[INFO] [stdout]     root_symlink_replacement_before_bind_does_not_escape
[INFO] [stdout]     unspawned_bound_command_from_workspace_root_leaks_no_fd
[INFO] [stdout]     workspace_root_clone_binds_the_same_pinned_object
[INFO] [stdout]     workspace_root_drop_after_bind_does_not_invalidate_command
[INFO] [stdout] 
[INFO] [stdout] test result: FAILED. 0 passed; 11 failed; 0 ignored; 0 measured; 0 filtered out; finished in 0.06s
[INFO] [stdout] 
[INFO] [stderr] error: test failed, to rerun pass `--test p6_process_cwd`
[INFO] running `Command { std: "docker" "inspect" "1bbe4ef836f79e215758314d7c7ab9550cdf6948da38f2da9380f2af6887383e", kill_on_drop: false }`
[INFO] running `Command { std: "docker" "rm" "-f" "1bbe4ef836f79e215758314d7c7ab9550cdf6948da38f2da9380f2af6887383e", kill_on_drop: false }`
[INFO] [stdout] 1bbe4ef836f79e215758314d7c7ab9550cdf6948da38f2da9380f2af6887383e
