[INFO] fetching crate whichdisk 0.7.0...
[INFO] testing whichdisk-0.7.0 against 1.100.0-beta.1 for beta-1.100-2
[INFO] extracting crate whichdisk 0.7.0 into /workspace/builds/worker-0-tc2/source
[INFO] started tweaking crates.io crate whichdisk 0.7.0
[INFO] removed 0 missing tests
[INFO] finished tweaking crates.io crate whichdisk 0.7.0
[INFO] tweaked toml for crates.io crate whichdisk 0.7.0 written to /workspace/builds/worker-0-tc2/source/Cargo.toml
[INFO] validating manifest of crates.io crate whichdisk 0.7.0 on toolchain 1.100.0-beta.1
[INFO] running `Command { std: CARGO_HOME="/workspace/cargo-home" RUSTUP_HOME="/workspace/rustup-home" "/workspace/cargo-home/bin/cargo" "+1.100.0-beta.1" "metadata" "--manifest-path" "Cargo.toml" "--no-deps", kill_on_drop: false }`
[INFO] crate crates.io crate whichdisk 0.7.0 already has a lockfile, it will not be regenerated
[INFO] running `Command { std: CARGO_HOME="/workspace/cargo-home" RUSTUP_HOME="/workspace/rustup-home" "/workspace/cargo-home/bin/cargo" "+1.100.0-beta.1" "fetch" "--manifest-path" "Cargo.toml", kill_on_drop: false }`
[INFO] [stderr] warning: `package.homepage` is redundant with `package.repository`
[INFO] [stderr]   --> Cargo.toml:66:12
[INFO] [stderr]    |
[INFO] [stderr] 66 | homepage = "https://github.com/al8n/whichdisk"
[INFO] [stderr]    |            ^^^^^^^^^^^^^^^^^^^^^^^^^^^^^^^^^^^
[INFO] [stderr] ...
[INFO] [stderr] 71 | repository = "https://github.com/al8n/whichdisk"
[INFO] [stderr]    |              -----------------------------------
[INFO] [stderr]    |
[INFO] [stderr]    = note: `cargo::redundant_homepage` is set to `warn` by default
[INFO] [stderr] help: consider removing `package.homepage`
[INFO] [stderr] warning: `whichdisk` (manifest) generated 1 warning
[INFO] running `Command { std: "docker" "create" "-v" "/var/lib/crater-agent-workspace/builds/worker-0-tc2/source:/opt/rustwide/workdir:ro,Z" "-v" "/var/lib/crater-agent-workspace/builds/worker-0-tc2/target:/opt/rustwide/target:rw,Z" "-v" "/var/lib/crater-agent-workspace/cargo-home:/opt/rustwide/cargo-home:ro,Z" "-v" "/var/lib/crater-agent-workspace/rustup-home:/opt/rustwide/rustup-home:ro,Z" "-m" "1610612736" "--network" "none" "ghcr.io/rust-lang/crates-build-env/linux@sha256:3111399a4047eeb3a02b7a90e478d715f38a8c6669b5c4b49d30a17385265909" "sleep" "infinity", kill_on_drop: false }`
[INFO] [stdout] 915d2a7676677b7c89b23fc88c83ac4f938cdd15ba15e64f9257d33e885dca4e
[INFO] running `Command { std: "docker" "start" "915d2a7676677b7c89b23fc88c83ac4f938cdd15ba15e64f9257d33e885dca4e", kill_on_drop: false }`
[INFO] running `Command { std: "docker" "inspect" "915d2a7676677b7c89b23fc88c83ac4f938cdd15ba15e64f9257d33e885dca4e", kill_on_drop: false }`
[INFO] running `Command { std: "docker" "exec" "-e" "SOURCE_DIR=/opt/rustwide/workdir" "-e" "CARGO_HOME=/opt/rustwide/cargo-home" "-e" "RUSTUP_HOME=/opt/rustwide/rustup-home" "-e" "CARGO_TARGET_DIR=/opt/rustwide/target" "-w" "/opt/rustwide/workdir" "--user" "0:0" "915d2a7676677b7c89b23fc88c83ac4f938cdd15ba15e64f9257d33e885dca4e" "/opt/rustwide/cargo-home/bin/cargo" "+1.100.0-beta.1" "metadata" "--no-deps" "--format-version=1", kill_on_drop: false }`
[INFO] running `Command { std: "docker" "inspect" "915d2a7676677b7c89b23fc88c83ac4f938cdd15ba15e64f9257d33e885dca4e", kill_on_drop: false }`
[INFO] running `Command { std: "docker" "exec" "-e" "SOURCE_DIR=/opt/rustwide/workdir" "-e" "CARGO_HOME=/opt/rustwide/cargo-home" "-e" "RUSTUP_HOME=/opt/rustwide/rustup-home" "-e" "CARGO_TARGET_DIR=/opt/rustwide/target" "-e" "CARGO_INCREMENTAL=0" "-e" "RUST_BACKTRACE=full" "-e" "RUSTFLAGS=--cap-lints=warn" "-e" "RUSTDOCFLAGS=--cap-lints=warn" "-w" "/opt/rustwide/workdir" "--user" "0:0" "915d2a7676677b7c89b23fc88c83ac4f938cdd15ba15e64f9257d33e885dca4e" "/opt/rustwide/cargo-home/bin/cargo" "+1.100.0-beta.1" "build" "--frozen" "--message-format=json", kill_on_drop: false }`
[INFO] [stderr] warning: `package.homepage` is redundant with `package.repository`
[INFO] [stderr]   --> Cargo.toml:66:12
[INFO] [stderr]    |
[INFO] [stderr] 66 | homepage = "https://github.com/al8n/whichdisk"
[INFO] [stderr]    |            ^^^^^^^^^^^^^^^^^^^^^^^^^^^^^^^^^^^
[INFO] [stderr] ...
[INFO] [stderr] 71 | repository = "https://github.com/al8n/whichdisk"
[INFO] [stderr]    |              -----------------------------------
[INFO] [stderr]    |
[INFO] [stderr]    = note: `cargo::redundant_homepage` is set to `warn` by default
[INFO] [stderr] help: consider removing `package.homepage`
[INFO] [stderr] warning: `whichdisk` (manifest) generated 1 warning
[INFO] [stderr]    Compiling rustix v1.1.4
[INFO] [stderr]    Compiling bitflags v2.11.0
[INFO] [stderr]    Compiling whichdisk v0.7.0 (/opt/rustwide/workdir)
[INFO] [stderr]    Compiling memchr v2.8.0
[INFO] [stderr]    Compiling bytes v1.12.0
[INFO] [stderr]     Finished `dev` profile [unoptimized + debuginfo] target(s) in 6.07s
[INFO] running `Command { std: "docker" "inspect" "915d2a7676677b7c89b23fc88c83ac4f938cdd15ba15e64f9257d33e885dca4e", kill_on_drop: false }`
[INFO] running `Command { std: "docker" "exec" "-e" "SOURCE_DIR=/opt/rustwide/workdir" "-e" "CARGO_HOME=/opt/rustwide/cargo-home" "-e" "RUSTUP_HOME=/opt/rustwide/rustup-home" "-e" "CARGO_TARGET_DIR=/opt/rustwide/target" "-e" "CARGO_INCREMENTAL=0" "-e" "RUST_BACKTRACE=full" "-e" "RUSTFLAGS=--cap-lints=warn" "-e" "RUSTDOCFLAGS=--cap-lints=warn" "-w" "/opt/rustwide/workdir" "--user" "0:0" "915d2a7676677b7c89b23fc88c83ac4f938cdd15ba15e64f9257d33e885dca4e" "/opt/rustwide/cargo-home/bin/cargo" "+1.100.0-beta.1" "test" "--frozen" "--no-run" "--message-format=json", kill_on_drop: false }`
[INFO] [stderr] warning: `package.homepage` is redundant with `package.repository`
[INFO] [stderr]   --> Cargo.toml:66:12
[INFO] [stderr]    |
[INFO] [stderr] 66 | homepage = "https://github.com/al8n/whichdisk"
[INFO] [stderr]    |            ^^^^^^^^^^^^^^^^^^^^^^^^^^^^^^^^^^^
[INFO] [stderr] ...
[INFO] [stderr] 71 | repository = "https://github.com/al8n/whichdisk"
[INFO] [stderr]    |              -----------------------------------
[INFO] [stderr]    |
[INFO] [stderr]    = note: `cargo::redundant_homepage` is set to `warn` by default
[INFO] [stderr] help: consider removing `package.homepage`
[INFO] [stderr] warning: `whichdisk` (manifest) generated 1 warning
[INFO] [stderr]    Compiling aho-corasick v1.1.4
[INFO] [stderr]    Compiling linux-raw-sys v0.12.1
[INFO] [stderr]    Compiling getrandom v0.4.2
[INFO] [stderr]    Compiling wait-timeout v0.2.1
[INFO] [stderr]    Compiling rustix v1.1.4
[INFO] [stderr]    Compiling regex-automata v0.4.14
[INFO] [stderr]    Compiling tempfile v3.27.0
[INFO] [stderr]    Compiling whichdisk v0.7.0 (/opt/rustwide/workdir)
[INFO] [stderr]    Compiling regex v1.12.3
[INFO] [stderr]    Compiling bstr v1.12.3
[INFO] [stderr]    Compiling predicates v3.1.4
[INFO] [stderr]    Compiling assert_cmd v2.2.2
[INFO] [stderr]     Finished `test` profile [unoptimized + debuginfo] target(s) in 21.95s
[INFO] running `Command { std: "docker" "inspect" "915d2a7676677b7c89b23fc88c83ac4f938cdd15ba15e64f9257d33e885dca4e", kill_on_drop: false }`
[INFO] running `Command { std: "docker" "exec" "-e" "SOURCE_DIR=/opt/rustwide/workdir" "-e" "CARGO_HOME=/opt/rustwide/cargo-home" "-e" "RUSTUP_HOME=/opt/rustwide/rustup-home" "-e" "CARGO_TARGET_DIR=/opt/rustwide/target" "-e" "CARGO_INCREMENTAL=0" "-e" "RUST_BACKTRACE=full" "-e" "RUSTFLAGS=--cap-lints=warn" "-e" "RUSTDOCFLAGS=--cap-lints=warn" "-w" "/opt/rustwide/workdir" "--user" "0:0" "915d2a7676677b7c89b23fc88c83ac4f938cdd15ba15e64f9257d33e885dca4e" "/opt/rustwide/cargo-home/bin/cargo" "+1.100.0-beta.1" "test" "--frozen", kill_on_drop: false }`
[INFO] [stderr] warning: `package.homepage` is redundant with `package.repository`
[INFO] [stderr]   --> Cargo.toml:66:12
[INFO] [stderr]    |
[INFO] [stderr] 66 | homepage = "https://github.com/al8n/whichdisk"
[INFO] [stderr]    |            ^^^^^^^^^^^^^^^^^^^^^^^^^^^^^^^^^^^
[INFO] [stderr] ...
[INFO] [stderr] 71 | repository = "https://github.com/al8n/whichdisk"
[INFO] [stderr]    |              -----------------------------------
[INFO] [stderr]    |
[INFO] [stderr]    = note: `cargo::redundant_homepage` is set to `warn` by default
[INFO] [stderr] help: consider removing `package.homepage`
[INFO] [stderr] warning: `whichdisk` (manifest) generated 1 warning
[INFO] [stderr]     Finished `test` profile [unoptimized + debuginfo] target(s) in 0.13s
[INFO] [stderr]      Running unittests src/lib.rs (/opt/rustwide/target/debug/build/whichdisk/a8bb868b21a6eaa4/out/whichdisk-a8bb868b21a6eaa4)
[INFO] [stdout] 
[INFO] [stdout] running 242 tests
[INFO] [stdout] test capabilities_tests::test_case_flags_for_fs_type_mapping ... ok
[INFO] [stdout] test capabilities_tests::test_capabilities_clone_and_eq ... ok
[INFO] [stdout] test capabilities_tests::test_capabilities_accessor_matches_shorthands ... ok
[INFO] [stdout] test capabilities_tests::test_case_preserving_implies_consistency ... ok
[INFO] [stdout] test capabilities_tests::test_from_fs_type_helper ... ok
[INFO] [stdout] test capabilities_tests::test_capabilities_cached_lookup_is_stable ... ok
[INFO] [stdout] test capabilities_tests::test_linux_case_flags_follow_fs_type ... ok
[INFO] [stdout] test capabilities_tests::test_capabilities_debug_contains_fields ... ok
[INFO] [stdout] test capabilities_tests::test_list_reports_capabilities ... ok
[INFO] [stdout] test identity_tests::test_a_published_name_says_so_and_is_corrected_by_the_next_read ... ok
[INFO] [stdout] test identity_tests::test_a_padded_label_keeps_its_padding ... ok
[INFO] [stdout] test identity_tests::test_a_published_reading_is_never_promoted ... ok
[INFO] [stdout] test identity_tests::test_a_reading_carries_both_the_identity_and_how_it_was_read ... ok
[INFO] [stdout] test identity_tests::test_a_refused_table_vouches_for_nothing ... ok
[INFO] [stdout] test identity_tests::test_a_table_the_kernel_would_not_have_written_is_refused_whole ... ok
[INFO] [stdout] test identity_tests::test_a_nodev_type_makes_its_source_a_claim ... ok
[INFO] [stdout] test identity_tests::test_a_type_the_kernel_never_named_is_a_claim ... ok
[INFO] [stdout] test capabilities_tests::test_path_location_debug_contains_capabilities ... ok
[INFO] [stdout] test identity_tests::test_a_blank_label_is_no_label ... ok
[INFO] [stdout] test identity_tests::test_a_width_the_filesystem_cannot_carry_is_not_its_identity ... ok
[INFO] [stdout] test identity_tests::test_a_block_backed_type_makes_its_source_a_fact ... ok
[INFO] [stdout] test identity_tests::test_a_name_that_cannot_be_read_refuses_like_one_that_disagrees ... ok
[INFO] [stdout] test identity_tests::test_apple_derivation_matches_a_real_volume ... ok
[INFO] [stdout] test identity_tests::test_bare_fuseblk_proves_nothing_and_keeps_its_serial ... ok
[INFO] [stdout] test capabilities_tests::test_mount_info_capabilities_match_path_location ... ok
[INFO] [stdout] test identity_tests::test_derived_uuids_are_stamped_version_3 ... ok
[INFO] [stdout] test identity_tests::test_identity_is_copy_and_comparable ... ok
[INFO] [stdout] test identity_tests::test_ntfs_is_one_serial64_on_every_platform ... ok
[INFO] [stdout] test identity_tests::test_ntfs_without_the_volume_fsctl_narrows_to_the_low_half ... ok
[INFO] [stdout] test identity_tests::test_one_rule_weighs_every_label_as_bytes ... ok
[INFO] [stdout] test identity_tests::test_parse_by_uuid_name_fat_serial ... ok
[INFO] [stdout] test identity_tests::test_parse_by_uuid_name_rejects_non_identities ... ok
[INFO] [stdout] test identity_tests::test_parse_by_uuid_name_uuid ... ok
[INFO] [stdout] test identity_tests::test_btrfs_is_named_by_its_kernel_driver_and_nothing_else ... ok
[INFO] [stdout] test identity_tests::test_exfat_is_one_uuid_on_every_platform ... ok
[INFO] [stdout] test identity_tests::test_exfat_through_fuse_agrees_where_the_subtype_names_it ... ok
[INFO] [stdout] test identity_tests::test_parse_by_uuid_name_wide_serial ... ok
[INFO] [stdout] test identity_tests::test_exfat_with_a_native_volume_guid_diverges_off_apple ... ok
[INFO] [stdout] test identity_tests::test_path_location_debug_contains_volume_identity ... ok
[INFO] [stdout] test identity_tests::test_the_identity_funnel_carries_the_level_it_is_given ... ok
[INFO] [stdout] test identity_tests::test_parse_by_uuid_name_uuid_round_trips_through_debug ... ok
[INFO] [stdout] test identity_tests::test_identity_debug_renders_the_platform_spelling ... ok
[INFO] [stdout] test identity_tests::test_parse_by_uuid_name_uuid_is_case_insensitive ... ok
[INFO] [stdout] test identity_tests::test_fat32_keeps_its_serial_off_apple ... ok
[INFO] [stdout] test identity_tests::test_unknown_filesystem_keeps_the_serial_it_was_given ... ok
[INFO] [stdout] test identity_tests::test_volume_identity_accessor_matches_mount_info ... ok
[INFO] [stdout] test identity_tests::test_the_assurance_is_not_part_of_the_identity ... ok
[INFO] [stdout] test identity_tests::test_identity_hashes_by_value ... ok
[INFO] [stdout] test identity_tests::test_two_names_for_one_node_name_no_volume ... ok
[INFO] [stdout] test md5::tests::test_rfc1321_vectors ... ok
[INFO] [stdout] test name_tests::test_a_root_names_itself ... ok
[INFO] [stdout] test name_tests::test_a_uuid_prints_in_its_canonical_form ... ok
[INFO] [stdout] test identity_tests::test_volume_identity_is_stable_across_calls ... ok
[INFO] [stdout] test name_tests::test_a_fat_serial_prints_in_its_two_halves ... ok
[INFO] [stdout] test name_tests::test_a_wide_serial_prints_its_sixteen_digits ... ok
[INFO] [stdout] test name_tests::test_a_name_that_is_not_utf8_is_no_name ... ok
[INFO] [stdout] test name_tests::test_debug_contains_volume_name ... ok
[INFO] [stdout] test name_tests::test_a_rename_leaves_the_mount_point_and_its_identity_alone ... ok
[INFO] [stdout] test name_tests::test_the_fallback_ignores_trailing_separators ... ok
[INFO] [stdout] test name_tests::test_the_fallback_is_the_mount_points_last_component ... ok
[INFO] [stdout] test name_tests::test_the_root_name_follows_udevs_label ... ok
[INFO] [stdout] test name_tests::test_every_listed_volume_has_a_name ... ok
[INFO] [stdout] test os::observed::tests::test_a_census_row_stands_only_on_its_unchanged_line ... ok
[INFO] [stdout] test identity_tests::test_the_published_name_is_matched_against_the_mount_source ... ok
[INFO] [stdout] test identity_tests::test_zero_is_never_an_identity ... ok
[INFO] [stdout] test md5::tests::test_padding_block_boundary ... ok
[INFO] [stdout] test name_tests::test_volume_name_accessor_matches_mount_info ... ok
[INFO] [stdout] test name_tests::test_the_root_volume_has_a_name ... ok
[INFO] [stdout] test os::observed::tests::test_a_listing_resolves_no_mount_points_path ... ok
[INFO] [stdout] test os::observed::tests::test_a_pin_follows_no_link ... ok
[INFO] [stdout] test os::observed::tests::test_a_listed_row_carries_its_mounts_own_unique_id_on_this_machine ... ok
[INFO] [stdout] test os::observed::tests::test_a_resolve_takes_the_held_ids_line_or_nothing ... ok
[INFO] [stdout] test os::tests::test_a_blank_label_is_no_label_on_every_linux_road ... ok
[INFO] [stdout] test os::observed::tests::test_a_row_the_kernel_named_by_no_unique_id_is_enriched_by_nothing ... ok
[INFO] [stdout] test os::observed::tests::test_a_source_binds_only_the_mounts_own_device ... ok
[INFO] [stdout] test os::tests::test_a_bounded_read_is_whole_or_refused ... ok
[INFO] [stdout] test os::tests::test_a_btrfs_identity_and_label_stand_on_the_mount_alone ... ok
[INFO] [stdout] test os::observed::tests::test_details_bind_only_the_mount_object_the_row_was_listed_as ... ok
[INFO] [stdout] test os::observed::tests::test_the_fdinfo_door_names_the_mount_statx_names ... ok
[INFO] [stdout] test os::tests::test_a_btrfs_label_is_read_where_btrfs_ended_its_copy ... ok
[INFO] [stdout] test os::tests::test_a_device_number_takes_apart_the_way_it_was_built ... ok
[INFO] [stdout] test os::tests::test_a_btrfs_fsid_is_durable_only_where_its_marker_says_so ... ok
[INFO] [stdout] test os::tests::test_a_btrfs_source_binds_only_as_a_member_of_the_answered_filesystem ... ok
[INFO] [stdout] test os::tests::test_a_device_shared_by_two_filesystems_is_ambiguous ... ok
[INFO] [stdout] test os::tests::test_a_device_where_a_file_is_read_is_never_opened ... ok
[INFO] [stdout] test os::tests::test_a_directory_read_past_its_bound_is_refused ... ok
[INFO] [stdout] test os::tests::test_a_failed_identity_read_fails_the_resolve ... ok
[INFO] [stdout] test os::tests::test_a_filesystem_is_denied_only_where_it_is_built_on_its_source_alone ... ok
[INFO] [stdout] test os::tests::test_a_held_id_names_its_own_line_and_no_other ... ok
[INFO] [stdout] test os::tests::test_a_linux_reading_is_vouched_only_by_the_filesystem_itself ... ok
[INFO] [stdout] test os::tests::test_a_listing_excludes_whole_directories_and_nothing_beside_them ... ok
[INFO] [stdout] test os::tests::test_a_listing_reads_the_lines_it_reports ... ok
[INFO] [stdout] test os::tests::test_a_live_btrfs_failed_read_fails_the_resolve ... ignored, needs a WHICHDISK_BTRFS_MOUNT mount made by a privileged CI step
[INFO] [stdout] test os::tests::test_a_live_btrfs_mount_binds_through_its_own_filesystem ... ignored, needs a live btrfs mount: the CI job test (btrfs) makes one and runs this
[INFO] [stdout] test os::tests::test_a_live_file_bind_mount_is_vouched ... ignored, needs WHICHDISK_FILE_BIND_* mounts made by a privileged CI step
[INFO] [stdout] test os::tests::test_a_lookup_raced_out_of_its_root_is_asked_again_then_refused ... ok
[INFO] [stdout] test os::tests::test_a_malformed_temp_fsid_fails_the_census ... ok
[INFO] [stdout] test os::tests::test_a_missing_member_dev_file_refuses_even_with_no_other_claimant ... ok
[INFO] [stdout] test os::tests::test_a_mount_table_is_every_line_or_an_error ... ok
[INFO] [stdout] test os::tests::test_a_mount_table_read_past_its_bound_is_refused ... ok
[INFO] [stdout] test os::tests::test_a_named_row_that_does_not_contain_the_path_is_refused ... ok
[INFO] [stdout] test os::tests::test_a_directory_named_usb_is_no_usb_bus ... ok
[INFO] [stdout] test os::tests::test_a_btrfs_member_is_held_to_its_membership_and_attach ... ok
[INFO] [stdout] test os::tests::test_a_port_word_is_one_the_kernel_writes ... ok
[INFO] [stdout] test os::tests::test_a_permanent_marker_matches_and_skips_by_uuid ... ok
[INFO] [stdout] test os::tests::test_a_readable_sibling_marker_never_substitutes_for_the_matched_candidates_own ... ok
[INFO] [stdout] test os::tests::test_a_refused_census_stays_refused ... ok
[INFO] [stdout] test os::tests::test_a_pci_port_marked_external_is_a_yes_and_silence_is_no_answer ... ok
[INFO] [stdout] test os::tests::test_a_resolve_observation_carries_its_lines_fs_type ... ok
[INFO] [stdout] test os::tests::test_a_row_with_a_blank_label_is_named_from_its_mount_point ... ok
[INFO] [stdout] test os::tests::test_a_second_claimants_missing_dev_file_refuses_and_does_not_fall_through ... ok
[INFO] [stdout] test os::tests::test_a_removal_answer_is_read_by_the_mounts_own_number ... ok
[INFO] [stdout] test os::tests::test_a_stack_is_held_to_one_attach_of_everything_under_it ... ok
[INFO] [stdout] test os::tests::test_a_btrfs_filesystem_answers_for_every_member ... ok
[INFO] [stdout] test os::tests::test_a_structural_open_cannot_reach_through_the_device_symlink ... ok
[INFO] [stdout] test os::tests::test_a_temporary_fsid_is_not_an_identity ... ok
[INFO] [stdout] test os::tests::test_a_stack_over_silent_storage_is_unknown_and_never_denied ... ok
[INFO] [stdout] test os::tests::test_a_temporary_fsid_refusal_does_not_fall_through_to_by_uuid ... ok
[INFO] [stdout] test os::tests::test_a_truncated_root_refuses_and_does_not_fall_through_to_by_uuid ... ok
[INFO] [stdout] test os::tests::test_a_usb_controller_is_usb_and_its_bus_number ... ok
[INFO] [stdout] test os::tests::test_a_stack_is_denied_only_where_all_it_is_built_from_is ... ok
[INFO] [stdout] test os::tests::test_an_ambiguous_seed_claim_does_not_fall_through_to_by_uuid ... ok
[INFO] [stdout] test os::tests::test_ambiguity_wins_even_when_one_claimant_is_temporary ... ok
[INFO] [stdout] test os::tests::test_an_unknown_device_resolves_to_no_number ... ok
[INFO] [stdout] test os::tests::test_an_ext_denial_needs_its_journal_proven_on_its_own_device ... ok
[INFO] [stdout] test os::tests::test_an_unreadable_devices_directory_refuses_rather_than_being_skipped ... ok
[INFO] [stdout] test os::tests::test_an_unreadable_sysfs_root_is_refused_not_treated_as_no_match ... ok
[INFO] [stdout] test os::tests::test_an_unreadable_marker_on_the_matched_candidate_refuses ... ok
[INFO] [stdout] test os::tests::test_btrfs_answers_only_for_a_device_it_holds ... ok
[INFO] [stdout] test os::tests::test_btrfs_reads_only_uuid_named_directories_as_filesystems ... ok
[INFO] [stdout] test os::tests::test_btrfs_names_the_filesystem_whichever_member_is_mounted ... ok
[INFO] [stdout] test os::tests::test_decode_backslash_escape ... ok
[INFO] [stdout] test os::tests::test_decode_heap_path ... ok
[INFO] [stdout] test os::tests::test_decode_multiple_escapes ... ok
[INFO] [stdout] test os::tests::test_decode_no_escapes ... ok
[INFO] [stdout] test os::tests::test_a_stack_whose_members_change_while_it_is_read_is_unknown ... ok
[INFO] [stdout] test os::tests::test_decode_refuses_what_the_kernel_does_not_spell ... ok
[INFO] [stdout] test os::tests::test_decode_space_escape_inline ... ok
[INFO] [stdout] test os::tests::test_decode_udev_escapes_refuses_what_the_encoder_never_wrote ... ok
[INFO] [stdout] test os::tests::test_decode_udev_escapes_several ... ok
[INFO] [stdout] test os::tests::test_decode_udev_escapes_space ... ok
[INFO] [stdout] test os::tests::test_decode_udev_escapes_plain_label ... ok
[INFO] [stdout] test os::tests::test_device_relative_refuses_everything_outside_dev ... ok
[INFO] [stdout] test os::tests::test_device_relative_hands_the_climb_to_the_open ... ok
[INFO] [stdout] test os::tests::test_makedev ... ok
[INFO] [stdout] test os::tests::test_makedev_large ... ok
[INFO] [stdout] test os::tests::test_device_relative_names_what_is_opened_beneath_dev ... ok
[INFO] [stdout] test os::tests::test_one_census_names_the_one_filesystem_a_device_belongs_to ... ok
[INFO] [stdout] test os::tests::test_every_port_word_on_this_machine_is_the_kernels ... ok
[INFO] [stdout] test os::tests::test_parse_mountinfo_refuses_what_the_kernel_would_not_write ... ok
[INFO] [stdout] test os::tests::test_parse_mountinfo_takes_every_shape_the_kernel_writes ... ok
[INFO] [stdout] test os::tests::test_ordinary_matches_are_unaffected_by_the_narrowings ... ok
[INFO] [stdout] test os::tests::test_parse_mountinfo_with_optional_fields ... ok
[INFO] [stdout] test os::tests::test_parse_u64_empty ... ok
[INFO] [stdout] test os::tests::test_parse_u64_non_digit ... ok
[INFO] [stdout] test os::tests::test_parse_u64_overflow ... ok
[INFO] [stdout] test os::tests::test_parse_u64_valid ... ok
[INFO] [stdout] test os::tests::test_parse_mountinfo_valid ... ok
[INFO] [stdout] test os::tests::test_resolve_deep_path ... ok
[INFO] [stdout] test os::tests::test_resolve_cache_hit ... ok
[INFO] [stdout] test os::tests::test_resolve_nonexistent ... ok
[INFO] [stdout] test os::tests::test_resolve_root ... ok
[INFO] [stdout] test os::tests::test_sysfs_device_number ... ok
[INFO] [stdout] test os::tests::test_the_backend_holds_no_mount_state_between_calls ... ok
[INFO] [stdout] test os::tests::test_the_btrfs_census_carries_the_level_of_its_mount_source ... ok
[INFO] [stdout] test os::tests::test_the_btrfs_questions_are_the_kernels ... ok
[INFO] [stdout] test os::tests::test_the_by_uuid_link_names_a_member_and_the_kernel_map_names_the_filesystem ... ok
[INFO] [stdout] test os::tests::test_the_census_follows_the_member_symlink_sysfs_publishes ... ok
[INFO] [stdout] test os::tests::test_the_devices_on_the_way_leave_the_block_layer_out ... ok
[INFO] [stdout] test os::tests::test_the_fdinfo_mount_id_is_read_strictly ... ok
[INFO] [stdout] test os::tests::test_the_filesystem_identity_questions_are_the_kernels ... ok
[INFO] [stdout] test os::tests::test_the_live_mount_table_is_read_whole ... ok
[INFO] [stdout] test os::tests::test_the_mount_table_is_the_calling_threads ... ok
[INFO] [stdout] test os::tests::test_the_resolve_reads_the_mount_table_rather_than_remembering_it ... ok
[INFO] [stdout] test os::tests::test_the_root_answers_on_this_machine ... ok
[INFO] [stdout] test os::tests::test_resolve_non_root_mount ... ok
[INFO] [stdout] test os::tests::test_the_slaves_walk_carries_a_removable_disk_up_the_stack ... ok
[INFO] [stdout] test os::tests::test_the_slaves_walk_is_bounded ... ok
[INFO] [stdout] test os::tests::test_the_thread_is_the_one_this_procfs_uses ... ok
[INFO] [stdout] test os::tests::test_an_attach_that_could_not_be_read_holds_nothing ... ok
[INFO] [stdout] test os::tests::test_the_udev_database_label_is_read_whole ... ok
[INFO] [stdout] test os::tests::test_uniform_omission_refuses_with_no_release_channel_left_to_spoof ... ok
[INFO] [stdout] test os::tests::test_usb_devices_and_root_hubs_are_named_as_the_kernel_names_them ... ok
[INFO] [stdout] test os::tests::test_volume_capabilities_case_insensitive_fs ... ok
[INFO] [stdout] test os::tests::test_volume_capabilities_case_sensitive_fs ... ok
[INFO] [stdout] test os::tests::test_volume_capabilities_unknown_fs ... ok
[INFO] [stdout] test os::tests::test_volume_identity_skips_sources_outside_dev ... ok
[INFO] [stdout] test os::tests::test_without_a_root_the_removal_question_is_unknown ... ok
[INFO] [stdout] test os::tests::test_zero_claimants_refuses_and_does_not_fall_through_to_by_uuid ... ok
[INFO] [stdout] test reading::tests::test_a_census_is_whole_or_it_is_the_error_that_stopped_it ... ok
[INFO] [stdout] test reading::tests::test_a_census_read_past_its_bound_is_refused ... ok
[INFO] [stdout] test reading::tests::test_a_copied_census_is_taken_only_from_an_answer_with_room_to_spare ... ok
[INFO] [stdout] test reading::tests::test_a_read_is_sorted_by_the_decline_set_it_is_given ... ok
[INFO] [stdout] test reading::tests::test_a_snapshot_is_taken_only_from_a_read_no_change_overlapped ... ok
[INFO] [stdout] test reading::tests::test_and_then_carries_every_other_outcome_through ... ok
[INFO] [stdout] test reading::tests::test_answered_never_reads_a_failure_as_none ... ok
[INFO] [stdout] test reading::tests::test_evidence_is_a_value_or_nothing ... ok
[INFO] [stdout] test reading::tests::test_required_gives_a_value_or_the_error ... ok
[INFO] [stdout] test tests::test_canonical_path ... ok
[INFO] [stdout] test tests::test_canonical_path_resolves_dot_dot ... ok
[INFO] [stdout] test os::tests::test_udev_facts_are_read_out_of_one_publication ... ok
[INFO] [stdout] test tests::test_deep_nested_path ... ok
[INFO] [stdout] test tests::test_disk_usage ... ok
[INFO] [stdout] test tests::test_ejectability_is_three_states_not_two ... ok
[INFO] [stdout] test os::tests::test_the_root_hub_road_and_the_bus_fallback_read_one_grammar ... ok
[INFO] [stdout] test tests::test_file_path ... ok
[INFO] [stdout] test tests::test_is_ejectable ... ok
[INFO] [stdout] test tests::test_list ... ok
[INFO] [stdout] test os::tests::test_only_a_usb_disk_the_kernel_calls_fixed_throughout_is_denied ... ok
[INFO] [stdout] test tests::test_list_disk_usage ... ok
[INFO] [stdout] test tests::test_list_non_ejectable ... ok
[INFO] [stdout] test tests::test_list_ejectable ... ok
[INFO] [stdout] test tests::test_list_options_builder ... ok
[INFO] [stdout] test tests::test_list_options_default ... ok
[INFO] [stdout] test tests::test_mount_info ... ok
[INFO] [stdout] test tests::test_nonexistent_path ... ok
[INFO] [stdout] test tests::test_relative_path_is_relative ... ok
[INFO] [stdout] test tests::test_list_with ... ok
[INFO] [stdout] test tests::test_repeated_lookups_hit_cache ... ok
[INFO] [stdout] test tests::test_root ... ok
[INFO] [stdout] test tests::test_root_fn_matches_resolve ... ok
[INFO] [stdout] test tests::test_root_fn ... ok
[INFO] [stdout] test tests::test_smallbytes_as_path ... ok
[INFO] [stdout] test tests::test_smallbytes_as_os_str ... ok
[INFO] [stdout] test tests::test_smallbytes_clone_heap ... ok
[INFO] [stdout] test tests::test_smallbytes_clone_inline ... ok
[INFO] [stdout] test tests::test_smallbytes_empty ... ok
[INFO] [stdout] test tests::test_smallbytes_eq ... ok
[INFO] [stdout] test tests::test_smallbytes_eq_across_variants ... ok
[INFO] [stdout] test tests::test_smallbytes_exact_capacity ... ok
[INFO] [stdout] test tests::test_smallbytes_heap ... ok
[INFO] [stdout] test tests::test_smallbytes_inline ... ok
[INFO] [stdout] test tests::test_struct_size ... ok
[INFO] [stdout] test tests::test_smallbytes_as_path_heap ... ok
[INFO] [stdout] test tests::test_temp_dir ... ok
[INFO] [stdout] test tests::test_symlink_path ... ok
[INFO] [stdout] test tests::test_existing_path ... FAILED
[INFO] [stdout] test os::tests::test_a_fifo_where_a_file_is_read_never_blocks ... ok
[INFO] [stdout] test tests::test_concurrent_list_calls_all_succeed ... ok
[INFO] [stdout] test os::observed::tests::test_a_census_under_its_watermark_is_read_whole ... ok
[INFO] [stdout] test os::observed::tests::test_a_census_past_its_watermark_names_no_unique_id_and_details_add_nothing ... ok
[INFO] [stdout] test os::observed::tests::test_a_census_ends_while_its_namespace_mounts_anew ... ok
[INFO] [stdout] 
[INFO] [stdout] failures:
[INFO] [stdout] 
[INFO] [stdout] ---- tests::test_existing_path stdout ----
[INFO] [stdout] 
[INFO] [stdout] thread 'tests::test_existing_path' (618) panicked at src/lib.rs:2465:5:
[INFO] [stdout] assertion failed: !info.relative_path().as_os_str().is_empty()
[INFO] [stdout] stack backtrace:
[INFO] [stdout]    0:     0x5eb107c87e91 - std[617be2ca0a6fd877]::backtrace_rs::backtrace::libunwind::trace
[INFO] [stdout]                                at /rustc/e3feeb59cd1bdd011a2bfcc0747b55125d9b8527/library/std/src/../../backtrace/src/backtrace/libunwind.rs:117:9
[INFO] [stdout]    1:     0x5eb107c87e91 - std[617be2ca0a6fd877]::backtrace_rs::backtrace::trace_unsynchronized::<std[617be2ca0a6fd877]::sys::backtrace::_print_fmt::{closure#1}>
[INFO] [stdout]                                at /rustc/e3feeb59cd1bdd011a2bfcc0747b55125d9b8527/library/std/src/../../backtrace/src/backtrace/mod.rs:66:14
[INFO] [stdout]    2:     0x5eb107c87e91 - std[617be2ca0a6fd877]::sys::backtrace::_print_fmt
[INFO] [stdout]                                at /rustc/e3feeb59cd1bdd011a2bfcc0747b55125d9b8527/library/std/src/sys/backtrace.rs:74:9
[INFO] [stdout]    3:     0x5eb107c87e91 - <<std[617be2ca0a6fd877]::sys::backtrace::BacktraceLock>::print::DisplayBacktrace as core[a373ad73a504971]::fmt::Display>::fmt
[INFO] [stdout]                                at /rustc/e3feeb59cd1bdd011a2bfcc0747b55125d9b8527/library/std/src/sys/backtrace.rs:44:26
[INFO] [stdout]    4:     0x5eb107c9d28a - <core[a373ad73a504971]::fmt::rt::Argument>::fmt
[INFO] [stdout]                                at /rustc/e3feeb59cd1bdd011a2bfcc0747b55125d9b8527/library/core/src/fmt/rt.rs:152:76
[INFO] [stdout]    5:     0x5eb107c9d28a - core[a373ad73a504971]::fmt::write
[INFO] [stdout]    6:     0x5eb107c8c40c - core[a373ad73a504971]::io::write::default_write_fmt::<alloc[2e1b2a31b91974c5]::vec::Vec<u8>>
[INFO] [stdout]                                at /rustc/e3feeb59cd1bdd011a2bfcc0747b55125d9b8527/library/core/src/io/write.rs:402:11
[INFO] [stdout]    7:     0x5eb107c8c40c - <alloc[2e1b2a31b91974c5]::vec::Vec<u8> as core[a373ad73a504971]::io::write::Write>::write_fmt
[INFO] [stdout]                                at /rustc/e3feeb59cd1bdd011a2bfcc0747b55125d9b8527/library/core/src/io/write.rs:335:13
[INFO] [stdout]    8:     0x5eb107c61c16 - <std[617be2ca0a6fd877]::sys::backtrace::BacktraceLock>::print
[INFO] [stdout]                                at /rustc/e3feeb59cd1bdd011a2bfcc0747b55125d9b8527/library/std/src/sys/backtrace.rs:47:9
[INFO] [stdout]    9:     0x5eb107c61c16 - std[617be2ca0a6fd877]::panicking::default_hook::{closure#0}
[INFO] [stdout]                                at /rustc/e3feeb59cd1bdd011a2bfcc0747b55125d9b8527/library/std/src/panicking.rs:289:27
[INFO] [stdout]   10:     0x5eb107c7f069 - std[617be2ca0a6fd877]::panicking::default_hook
[INFO] [stdout]                                at /rustc/e3feeb59cd1bdd011a2bfcc0747b55125d9b8527/library/std/src/panicking.rs:313:9
[INFO] [stdout]   11:     0x5eb107c0ae70 - <alloc[2e1b2a31b91974c5]::boxed::Box<dyn for<'a, 'b> core[a373ad73a504971]::ops::function::Fn<(&'a std[617be2ca0a6fd877]::panic::PanicHookInfo<'b>,), Output = ()> + core[a373ad73a504971]::marker::Sync + core[a373ad73a504971]::marker::Send> as core[a373ad73a504971]::ops::function::Fn<(&std[617be2ca0a6fd877]::panic::PanicHookInfo,)>>::call
[INFO] [stdout]                                at /rustc/e3feeb59cd1bdd011a2bfcc0747b55125d9b8527/library/alloc/src/boxed.rs:2328:9
[INFO] [stdout]   12:     0x5eb107c0ae70 - test[aada8e7e76ba119b]::test_main_inner::{closure#0}
[INFO] [stdout]                                at /rustc/e3feeb59cd1bdd011a2bfcc0747b55125d9b8527/library/test/src/lib.rs:137:21
[INFO] [stdout]   13:     0x5eb107c7f222 - <alloc[2e1b2a31b91974c5]::boxed::Box<dyn for<'a, 'b> core[a373ad73a504971]::ops::function::Fn<(&'a std[617be2ca0a6fd877]::panic::PanicHookInfo<'b>,), Output = ()> + core[a373ad73a504971]::marker::Sync + core[a373ad73a504971]::marker::Send> as core[a373ad73a504971]::ops::function::Fn<(&std[617be2ca0a6fd877]::panic::PanicHookInfo,)>>::call
[INFO] [stdout]                                at /rustc/e3feeb59cd1bdd011a2bfcc0747b55125d9b8527/library/alloc/src/boxed.rs:2328:9
[INFO] [stdout]   14:     0x5eb107c7f222 - std[617be2ca0a6fd877]::panicking::panic_with_hook
[INFO] [stdout]                                at /rustc/e3feeb59cd1bdd011a2bfcc0747b55125d9b8527/library/std/src/panicking.rs:819:13
[INFO] [stdout]   15:     0x5eb107c61cf4 - std[617be2ca0a6fd877]::panicking::panic_handler::{closure#0}
[INFO] [stdout]                                at /rustc/e3feeb59cd1bdd011a2bfcc0747b55125d9b8527/library/std/src/panicking.rs:678:13
[INFO] [stdout]   16:     0x5eb107c5a5c9 - std[617be2ca0a6fd877]::sys::backtrace::__rust_end_short_backtrace::<std[617be2ca0a6fd877]::panicking::panic_handler::{closure#0}, !>
[INFO] [stdout]                                at /rustc/e3feeb59cd1bdd011a2bfcc0747b55125d9b8527/library/std/src/sys/backtrace.rs:182:18
[INFO] [stdout]   17:     0x5eb107c62aad - __rustc[ea4f61d10b84890b]::rust_begin_unwind
[INFO] [stdout]                                at /rustc/e3feeb59cd1bdd011a2bfcc0747b55125d9b8527/library/std/src/panicking.rs:676:5
[INFO] [stdout]   18:     0x5eb107c9da7c - core[a373ad73a504971]::panicking::panic_fmt
[INFO] [stdout]                                at /rustc/e3feeb59cd1bdd011a2bfcc0747b55125d9b8527/library/core/src/panicking.rs:80:14
[INFO] [stdout]   19:     0x5eb107c9da42 - core[a373ad73a504971]::panicking::panic
[INFO] [stdout]                                at /rustc/e3feeb59cd1bdd011a2bfcc0747b55125d9b8527/library/core/src/panicking.rs:150:5
[INFO] [stdout]   20:     0x5eb107b51689 - whichdisk[1f77af74f3fbc8d3]::tests::test_existing_path
[INFO] [stdout]                                at /opt/rustwide/workdir/src/lib.rs:2465:5
[INFO] [stdout]   21:     0x5eb107b49a57 - whichdisk[1f77af74f3fbc8d3]::tests::test_existing_path::{closure#0}
[INFO] [stdout]                                at /opt/rustwide/workdir/src/lib.rs:2461:26
[INFO] [stdout]   22:     0x5eb107b9c9e6 - <whichdisk[1f77af74f3fbc8d3]::tests::test_existing_path::{closure#0} as core[a373ad73a504971]::ops::function::FnOnce<()>>::call_once
[INFO] [stdout]                                at /rustc/e3feeb59cd1bdd011a2bfcc0747b55125d9b8527/library/core/src/ops/function.rs:250:5
[INFO] [stdout]   23:     0x5eb107bfe2bb - <fn() -> core[a373ad73a504971]::result::Result<(), alloc[2e1b2a31b91974c5]::string::String> as core[a373ad73a504971]::ops::function::FnOnce<()>>::call_once
[INFO] [stdout]                                at /rustc/e3feeb59cd1bdd011a2bfcc0747b55125d9b8527/library/core/src/ops/function.rs:250:5
[INFO] [stdout]   24:     0x5eb107bfe2bb - test[aada8e7e76ba119b]::__rust_begin_short_backtrace::<core[a373ad73a504971]::result::Result<(), alloc[2e1b2a31b91974c5]::string::String>, fn() -> core[a373ad73a504971]::result::Result<(), alloc[2e1b2a31b91974c5]::string::String>>
[INFO] [stdout]                                at /rustc/e3feeb59cd1bdd011a2bfcc0747b55125d9b8527/library/test/src/lib.rs:701:18
[INFO] [stdout]   25:     0x5eb107c0b495 - test[aada8e7e76ba119b]::run_test_in_process::{closure#0}
[INFO] [stdout]                                at /rustc/e3feeb59cd1bdd011a2bfcc0747b55125d9b8527/library/test/src/lib.rs:724:74
[INFO] [stdout]   26:     0x5eb107c0b495 - <core[a373ad73a504971]::panic::unwind_safe::AssertUnwindSafe<test[aada8e7e76ba119b]::run_test_in_process::{closure#0}> as core[a373ad73a504971]::ops::function::FnOnce<()>>::call_once
[INFO] [stdout]                                at /rustc/e3feeb59cd1bdd011a2bfcc0747b55125d9b8527/library/core/src/panic/unwind_safe.rs:275:9
[INFO] [stdout]   27:     0x5eb107c0b495 - std[617be2ca0a6fd877]::panicking::catch_unwind::do_call::<core[a373ad73a504971]::panic::unwind_safe::AssertUnwindSafe<test[aada8e7e76ba119b]::run_test_in_process::{closure#0}>, core[a373ad73a504971]::result::Result<(), alloc[2e1b2a31b91974c5]::string::String>>
[INFO] [stdout]                                at /rustc/e3feeb59cd1bdd011a2bfcc0747b55125d9b8527/library/std/src/panicking.rs:573:43
[INFO] [stdout]   28:     0x5eb107c0b495 - std[617be2ca0a6fd877]::panicking::catch_unwind::<core[a373ad73a504971]::result::Result<(), alloc[2e1b2a31b91974c5]::string::String>, core[a373ad73a504971]::panic::unwind_safe::AssertUnwindSafe<test[aada8e7e76ba119b]::run_test_in_process::{closure#0}>>
[INFO] [stdout]                                at /rustc/e3feeb59cd1bdd011a2bfcc0747b55125d9b8527/library/std/src/panicking.rs:541:19
[INFO] [stdout]   29:     0x5eb107c0b495 - std[617be2ca0a6fd877]::panic::catch_unwind::<core[a373ad73a504971]::panic::unwind_safe::AssertUnwindSafe<test[aada8e7e76ba119b]::run_test_in_process::{closure#0}>, core[a373ad73a504971]::result::Result<(), alloc[2e1b2a31b91974c5]::string::String>>
[INFO] [stdout]                                at /rustc/e3feeb59cd1bdd011a2bfcc0747b55125d9b8527/library/std/src/panic.rs:359:14
[INFO] [stdout]   30:     0x5eb107c0b495 - test[aada8e7e76ba119b]::run_test_in_process
[INFO] [stdout]                                at /rustc/e3feeb59cd1bdd011a2bfcc0747b55125d9b8527/library/test/src/lib.rs:724:27
[INFO] [stdout]   31:     0x5eb107c0b495 - test[aada8e7e76ba119b]::run_test::{closure#0}
[INFO] [stdout]                                at /rustc/e3feeb59cd1bdd011a2bfcc0747b55125d9b8527/library/test/src/lib.rs:645:43
[INFO] [stdout]   32:     0x5eb107c04d84 - test[aada8e7e76ba119b]::run_test::{closure#1}
[INFO] [stdout]                                at /rustc/e3feeb59cd1bdd011a2bfcc0747b55125d9b8527/library/test/src/lib.rs:675:41
[INFO] [stdout]   33:     0x5eb107c04d84 - std[617be2ca0a6fd877]::sys::backtrace::__rust_begin_short_backtrace::<test[aada8e7e76ba119b]::run_test::{closure#1}, ()>
[INFO] [stdout]                                at /rustc/e3feeb59cd1bdd011a2bfcc0747b55125d9b8527/library/std/src/sys/backtrace.rs:166:18
[INFO] [stdout]   34:     0x5eb107c0e522 - std[617be2ca0a6fd877]::thread::lifecycle::spawn_unchecked::<test[aada8e7e76ba119b]::run_test::{closure#1}, ()>::{closure#1}::{closure#0}
[INFO] [stdout]                                at /rustc/e3feeb59cd1bdd011a2bfcc0747b55125d9b8527/library/std/src/thread/lifecycle.rs:70:13
[INFO] [stdout]   35:     0x5eb107c0e522 - <core[a373ad73a504971]::panic::unwind_safe::AssertUnwindSafe<std[617be2ca0a6fd877]::thread::lifecycle::spawn_unchecked<test[aada8e7e76ba119b]::run_test::{closure#1}, ()>::{closure#1}::{closure#0}> as core[a373ad73a504971]::ops::function::FnOnce<()>>::call_once
[INFO] [stdout]                                at /rustc/e3feeb59cd1bdd011a2bfcc0747b55125d9b8527/library/core/src/panic/unwind_safe.rs:275:9
[INFO] [stdout]   36:     0x5eb107c0e522 - std[617be2ca0a6fd877]::panicking::catch_unwind::do_call::<core[a373ad73a504971]::panic::unwind_safe::AssertUnwindSafe<std[617be2ca0a6fd877]::thread::lifecycle::spawn_unchecked<test[aada8e7e76ba119b]::run_test::{closure#1}, ()>::{closure#1}::{closure#0}>, ()>
[INFO] [stdout]                                at /rustc/e3feeb59cd1bdd011a2bfcc0747b55125d9b8527/library/std/src/panicking.rs:573:43
[INFO] [stdout]   37:     0x5eb107c0e522 - std[617be2ca0a6fd877]::panicking::catch_unwind::<(), core[a373ad73a504971]::panic::unwind_safe::AssertUnwindSafe<std[617be2ca0a6fd877]::thread::lifecycle::spawn_unchecked<test[aada8e7e76ba119b]::run_test::{closure#1}, ()>::{closure#1}::{closure#0}>>
[INFO] [stdout]                                at /rustc/e3feeb59cd1bdd011a2bfcc0747b55125d9b8527/library/std/src/panicking.rs:541:19
[INFO] [stdout]   38:     0x5eb107c0e522 - std[617be2ca0a6fd877]::panic::catch_unwind::<core[a373ad73a504971]::panic::unwind_safe::AssertUnwindSafe<std[617be2ca0a6fd877]::thread::lifecycle::spawn_unchecked<test[aada8e7e76ba119b]::run_test::{closure#1}, ()>::{closure#1}::{closure#0}>, ()>
[INFO] [stdout]                                at /rustc/e3feeb59cd1bdd011a2bfcc0747b55125d9b8527/library/std/src/panic.rs:359:14
[INFO] [stdout]   39:     0x5eb107c0e522 - std[617be2ca0a6fd877]::thread::lifecycle::spawn_unchecked::<test[aada8e7e76ba119b]::run_test::{closure#1}, ()>::{closure#1}
[INFO] [stdout]                                at /rustc/e3feeb59cd1bdd011a2bfcc0747b55125d9b8527/library/std/src/thread/lifecycle.rs:68:26
[INFO] [stdout]   40:     0x5eb107c0e522 - <std[617be2ca0a6fd877]::thread::lifecycle::spawn_unchecked<test[aada8e7e76ba119b]::run_test::{closure#1}, ()>::{closure#1} as core[a373ad73a504971]::ops::function::FnOnce<()>>::call_once::{shim:vtable#0}
[INFO] [stdout]                                at /rustc/e3feeb59cd1bdd011a2bfcc0747b55125d9b8527/library/core/src/ops/function.rs:250:5
[INFO] [stdout]   41:     0x5eb107c871ff - <alloc[2e1b2a31b91974c5]::boxed::Box<dyn core[a373ad73a504971]::ops::function::FnOnce<(), Output = ()> + core[a373ad73a504971]::marker::Send> as core[a373ad73a504971]::ops::function::FnOnce<()>>::call_once
[INFO] [stdout]                                at /rustc/e3feeb59cd1bdd011a2bfcc0747b55125d9b8527/library/alloc/src/boxed.rs:2314:9
[INFO] [stdout]   42:     0x5eb107c871ff - <std[617be2ca0a6fd877]::sys::thread::unix::Thread>::new::thread_start
[INFO] [stdout]                                at /rustc/e3feeb59cd1bdd011a2bfcc0747b55125d9b8527/library/std/src/sys/thread/unix.rs:127:17
[INFO] [stdout]   43:     0x7bb1b1961dfa - <unknown>
[INFO] [stdout]   44:     0x7bb1b19f53d4 - clone
[INFO] [stdout]   45:                0x0 - <unknown>
[INFO] [stdout] 
[INFO] [stdout] 
[INFO] [stdout] failures:
[INFO] [stdout]     tests::test_existing_path
[INFO] [stdout] 
[INFO] [stdout] test result: FAILED. 238 passed; 1 failed; 3 ignored; 0 measured; 0 filtered out; finished in 1.68s
[INFO] [stdout] 
[INFO] [stderr] error: test failed, to rerun pass `--lib`
[INFO] running `Command { std: "docker" "inspect" "915d2a7676677b7c89b23fc88c83ac4f938cdd15ba15e64f9257d33e885dca4e", kill_on_drop: false }`
[INFO] running `Command { std: "docker" "rm" "-f" "915d2a7676677b7c89b23fc88c83ac4f938cdd15ba15e64f9257d33e885dca4e", kill_on_drop: false }`
[INFO] [stdout] 915d2a7676677b7c89b23fc88c83ac4f938cdd15ba15e64f9257d33e885dca4e
