[INFO] fetching crate webr-web 0.1.0-alpha.3...
[INFO] testing webr-web-0.1.0-alpha.3 against 1.100.0-beta.1 for beta-1.100-2
[INFO] extracting crate webr-web 0.1.0-alpha.3 into /workspace/builds/worker-0-tc2/source
[INFO] started tweaking crates.io crate webr-web 0.1.0-alpha.3
[INFO] finished tweaking crates.io crate webr-web 0.1.0-alpha.3
[INFO] tweaked toml for crates.io crate webr-web 0.1.0-alpha.3 written to /workspace/builds/worker-0-tc2/source/Cargo.toml
[INFO] validating manifest of crates.io crate webr-web 0.1.0-alpha.3 on toolchain 1.100.0-beta.1
[INFO] running `Command { std: CARGO_HOME="/workspace/cargo-home" RUSTUP_HOME="/workspace/rustup-home" "/workspace/cargo-home/bin/cargo" "+1.100.0-beta.1" "metadata" "--manifest-path" "Cargo.toml" "--no-deps", kill_on_drop: false }`
[INFO] crate crates.io crate webr-web 0.1.0-alpha.3 already has a lockfile, it will not be regenerated
[INFO] running `Command { std: CARGO_HOME="/workspace/cargo-home" RUSTUP_HOME="/workspace/rustup-home" "/workspace/cargo-home/bin/cargo" "+1.100.0-beta.1" "fetch" "--manifest-path" "Cargo.toml", kill_on_drop: false }`
[INFO] running `Command { std: "docker" "create" "-v" "/var/lib/crater-agent-workspace/builds/worker-0-tc2/source:/opt/rustwide/workdir:ro,Z" "-v" "/var/lib/crater-agent-workspace/builds/worker-0-tc2/target:/opt/rustwide/target:rw,Z" "-v" "/var/lib/crater-agent-workspace/cargo-home:/opt/rustwide/cargo-home:ro,Z" "-v" "/var/lib/crater-agent-workspace/rustup-home:/opt/rustwide/rustup-home:ro,Z" "-m" "1610612736" "--network" "none" "ghcr.io/rust-lang/crates-build-env/linux@sha256:3111399a4047eeb3a02b7a90e478d715f38a8c6669b5c4b49d30a17385265909" "sleep" "infinity", kill_on_drop: false }`
[INFO] [stdout] e56b28ab51cbb27d3ab98f7680667d9d94bdf666545221faec64ac724da0ad73
[INFO] running `Command { std: "docker" "start" "e56b28ab51cbb27d3ab98f7680667d9d94bdf666545221faec64ac724da0ad73", kill_on_drop: false }`
[INFO] running `Command { std: "docker" "inspect" "e56b28ab51cbb27d3ab98f7680667d9d94bdf666545221faec64ac724da0ad73", kill_on_drop: false }`
[INFO] running `Command { std: "docker" "exec" "-e" "SOURCE_DIR=/opt/rustwide/workdir" "-e" "CARGO_HOME=/opt/rustwide/cargo-home" "-e" "RUSTUP_HOME=/opt/rustwide/rustup-home" "-e" "CARGO_TARGET_DIR=/opt/rustwide/target" "-w" "/opt/rustwide/workdir" "--user" "0:0" "e56b28ab51cbb27d3ab98f7680667d9d94bdf666545221faec64ac724da0ad73" "/opt/rustwide/cargo-home/bin/cargo" "+1.100.0-beta.1" "metadata" "--no-deps" "--format-version=1", kill_on_drop: false }`
[INFO] running `Command { std: "docker" "inspect" "e56b28ab51cbb27d3ab98f7680667d9d94bdf666545221faec64ac724da0ad73", kill_on_drop: false }`
[INFO] running `Command { std: "docker" "exec" "-e" "SOURCE_DIR=/opt/rustwide/workdir" "-e" "CARGO_HOME=/opt/rustwide/cargo-home" "-e" "RUSTUP_HOME=/opt/rustwide/rustup-home" "-e" "CARGO_TARGET_DIR=/opt/rustwide/target" "-e" "CARGO_INCREMENTAL=0" "-e" "RUST_BACKTRACE=full" "-e" "RUSTFLAGS=--cap-lints=warn" "-e" "RUSTDOCFLAGS=--cap-lints=warn" "-w" "/opt/rustwide/workdir" "--user" "0:0" "e56b28ab51cbb27d3ab98f7680667d9d94bdf666545221faec64ac724da0ad73" "/opt/rustwide/cargo-home/bin/cargo" "+1.100.0-beta.1" "build" "--frozen" "--message-format=json", kill_on_drop: false }`
[INFO] [stderr]    Compiling quote v1.0.46
[INFO] [stderr]    Compiling libc v0.2.186
[INFO] [stderr]    Compiling serde_core v1.0.228
[INFO] [stderr]    Compiling bytes v1.12.0
[INFO] [stderr]    Compiling smallvec v1.15.2
[INFO] [stderr]    Compiling parking_lot_core v0.9.12
[INFO] [stderr]    Compiling scopeguard v1.2.0
[INFO] [stderr]    Compiling log v0.4.33
[INFO] [stderr]    Compiling lock_api v0.4.14
[INFO] [stderr]    Compiling version_check v0.9.5
[INFO] [stderr]    Compiling slab v0.4.12
[INFO] [stderr]    Compiling futures-task v0.3.32
[INFO] [stderr]    Compiling memchr v2.8.2
[INFO] [stderr]    Compiling mime v0.3.17
[INFO] [stderr]    Compiling regex-syntax v0.8.11
[INFO] [stderr]    Compiling multer v3.1.0
[INFO] [stderr]    Compiling toml_write v0.1.2
[INFO] [stderr]    Compiling serde_json v1.0.150
[INFO] [stderr]    Compiling syn v2.0.118
[INFO] [stderr]    Compiling winnow v0.7.15
[INFO] [stderr]    Compiling sync_wrapper v1.0.2
[INFO] [stderr]    Compiling httpdate v1.0.3
[INFO] [stderr]    Compiling http v1.4.2
[INFO] [stderr]    Compiling spin v0.9.8
[INFO] [stderr]    Compiling tracing-log v0.2.0
[INFO] [stderr]    Compiling inventory v0.3.24
[INFO] [stderr]    Compiling dotenvy v0.15.7
[INFO] [stderr]    Compiling futures-sink v0.3.32
[INFO] [stderr]    Compiling matchit v0.8.4
[INFO] [stderr]    Compiling http-body v1.0.1
[INFO] [stderr]    Compiling errno v0.3.14
[INFO] [stderr]    Compiling mio v1.2.1
[INFO] [stderr]    Compiling signal-hook-registry v1.4.8
[INFO] [stderr]    Compiling parking_lot v0.12.5
[INFO] [stderr]    Compiling socket2 v0.6.4
[INFO] [stderr]    Compiling regex-automata v0.4.14
[INFO] [stderr]    Compiling http-body-util v0.1.3
[INFO] [stderr]    Compiling serde_path_to_error v0.1.20
[INFO] [stderr]    Compiling matchers v0.2.0
[INFO] [stderr]    Compiling serde_derive v1.0.228
[INFO] [stderr]    Compiling tokio-macros v2.7.0
[INFO] [stderr]    Compiling tracing-attributes v0.1.31
[INFO] [stderr]    Compiling futures-macro v0.3.32
[INFO] [stderr]    Compiling async-trait v0.1.89
[INFO] [stderr]    Compiling tokio v1.52.3
[INFO] [stderr]    Compiling futures-util v0.3.32
[INFO] [stderr]    Compiling tracing v0.1.44
[INFO] [stderr]    Compiling axum-core v0.5.6
[INFO] [stderr]    Compiling tracing-subscriber v0.3.23
[INFO] [stderr]    Compiling serde v1.0.228
[INFO] [stderr]    Compiling toml_datetime v0.6.11
[INFO] [stderr]    Compiling serde_spanned v0.6.9
[INFO] [stderr]    Compiling serde_urlencoded v0.7.1
[INFO] [stderr]    Compiling toml_edit v0.22.27
[INFO] [stderr]    Compiling toml v0.8.23
[INFO] [stderr]    Compiling hyper v1.10.1
[INFO] [stderr]    Compiling tower v0.5.3
[INFO] [stderr]    Compiling tokio-util v0.7.18
[INFO] [stderr]    Compiling webr-core v0.1.0-alpha.3
[INFO] [stderr]    Compiling hyper-util v0.1.20
[INFO] [stderr]    Compiling axum v0.8.9
[INFO] [stderr]    Compiling webr-web v0.1.0-alpha.3 (/opt/rustwide/workdir)
[INFO] [stderr]     Finished `dev` profile [unoptimized + debuginfo] target(s) in 1m 00s
[INFO] running `Command { std: "docker" "inspect" "e56b28ab51cbb27d3ab98f7680667d9d94bdf666545221faec64ac724da0ad73", kill_on_drop: false }`
[INFO] running `Command { std: "docker" "exec" "-e" "SOURCE_DIR=/opt/rustwide/workdir" "-e" "CARGO_HOME=/opt/rustwide/cargo-home" "-e" "RUSTUP_HOME=/opt/rustwide/rustup-home" "-e" "CARGO_TARGET_DIR=/opt/rustwide/target" "-e" "CARGO_INCREMENTAL=0" "-e" "RUST_BACKTRACE=full" "-e" "RUSTFLAGS=--cap-lints=warn" "-e" "RUSTDOCFLAGS=--cap-lints=warn" "-w" "/opt/rustwide/workdir" "--user" "0:0" "e56b28ab51cbb27d3ab98f7680667d9d94bdf666545221faec64ac724da0ad73" "/opt/rustwide/cargo-home/bin/cargo" "+1.100.0-beta.1" "test" "--frozen" "--no-run" "--message-format=json", kill_on_drop: false }`
[INFO] [stderr]    Compiling webr-web v0.1.0-alpha.3 (/opt/rustwide/workdir)
[INFO] [stderr]     Finished `test` profile [unoptimized + debuginfo] target(s) in 1.02s
[INFO] running `Command { std: "docker" "inspect" "e56b28ab51cbb27d3ab98f7680667d9d94bdf666545221faec64ac724da0ad73", kill_on_drop: false }`
[INFO] running `Command { std: "docker" "exec" "-e" "SOURCE_DIR=/opt/rustwide/workdir" "-e" "CARGO_HOME=/opt/rustwide/cargo-home" "-e" "RUSTUP_HOME=/opt/rustwide/rustup-home" "-e" "CARGO_TARGET_DIR=/opt/rustwide/target" "-e" "CARGO_INCREMENTAL=0" "-e" "RUST_BACKTRACE=full" "-e" "RUSTFLAGS=--cap-lints=warn" "-e" "RUSTDOCFLAGS=--cap-lints=warn" "-w" "/opt/rustwide/workdir" "--user" "0:0" "e56b28ab51cbb27d3ab98f7680667d9d94bdf666545221faec64ac724da0ad73" "/opt/rustwide/cargo-home/bin/cargo" "+1.100.0-beta.1" "test" "--frozen", kill_on_drop: false }`
[INFO] [stderr]     Finished `test` profile [unoptimized + debuginfo] target(s) in 0.10s
[INFO] [stderr]      Running unittests src/lib.rs (/opt/rustwide/target/debug/build/webr-web/4bdc9cad228f4729/out/webr_web-4bdc9cad228f4729)
[INFO] [stdout] 
[INFO] [stdout] running 0 tests
[INFO] [stdout] 
[INFO] [stdout] test result: ok. 0 passed; 0 failed; 0 ignored; 0 measured; 0 filtered out; finished in 0.00s
[INFO] [stdout] 
[INFO] [stderr]    Doc-tests webr_web
[INFO] [stdout] 
[INFO] [stdout] running 19 tests
[INFO] [stdout] test src/middleware.rs - middleware::CorsMiddleware (line 268) ... FAILED
[INFO] [stdout] test src/extract.rs - extract::Json (line 95) ... FAILED
[INFO] [stdout] test src/extract.rs - extract::Form (line 240) ... FAILED
[INFO] [stdout] test src/extract.rs - extract::Header (line 154) ... FAILED
[INFO] [stdout] test src/middleware.rs - middleware::CorsMiddleware (line 286) ... FAILED
[INFO] [stdout] test src/extract.rs - extract::Multipart (line 130) ... FAILED
[INFO] [stdout] test src/middleware.rs - middleware::CorsMiddleware (line 274) ... FAILED
[INFO] [stdout] test src/extract.rs - extract::HeaderMapExt (line 211) ... FAILED
[INFO] [stdout] test src/middleware.rs - middleware::Middleware (line 15) ... FAILED
[INFO] [stdout] test src/response.rs - response::FileResponse (line 22) ... FAILED
[INFO] [stdout] test src/middleware.rs - middleware::PanicRecovery (line 549) ... FAILED
[INFO] [stdout] test src/extract.rs - extract::Query (line 57) ... FAILED
[INFO] [stdout] test src/response.rs - response::SseEvent (line 269) ... FAILED
[INFO] [stdout] test src/middleware.rs - middleware::PanicRecovery (line 563) ... FAILED
[INFO] [stdout] test src/middleware.rs - middleware::LoggerMiddleware (line 211) ... FAILED
[INFO] [stdout] test src/response.rs - response::SseResponse (line 346) ... FAILED
[INFO] [stdout] test src/middleware.rs - middleware::UnifiedResponse (line 474) ... FAILED
[INFO] [stdout] test src/extract.rs - extract::Path (line 19) ... FAILED
[INFO] [stdout] test src/middleware.rs - middleware::Middleware (line 48) ... FAILED
[INFO] [stdout] 
[INFO] [stdout] failures:
[INFO] [stdout] 
[INFO] [stdout] ---- src/middleware.rs - middleware::CorsMiddleware (line 268) stdout ----
[INFO] [stdout] error[E0425]: cannot find value `app` in this scope
[INFO] [stdout]    --> src/middleware.rs:269:1
[INFO] [stdout]     |
[INFO] [stdout] 269 | app.middleware(CorsMiddleware::new());
[INFO] [stdout]     | ^^^ not found in this scope
[INFO] [stdout] 
[INFO] [stdout] error[E0433]: cannot find type `CorsMiddleware` in this scope
[INFO] [stdout]    --> src/middleware.rs:269:16
[INFO] [stdout]     |
[INFO] [stdout] 269 | app.middleware(CorsMiddleware::new());
[INFO] [stdout]     |                ^^^^^^^^^^^^^^ use of undeclared type `CorsMiddleware`
[INFO] [stdout] 
[INFO] [stdout] error: aborting due to 2 previous errors
[INFO] [stdout] 
[INFO] [stdout] Some errors have detailed explanations: E0425, E0433.
[INFO] [stdout] For more information about an error, try `rustc --explain E0425`.
[INFO] [stdout] Couldn't compile the test.
[INFO] [stdout] ---- src/extract.rs - extract::Json (line 95) stdout ----
[INFO] [stdout] error: `self` parameter is only allowed in associated functions
[INFO] [stdout]    --> src/extract.rs:103:17
[INFO] [stdout]     |
[INFO] [stdout] 103 | async fn create(&self, webr::Json(body): webr::Json<CreateUser>) -> webr::Json<User> {
[INFO] [stdout]     |                 ^^^^^ not semantically valid as function parameter
[INFO] [stdout]     |
[INFO] [stdout]     = note: associated functions are those in `impl` or `trait` definitions
[INFO] [stdout] 
[INFO] [stdout] error: cannot find attribute `post` in this scope
[INFO] [stdout]    --> src/extract.rs:102:3
[INFO] [stdout]     |
[INFO] [stdout] 102 | #[post("/users")]
[INFO] [stdout]     |   ^^^^
[INFO] [stdout] 
[INFO] [stdout] error: cannot find derive macro `Deserialize` in this scope
[INFO] [stdout]   --> src/extract.rs:96:10
[INFO] [stdout]    |
[INFO] [stdout] 96 | #[derive(Deserialize)]
[INFO] [stdout]    |          ^^^^^^^^^^^
[INFO] [stdout] 
[INFO] [stdout] error[E0425]: cannot find type `User` in this scope
[INFO] [stdout]    --> src/extract.rs:103:80
[INFO] [stdout]     |
[INFO] [stdout] 103 | async fn create(&self, webr::Json(body): webr::Json<CreateUser>) -> webr::Json<User> {
[INFO] [stdout]     |                                                                                ^^^^ not found in this scope
[INFO] [stdout]     |
[INFO] [stdout] help: you might be missing a type parameter
[INFO] [stdout]     |
[INFO] [stdout] 103 | async fn create<User>(&self, webr::Json(body): webr::Json<CreateUser>) -> webr::Json<User> {
[INFO] [stdout]     |                ++++++
[INFO] [stdout] 
[INFO] [stdout] error[E0433]: cannot find module or crate `webr` in this scope
[INFO] [stdout]    --> src/extract.rs:103:24
[INFO] [stdout]     |
[INFO] [stdout] 103 | async fn create(&self, webr::Json(body): webr::Json<CreateUser>) -> webr::Json<User> {
[INFO] [stdout]     |                        ^^^^ use of unresolved module or unlinked crate `webr`
[INFO] [stdout]     |
[INFO] [stdout]     = help: if you wanted to use a crate named `webr`, use `cargo add webr` to add it to your `Cargo.toml`
[INFO] [stdout] 
[INFO] [stdout] error[E0433]: cannot find module or crate `webr` in this scope
[INFO] [stdout]    --> src/extract.rs:103:42
[INFO] [stdout]     |
[INFO] [stdout] 103 | async fn create(&self, webr::Json(body): webr::Json<CreateUser>) -> webr::Json<User> {
[INFO] [stdout]     |                                          ^^^^ use of unresolved module or unlinked crate `webr`
[INFO] [stdout]     |
[INFO] [stdout]     = help: if you wanted to use a crate named `webr`, use `cargo add webr` to add it to your `Cargo.toml`
[INFO] [stdout] 
[INFO] [stdout] error[E0433]: cannot find module or crate `webr` in this scope
[INFO] [stdout]    --> src/extract.rs:103:69
[INFO] [stdout]     |
[INFO] [stdout] 103 | async fn create(&self, webr::Json(body): webr::Json<CreateUser>) -> webr::Json<User> {
[INFO] [stdout]     |                                                                     ^^^^ use of unresolved module or unlinked crate `webr`
[INFO] [stdout]     |
[INFO] [stdout]     = help: if you wanted to use a crate named `webr`, use `cargo add webr` to add it to your `Cargo.toml`
[INFO] [stdout] 
[INFO] [stdout] error: aborting due to 7 previous errors
[INFO] [stdout] 
[INFO] [stdout] Some errors have detailed explanations: E0425, E0433.
[INFO] [stdout] For more information about an error, try `rustc --explain E0425`.
[INFO] [stdout] Couldn't compile the test.
[INFO] [stdout] ---- src/extract.rs - extract::Form (line 240) stdout ----
[INFO] [stdout] error: `self` parameter is only allowed in associated functions
[INFO] [stdout]    --> src/extract.rs:248:16
[INFO] [stdout]     |
[INFO] [stdout] 248 | async fn login(&self, webr::Form(form): webr::Form<LoginForm>) -> webr::Json<Token> {
[INFO] [stdout]     |                ^^^^^ not semantically valid as function parameter
[INFO] [stdout]     |
[INFO] [stdout]     = note: associated functions are those in `impl` or `trait` definitions
[INFO] [stdout] 
[INFO] [stdout] error: cannot find attribute `post` in this scope
[INFO] [stdout]    --> src/extract.rs:247:3
[INFO] [stdout]     |
[INFO] [stdout] 247 | #[post("/login")]
[INFO] [stdout]     |   ^^^^
[INFO] [stdout] 
[INFO] [stdout] error: cannot find derive macro `Deserialize` in this scope
[INFO] [stdout]    --> src/extract.rs:241:10
[INFO] [stdout]     |
[INFO] [stdout] 241 | #[derive(Deserialize)]
[INFO] [stdout]     |          ^^^^^^^^^^^
[INFO] [stdout] 
[INFO] [stdout] error[E0425]: cannot find type `Token` in this scope
[INFO] [stdout]    --> src/extract.rs:248:78
[INFO] [stdout]     |
[INFO] [stdout] 248 | async fn login(&self, webr::Form(form): webr::Form<LoginForm>) -> webr::Json<Token> {
[INFO] [stdout]     |                                                                              ^^^^^ not found in this scope
[INFO] [stdout]     |
[INFO] [stdout] help: you might be missing a type parameter
[INFO] [stdout]     |
[INFO] [stdout] 248 | async fn login<Token>(&self, webr::Form(form): webr::Form<LoginForm>) -> webr::Json<Token> {
[INFO] [stdout]     |               +++++++
[INFO] [stdout] 
[INFO] [stdout] error[E0433]: cannot find module or crate `webr` in this scope
[INFO] [stdout]    --> src/extract.rs:248:23
[INFO] [stdout]     |
[INFO] [stdout] 248 | async fn login(&self, webr::Form(form): webr::Form<LoginForm>) -> webr::Json<Token> {
[INFO] [stdout]     |                       ^^^^ use of unresolved module or unlinked crate `webr`
[INFO] [stdout]     |
[INFO] [stdout]     = help: if you wanted to use a crate named `webr`, use `cargo add webr` to add it to your `Cargo.toml`
[INFO] [stdout] 
[INFO] [stdout] error[E0433]: cannot find module or crate `webr` in this scope
[INFO] [stdout]    --> src/extract.rs:248:41
[INFO] [stdout]     |
[INFO] [stdout] 248 | async fn login(&self, webr::Form(form): webr::Form<LoginForm>) -> webr::Json<Token> {
[INFO] [stdout]     |                                         ^^^^ use of unresolved module or unlinked crate `webr`
[INFO] [stdout]     |
[INFO] [stdout]     = help: if you wanted to use a crate named `webr`, use `cargo add webr` to add it to your `Cargo.toml`
[INFO] [stdout] 
[INFO] [stdout] error[E0433]: cannot find module or crate `webr` in this scope
[INFO] [stdout]    --> src/extract.rs:248:67
[INFO] [stdout]     |
[INFO] [stdout] 248 | async fn login(&self, webr::Form(form): webr::Form<LoginForm>) -> webr::Json<Token> {
[INFO] [stdout]     |                                                                   ^^^^ use of unresolved module or unlinked crate `webr`
[INFO] [stdout]     |
[INFO] [stdout]     = help: if you wanted to use a crate named `webr`, use `cargo add webr` to add it to your `Cargo.toml`
[INFO] [stdout] 
[INFO] [stdout] error: aborting due to 7 previous errors
[INFO] [stdout] 
[INFO] [stdout] Some errors have detailed explanations: E0425, E0433.
[INFO] [stdout] For more information about an error, try `rustc --explain E0425`.
[INFO] [stdout] Couldn't compile the test.
[INFO] [stdout] ---- src/extract.rs - extract::Header (line 154) stdout ----
[INFO] [stdout] error: `self` parameter is only allowed in associated functions
[INFO] [stdout]    --> src/extract.rs:163:13
[INFO] [stdout]     |
[INFO] [stdout] 163 | async fn me(&self, webr::Header(h): webr::Header<AuthHeaders>) -> webr::Json<User> {
[INFO] [stdout]     |             ^^^^^ not semantically valid as function parameter
[INFO] [stdout]     |
[INFO] [stdout]     = note: associated functions are those in `impl` or `trait` definitions
[INFO] [stdout] 
[INFO] [stdout] error: cannot find attribute `get` in this scope
[INFO] [stdout]    --> src/extract.rs:162:3
[INFO] [stdout]     |
[INFO] [stdout] 162 | #[get("/me")]
[INFO] [stdout]     |   ^^^
[INFO] [stdout] 
[INFO] [stdout] error: cannot find derive macro `Deserialize` in this scope
[INFO] [stdout]    --> src/extract.rs:155:10
[INFO] [stdout]     |
[INFO] [stdout] 155 | #[derive(Deserialize)]
[INFO] [stdout]     |          ^^^^^^^^^^^
[INFO] [stdout] 
[INFO] [stdout] error: cannot find attribute `serde` in this scope
[INFO] [stdout]    --> src/extract.rs:158:7
[INFO] [stdout]     |
[INFO] [stdout] 158 |     #[serde(rename = "x-request-id")]
[INFO] [stdout]     |       ^^^^^
[INFO] [stdout]     |
[INFO] [stdout]     = note: `serde` is in scope, but it is a crate, not an attribute
[INFO] [stdout] 
[INFO] [stdout] error[E0425]: cannot find type `User` in this scope
[INFO] [stdout]    --> src/extract.rs:163:78
[INFO] [stdout]     |
[INFO] [stdout] 163 | async fn me(&self, webr::Header(h): webr::Header<AuthHeaders>) -> webr::Json<User> {
[INFO] [stdout]     |                                                                              ^^^^ not found in this scope
[INFO] [stdout]     |
[INFO] [stdout] help: you might be missing a type parameter
[INFO] [stdout]     |
[INFO] [stdout] 163 | async fn me<User>(&self, webr::Header(h): webr::Header<AuthHeaders>) -> webr::Json<User> {
[INFO] [stdout]     |            ++++++
[INFO] [stdout] 
[INFO] [stdout] error[E0433]: cannot find module or crate `webr` in this scope
[INFO] [stdout]    --> src/extract.rs:163:20
[INFO] [stdout]     |
[INFO] [stdout] 163 | async fn me(&self, webr::Header(h): webr::Header<AuthHeaders>) -> webr::Json<User> {
[INFO] [stdout]     |                    ^^^^ use of unresolved module or unlinked crate `webr`
[INFO] [stdout]     |
[INFO] [stdout]     = help: if you wanted to use a crate named `webr`, use `cargo add webr` to add it to your `Cargo.toml`
[INFO] [stdout] 
[INFO] [stdout] error[E0433]: cannot find module or crate `webr` in this scope
[INFO] [stdout]    --> src/extract.rs:163:37
[INFO] [stdout]     |
[INFO] [stdout] 163 | async fn me(&self, webr::Header(h): webr::Header<AuthHeaders>) -> webr::Json<User> {
[INFO] [stdout]     |                                     ^^^^ use of unresolved module or unlinked crate `webr`
[INFO] [stdout]     |
[INFO] [stdout]     = help: if you wanted to use a crate named `webr`, use `cargo add webr` to add it to your `Cargo.toml`
[INFO] [stdout] 
[INFO] [stdout] error[E0433]: cannot find module or crate `webr` in this scope
[INFO] [stdout]    --> src/extract.rs:163:67
[INFO] [stdout]     |
[INFO] [stdout] 163 | async fn me(&self, webr::Header(h): webr::Header<AuthHeaders>) -> webr::Json<User> {
[INFO] [stdout]     |                                                                   ^^^^ use of unresolved module or unlinked crate `webr`
[INFO] [stdout]     |
[INFO] [stdout]     = help: if you wanted to use a crate named `webr`, use `cargo add webr` to add it to your `Cargo.toml`
[INFO] [stdout] 
[INFO] [stdout] error: aborting due to 8 previous errors
[INFO] [stdout] 
[INFO] [stdout] Some errors have detailed explanations: E0425, E0433.
[INFO] [stdout] For more information about an error, try `rustc --explain E0425`.
[INFO] [stdout] Couldn't compile the test.
[INFO] [stdout] ---- src/middleware.rs - middleware::CorsMiddleware (line 286) stdout ----
[INFO] [stdout] error[E0425]: cannot find value `app` in this scope
[INFO] [stdout]    --> src/middleware.rs:287:1
[INFO] [stdout]     |
[INFO] [stdout] 287 | app.middleware(
[INFO] [stdout]     | ^^^ not found in this scope
[INFO] [stdout] 
[INFO] [stdout] error[E0433]: cannot find type `CorsMiddleware` in this scope
[INFO] [stdout]    --> src/middleware.rs:288:5
[INFO] [stdout]     |
[INFO] [stdout] 288 |     CorsMiddleware::new()
[INFO] [stdout]     |     ^^^^^^^^^^^^^^ use of undeclared type `CorsMiddleware`
[INFO] [stdout] 
[INFO] [stdout] error: aborting due to 2 previous errors
[INFO] [stdout] 
[INFO] [stdout] Some errors have detailed explanations: E0425, E0433.
[INFO] [stdout] For more information about an error, try `rustc --explain E0425`.
[INFO] [stdout] Couldn't compile the test.
[INFO] [stdout] ---- src/extract.rs - extract::Multipart (line 130) stdout ----
[INFO] [stdout] error: `self` parameter is only allowed in associated functions
[INFO] [stdout]    --> src/extract.rs:132:17
[INFO] [stdout]     |
[INFO] [stdout] 132 | async fn upload(&self, mut multipart: webr::Multipart) -> webr::Json<serde_json::Value> {
[INFO] [stdout]     |                 ^^^^^ not semantically valid as function parameter
[INFO] [stdout]     |
[INFO] [stdout]     = note: associated functions are those in `impl` or `trait` definitions
[INFO] [stdout] 
[INFO] [stdout] error: cannot find attribute `post` in this scope
[INFO] [stdout]    --> src/extract.rs:131:3
[INFO] [stdout]     |
[INFO] [stdout] 131 | #[post("/upload")]
[INFO] [stdout]     |   ^^^^
[INFO] [stdout] 
[INFO] [stdout] error[E0433]: cannot find module or crate `webr` in this scope
[INFO] [stdout]    --> src/extract.rs:138:5
[INFO] [stdout]     |
[INFO] [stdout] 138 |     webr::Json(serde_json::json!({ "uploaded": true }))
[INFO] [stdout]     |     ^^^^ use of unresolved module or unlinked crate `webr`
[INFO] [stdout]     |
[INFO] [stdout]     = help: if you wanted to use a crate named `webr`, use `cargo add webr` to add it to your `Cargo.toml`
[INFO] [stdout] 
[INFO] [stdout] error[E0433]: cannot find module or crate `webr` in this scope
[INFO] [stdout]    --> src/extract.rs:132:39
[INFO] [stdout]     |
[INFO] [stdout] 132 | async fn upload(&self, mut multipart: webr::Multipart) -> webr::Json<serde_json::Value> {
[INFO] [stdout]     |                                       ^^^^ use of unresolved module or unlinked crate `webr`
[INFO] [stdout]     |
[INFO] [stdout]     = help: if you wanted to use a crate named `webr`, use `cargo add webr` to add it to your `Cargo.toml`
[INFO] [stdout] 
[INFO] [stdout] error[E0433]: cannot find module or crate `webr` in this scope
[INFO] [stdout]    --> src/extract.rs:132:59
[INFO] [stdout]     |
[INFO] [stdout] 132 | async fn upload(&self, mut multipart: webr::Multipart) -> webr::Json<serde_json::Value> {
[INFO] [stdout]     |                                                           ^^^^ use of unresolved module or unlinked crate `webr`
[INFO] [stdout]     |
[INFO] [stdout]     = help: if you wanted to use a crate named `webr`, use `cargo add webr` to add it to your `Cargo.toml`
[INFO] [stdout] 
[INFO] [stdout] error: aborting due to 5 previous errors
[INFO] [stdout] 
[INFO] [stdout] For more information about this error, try `rustc --explain E0433`.
[INFO] [stdout] Couldn't compile the test.
[INFO] [stdout] ---- src/middleware.rs - middleware::CorsMiddleware (line 274) stdout ----
[INFO] [stdout] error[E0425]: cannot find value `app` in this scope
[INFO] [stdout]    --> src/middleware.rs:275:1
[INFO] [stdout]     |
[INFO] [stdout] 275 | app.middleware(
[INFO] [stdout]     | ^^^ not found in this scope
[INFO] [stdout] 
[INFO] [stdout] error[E0433]: cannot find type `CorsMiddleware` in this scope
[INFO] [stdout]    --> src/middleware.rs:276:5
[INFO] [stdout]     |
[INFO] [stdout] 276 |     CorsMiddleware::new()
[INFO] [stdout]     |     ^^^^^^^^^^^^^^ use of undeclared type `CorsMiddleware`
[INFO] [stdout] 
[INFO] [stdout] error: aborting due to 2 previous errors
[INFO] [stdout] 
[INFO] [stdout] Some errors have detailed explanations: E0425, E0433.
[INFO] [stdout] For more information about an error, try `rustc --explain E0425`.
[INFO] [stdout] Couldn't compile the test.
[INFO] [stdout] ---- src/extract.rs - extract::HeaderMapExt (line 211) stdout ----
[INFO] [stdout] error[E0432]: unresolved import `webr`
[INFO] [stdout]    --> src/extract.rs:212:5
[INFO] [stdout]     |
[INFO] [stdout] 212 | use webr::HeaderMapExt;
[INFO] [stdout]     |     ^^^^ use of unresolved module or unlinked crate `webr`
[INFO] [stdout]     |
[INFO] [stdout]     = help: if you wanted to use a crate named `webr`, use `cargo add webr` to add it to your `Cargo.toml`
[INFO] [stdout] 
[INFO] [stdout] error[E0433]: cannot find module or crate `webr` in this scope
[INFO] [stdout]    --> src/extract.rs:214:27
[INFO] [stdout]     |
[INFO] [stdout] 214 | async fn handler(headers: webr::HeaderMap) -> String {
[INFO] [stdout]     |                           ^^^^ use of unresolved module or unlinked crate `webr`
[INFO] [stdout]     |
[INFO] [stdout]     = help: if you wanted to use a crate named `webr`, use `cargo add webr` to add it to your `Cargo.toml`
[INFO] [stdout] 
[INFO] [stdout] error: aborting due to 2 previous errors
[INFO] [stdout] 
[INFO] [stdout] Some errors have detailed explanations: E0432, E0433.
[INFO] [stdout] For more information about an error, try `rustc --explain E0432`.
[INFO] [stdout] Couldn't compile the test.
[INFO] [stdout] ---- src/middleware.rs - middleware::Middleware (line 15) stdout ----
[INFO] [stdout] error[E0433]: cannot find module or crate `webr` in this scope
[INFO] [stdout]   --> src/middleware.rs:16:5
[INFO] [stdout]    |
[INFO] [stdout] 16 | use webr::middleware::{Middleware, Next};
[INFO] [stdout]    |     ^^^^ use of unresolved module or unlinked crate `webr`
[INFO] [stdout]    |
[INFO] [stdout]    = help: if you wanted to use a crate named `webr`, use `cargo add webr` to add it to your `Cargo.toml`
[INFO] [stdout] 
[INFO] [stdout] error[E0433]: cannot find module or crate `webr` in this scope
[INFO] [stdout]   --> src/middleware.rs:17:5
[INFO] [stdout]    |
[INFO] [stdout] 17 | use webr::async_trait::async_trait;
[INFO] [stdout]    |     ^^^^ use of unresolved module or unlinked crate `webr`
[INFO] [stdout]    |
[INFO] [stdout]    = help: if you wanted to use a crate named `webr`, use `cargo add webr` to add it to your `Cargo.toml`
[INFO] [stdout] 
[INFO] [stdout] error: aborting due to 2 previous errors
[INFO] [stdout] 
[INFO] [stdout] For more information about this error, try `rustc --explain E0433`.
[INFO] [stdout] Couldn't compile the test.
[INFO] [stdout] ---- src/response.rs - response::FileResponse (line 22) stdout ----
[INFO] [stdout] error: expected one of `!` or `::`, found `(`
[INFO] [stdout]   --> src/response.rs:24:20
[INFO] [stdout]    |
[INFO] [stdout] 24 | FileResponse::bytes(vec, "report.pdf")
[INFO] [stdout]    |                    ^ expected one of `!` or `::`
[INFO] [stdout] 
[INFO] [stdout] error: aborting due to 1 previous error
[INFO] [stdout] 
[INFO] [stdout] Couldn't compile the test.
[INFO] [stdout] ---- src/middleware.rs - middleware::PanicRecovery (line 549) stdout ----
[INFO] [stdout] error[E0425]: cannot find value `app` in this scope
[INFO] [stdout]    --> src/middleware.rs:551:1
[INFO] [stdout]     |
[INFO] [stdout] 551 | app.middleware(PanicRecovery);
[INFO] [stdout]     | ^^^ not found in this scope
[INFO] [stdout] 
[INFO] [stdout] error[E0425]: cannot find value `PanicRecovery` in this scope
[INFO] [stdout]    --> src/middleware.rs:551:16
[INFO] [stdout]     |
[INFO] [stdout] 551 | app.middleware(PanicRecovery);
[INFO] [stdout]     |                ^^^^^^^^^^^^^ not found in this scope
[INFO] [stdout] 
[INFO] [stdout] error: aborting due to 2 previous errors
[INFO] [stdout] 
[INFO] [stdout] For more information about this error, try `rustc --explain E0425`.
[INFO] [stdout] Couldn't compile the test.
[INFO] [stdout] ---- src/extract.rs - extract::Query (line 57) stdout ----
[INFO] [stdout] error: `self` parameter is only allowed in associated functions
[INFO] [stdout]   --> src/extract.rs:65:15
[INFO] [stdout]    |
[INFO] [stdout] 65 | async fn list(&self, webr::Query(q): webr::Query<PageQuery>) -> webr::Json<Vec<Item>> {
[INFO] [stdout]    |               ^^^^^ not semantically valid as function parameter
[INFO] [stdout]    |
[INFO] [stdout]    = note: associated functions are those in `impl` or `trait` definitions
[INFO] [stdout] 
[INFO] [stdout] error: cannot find attribute `get` in this scope
[INFO] [stdout]   --> src/extract.rs:64:3
[INFO] [stdout]    |
[INFO] [stdout] 64 | #[get("/items")]
[INFO] [stdout]    |   ^^^
[INFO] [stdout] 
[INFO] [stdout] error: cannot find derive macro `Deserialize` in this scope
[INFO] [stdout]   --> src/extract.rs:58:10
[INFO] [stdout]    |
[INFO] [stdout] 58 | #[derive(Deserialize)]
[INFO] [stdout]    |          ^^^^^^^^^^^
[INFO] [stdout] 
[INFO] [stdout] error[E0425]: cannot find type `Item` in this scope
[INFO] [stdout]   --> src/extract.rs:65:80
[INFO] [stdout]    |
[INFO] [stdout] 65 | async fn list(&self, webr::Query(q): webr::Query<PageQuery>) -> webr::Json<Vec<Item>> {
[INFO] [stdout]    |                                                                                ^^^^ not found in this scope
[INFO] [stdout]    |
[INFO] [stdout] help: you might be missing a type parameter
[INFO] [stdout]    |
[INFO] [stdout] 65 | async fn list<Item>(&self, webr::Query(q): webr::Query<PageQuery>) -> webr::Json<Vec<Item>> {
[INFO] [stdout]    |              ++++++
[INFO] [stdout] 
[INFO] [stdout] error[E0433]: cannot find module or crate `webr` in this scope
[INFO] [stdout]   --> src/extract.rs:65:22
[INFO] [stdout]    |
[INFO] [stdout] 65 | async fn list(&self, webr::Query(q): webr::Query<PageQuery>) -> webr::Json<Vec<Item>> {
[INFO] [stdout]    |                      ^^^^ use of unresolved module or unlinked crate `webr`
[INFO] [stdout]    |
[INFO] [stdout]    = help: if you wanted to use a crate named `webr`, use `cargo add webr` to add it to your `Cargo.toml`
[INFO] [stdout] 
[INFO] [stdout] error[E0433]: cannot find module or crate `webr` in this scope
[INFO] [stdout]   --> src/extract.rs:65:38
[INFO] [stdout]    |
[INFO] [stdout] 65 | async fn list(&self, webr::Query(q): webr::Query<PageQuery>) -> webr::Json<Vec<Item>> {
[INFO] [stdout]    |                                      ^^^^ use of unresolved module or unlinked crate `webr`
[INFO] [stdout]    |
[INFO] [stdout]    = help: if you wanted to use a crate named `webr`, use `cargo add webr` to add it to your `Cargo.toml`
[INFO] [stdout] 
[INFO] [stdout] error[E0433]: cannot find module or crate `webr` in this scope
[INFO] [stdout]   --> src/extract.rs:65:65
[INFO] [stdout]    |
[INFO] [stdout] 65 | async fn list(&self, webr::Query(q): webr::Query<PageQuery>) -> webr::Json<Vec<Item>> {
[INFO] [stdout]    |                                                                 ^^^^ use of unresolved module or unlinked crate `webr`
[INFO] [stdout]    |
[INFO] [stdout]    = help: if you wanted to use a crate named `webr`, use `cargo add webr` to add it to your `Cargo.toml`
[INFO] [stdout] 
[INFO] [stdout] error: aborting due to 7 previous errors
[INFO] [stdout] 
[INFO] [stdout] Some errors have detailed explanations: E0425, E0433.
[INFO] [stdout] For more information about an error, try `rustc --explain E0425`.
[INFO] [stdout] Couldn't compile the test.
[INFO] [stdout] ---- src/response.rs - response::SseEvent (line 269) stdout ----
[INFO] [stdout] error: expected one of `!` or `::`, found `(`
[INFO] [stdout]    --> src/response.rs:271:14
[INFO] [stdout]     |
[INFO] [stdout] 271 | SseEvent::new("hello")
[INFO] [stdout]     |              ^ expected one of `!` or `::`
[INFO] [stdout] 
[INFO] [stdout] error: aborting due to 1 previous error
[INFO] [stdout] 
[INFO] [stdout] Couldn't compile the test.
[INFO] [stdout] ---- src/middleware.rs - middleware::PanicRecovery (line 563) stdout ----
[INFO] [stdout] error: `self` parameter is only allowed in associated functions
[INFO] [stdout]    --> src/middleware.rs:565:24
[INFO] [stdout]     |
[INFO] [stdout] 565 | async fn trigger_panic(&self) -> &'static str {
[INFO] [stdout]     |                        ^^^^^ not semantically valid as function parameter
[INFO] [stdout]     |
[INFO] [stdout]     = note: associated functions are those in `impl` or `trait` definitions
[INFO] [stdout] 
[INFO] [stdout] error: cannot find attribute `get` in this scope
[INFO] [stdout]    --> src/middleware.rs:564:3
[INFO] [stdout]     |
[INFO] [stdout] 564 | #[get("/panic")]
[INFO] [stdout]     |   ^^^
[INFO] [stdout] 
[INFO] [stdout] error: aborting due to 2 previous errors
[INFO] [stdout] 
[INFO] [stdout] Couldn't compile the test.
[INFO] [stdout] ---- src/middleware.rs - middleware::LoggerMiddleware (line 211) stdout ----
[INFO] [stdout] error[E0425]: cannot find value `app` in this scope
[INFO] [stdout]    --> src/middleware.rs:213:1
[INFO] [stdout]     |
[INFO] [stdout] 213 | app.middleware(LoggerMiddleware);
[INFO] [stdout]     | ^^^ not found in this scope
[INFO] [stdout] 
[INFO] [stdout] error[E0425]: cannot find value `LoggerMiddleware` in this scope
[INFO] [stdout]    --> src/middleware.rs:213:16
[INFO] [stdout]     |
[INFO] [stdout] 213 | app.middleware(LoggerMiddleware);
[INFO] [stdout]     |                ^^^^^^^^^^^^^^^^ not found in this scope
[INFO] [stdout] 
[INFO] [stdout] error[E0425]: cannot find value `app` in this scope
[INFO] [stdout]    --> src/middleware.rs:216:1
[INFO] [stdout]     |
[INFO] [stdout] 216 | app.middleware_for("/api/**", LoggerMiddleware);
[INFO] [stdout]     | ^^^ not found in this scope
[INFO] [stdout] 
[INFO] [stdout] error[E0425]: cannot find value `LoggerMiddleware` in this scope
[INFO] [stdout]    --> src/middleware.rs:216:31
[INFO] [stdout]     |
[INFO] [stdout] 216 | app.middleware_for("/api/**", LoggerMiddleware);
[INFO] [stdout]     |                               ^^^^^^^^^^^^^^^^ not found in this scope
[INFO] [stdout] 
[INFO] [stdout] error: aborting due to 4 previous errors
[INFO] [stdout] 
[INFO] [stdout] For more information about this error, try `rustc --explain E0425`.
[INFO] [stdout] Couldn't compile the test.
[INFO] [stdout] ---- src/response.rs - response::SseResponse (line 346) stdout ----
[INFO] [stdout] error[E0433]: cannot find module or crate `webr` in this scope
[INFO] [stdout]    --> src/response.rs:347:5
[INFO] [stdout]     |
[INFO] [stdout] 347 | use webr::response::{SseEvent, SseResponse};
[INFO] [stdout]     |     ^^^^ use of unresolved module or unlinked crate `webr`
[INFO] [stdout]     |
[INFO] [stdout]     = help: if you wanted to use a crate named `webr`, use `cargo add webr` to add it to your `Cargo.toml`
[INFO] [stdout] 
[INFO] [stdout] error: aborting due to 1 previous error
[INFO] [stdout] 
[INFO] [stdout] For more information about this error, try `rustc --explain E0433`.
[INFO] [stdout] Couldn't compile the test.
[INFO] [stdout] ---- src/middleware.rs - middleware::UnifiedResponse (line 474) stdout ----
[INFO] [stdout] error[E0425]: cannot find value `app` in this scope
[INFO] [stdout]    --> src/middleware.rs:476:1
[INFO] [stdout]     |
[INFO] [stdout] 476 | app.unified_response();
[INFO] [stdout]     | ^^^ not found in this scope
[INFO] [stdout] 
[INFO] [stdout] error[E0425]: cannot find value `app` in this scope
[INFO] [stdout]    --> src/middleware.rs:479:1
[INFO] [stdout]     |
[INFO] [stdout] 479 | app.middleware(UnifiedResponse);
[INFO] [stdout]     | ^^^ not found in this scope
[INFO] [stdout] 
[INFO] [stdout] error[E0425]: cannot find value `UnifiedResponse` in this scope
[INFO] [stdout]    --> src/middleware.rs:479:16
[INFO] [stdout]     |
[INFO] [stdout] 479 | app.middleware(UnifiedResponse);
[INFO] [stdout]     |                ^^^^^^^^^^^^^^^ not found in this scope
[INFO] [stdout] 
[INFO] [stdout] error: aborting due to 3 previous errors
[INFO] [stdout] 
[INFO] [stdout] For more information about this error, try `rustc --explain E0425`.
[INFO] [stdout] Couldn't compile the test.
[INFO] [stdout] ---- src/extract.rs - extract::Path (line 19) stdout ----
[INFO] [stdout] error: `self` parameter is only allowed in associated functions
[INFO] [stdout]   --> src/extract.rs:21:19
[INFO] [stdout]    |
[INFO] [stdout] 21 | async fn get_user(&self, webr::Path(id): webr::Path<i64>) -> webr::Json<User> {
[INFO] [stdout]    |                   ^^^^^ not semantically valid as function parameter
[INFO] [stdout]    |
[INFO] [stdout]    = note: associated functions are those in `impl` or `trait` definitions
[INFO] [stdout] 
[INFO] [stdout] error: `self` parameter is only allowed in associated functions
[INFO] [stdout]   --> src/extract.rs:27:19
[INFO] [stdout]    |
[INFO] [stdout] 27 | async fn get_post(&self, webr::Path((user_id, post_id)): webr::Path<(i64, i64)>) -> webr::Json<Post> {
[INFO] [stdout]    |                   ^^^^^ not semantically valid as function parameter
[INFO] [stdout]    |
[INFO] [stdout]    = note: associated functions are those in `impl` or `trait` definitions
[INFO] [stdout] 
[INFO] [stdout] error: cannot find attribute `get` in this scope
[INFO] [stdout]   --> src/extract.rs:26:3
[INFO] [stdout]    |
[INFO] [stdout] 26 | #[get("/users/{user_id}/posts/{post_id}")]
[INFO] [stdout]    |   ^^^
[INFO] [stdout] 
[INFO] [stdout] error: cannot find attribute `get` in this scope
[INFO] [stdout]   --> src/extract.rs:20:3
[INFO] [stdout]    |
[INFO] [stdout] 20 | #[get("/users/{id}")]
[INFO] [stdout]    |   ^^^
[INFO] [stdout] 
[INFO] [stdout] error[E0425]: cannot find type `User` in this scope
[INFO] [stdout]   --> src/extract.rs:21:73
[INFO] [stdout]    |
[INFO] [stdout] 21 | async fn get_user(&self, webr::Path(id): webr::Path<i64>) -> webr::Json<User> {
[INFO] [stdout]    |                                                                         ^^^^ not found in this scope
[INFO] [stdout]    |
[INFO] [stdout] help: you might be missing a type parameter
[INFO] [stdout]    |
[INFO] [stdout] 21 | async fn get_user<User>(&self, webr::Path(id): webr::Path<i64>) -> webr::Json<User> {
[INFO] [stdout]    |                  ++++++
[INFO] [stdout] 
[INFO] [stdout] error[E0425]: cannot find type `Post` in this scope
[INFO] [stdout]   --> src/extract.rs:27:96
[INFO] [stdout]    |
[INFO] [stdout] 27 | async fn get_post(&self, webr::Path((user_id, post_id)): webr::Path<(i64, i64)>) -> webr::Json<Post> {
[INFO] [stdout]    |                                                                                                ^^^^ not found in this scope
[INFO] [stdout]    |
[INFO] [stdout] help: you might be missing a type parameter
[INFO] [stdout]    |
[INFO] [stdout] 27 | async fn get_post<Post>(&self, webr::Path((user_id, post_id)): webr::Path<(i64, i64)>) -> webr::Json<Post> {
[INFO] [stdout]    |                  ++++++
[INFO] [stdout] 
[INFO] [stdout] error[E0433]: cannot find module or crate `webr` in this scope
[INFO] [stdout]   --> src/extract.rs:21:26
[INFO] [stdout]    |
[INFO] [stdout] 21 | async fn get_user(&self, webr::Path(id): webr::Path<i64>) -> webr::Json<User> {
[INFO] [stdout]    |                          ^^^^ use of unresolved module or unlinked crate `webr`
[INFO] [stdout]    |
[INFO] [stdout]    = help: if you wanted to use a crate named `webr`, use `cargo add webr` to add it to your `Cargo.toml`
[INFO] [stdout] 
[INFO] [stdout] error[E0433]: cannot find module or crate `webr` in this scope
[INFO] [stdout]   --> src/extract.rs:21:42
[INFO] [stdout]    |
[INFO] [stdout] 21 | async fn get_user(&self, webr::Path(id): webr::Path<i64>) -> webr::Json<User> {
[INFO] [stdout]    |                                          ^^^^ use of unresolved module or unlinked crate `webr`
[INFO] [stdout]    |
[INFO] [stdout]    = help: if you wanted to use a crate named `webr`, use `cargo add webr` to add it to your `Cargo.toml`
[INFO] [stdout] 
[INFO] [stdout] error[E0433]: cannot find module or crate `webr` in this scope
[INFO] [stdout]   --> src/extract.rs:21:62
[INFO] [stdout]    |
[INFO] [stdout] 21 | async fn get_user(&self, webr::Path(id): webr::Path<i64>) -> webr::Json<User> {
[INFO] [stdout]    |                                                              ^^^^ use of unresolved module or unlinked crate `webr`
[INFO] [stdout]    |
[INFO] [stdout]    = help: if you wanted to use a crate named `webr`, use `cargo add webr` to add it to your `Cargo.toml`
[INFO] [stdout] 
[INFO] [stdout] error[E0433]: cannot find module or crate `webr` in this scope
[INFO] [stdout]   --> src/extract.rs:27:26
[INFO] [stdout]    |
[INFO] [stdout] 27 | async fn get_post(&self, webr::Path((user_id, post_id)): webr::Path<(i64, i64)>) -> webr::Json<Post> {
[INFO] [stdout]    |                          ^^^^ use of unresolved module or unlinked crate `webr`
[INFO] [stdout]    |
[INFO] [stdout]    = help: if you wanted to use a crate named `webr`, use `cargo add webr` to add it to your `Cargo.toml`
[INFO] [stdout] 
[INFO] [stdout] error[E0433]: cannot find module or crate `webr` in this scope
[INFO] [stdout]   --> src/extract.rs:27:58
[INFO] [stdout]    |
[INFO] [stdout] 27 | async fn get_post(&self, webr::Path((user_id, post_id)): webr::Path<(i64, i64)>) -> webr::Json<Post> {
[INFO] [stdout]    |                                                          ^^^^ use of unresolved module or unlinked crate `webr`
[INFO] [stdout]    |
[INFO] [stdout]    = help: if you wanted to use a crate named `webr`, use `cargo add webr` to add it to your `Cargo.toml`
[INFO] [stdout] 
[INFO] [stdout] error[E0433]: cannot find module or crate `webr` in this scope
[INFO] [stdout]   --> src/extract.rs:27:85
[INFO] [stdout]    |
[INFO] [stdout] 27 | async fn get_post(&self, webr::Path((user_id, post_id)): webr::Path<(i64, i64)>) -> webr::Json<Post> {
[INFO] [stdout]    |                                                                                     ^^^^ use of unresolved module or unlinked crate `webr`
[INFO] [stdout]    |
[INFO] [stdout]    = help: if you wanted to use a crate named `webr`, use `cargo add webr` to add it to your `Cargo.toml`
[INFO] [stdout] 
[INFO] [stdout] error: aborting due to 12 previous errors
[INFO] [stdout] 
[INFO] [stdout] Some errors have detailed explanations: E0425, E0433.
[INFO] [stdout] For more information about an error, try `rustc --explain E0425`.
[INFO] [stdout] Couldn't compile the test.
[INFO] [stdout] ---- src/middleware.rs - middleware::Middleware (line 48) stdout ----
[INFO] [stdout] error[E0433]: cannot find module or crate `webr` in this scope
[INFO] [stdout]   --> src/middleware.rs:49:3
[INFO] [stdout]    |
[INFO] [stdout] 49 | #[webr::main]
[INFO] [stdout]    |   ^^^^ use of unresolved module or unlinked crate `webr`
[INFO] [stdout] 
[INFO] [stdout] error[E0425]: cannot find type `Error` in this scope
[INFO] [stdout]   --> src/middleware.rs:50:57
[INFO] [stdout]    |
[INFO] [stdout] 50 | async fn main(app: &mut webr::AppBuilder) -> Result<(), Error> {
[INFO] [stdout]    |                                                         ^^^^^ not found in this scope
[INFO] [stdout]    |
[INFO] [stdout] help: consider importing one of these items
[INFO] [stdout]    |
[INFO] [stdout] 49 + use std::error::Error;
[INFO] [stdout]    |
[INFO] [stdout] 49 + use std::fmt::Error;
[INFO] [stdout]    |
[INFO] [stdout] 49 + use std::io::Error;
[INFO] [stdout]    |
[INFO] [stdout] 49 + use core::error::Error;
[INFO] [stdout]    |
[INFO] [stdout]    = and 1 other candidate
[INFO] [stdout] 
[INFO] [stdout] error[E0425]: cannot find value `LoggerMiddleware` in this scope
[INFO] [stdout]   --> src/middleware.rs:52:20
[INFO] [stdout]    |
[INFO] [stdout] 52 |     app.middleware(LoggerMiddleware);
[INFO] [stdout]    |                    ^^^^^^^^^^^^^^^^ not found in this scope
[INFO] [stdout] 
[INFO] [stdout] error[E0425]: cannot find value `PanicRecovery` in this scope
[INFO] [stdout]   --> src/middleware.rs:53:20
[INFO] [stdout]    |
[INFO] [stdout] 53 |     app.middleware(PanicRecovery);
[INFO] [stdout]    |                    ^^^^^^^^^^^^^ not found in this scope
[INFO] [stdout] 
[INFO] [stdout] error[E0425]: cannot find value `LoggerMiddleware` in this scope
[INFO] [stdout]   --> src/middleware.rs:68:35
[INFO] [stdout]    |
[INFO] [stdout] 68 |     app.middleware_for("/api/**", LoggerMiddleware);
[INFO] [stdout]    |                                   ^^^^^^^^^^^^^^^^ not found in this scope
[INFO] [stdout] 
[INFO] [stdout] error[E0425]: cannot find value `LoggerMiddleware` in this scope
[INFO] [stdout]   --> src/middleware.rs:71:38
[INFO] [stdout]    |
[INFO] [stdout] 71 |     app.middleware_except("/health", LoggerMiddleware);
[INFO] [stdout]    |                                      ^^^^^^^^^^^^^^^^ not found in this scope
[INFO] [stdout] 
[INFO] [stdout] error[E0433]: cannot find type `CorsMiddleware` in this scope
[INFO] [stdout]   --> src/middleware.rs:57:9
[INFO] [stdout]    |
[INFO] [stdout] 57 |         CorsMiddleware::new()
[INFO] [stdout]    |         ^^^^^^^^^^^^^^ use of undeclared type `CorsMiddleware`
[INFO] [stdout] 
[INFO] [stdout] error[E0752]: `main` function is not allowed to be `async`
[INFO] [stdout]   --> src/middleware.rs:50:1
[INFO] [stdout]    |
[INFO] [stdout] 50 | async fn main(app: &mut webr::AppBuilder) -> Result<(), Error> {
[INFO] [stdout]    | ^^^^^^^^^^^^^^^^^^^^^^^^^^^^^^^^^^^^^^^^^^^^^^^^^^^^^^^^^^^^^^ `main` function is not allowed to be `async`
[INFO] [stdout] 
[INFO] [stdout] error[E0433]: cannot find module or crate `webr` in this scope
[INFO] [stdout]   --> src/middleware.rs:50:25
[INFO] [stdout]    |
[INFO] [stdout] 50 | async fn main(app: &mut webr::AppBuilder) -> Result<(), Error> {
[INFO] [stdout]    |                         ^^^^ use of unresolved module or unlinked crate `webr`
[INFO] [stdout]    |
[INFO] [stdout]    = help: if you wanted to use a crate named `webr`, use `cargo add webr` to add it to your `Cargo.toml`
[INFO] [stdout] 
[INFO] [stdout] error: aborting due to 9 previous errors
[INFO] [stdout] 
[INFO] [stdout] Some errors have detailed explanations: E0425, E0433, E0752.
[INFO] [stdout] For more information about an error, try `rustc --explain E0425`.
[INFO] [stdout] Couldn't compile the test.
[INFO] [stdout] 
[INFO] [stdout] failures:
[INFO] [stdout]     src/extract.rs - extract::Form (line 240)
[INFO] [stdout]     src/extract.rs - extract::Header (line 154)
[INFO] [stdout]     src/extract.rs - extract::HeaderMapExt (line 211)
[INFO] [stdout]     src/extract.rs - extract::Json (line 95)
[INFO] [stdout]     src/extract.rs - extract::Multipart (line 130)
[INFO] [stdout]     src/extract.rs - extract::Path (line 19)
[INFO] [stdout]     src/extract.rs - extract::Query (line 57)
[INFO] [stdout]     src/middleware.rs - middleware::CorsMiddleware (line 268)
[INFO] [stdout]     src/middleware.rs - middleware::CorsMiddleware (line 274)
[INFO] [stdout]     src/middleware.rs - middleware::CorsMiddleware (line 286)
[INFO] [stdout]     src/middleware.rs - middleware::LoggerMiddleware (line 211)
[INFO] [stdout]     src/middleware.rs - middleware::Middleware (line 15)
[INFO] [stdout]     src/middleware.rs - middleware::Middleware (line 48)
[INFO] [stdout]     src/middleware.rs - middleware::PanicRecovery (line 549)
[INFO] [stdout]     src/middleware.rs - middleware::PanicRecovery (line 563)
[INFO] [stdout]     src/middleware.rs - middleware::UnifiedResponse (line 474)
[INFO] [stdout]     src/response.rs - response::FileResponse (line 22)
[INFO] [stdout]     src/response.rs - response::SseEvent (line 269)
[INFO] [stdout]     src/response.rs - response::SseResponse (line 346)
[INFO] [stdout] 
[INFO] [stdout] test result: FAILED. 0 passed; 19 failed; 0 ignored; 0 measured; 0 filtered out; finished in 0.99s
[INFO] [stdout] 
[INFO] [stderr] error: doctest failed, to rerun pass `--doc`
[INFO] running `Command { std: "docker" "inspect" "e56b28ab51cbb27d3ab98f7680667d9d94bdf666545221faec64ac724da0ad73", kill_on_drop: false }`
[INFO] running `Command { std: "docker" "rm" "-f" "e56b28ab51cbb27d3ab98f7680667d9d94bdf666545221faec64ac724da0ad73", kill_on_drop: false }`
[INFO] [stdout] e56b28ab51cbb27d3ab98f7680667d9d94bdf666545221faec64ac724da0ad73
