[INFO] fetching crate web_modules 0.7.0...
[INFO] testing web_modules-0.7.0 against 1.100.0-beta.1 for beta-1.100-2
[INFO] extracting crate web_modules 0.7.0 into /workspace/builds/worker-6-tc2/source
[INFO] started tweaking crates.io crate web_modules 0.7.0
[INFO] finished tweaking crates.io crate web_modules 0.7.0
[INFO] tweaked toml for crates.io crate web_modules 0.7.0 written to /workspace/builds/worker-6-tc2/source/Cargo.toml
[INFO] validating manifest of crates.io crate web_modules 0.7.0 on toolchain 1.100.0-beta.1
[INFO] running `Command { std: CARGO_HOME="/workspace/cargo-home" RUSTUP_HOME="/workspace/rustup-home" "/workspace/cargo-home/bin/cargo" "+1.100.0-beta.1" "metadata" "--manifest-path" "Cargo.toml" "--no-deps", kill_on_drop: false }`
[INFO] crate crates.io crate web_modules 0.7.0 already has a lockfile, it will not be regenerated
[INFO] running `Command { std: CARGO_HOME="/workspace/cargo-home" RUSTUP_HOME="/workspace/rustup-home" "/workspace/cargo-home/bin/cargo" "+1.100.0-beta.1" "fetch" "--manifest-path" "Cargo.toml", kill_on_drop: false }`
[INFO] [stderr] warning: `package.homepage` is redundant with `package.repository`
[INFO] [stderr]    --> Cargo.toml:196:12
[INFO] [stderr]     |
[INFO] [stderr] 196 | homepage = "https://github.com/gronke/web_modules"
[INFO] [stderr]     |            ^^^^^^^^^^^^^^^^^^^^^^^^^^^^^^^^^^^^^^^
[INFO] [stderr] ...
[INFO] [stderr] 203 | repository = "https://github.com/gronke/web_modules"
[INFO] [stderr]     |              ---------------------------------------
[INFO] [stderr]     |
[INFO] [stderr]     = note: `cargo::redundant_homepage` is set to `warn` by default
[INFO] [stderr] help: consider removing `package.homepage`
[INFO] [stderr] warning: `web_modules` (manifest) generated 1 warning
[INFO] running `Command { std: "docker" "create" "-v" "/var/lib/crater-agent-workspace/builds/worker-6-tc2/source:/opt/rustwide/workdir:ro,Z" "-v" "/var/lib/crater-agent-workspace/builds/worker-6-tc2/target:/opt/rustwide/target:rw,Z" "-v" "/var/lib/crater-agent-workspace/cargo-home:/opt/rustwide/cargo-home:ro,Z" "-v" "/var/lib/crater-agent-workspace/rustup-home:/opt/rustwide/rustup-home:ro,Z" "-m" "1610612736" "--network" "none" "ghcr.io/rust-lang/crates-build-env/linux@sha256:3111399a4047eeb3a02b7a90e478d715f38a8c6669b5c4b49d30a17385265909" "sleep" "infinity", kill_on_drop: false }`
[INFO] [stdout] dffd0b2873d7c323fa8a0fb86f16816ec30010fa4dc191b6c20bc487bfdc7dd8
[INFO] running `Command { std: "docker" "start" "dffd0b2873d7c323fa8a0fb86f16816ec30010fa4dc191b6c20bc487bfdc7dd8", kill_on_drop: false }`
[INFO] running `Command { std: "docker" "inspect" "dffd0b2873d7c323fa8a0fb86f16816ec30010fa4dc191b6c20bc487bfdc7dd8", kill_on_drop: false }`
[INFO] running `Command { std: "docker" "exec" "-e" "SOURCE_DIR=/opt/rustwide/workdir" "-e" "CARGO_HOME=/opt/rustwide/cargo-home" "-e" "RUSTUP_HOME=/opt/rustwide/rustup-home" "-e" "CARGO_TARGET_DIR=/opt/rustwide/target" "-w" "/opt/rustwide/workdir" "--user" "0:0" "dffd0b2873d7c323fa8a0fb86f16816ec30010fa4dc191b6c20bc487bfdc7dd8" "/opt/rustwide/cargo-home/bin/cargo" "+1.100.0-beta.1" "metadata" "--no-deps" "--format-version=1", kill_on_drop: false }`
[INFO] running `Command { std: "docker" "inspect" "dffd0b2873d7c323fa8a0fb86f16816ec30010fa4dc191b6c20bc487bfdc7dd8", kill_on_drop: false }`
[INFO] running `Command { std: "docker" "exec" "-e" "SOURCE_DIR=/opt/rustwide/workdir" "-e" "CARGO_HOME=/opt/rustwide/cargo-home" "-e" "RUSTUP_HOME=/opt/rustwide/rustup-home" "-e" "CARGO_TARGET_DIR=/opt/rustwide/target" "-e" "CARGO_INCREMENTAL=0" "-e" "RUST_BACKTRACE=full" "-e" "RUSTFLAGS=--cap-lints=warn" "-e" "RUSTDOCFLAGS=--cap-lints=warn" "-w" "/opt/rustwide/workdir" "--user" "0:0" "dffd0b2873d7c323fa8a0fb86f16816ec30010fa4dc191b6c20bc487bfdc7dd8" "/opt/rustwide/cargo-home/bin/cargo" "+1.100.0-beta.1" "build" "--frozen" "--message-format=json", kill_on_drop: false }`
[INFO] [stderr] warning: `package.homepage` is redundant with `package.repository`
[INFO] [stderr]    --> Cargo.toml:196:12
[INFO] [stderr]     |
[INFO] [stderr] 196 | homepage = "https://github.com/gronke/web_modules"
[INFO] [stderr]     |            ^^^^^^^^^^^^^^^^^^^^^^^^^^^^^^^^^^^^^^^
[INFO] [stderr] ...
[INFO] [stderr] 203 | repository = "https://github.com/gronke/web_modules"
[INFO] [stderr]     |              ---------------------------------------
[INFO] [stderr]     |
[INFO] [stderr]     = note: `cargo::redundant_homepage` is set to `warn` by default
[INFO] [stderr] help: consider removing `package.homepage`
[INFO] [stderr] warning: `web_modules` (manifest) generated 1 warning
[INFO] [stderr]    Compiling allocator-api2 v0.2.21
[INFO] [stderr]    Compiling str_indices v0.4.4
[INFO] [stderr]    Compiling rustc-hash v2.1.3
[INFO] [stderr]    Compiling phf_shared v0.14.0
[INFO] [stderr]    Compiling smawk v0.3.3
[INFO] [stderr]    Compiling unicode-linebreak v0.1.5
[INFO] [stderr]    Compiling fastrand v2.4.1
[INFO] [stderr]    Compiling syn v2.0.118
[INFO] [stderr]    Compiling oxc_estree v0.138.0
[INFO] [stderr]    Compiling getrandom v0.2.17
[INFO] [stderr]    Compiling phf_shared v0.11.3
[INFO] [stderr]    Compiling rand_core v0.6.4
[INFO] [stderr]    Compiling dragonbox_ecma v0.1.12
[INFO] [stderr]    Compiling compact_str v0.9.1
[INFO] [stderr]    Compiling cow-utils v0.1.3
[INFO] [stderr]    Compiling nonmax v0.5.5
[INFO] [stderr]    Compiling unicode-id-start v1.4.0
[INFO] [stderr]    Compiling log v0.4.33
[INFO] [stderr]    Compiling cc v1.2.66
[INFO] [stderr]    Compiling regex-syntax v0.8.11
[INFO] [stderr]    Compiling rustls-pki-types v1.15.0
[INFO] [stderr]    Compiling crossbeam-utils v0.8.21
[INFO] [stderr]    Compiling serde_json v1.0.150
[INFO] [stderr]    Compiling num-bigint v0.4.8
[INFO] [stderr]    Compiling ahash v0.8.12
[INFO] [stderr]    Compiling textwrap v0.16.2
[INFO] [stderr]    Compiling crossbeam-epoch v0.9.20
[INFO] [stderr]    Compiling rand v0.8.6
[INFO] [stderr]    Compiling phf v0.14.0
[INFO] [stderr]    Compiling phf_generator v0.14.0
[INFO] [stderr]    Compiling regex-automata v0.4.14
[INFO] [stderr]    Compiling phf v0.11.3
[INFO] [stderr]    Compiling simd-adler32 v0.3.9
[INFO] [stderr]    Compiling ucd-trie v0.1.7
[INFO] [stderr]    Compiling hashbrown v0.17.1
[INFO] [stderr]    Compiling rustls v0.23.41
[INFO] [stderr]    Compiling httparse v1.10.1
[INFO] [stderr]    Compiling phf_generator v0.11.3
[INFO] [stderr]    Compiling pest v2.8.7
[INFO] [stderr]    Compiling rand_chacha v0.3.1
[INFO] [stderr]    Compiling phf_codegen v0.11.3
[INFO] [stderr]    Compiling itertools v0.15.0
[INFO] [stderr]    Compiling bstr v1.12.3
[INFO] [stderr]    Compiling self_cell v1.2.2
[INFO] [stderr]    Compiling http v1.4.2
[INFO] [stderr]    Compiling rustls-native-certs v0.8.4
[INFO] [stderr]    Compiling hashbrown v0.14.5
[INFO] [stderr]    Compiling rustix v1.1.4
[INFO] [stderr]    Compiling indexmap v2.14.0
[INFO] [stderr]    Compiling crossbeam-deque v0.8.6
[INFO] [stderr]    Compiling miniz_oxide v0.8.9
[INFO] [stderr]    Compiling miniz_oxide v0.9.1
[INFO] [stderr]    Compiling outref v0.5.2
[INFO] [stderr]    Compiling oxc_sourcemap v8.1.0
[INFO] [stderr]    Compiling ring v0.17.14
[INFO] [stderr]    Compiling vsimd v0.8.0
[INFO] [stderr]    Compiling bumpalo v3.20.3
[INFO] [stderr]    Compiling pest_meta v2.8.7
[INFO] [stderr]    Compiling zlib-rs v0.6.5
[INFO] [stderr]    Compiling time v0.3.53
[INFO] [stderr]    Compiling chrono v0.4.45
[INFO] [stderr]    Compiling zopfli v0.8.3
[INFO] [stderr]    Compiling ureq-proto v0.6.0
[INFO] [stderr]    Compiling base64-simd v0.8.0
[INFO] [stderr]    Compiling lasso v0.7.3
[INFO] [stderr]    Compiling digest v0.10.7
[INFO] [stderr]    Compiling webpki-roots v1.0.8
[INFO] [stderr]    Compiling typed-path v0.12.3
[INFO] [stderr]    Compiling xattr v1.6.1
[INFO] [stderr]    Compiling deunicode v1.6.2
[INFO] [stderr]    Compiling globset v0.4.18
[INFO] [stderr]    Compiling codemap v0.1.3
[INFO] [stderr]    Compiling utf8-zero v0.8.1
[INFO] [stderr]    Compiling json-escape-simd v3.1.0
[INFO] [stderr]    Compiling regex v1.12.4
[INFO] [stderr]    Compiling sha2 v0.10.9
[INFO] [stderr]    Compiling slug v0.1.6
[INFO] [stderr]    Compiling tar v0.4.46
[INFO] [stderr]    Compiling ignore v0.4.27
[INFO] [stderr]    Compiling parse-zoneinfo v0.3.1
[INFO] [stderr]    Compiling humansize v2.1.3
[INFO] [stderr]    Compiling form_urlencoded v1.2.2
[INFO] [stderr]    Compiling semver v1.0.28
[INFO] [stderr]    Compiling hmac-sha1-compact v1.1.7
[INFO] [stderr]    Compiling chrono-tz-build v0.3.0
[INFO] [stderr]    Compiling globwalk v0.9.1
[INFO] [stderr]    Compiling chrono-tz v0.9.0
[INFO] [stderr]    Compiling synstructure v0.13.2
[INFO] [stderr]    Compiling pest_generator v2.8.7
[INFO] [stderr]    Compiling serde_derive v1.0.228
[INFO] [stderr]    Compiling thiserror-impl v2.0.18
[INFO] [stderr]    Compiling oxc-miette-derive v3.0.0
[INFO] [stderr]    Compiling zerofrom-derive v0.1.7
[INFO] [stderr]    Compiling yoke-derive v0.8.2
[INFO] [stderr]    Compiling oxc_ast_macros v0.138.0
[INFO] [stderr]    Compiling phf_macros v0.14.0
[INFO] [stderr]    Compiling zerovec-derive v0.11.3
[INFO] [stderr]    Compiling displaydoc v0.2.6
[INFO] [stderr]    Compiling phf_macros v0.11.3
[INFO] [stderr]    Compiling pest_derive v2.8.7
[INFO] [stderr]    Compiling rustls-webpki v0.103.13
[INFO] [stderr]    Compiling grass_compiler v0.13.4
[INFO] [stderr]    Compiling flate2 v1.1.9
[INFO] [stderr]    Compiling zerofrom v0.1.8
[INFO] [stderr]    Compiling yoke v0.8.3
[INFO] [stderr]    Compiling zerovec v0.11.6
[INFO] [stderr]    Compiling zerotrie v0.2.4
[INFO] [stderr]    Compiling thiserror v2.0.18
[INFO] [stderr]    Compiling zip v7.2.0
[INFO] [stderr]    Compiling oxc-miette v3.0.0
[INFO] [stderr]    Compiling cobs v0.3.0
[INFO] [stderr]    Compiling tinystr v0.8.3
[INFO] [stderr]    Compiling potential_utf v0.1.5
[INFO] [stderr]    Compiling icu_collections v2.2.0
[INFO] [stderr]    Compiling icu_locale_core v2.2.0
[INFO] [stderr]    Compiling oxc_diagnostics v0.138.0
[INFO] [stderr]    Compiling serde v1.0.228
[INFO] [stderr]    Compiling icu_provider v2.2.0
[INFO] [stderr]    Compiling icu_properties v2.2.0
[INFO] [stderr]    Compiling smallvec v1.15.2
[INFO] [stderr]    Compiling oxc_index v5.0.0
[INFO] [stderr]    Compiling postcard v1.1.3
[INFO] [stderr]    Compiling jsonc-parser v0.33.1
[INFO] [stderr]    Compiling ropey v1.6.1
[INFO] [stderr]    Compiling icu_normalizer v2.2.0
[INFO] [stderr]    Compiling tera v1.20.1
[INFO] [stderr]    Compiling oxc-browserslist v3.0.9
[INFO] [stderr]    Compiling oxc_data_structures v0.138.0
[INFO] [stderr]    Compiling oxc_allocator v0.138.0
[INFO] [stderr]    Compiling oxc_str v0.138.0
[INFO] [stderr]    Compiling rustls-platform-verifier v0.6.2
[INFO] [stderr]    Compiling idna_adapter v1.2.2
[INFO] [stderr]    Compiling idna v1.1.0
[INFO] [stderr]    Compiling oxc_span v0.138.0
[INFO] [stderr]    Compiling ureq v3.3.0
[INFO] [stderr]    Compiling oxc_syntax v0.138.0
[INFO] [stderr]    Compiling oxc_regular_expression v0.138.0
[INFO] [stderr]    Compiling url v2.5.8
[INFO] [stderr]    Compiling npm-utils v0.6.2
[INFO] [stderr]    Compiling oxc_ast v0.138.0
[INFO] [stderr]    Compiling oxc_compat v0.138.0
[INFO] [stderr]    Compiling grass v0.13.4
[INFO] [stderr]    Compiling oxc_ecmascript v0.138.0
[INFO] [stderr]    Compiling oxc_ast_visit v0.138.0
[INFO] [stderr]    Compiling oxc_parser v0.138.0
[INFO] [stderr]    Compiling oxc_semantic v0.138.0
[INFO] [stderr]    Compiling oxc_traverse v0.138.0
[INFO] [stderr]    Compiling oxc_codegen v0.138.0
[INFO] [stderr]    Compiling oxc_transformer v0.138.0
[INFO] [stderr]    Compiling web_modules v0.7.0 (/opt/rustwide/workdir)
[INFO] [stderr]     Finished `dev` profile [unoptimized + debuginfo] target(s) in 1m 38s
[INFO] running `Command { std: "docker" "inspect" "dffd0b2873d7c323fa8a0fb86f16816ec30010fa4dc191b6c20bc487bfdc7dd8", kill_on_drop: false }`
[INFO] running `Command { std: "docker" "exec" "-e" "SOURCE_DIR=/opt/rustwide/workdir" "-e" "CARGO_HOME=/opt/rustwide/cargo-home" "-e" "RUSTUP_HOME=/opt/rustwide/rustup-home" "-e" "CARGO_TARGET_DIR=/opt/rustwide/target" "-e" "CARGO_INCREMENTAL=0" "-e" "RUST_BACKTRACE=full" "-e" "RUSTFLAGS=--cap-lints=warn" "-e" "RUSTDOCFLAGS=--cap-lints=warn" "-w" "/opt/rustwide/workdir" "--user" "0:0" "dffd0b2873d7c323fa8a0fb86f16816ec30010fa4dc191b6c20bc487bfdc7dd8" "/opt/rustwide/cargo-home/bin/cargo" "+1.100.0-beta.1" "test" "--frozen" "--no-run" "--message-format=json", kill_on_drop: false }`
[INFO] [stderr] warning: `package.homepage` is redundant with `package.repository`
[INFO] [stderr]    --> Cargo.toml:196:12
[INFO] [stderr]     |
[INFO] [stderr] 196 | homepage = "https://github.com/gronke/web_modules"
[INFO] [stderr]     |            ^^^^^^^^^^^^^^^^^^^^^^^^^^^^^^^^^^^^^^^
[INFO] [stderr] ...
[INFO] [stderr] 203 | repository = "https://github.com/gronke/web_modules"
[INFO] [stderr]     |              ---------------------------------------
[INFO] [stderr]     |
[INFO] [stderr]     = note: `cargo::redundant_homepage` is set to `warn` by default
[INFO] [stderr] help: consider removing `package.homepage`
[INFO] [stderr] warning: `web_modules` (manifest) generated 1 warning
[INFO] [stderr]    Compiling ureq-proto v0.6.0
[INFO] [stderr]    Compiling xattr v1.6.1
[INFO] [stderr]    Compiling getrandom v0.4.3
[INFO] [stderr]    Compiling tokio-macros v2.7.0
[INFO] [stderr]    Compiling include_dir_macros v0.7.4
[INFO] [stderr]    Compiling tower v0.5.3
[INFO] [stderr]    Compiling tar v0.4.46
[INFO] [stderr]    Compiling tempfile v3.27.0
[INFO] [stderr]    Compiling include_dir v0.7.4
[INFO] [stderr]    Compiling ureq v3.3.0
[INFO] [stderr]    Compiling tokio v1.52.3
[INFO] [stderr]    Compiling npm-utils v0.6.2
[INFO] [stderr]    Compiling web_modules v0.7.0 (/opt/rustwide/workdir)
[INFO] [stderr]     Finished `test` profile [unoptimized + debuginfo] target(s) in 17.97s
[INFO] running `Command { std: "docker" "inspect" "dffd0b2873d7c323fa8a0fb86f16816ec30010fa4dc191b6c20bc487bfdc7dd8", kill_on_drop: false }`
[INFO] running `Command { std: "docker" "exec" "-e" "SOURCE_DIR=/opt/rustwide/workdir" "-e" "CARGO_HOME=/opt/rustwide/cargo-home" "-e" "RUSTUP_HOME=/opt/rustwide/rustup-home" "-e" "CARGO_TARGET_DIR=/opt/rustwide/target" "-e" "CARGO_INCREMENTAL=0" "-e" "RUST_BACKTRACE=full" "-e" "RUSTFLAGS=--cap-lints=warn" "-e" "RUSTDOCFLAGS=--cap-lints=warn" "-w" "/opt/rustwide/workdir" "--user" "0:0" "dffd0b2873d7c323fa8a0fb86f16816ec30010fa4dc191b6c20bc487bfdc7dd8" "/opt/rustwide/cargo-home/bin/cargo" "+1.100.0-beta.1" "test" "--frozen", kill_on_drop: false }`
[INFO] [stderr] warning: `package.homepage` is redundant with `package.repository`
[INFO] [stderr]    --> Cargo.toml:196:12
[INFO] [stderr]     |
[INFO] [stderr] 196 | homepage = "https://github.com/gronke/web_modules"
[INFO] [stderr]     |            ^^^^^^^^^^^^^^^^^^^^^^^^^^^^^^^^^^^^^^^
[INFO] [stderr] ...
[INFO] [stderr] 203 | repository = "https://github.com/gronke/web_modules"
[INFO] [stderr]     |              ---------------------------------------
[INFO] [stderr]     |
[INFO] [stderr]     = note: `cargo::redundant_homepage` is set to `warn` by default
[INFO] [stderr] help: consider removing `package.homepage`
[INFO] [stderr] warning: `web_modules` (manifest) generated 1 warning
[INFO] [stderr]     Finished `test` profile [unoptimized + debuginfo] target(s) in 0.48s
[INFO] [stderr]      Running unittests src/lib.rs (/opt/rustwide/target/debug/build/web_modules/db2655452b8d0966/out/web_modules-db2655452b8d0966)
[INFO] [stdout] 
[INFO] [stdout] running 198 tests
[INFO] [stdout] test build::pipeline::tests::build_fallback_index_refreshes_on_rebuild ... ok
[INFO] [stdout] test build::builder::tests::toggles_and_output_map_to_processors ... ok
[INFO] [stdout] test build::pipeline::tests::build_non_utf8_literal_replaces_transformed_record ... ok
[INFO] [stdout] test build::pipeline::tests::build_never_parses_page_html ... ok
[INFO] [stdout] test build::pipeline::tests::build_graph_follows_literal_over_transform_precedence ... ok
[INFO] [stdout] test build::pipeline::tests::build_failure_leaves_the_previous_output_intact ... ok
[INFO] [stdout] test build::pipeline::tests::build_graph_follows_root_precedence ... ok
[INFO] [stdout] test build::pipeline::tests::build_analyzes_tera_rendered_js ... ok
[INFO] [stdout] test build::pipeline::tests::build_checks_classic_script_dynamic_imports ... ok
[INFO] [stdout] test build::pipeline::tests::build_cross_root_same_relative_path_errors ... ok
[INFO] [stdout] test build::builder::tests::optimized_sets_both_outputs ... ok
[INFO] [stdout] test build::pipeline::tests::build_accepts_empty_and_previously_built_outputs ... ok
[INFO] [stdout] test build::builder::tests::run_requires_out ... ok
[INFO] [stdout] test build::builder::tests::reject_preset_and_pattern_compose_on_processors ... ok
[INFO] [stdout] test build::pipeline::tests::build_first_root_wins_under_skip_duplicates ... ok
[INFO] [stdout] test build::builder::tests::run_builds_a_non_vendored_tree ... ok
[INFO] [stdout] test build::pipeline::tests::build_conflict_error_lists_every_conflict ... ok
[INFO] [stdout] test build::builder::tests::vendor_parses_specs ... ok
[INFO] [stdout] test build::pipeline::tests::build_refuses_a_foreign_output_directory ... ok
[INFO] [stdout] test build::pipeline::tests::build_without_typescript_skips_ts_and_compiles_scss ... ok
[INFO] [stdout] test build::pipeline::tests::build_non_utf8_winner_replaces_shadowed_record ... ok
[INFO] [stdout] test build::pipeline::tests::build_tera_rendered_mjs_must_parse ... ok
[INFO] [stdout] test build::pipeline::tests::build_rejects_secret_targets_from_every_step ... ok
[INFO] [stdout] test build::pipeline::tests::build_validates_only_the_generated_map ... ok
[INFO] [stdout] test build::pipeline::tests::build_reserves_the_generated_import_map ... ok
[INFO] [stdout] test build::pipeline::tests::build_refuses_a_symlink_escaping_the_source_root ... ok
[INFO] [stdout] test build::pipeline::tests::output_optimized_enables_both ... ok
[INFO] [stdout] test build::pipeline::tests::unresolved_bare_import_errors_without_vendoring ... ok
[INFO] [stdout] test build::pipeline::tests::build_renders_tera_tree ... ok
[INFO] [stdout] test build::pipeline::tests::build_skips_vendor_when_specs_empty ... ok
[INFO] [stdout] test build::pipeline::tests::reject_none_opts_rejected_targets_back_in ... ok
[INFO] [stdout] test build::pipeline::tests::build_ships_symlinks_resolving_inside_the_root ... ok
[INFO] [stdout] test build::pipeline::tests::template_renders_importmap_variable ... ok
[INFO] [stdout] test build::pipeline::tests::build_tera_does_not_override_earlier_roots_under_skip ... ok
[INFO] [stdout] test build::pipeline::tests::build_reserves_the_vendor_directory ... ok
[INFO] [stdout] test build::pipeline::tests::vendor_transform_runtime_resolves_the_decorator_helper ... ignored, network: downloads @oxc-project/runtime from the npm registry
[INFO] [stdout] test build::steps::tests::a_rejected_transform_target_names_both_paths ... ok
[INFO] [stdout] test build::pipeline::tests::build_tera_wins_over_literal_same_target_under_skip ... ok
[INFO] [stdout] test build::steps::tests::claims_target_gates_on_any_claim_and_walk_records_every_entry ... ok
[INFO] [stdout] test build::steps::tests::preflight_detects_a_cross_root_conflict_and_the_first_root_wins ... ok
[INFO] [stdout] test build::steps::tests::preflight_allows_symlinks_resolving_inside_the_root ... ok
[INFO] [stdout] test build::steps::tests::preflight_drops_claims_with_rejected_targets ... ok
[INFO] [stdout] test core::importmap::tests::resolves_exact_and_prefix ... ok
[INFO] [stdout] test build::steps::tests::escaping_claims_are_flagged_and_honest_ones_are_not ... ok
[INFO] [stdout] test core::importmap::tests::merge_other_wins ... ok
[INFO] [stdout] test core::importmap::tests::script_tag_escapes_html_breakout ... ok
[INFO] [stdout] test build::steps::tests::preflight_follow_unsafe_claims_escaping_files ... ok
[INFO] [stdout] test build::templates::tests::renders_and_passes_html_through_unescaped ... ok
[INFO] [stdout] test core::importmap::tests::round_trips_through_json_file ... ok
[INFO] [stdout] test core::module_graph::tests::graph_flags_unresolved_but_agrees_on_resolved ... ok
[INFO] [stdout] test build::steps::tests::preflight_surfaces_a_dangling_link_as_a_walk_error ... ok
[INFO] [stdout] test core::module_graph::tests::finds_minified_space_less_forms ... ok
[INFO] [stdout] test build::steps::tests::tiebreak_orders_same_rank_claims ... ok
[INFO] [stdout] test build::steps::tests::preflight_detects_a_within_root_conflict_and_ranks_the_winner ... ok
[INFO] [stdout] test build::steps::tests::preflight_records_a_rejected_claim_instead_of_claiming ... ok
[INFO] [stdout] test core::module_graph::tests::classic_script_dynamic_import_is_captured ... ok
[INFO] [stdout] test core::importmap::tests::rejects_non_string_and_missing_imports ... ok
[INFO] [stdout] test build::steps::tests::preflight_flags_files_resolving_outside_the_root ... ok
[INFO] [stdout] test build::steps::tests::preflight_redirect_skips_symlinks_and_claims_plain_files ... ok
[INFO] [stdout] test core::module_graph::tests::ignores_imports_in_comments_and_strings ... ok
[INFO] [stdout] test core::module_graph::tests::insert_replaces_same_path_last_write_wins ... ok
[INFO] [stdout] test core::module_graph::tests::module_only_source_fails_on_module_syntax_error ... ok
[INFO] [stdout] test build::steps::tests::preflight_records_an_npm_link_as_an_asset_not_an_error ... ok
[INFO] [stdout] test core::module_graph::tests::graph_without_helpers_needs_no_runtime ... ok
[INFO] [stdout] test core::module_graph::tests::classify_follows_url_grammar ... ok
[INFO] [stdout] test core::importmap::tests::script_tag_is_compact_and_wrapped ... ok
[INFO] [stdout] test core::module_graph::tests::finds_nested_and_minified_dynamic_import_from_ast ... ok
[INFO] [stdout] test core::module_graph::tests::no_substitution_template_dynamic_imports_are_captured ... ok
[INFO] [stdout] test core::module_graph::tests::unresolved_ignores_traversing_relative_and_absolute_specifiers ... ok
[INFO] [stdout] test core::module_graph::tests::source_imports_static_dynamic_and_runtime_kinds ... ok
[INFO] [stdout] test core::mount::tests::root_mount_has_no_specifier ... ok
[INFO] [stdout] test core::npm_link::tests::parses_file_and_directory_references ... ok
[INFO] [stdout] test core::mount::tests::decoupled_specifier_url_dir ... ok
[INFO] [stdout] test core::module_graph::tests::unparsable_source_contributes_no_imports_and_reports_it ... ok
[INFO] [stdout] test core::reject::tests::from_list_is_a_full_replace ... ok
[INFO] [stdout] test core::mount::tests::from_dir_falls_back_to_basename_and_dir ... ok
[INFO] [stdout] test core::mount::tests::given_name_overrides_package_json_name ... ok
[INFO] [stdout] test core::reject::tests::secrets_preset_selects_keys_certs_and_dumps ... ok
[INFO] [stdout] test core::reject::tests::all_presets_reject_config_secrets_and_source ... ok
[INFO] [stdout] test core::reject::tests::well_known_is_allowed_even_under_hidden ... ok
[INFO] [stdout] test core::static_files::tests::cargo_safe_refuses_control_characters ... ok
[INFO] [stdout] test core::static_files::tests::copies_static_skips_case_variant_source_extensions ... ok
[INFO] [stdout] test core::reject::tests::add_layers_extra_patterns_onto_a_selection ... ok
[INFO] [stdout] test core::reject::tests::matching_is_case_insensitive ... ok
[INFO] [stdout] test core::reject::tests::presets_bitwise_ops_select_rules ... ok
[INFO] [stdout] test core::reject::tests::presets_compose_with_all_and_negation ... ok
[INFO] [stdout] test core::reject::tests::rejects_path_matches_resolved_components ... ok
[INFO] [stdout] test core::static_files::tests::copy_static_drops_rejected_paths ... ok
[INFO] [stdout] test core::static_files::tests::step_copies_non_utf8_js_byte_for_byte_with_empty_record ... ok
[INFO] [stdout] test core::static_files::tests::copies_static_skips_sources_and_partials ... ok
[INFO] [stdout] test core::static_files::tests::copy_static_skips_symlinks_entirely ... ok
[INFO] [stdout] test core::tsconfig::read_tests::an_absolute_layout_component_is_refused ... ok
[INFO] [stdout] test core::tsconfig::read_tests::parses_the_jsonc_a_tsconfig_really_is ... ok
[INFO] [stdout] test core::tsconfig::read_tests::root_dir_and_out_dir_are_taken_as_given ... ok
[INFO] [stdout] test core::tsconfig::read_tests::class_field_semantics_follow_the_target_unless_stated ... ok
[INFO] [stdout] test core::tsconfig::read_tests::an_empty_or_absent_config_is_all_defaults ... ok
[INFO] [stdout] test core::tsconfig::read_tests::root_files_are_discovered_not_filtered ... ok
[INFO] [stdout] test core::tsconfig::tests::paths_from_mounts_are_specifier_to_relative_dir ... ok
[INFO] [stdout] test core::tsconfig::read_tests::the_module_format_follows_module_then_target ... ok
[INFO] [stdout] test core::tsconfig::read_tests::a_layout_component_that_leaves_the_package_is_refused ... ok
[INFO] [stdout] test core::module_graph::tests::unresolved_skips_url_scheme_specifiers ... ok
[INFO] [stdout] test core::static_files::tests::step_claims_everything_but_sources_and_partials ... ok
[INFO] [stdout] test core::tsconfig::read_tests::the_inferred_root_is_the_directory_the_inputs_share ... ok
[INFO] [stdout] test core::static_files::tests::step_fails_a_broken_mjs_with_the_path ... ok
[INFO] [stdout] test core::tsconfig::tests::node_modules_paths_from_dependencies ... ok
[INFO] [stdout] test core::static_files::tests::step_copies_unparsable_js_with_empty_imports ... ok
[INFO] [stdout] test core::symlinks::tests::the_default_is_the_safe_mode ... ok
[INFO] [stdout] test core::tsconfig::tests::node_modules_paths_honor_webdependencies_whitelist ... ok
[INFO] [stdout] test core::vendor::tests::a_commonjs_config_is_refused ... ok
[INFO] [stdout] test core::tsconfig::tests::write_base_roundtrips ... ok
[INFO] [stdout] test core::vendor::tests::a_file_that_exports_nothing_is_not_wrapped ... ok
[INFO] [stdout] test core::vendor::tests::a_compiled_destination_keys_on_the_compiler_too ... ok
[INFO] [stdout] test core::vendor::tests::a_commonjs_body_needing_node_is_refused ... ok
[INFO] [stdout] test core::vendor::tests::an_esm_entry_is_not_wrapped ... ok
[INFO] [stdout] test core::vendor::tests::a_type_only_import_does_not_join_the_program ... ok
[INFO] [stdout] test core::vendor::tests::a_reachable_source_outside_an_explicit_root_is_refused ... ok
[INFO] [stdout] test core::vendor::tests::a_manifest_pointing_at_nothing_is_reported ... ok
[INFO] [stdout] test core::vendor::tests::a_root_outside_the_package_is_refused_before_anything_is_touched ... ok
[INFO] [stdout] test core::vendor::tests::a_typescript_specifier_is_rewritten_when_the_config_says_so ... ok
[INFO] [stdout] test core::vendor::tests::a_source_dependency_that_is_not_a_git_reference_errors ... ok
[INFO] [stdout] test core::vendor::tests::a_source_dependency_is_not_also_vended ... ok
[INFO] [stdout] test core::mount::tests::from_dir_uses_package_json_name_and_root ... ok
[INFO] [stdout] test core::vendor::tests::auto_entries_lit_like_is_bare_plus_prefix ... ok
[INFO] [stdout] test core::vendor::tests::auto_entries_none_is_empty ... ok
[INFO] [stdout] test core::mount::tests::new_derives_specifier_and_url_from_prefix ... ok
[INFO] [stdout] test core::vendor::tests::auto_entries_maps_remapped_subpaths ... ok
[INFO] [stdout] test core::tsconfig::read_tests::globs_match_the_forms_a_tsconfig_uses ... ok
[INFO] [stdout] test core::npm_link::tests::directory_mount_skips_an_escaping_symlink ... ok
[INFO] [stdout] test core::vendor::tests::auto_entries_tarball_dist_shape ... ok
[INFO] [stdout] test core::vendor::tests::commonjs_entry_is_detected_and_esm_is_left_alone ... ok
[INFO] [stdout] test core::vendor::tests::explicit_imports_are_rooted_at_mount_dir ... ok
[INFO] [stdout] test core::vendor::tests::keep_browser_assets_keeps_licences_and_notices ... ok
[INFO] [stdout] test core::vendor::tests::empty_web_dependencies_vends_nothing ... ok
[INFO] [stdout] test core::vendor::tests::keep_filter_picks_browser_assets ... ok
[INFO] [stdout] test core::vendor::tests::keep_sources_keeps_the_src_tree_that_browser_assets_drops ... ok
[INFO] [stdout] test core::vendor::tests::keep_for_keeps_exports_targets_even_under_src ... ok
[INFO] [stdout] test core::vendor::tests::keep_sources_drops_repo_furniture ... ok
[INFO] [stdout] test core::vendor::tests::content_key_tracks_the_bytes ... ok
[INFO] [stdout] test core::vendor::tests::git_spec_defaults ... ok
[INFO] [stdout] test core::vendor::tests::missing_destination_invalidates_cache ... ok
[INFO] [stdout] test core::vendor::tests::no_imports_yields_no_entries ... ok
[INFO] [stdout] test core::vendor::tests::only_a_commit_id_counts_as_immutable ... ok
[INFO] [stdout] test core::vendor::tests::an_import_resolves_to_the_source_of_its_own_format ... ok
[INFO] [stdout] test core::vendor::tests::commonjs_source_is_refused_rather_than_renamed ... ok
[INFO] [stdout] test core::vendor::tests::parse_github_dep_handles_shorthand_and_urls ... ok
[INFO] [stdout] test core::vendor::tests::parse_handles_bare_scoped_and_ranged ... ok
[INFO] [stdout] test core::vendor::tests::jsx_settings_are_refused_rather_than_ignored ... ok
[INFO] [stdout] test core::vendor::tests::compiling_a_tree_preserves_the_module_format ... ok
[INFO] [stdout] test core::vendor::tests::an_imported_source_joins_the_program ... ok
[INFO] [stdout] test core::vendor::tests::output_nested_in_the_source_root_survives_the_cleanup ... ok
[INFO] [stdout] test core::vendor::tests::source_dependencies_must_be_an_array ... ok
[INFO] [stdout] test core::vendor::tests::sections_can_opt_into_devdependencies ... ok
[INFO] [stdout] test core::vendor::tests::source_dependencies_naming_a_missing_dep_errors ... ok
[INFO] [stdout] test core::vendor::tests::only_the_declared_inputs_are_compiled ... ok
[INFO] [stdout] test core::vendor::tests::prune_removes_an_emptied_vendor_dir ... ok
[INFO] [stdout] test core::vendor::tests::source_dependencies_without_the_key_are_none ... ok
[INFO] [stdout] test core::vendor::tests::source_dependencies_take_the_dependency_key_as_their_dir ... ok
[INFO] [stdout] test core::vendor::tests::read_package_json_splits_registry_and_path_deps ... ok
[INFO] [stdout] test core::vendor::tests::tarball_spec_defaults ... ok
[INFO] [stdout] test core::vendor::tests::vendors_lit_end_to_end_auto ... ignored, network: resolves and downloads from the npm registry
[INFO] [stdout] test core::vendor::tests::the_plan_carries_the_layout_to_reproduce ... ok
[INFO] [stdout] test core::vendor::tests::web_dependencies_whitelist_narrows_to_named_subset ... ok
[INFO] [stdout] test core::vendor::tests::wrapper_scaffolds_the_body_and_reexports_it ... ok
[INFO] [stdout] test core::vendor::tests::specs_from_package_json_reads_dependencies_only ... ok
[INFO] [stdout] test core::vendor::tests::tarball_url_routes_before_github ... ok
[INFO] [stdout] test core::vendor::tests::web_dependencies_must_be_an_array ... ok
[INFO] [stdout] test core::walk::tests::a_link_out_of_the_tree_is_not_walked ... ok
[INFO] [stdout] test core::vendor::tests::compiling_a_tree_uses_the_dependency_semantics_not_this_project_s ... ok
[INFO] [stdout] test core::vendor::tests::the_vend_list_skips_a_source_dependency_in_both_forms ... ok
[INFO] [stdout] test error::tests::display_prefixes_message_by_kind ... ok
[INFO] [stdout] test error::tests::io_preserves_underlying_error_as_source ... ok
[INFO] [stdout] test core::vendor::tests::web_dependencies_whitelist_naming_a_missing_dep_errors ... ok
[INFO] [stdout] test core::walk::tests::containment_compares_what_a_path_reaches ... ok
[INFO] [stdout] test processors::scss::tests::compiles_and_compresses ... ok
[INFO] [stdout] test core::vendor::tests::the_inferred_root_follows_the_inputs_not_the_pattern ... ok
[INFO] [stdout] test core::walk::tests::files_within_yields_relative_paths_in_order ... ok
[INFO] [stdout] test core::vendor::tests::the_plan_takes_emit_semantics_from_the_dependency ... ok
[INFO] [stdout] test processors::scss::tests::directory_error_carries_the_refusal_note ... ok
[INFO] [stdout] test core::vendor::tests::without_a_tsconfig_a_package_compiles_in_place ... ok
[INFO] [stdout] test core::vendor::tests::wrapping_writes_a_sibling_and_is_idempotent ... ok
[INFO] [stdout] test core::vendor::tests::the_plan_refuses_what_it_cannot_honour ... ok
[INFO] [stdout] test processors::scss::tests::import_through_a_load_path_still_resolves ... ok
[INFO] [stdout] test processors::scss::tests::a_truly_missing_import_carries_no_refusal_note ... ok
[INFO] [stdout] test processors::scss::tests::import_climbing_out_of_the_tree_is_refused ... ok
[INFO] [stdout] test processors::typescript::tests::strips_types_keeps_used_bare_imports ... ok
[INFO] [stdout] test processors::scss::tests::import_through_a_symlink_escaping_the_tree_is_refused ... ok
[INFO] [stdout] test processors::scss::tests::directory_skips_symlinks_entirely ... ok
[INFO] [stdout] test processors::typescript::tests::lit_and_standard_presets_diverge_on_class_fields ... ok
[INFO] [stdout] test processors::scss::tests::directory_skips_partials ... ok
[INFO] [stdout] test processors::typescript::tests::lowers_typescript_enum ... ok
[INFO] [stdout] test core::vendor::tests::the_module_format_travels_with_the_extension ... ok
[INFO] [stdout] test processors::scss::tests::import_within_the_tree_still_resolves ... ok
[INFO] [stdout] test processors::typescript::tests::transforms_lit_decorators ... ok
[INFO] [stdout] test processors::typescript::tests::compile_directory_skips_symlinks_entirely ... ok
[INFO] [stdout] test processors::typescript::tests::underscore_named_ts_is_an_ordinary_module ... ok
[INFO] [stdout] test core::walk::tests::a_link_to_an_ancestor_terminates ... ok
[INFO] [stdout] test core::vendor::tests::prune_removes_dropped_packages_and_keeps_current_ones ... ok
[INFO] [stdout] test build::pipeline::tests::build_preserves_the_vendor_cache_and_prunes_dropped_packages ... FAILED
[INFO] [stdout] 
[INFO] [stdout] failures:
[INFO] [stdout] 
[INFO] [stdout] ---- build::pipeline::tests::build_preserves_the_vendor_cache_and_prunes_dropped_packages stdout ----
[INFO] [stdout] npm-utils: download attempt 1/2 failed for https://registry.npmjs.org/@oxc-project%2fruntime: io: failed to lookup address information: Temporary failure in name resolution; retrying in 500ms
[INFO] [stdout] 
[INFO] [stdout] thread 'build::pipeline::tests::build_preserves_the_vendor_cache_and_prunes_dropped_packages' (2648) panicked at src/build/pipeline.rs:888:19:
[INFO] [stdout] called `Result::unwrap()` on an `Err` value: Vendor("io: failed to lookup address information: Temporary failure in name resolution")
[INFO] [stdout] stack backtrace:
[INFO] [stdout]    0:     0x5a4ccfb8a391 - std[617be2ca0a6fd877]::backtrace_rs::backtrace::libunwind::trace
[INFO] [stdout]                                at /rustc/e3feeb59cd1bdd011a2bfcc0747b55125d9b8527/library/std/src/../../backtrace/src/backtrace/libunwind.rs:117:9
[INFO] [stdout]    1:     0x5a4ccfb8a391 - std[617be2ca0a6fd877]::backtrace_rs::backtrace::trace_unsynchronized::<std[617be2ca0a6fd877]::sys::backtrace::_print_fmt::{closure#1}>
[INFO] [stdout]                                at /rustc/e3feeb59cd1bdd011a2bfcc0747b55125d9b8527/library/std/src/../../backtrace/src/backtrace/mod.rs:66:14
[INFO] [stdout]    2:     0x5a4ccfb8a391 - std[617be2ca0a6fd877]::sys::backtrace::_print_fmt
[INFO] [stdout]                                at /rustc/e3feeb59cd1bdd011a2bfcc0747b55125d9b8527/library/std/src/sys/backtrace.rs:74:9
[INFO] [stdout]    3:     0x5a4ccfb8a391 - <<std[617be2ca0a6fd877]::sys::backtrace::BacktraceLock>::print::DisplayBacktrace as core[a373ad73a504971]::fmt::Display>::fmt
[INFO] [stdout]                                at /rustc/e3feeb59cd1bdd011a2bfcc0747b55125d9b8527/library/std/src/sys/backtrace.rs:44:26
[INFO] [stdout]    4:     0x5a4ccfba317a - <core[a373ad73a504971]::fmt::rt::Argument>::fmt
[INFO] [stdout]                                at /rustc/e3feeb59cd1bdd011a2bfcc0747b55125d9b8527/library/core/src/fmt/rt.rs:152:76
[INFO] [stdout]    5:     0x5a4ccfba317a - core[a373ad73a504971]::fmt::write
[INFO] [stdout]    6:     0x5a4ccfb8ed6c - core[a373ad73a504971]::io::write::default_write_fmt::<alloc[2e1b2a31b91974c5]::vec::Vec<u8>>
[INFO] [stdout]                                at /rustc/e3feeb59cd1bdd011a2bfcc0747b55125d9b8527/library/core/src/io/write.rs:402:11
[INFO] [stdout]    7:     0x5a4ccfb8ed6c - <alloc[2e1b2a31b91974c5]::vec::Vec<u8> as core[a373ad73a504971]::io::write::Write>::write_fmt
[INFO] [stdout]                                at /rustc/e3feeb59cd1bdd011a2bfcc0747b55125d9b8527/library/core/src/io/write.rs:335:13
[INFO] [stdout]    8:     0x5a4ccfb606f6 - <std[617be2ca0a6fd877]::sys::backtrace::BacktraceLock>::print
[INFO] [stdout]                                at /rustc/e3feeb59cd1bdd011a2bfcc0747b55125d9b8527/library/std/src/sys/backtrace.rs:47:9
[INFO] [stdout]    9:     0x5a4ccfb606f6 - std[617be2ca0a6fd877]::panicking::default_hook::{closure#0}
[INFO] [stdout]                                at /rustc/e3feeb59cd1bdd011a2bfcc0747b55125d9b8527/library/std/src/panicking.rs:289:27
[INFO] [stdout]   10:     0x5a4ccfb7f7f9 - std[617be2ca0a6fd877]::panicking::default_hook
[INFO] [stdout]                                at /rustc/e3feeb59cd1bdd011a2bfcc0747b55125d9b8527/library/std/src/panicking.rs:313:9
[INFO] [stdout]   11:     0x5a4cce5c3d70 - <alloc[2e1b2a31b91974c5]::boxed::Box<dyn for<'a, 'b> core[a373ad73a504971]::ops::function::Fn<(&'a std[617be2ca0a6fd877]::panic::PanicHookInfo<'b>,), Output = ()> + core[a373ad73a504971]::marker::Sync + core[a373ad73a504971]::marker::Send> as core[a373ad73a504971]::ops::function::Fn<(&std[617be2ca0a6fd877]::panic::PanicHookInfo,)>>::call
[INFO] [stdout]                                at /rustc/e3feeb59cd1bdd011a2bfcc0747b55125d9b8527/library/alloc/src/boxed.rs:2328:9
[INFO] [stdout]   12:     0x5a4cce5c3d70 - test[aada8e7e76ba119b]::test_main_inner::{closure#0}
[INFO] [stdout]                                at /rustc/e3feeb59cd1bdd011a2bfcc0747b55125d9b8527/library/test/src/lib.rs:137:21
[INFO] [stdout]   13:     0x5a4ccfb7f9b2 - <alloc[2e1b2a31b91974c5]::boxed::Box<dyn for<'a, 'b> core[a373ad73a504971]::ops::function::Fn<(&'a std[617be2ca0a6fd877]::panic::PanicHookInfo<'b>,), Output = ()> + core[a373ad73a504971]::marker::Sync + core[a373ad73a504971]::marker::Send> as core[a373ad73a504971]::ops::function::Fn<(&std[617be2ca0a6fd877]::panic::PanicHookInfo,)>>::call
[INFO] [stdout]                                at /rustc/e3feeb59cd1bdd011a2bfcc0747b55125d9b8527/library/alloc/src/boxed.rs:2328:9
[INFO] [stdout]   14:     0x5a4ccfb7f9b2 - std[617be2ca0a6fd877]::panicking::panic_with_hook
[INFO] [stdout]                                at /rustc/e3feeb59cd1bdd011a2bfcc0747b55125d9b8527/library/std/src/panicking.rs:819:13
[INFO] [stdout]   15:     0x5a4ccfb607a2 - std[617be2ca0a6fd877]::panicking::panic_handler::{closure#0}
[INFO] [stdout]                                at /rustc/e3feeb59cd1bdd011a2bfcc0747b55125d9b8527/library/std/src/panicking.rs:685:13
[INFO] [stdout]   16:     0x5a4ccfb58f59 - std[617be2ca0a6fd877]::sys::backtrace::__rust_end_short_backtrace::<std[617be2ca0a6fd877]::panicking::panic_handler::{closure#0}, !>
[INFO] [stdout]                                at /rustc/e3feeb59cd1bdd011a2bfcc0747b55125d9b8527/library/std/src/sys/backtrace.rs:182:18
[INFO] [stdout]   17:     0x5a4ccfb6186d - __rustc[ea4f61d10b84890b]::rust_begin_unwind
[INFO] [stdout]                                at /rustc/e3feeb59cd1bdd011a2bfcc0747b55125d9b8527/library/std/src/panicking.rs:676:5
[INFO] [stdout]   18:     0x5a4ccfba3a4c - core[a373ad73a504971]::panicking::panic_fmt
[INFO] [stdout]                                at /rustc/e3feeb59cd1bdd011a2bfcc0747b55125d9b8527/library/core/src/panicking.rs:80:14
[INFO] [stdout]   19:     0x5a4ccfba3772 - core[a373ad73a504971]::result::unwrap_failed
[INFO] [stdout]                                at /rustc/e3feeb59cd1bdd011a2bfcc0747b55125d9b8527/library/core/src/result.rs:1870:5
[INFO] [stdout]   20:     0x5a4cce44512b - <core[a373ad73a504971]::result::Result<(), web_modules[9a2469d9bd90e7bc]::error::Error>>::unwrap
[INFO] [stdout]                                at /rustc/e3feeb59cd1bdd011a2bfcc0747b55125d9b8527/library/core/src/result.rs:1232:23
[INFO] [stdout]   21:     0x5a4cce44512b - web_modules[9a2469d9bd90e7bc]::build::pipeline::tests::build_preserves_the_vendor_cache_and_prunes_dropped_packages
[INFO] [stdout]                                at /opt/rustwide/workdir/src/build/pipeline.rs:888:19
[INFO] [stdout]   22:     0x5a4cce42be77 - web_modules[9a2469d9bd90e7bc]::build::pipeline::tests::build_preserves_the_vendor_cache_and_prunes_dropped_packages::{closure#0}
[INFO] [stdout]                                at /opt/rustwide/workdir/src/build/pipeline.rs:873:70
[INFO] [stdout]   23:     0x5a4cce5199d6 - <web_modules[9a2469d9bd90e7bc]::build::pipeline::tests::build_preserves_the_vendor_cache_and_prunes_dropped_packages::{closure#0} as core[a373ad73a504971]::ops::function::FnOnce<()>>::call_once
[INFO] [stdout]                                at /rustc/e3feeb59cd1bdd011a2bfcc0747b55125d9b8527/library/core/src/ops/function.rs:250:5
[INFO] [stdout]   24:     0x5a4cce5b71bb - <fn() -> core[a373ad73a504971]::result::Result<(), alloc[2e1b2a31b91974c5]::string::String> as core[a373ad73a504971]::ops::function::FnOnce<()>>::call_once
[INFO] [stdout]                                at /rustc/e3feeb59cd1bdd011a2bfcc0747b55125d9b8527/library/core/src/ops/function.rs:250:5
[INFO] [stdout]   25:     0x5a4cce5b71bb - test[aada8e7e76ba119b]::__rust_begin_short_backtrace::<core[a373ad73a504971]::result::Result<(), alloc[2e1b2a31b91974c5]::string::String>, fn() -> core[a373ad73a504971]::result::Result<(), alloc[2e1b2a31b91974c5]::string::String>>
[INFO] [stdout]                                at /rustc/e3feeb59cd1bdd011a2bfcc0747b55125d9b8527/library/test/src/lib.rs:701:18
[INFO] [stdout]   26:     0x5a4cce5c4395 - test[aada8e7e76ba119b]::run_test_in_process::{closure#0}
[INFO] [stdout]                                at /rustc/e3feeb59cd1bdd011a2bfcc0747b55125d9b8527/library/test/src/lib.rs:724:74
[INFO] [stdout]   27:     0x5a4cce5c4395 - <core[a373ad73a504971]::panic::unwind_safe::AssertUnwindSafe<test[aada8e7e76ba119b]::run_test_in_process::{closure#0}> as core[a373ad73a504971]::ops::function::FnOnce<()>>::call_once
[INFO] [stdout]                                at /rustc/e3feeb59cd1bdd011a2bfcc0747b55125d9b8527/library/core/src/panic/unwind_safe.rs:275:9
[INFO] [stdout]   28:     0x5a4cce5c4395 - std[617be2ca0a6fd877]::panicking::catch_unwind::do_call::<core[a373ad73a504971]::panic::unwind_safe::AssertUnwindSafe<test[aada8e7e76ba119b]::run_test_in_process::{closure#0}>, core[a373ad73a504971]::result::Result<(), alloc[2e1b2a31b91974c5]::string::String>>
[INFO] [stdout]                                at /rustc/e3feeb59cd1bdd011a2bfcc0747b55125d9b8527/library/std/src/panicking.rs:573:43
[INFO] [stdout]   29:     0x5a4cce5c4395 - std[617be2ca0a6fd877]::panicking::catch_unwind::<core[a373ad73a504971]::result::Result<(), alloc[2e1b2a31b91974c5]::string::String>, core[a373ad73a504971]::panic::unwind_safe::AssertUnwindSafe<test[aada8e7e76ba119b]::run_test_in_process::{closure#0}>>
[INFO] [stdout]                                at /rustc/e3feeb59cd1bdd011a2bfcc0747b55125d9b8527/library/std/src/panicking.rs:541:19
[INFO] [stdout]   30:     0x5a4cce5c4395 - std[617be2ca0a6fd877]::panic::catch_unwind::<core[a373ad73a504971]::panic::unwind_safe::AssertUnwindSafe<test[aada8e7e76ba119b]::run_test_in_process::{closure#0}>, core[a373ad73a504971]::result::Result<(), alloc[2e1b2a31b91974c5]::string::String>>
[INFO] [stdout]                                at /rustc/e3feeb59cd1bdd011a2bfcc0747b55125d9b8527/library/std/src/panic.rs:359:14
[INFO] [stdout]   31:     0x5a4cce5c4395 - test[aada8e7e76ba119b]::run_test_in_process
[INFO] [stdout]                                at /rustc/e3feeb59cd1bdd011a2bfcc0747b55125d9b8527/library/test/src/lib.rs:724:27
[INFO] [stdout]   32:     0x5a4cce5c4395 - test[aada8e7e76ba119b]::run_test::{closure#0}
[INFO] [stdout]                                at /rustc/e3feeb59cd1bdd011a2bfcc0747b55125d9b8527/library/test/src/lib.rs:645:43
[INFO] [stdout]   33:     0x5a4cce5bdc84 - test[aada8e7e76ba119b]::run_test::{closure#1}
[INFO] [stdout]                                at /rustc/e3feeb59cd1bdd011a2bfcc0747b55125d9b8527/library/test/src/lib.rs:675:41
[INFO] [stdout]   34:     0x5a4cce5bdc84 - std[617be2ca0a6fd877]::sys::backtrace::__rust_begin_short_backtrace::<test[aada8e7e76ba119b]::run_test::{closure#1}, ()>
[INFO] [stdout]                                at /rustc/e3feeb59cd1bdd011a2bfcc0747b55125d9b8527/library/std/src/sys/backtrace.rs:166:18
[INFO] [stdout]   35:     0x5a4cce5c7422 - std[617be2ca0a6fd877]::thread::lifecycle::spawn_unchecked::<test[aada8e7e76ba119b]::run_test::{closure#1}, ()>::{closure#1}::{closure#0}
[INFO] [stdout]                                at /rustc/e3feeb59cd1bdd011a2bfcc0747b55125d9b8527/library/std/src/thread/lifecycle.rs:70:13
[INFO] [stdout]   36:     0x5a4cce5c7422 - <core[a373ad73a504971]::panic::unwind_safe::AssertUnwindSafe<std[617be2ca0a6fd877]::thread::lifecycle::spawn_unchecked<test[aada8e7e76ba119b]::run_test::{closure#1}, ()>::{closure#1}::{closure#0}> as core[a373ad73a504971]::ops::function::FnOnce<()>>::call_once
[INFO] [stdout]                                at /rustc/e3feeb59cd1bdd011a2bfcc0747b55125d9b8527/library/core/src/panic/unwind_safe.rs:275:9
[INFO] [stdout]   37:     0x5a4cce5c7422 - std[617be2ca0a6fd877]::panicking::catch_unwind::do_call::<core[a373ad73a504971]::panic::unwind_safe::AssertUnwindSafe<std[617be2ca0a6fd877]::thread::lifecycle::spawn_unchecked<test[aada8e7e76ba119b]::run_test::{closure#1}, ()>::{closure#1}::{closure#0}>, ()>
[INFO] [stdout]                                at /rustc/e3feeb59cd1bdd011a2bfcc0747b55125d9b8527/library/std/src/panicking.rs:573:43
[INFO] [stdout]   38:     0x5a4cce5c7422 - std[617be2ca0a6fd877]::panicking::catch_unwind::<(), core[a373ad73a504971]::panic::unwind_safe::AssertUnwindSafe<std[617be2ca0a6fd877]::thread::lifecycle::spawn_unchecked<test[aada8e7e76ba119b]::run_test::{closure#1}, ()>::{closure#1}::{closure#0}>>
[INFO] [stdout]                                at /rustc/e3feeb59cd1bdd011a2bfcc0747b55125d9b8527/library/std/src/panicking.rs:541:19
[INFO] [stdout]   39:     0x5a4cce5c7422 - std[617be2ca0a6fd877]::panic::catch_unwind::<core[a373ad73a504971]::panic::unwind_safe::AssertUnwindSafe<std[617be2ca0a6fd877]::thread::lifecycle::spawn_unchecked<test[aada8e7e76ba119b]::run_test::{closure#1}, ()>::{closure#1}::{closure#0}>, ()>
[INFO] [stdout]                                at /rustc/e3feeb59cd1bdd011a2bfcc0747b55125d9b8527/library/std/src/panic.rs:359:14
[INFO] [stdout]   40:     0x5a4cce5c7422 - std[617be2ca0a6fd877]::thread::lifecycle::spawn_unchecked::<test[aada8e7e76ba119b]::run_test::{closure#1}, ()>::{closure#1}
[INFO] [stdout]                                at /rustc/e3feeb59cd1bdd011a2bfcc0747b55125d9b8527/library/std/src/thread/lifecycle.rs:68:26
[INFO] [stdout]   41:     0x5a4cce5c7422 - <std[617be2ca0a6fd877]::thread::lifecycle::spawn_unchecked<test[aada8e7e76ba119b]::run_test::{closure#1}, ()>::{closure#1} as core[a373ad73a504971]::ops::function::FnOnce<()>>::call_once::{shim:vtable#0}
[INFO] [stdout]                                at /rustc/e3feeb59cd1bdd011a2bfcc0747b55125d9b8527/library/core/src/ops/function.rs:250:5
[INFO] [stdout]   42:     0x5a4ccfb88d8f - <alloc[2e1b2a31b91974c5]::boxed::Box<dyn core[a373ad73a504971]::ops::function::FnOnce<(), Output = ()> + core[a373ad73a504971]::marker::Send> as core[a373ad73a504971]::ops::function::FnOnce<()>>::call_once
[INFO] [stdout]                                at /rustc/e3feeb59cd1bdd011a2bfcc0747b55125d9b8527/library/alloc/src/boxed.rs:2314:9
[INFO] [stdout]   43:     0x5a4ccfb88d8f - <std[617be2ca0a6fd877]::sys::thread::unix::Thread>::new::thread_start
[INFO] [stdout]                                at /rustc/e3feeb59cd1bdd011a2bfcc0747b55125d9b8527/library/std/src/sys/thread/unix.rs:127:17
[INFO] [stdout]   44:     0x706428818dfa - <unknown>
[INFO] [stdout]   45:     0x7064288ac3d4 - clone
[INFO] [stdout]   46:                0x0 - <unknown>
[INFO] [stdout] 
[INFO] [stdout] 
[INFO] [stdout] failures:
[INFO] [stdout]     build::pipeline::tests::build_preserves_the_vendor_cache_and_prunes_dropped_packages
[INFO] [stdout] 
[INFO] [stdout] test result: FAILED. 195 passed; 1 failed; 2 ignored; 0 measured; 0 filtered out; finished in 0.65s
[INFO] [stdout] 
[INFO] [stderr] error: test failed, to rerun pass `--lib`
[INFO] running `Command { std: "docker" "inspect" "dffd0b2873d7c323fa8a0fb86f16816ec30010fa4dc191b6c20bc487bfdc7dd8", kill_on_drop: false }`
[INFO] running `Command { std: "docker" "rm" "-f" "dffd0b2873d7c323fa8a0fb86f16816ec30010fa4dc191b6c20bc487bfdc7dd8", kill_on_drop: false }`
[INFO] [stdout] dffd0b2873d7c323fa8a0fb86f16816ec30010fa4dc191b6c20bc487bfdc7dd8
