[INFO] fetching crate wbprojection 0.3.3...
[INFO] testing wbprojection-0.3.3 against 1.100.0-beta.1 for beta-1.100-2
[INFO] extracting crate wbprojection 0.3.3 into /workspace/builds/worker-5-tc2/source
[INFO] started tweaking crates.io crate wbprojection 0.3.3
[INFO] removed 0 missing examples
[INFO] finished tweaking crates.io crate wbprojection 0.3.3
[INFO] tweaked toml for crates.io crate wbprojection 0.3.3 written to /workspace/builds/worker-5-tc2/source/Cargo.toml
[INFO] validating manifest of crates.io crate wbprojection 0.3.3 on toolchain 1.100.0-beta.1
[INFO] running `Command { std: CARGO_HOME="/workspace/cargo-home" RUSTUP_HOME="/workspace/rustup-home" "/workspace/cargo-home/bin/cargo" "+1.100.0-beta.1" "metadata" "--manifest-path" "Cargo.toml" "--no-deps", kill_on_drop: false }`
[INFO] crate crates.io crate wbprojection 0.3.3 already has a lockfile, it will not be regenerated
[INFO] running `Command { std: CARGO_HOME="/workspace/cargo-home" RUSTUP_HOME="/workspace/rustup-home" "/workspace/cargo-home/bin/cargo" "+1.100.0-beta.1" "fetch" "--manifest-path" "Cargo.toml", kill_on_drop: false }`
[INFO] [stderr] warning: `package.homepage` is redundant with `package.repository`
[INFO] [stderr]   --> Cargo.toml:53:12
[INFO] [stderr]    |
[INFO] [stderr] 53 | homepage = "https://github.com/jblindsay/whitebox_next_gen"
[INFO] [stderr]    |            ^^^^^^^^^^^^^^^^^^^^^^^^^^^^^^^^^^^^^^^^^^^^^^^^
[INFO] [stderr] ...
[INFO] [stderr] 58 | repository = "https://github.com/jblindsay/whitebox_next_gen"
[INFO] [stderr]    |              ------------------------------------------------
[INFO] [stderr]    |
[INFO] [stderr]    = note: `cargo::redundant_homepage` is set to `warn` by default
[INFO] [stderr] help: consider removing `package.homepage`
[INFO] [stderr] warning: `wbprojection` (manifest) generated 1 warning
[INFO] running `Command { std: "docker" "create" "-v" "/var/lib/crater-agent-workspace/builds/worker-5-tc2/source:/opt/rustwide/workdir:ro,Z" "-v" "/var/lib/crater-agent-workspace/builds/worker-5-tc2/target:/opt/rustwide/target:rw,Z" "-v" "/var/lib/crater-agent-workspace/cargo-home:/opt/rustwide/cargo-home:ro,Z" "-v" "/var/lib/crater-agent-workspace/rustup-home:/opt/rustwide/rustup-home:ro,Z" "-m" "1610612736" "--network" "none" "ghcr.io/rust-lang/crates-build-env/linux@sha256:3111399a4047eeb3a02b7a90e478d715f38a8c6669b5c4b49d30a17385265909" "sleep" "infinity", kill_on_drop: false }`
[INFO] [stdout] 4b942a232d7e101e76b3cf8ba8f6836c33372e3c3628ac8d8dc7df13821ef038
[INFO] running `Command { std: "docker" "start" "4b942a232d7e101e76b3cf8ba8f6836c33372e3c3628ac8d8dc7df13821ef038", kill_on_drop: false }`
[INFO] running `Command { std: "docker" "inspect" "4b942a232d7e101e76b3cf8ba8f6836c33372e3c3628ac8d8dc7df13821ef038", kill_on_drop: false }`
[INFO] running `Command { std: "docker" "exec" "-e" "SOURCE_DIR=/opt/rustwide/workdir" "-e" "CARGO_HOME=/opt/rustwide/cargo-home" "-e" "RUSTUP_HOME=/opt/rustwide/rustup-home" "-e" "CARGO_TARGET_DIR=/opt/rustwide/target" "-w" "/opt/rustwide/workdir" "--user" "0:0" "4b942a232d7e101e76b3cf8ba8f6836c33372e3c3628ac8d8dc7df13821ef038" "/opt/rustwide/cargo-home/bin/cargo" "+1.100.0-beta.1" "metadata" "--no-deps" "--format-version=1", kill_on_drop: false }`
[INFO] running `Command { std: "docker" "inspect" "4b942a232d7e101e76b3cf8ba8f6836c33372e3c3628ac8d8dc7df13821ef038", kill_on_drop: false }`
[INFO] running `Command { std: "docker" "exec" "-e" "SOURCE_DIR=/opt/rustwide/workdir" "-e" "CARGO_HOME=/opt/rustwide/cargo-home" "-e" "RUSTUP_HOME=/opt/rustwide/rustup-home" "-e" "CARGO_TARGET_DIR=/opt/rustwide/target" "-e" "CARGO_INCREMENTAL=0" "-e" "RUST_BACKTRACE=full" "-e" "RUSTFLAGS=--cap-lints=warn" "-e" "RUSTDOCFLAGS=--cap-lints=warn" "-w" "/opt/rustwide/workdir" "--user" "0:0" "4b942a232d7e101e76b3cf8ba8f6836c33372e3c3628ac8d8dc7df13821ef038" "/opt/rustwide/cargo-home/bin/cargo" "+1.100.0-beta.1" "build" "--frozen" "--message-format=json", kill_on_drop: false }`
[INFO] [stderr] warning: `package.homepage` is redundant with `package.repository`
[INFO] [stderr]   --> Cargo.toml:53:12
[INFO] [stderr]    |
[INFO] [stderr] 53 | homepage = "https://github.com/jblindsay/whitebox_next_gen"
[INFO] [stderr]    |            ^^^^^^^^^^^^^^^^^^^^^^^^^^^^^^^^^^^^^^^^^^^^^^^^
[INFO] [stderr] ...
[INFO] [stderr] 58 | repository = "https://github.com/jblindsay/whitebox_next_gen"
[INFO] [stderr]    |              ------------------------------------------------
[INFO] [stderr]    |
[INFO] [stderr]    = note: `cargo::redundant_homepage` is set to `warn` by default
[INFO] [stderr] help: consider removing `package.homepage`
[INFO] [stderr] warning: `wbprojection` (manifest) generated 1 warning
[INFO] [stderr]    Compiling crossbeam-utils v0.8.21
[INFO] [stderr]    Compiling rayon-core v1.13.0
[INFO] [stderr]    Compiling bytemuck v1.25.0
[INFO] [stderr]    Compiling thiserror v1.0.69
[INFO] [stderr]    Compiling either v1.15.0
[INFO] [stderr]    Compiling syn v2.0.117
[INFO] [stderr]    Compiling safe_arch v1.0.0
[INFO] [stderr]    Compiling crossbeam-epoch v0.9.18
[INFO] [stderr]    Compiling wide v1.3.0
[INFO] [stderr]    Compiling crossbeam-deque v0.8.6
[INFO] [stderr]    Compiling rayon v1.12.0
[INFO] [stderr]    Compiling thiserror-impl v1.0.69
[INFO] [stderr]    Compiling wbprojection v0.3.3 (/opt/rustwide/workdir)
[INFO] [stderr]     Finished `dev` profile [unoptimized + debuginfo] target(s) in 19.05s
[INFO] running `Command { std: "docker" "inspect" "4b942a232d7e101e76b3cf8ba8f6836c33372e3c3628ac8d8dc7df13821ef038", kill_on_drop: false }`
[INFO] running `Command { std: "docker" "exec" "-e" "SOURCE_DIR=/opt/rustwide/workdir" "-e" "CARGO_HOME=/opt/rustwide/cargo-home" "-e" "RUSTUP_HOME=/opt/rustwide/rustup-home" "-e" "CARGO_TARGET_DIR=/opt/rustwide/target" "-e" "CARGO_INCREMENTAL=0" "-e" "RUST_BACKTRACE=full" "-e" "RUSTFLAGS=--cap-lints=warn" "-e" "RUSTDOCFLAGS=--cap-lints=warn" "-w" "/opt/rustwide/workdir" "--user" "0:0" "4b942a232d7e101e76b3cf8ba8f6836c33372e3c3628ac8d8dc7df13821ef038" "/opt/rustwide/cargo-home/bin/cargo" "+1.100.0-beta.1" "test" "--frozen" "--no-run" "--message-format=json", kill_on_drop: false }`
[INFO] [stderr] warning: `package.homepage` is redundant with `package.repository`
[INFO] [stderr]   --> Cargo.toml:53:12
[INFO] [stderr]    |
[INFO] [stderr] 53 | homepage = "https://github.com/jblindsay/whitebox_next_gen"
[INFO] [stderr]    |            ^^^^^^^^^^^^^^^^^^^^^^^^^^^^^^^^^^^^^^^^^^^^^^^^
[INFO] [stderr] ...
[INFO] [stderr] 58 | repository = "https://github.com/jblindsay/whitebox_next_gen"
[INFO] [stderr]    |              ------------------------------------------------
[INFO] [stderr]    |
[INFO] [stderr]    = note: `cargo::redundant_homepage` is set to `warn` by default
[INFO] [stderr] help: consider removing `package.homepage`
[INFO] [stderr] warning: `wbprojection` (manifest) generated 1 warning
[INFO] [stderr]    Compiling zerocopy v0.8.48
[INFO] [stderr]    Compiling num-traits v0.2.19
[INFO] [stderr]    Compiling either v1.15.0
[INFO] [stderr]    Compiling zerocopy-derive v0.8.48
[INFO] [stderr]    Compiling serde_derive v1.0.228
[INFO] [stderr]    Compiling anstyle v1.0.14
[INFO] [stderr]    Compiling regex-syntax v0.8.10
[INFO] [stderr]    Compiling clap_lex v1.1.0
[INFO] [stderr]    Compiling plotters-backend v0.3.7
[INFO] [stderr]    Compiling ciborium-io v0.2.2
[INFO] [stderr]    Compiling serde_json v1.0.149
[INFO] [stderr]    Compiling itertools v0.10.5
[INFO] [stderr]    Compiling rayon v1.12.0
[INFO] [stderr]    Compiling plotters-svg v0.3.7
[INFO] [stderr]    Compiling clap_builder v4.6.0
[INFO] [stderr]    Compiling thiserror-impl v1.0.69
[INFO] [stderr]    Compiling regex-automata v0.4.14
[INFO] [stderr]    Compiling cast v0.3.0
[INFO] [stderr]    Compiling same-file v1.0.6
[INFO] [stderr]    Compiling walkdir v2.5.0
[INFO] [stderr]    Compiling thiserror v1.0.69
[INFO] [stderr]    Compiling criterion-plot v0.5.0
[INFO] [stderr]    Compiling is-terminal v0.4.17
[INFO] [stderr]    Compiling plotters v0.3.7
[INFO] [stderr]    Compiling oorandom v11.1.5
[INFO] [stderr]    Compiling anes v0.1.6
[INFO] [stderr]    Compiling clap v4.6.0
[INFO] [stderr]    Compiling approx v0.5.1
[INFO] [stderr]    Compiling wbprojection v0.3.3 (/opt/rustwide/workdir)
[INFO] [stderr]    Compiling serde v1.0.228
[INFO] [stderr]    Compiling regex v1.12.3
[INFO] [stderr]    Compiling tinytemplate v1.2.1
[INFO] [stderr]    Compiling half v2.7.1
[INFO] [stderr]    Compiling ciborium-ll v0.2.2
[INFO] [stderr]    Compiling ciborium v0.2.2
[INFO] [stderr]    Compiling criterion v0.5.1
[INFO] [stderr]     Finished `test` profile [unoptimized + debuginfo] target(s) in 57.37s
[INFO] running `Command { std: "docker" "inspect" "4b942a232d7e101e76b3cf8ba8f6836c33372e3c3628ac8d8dc7df13821ef038", kill_on_drop: false }`
[INFO] running `Command { std: "docker" "exec" "-e" "SOURCE_DIR=/opt/rustwide/workdir" "-e" "CARGO_HOME=/opt/rustwide/cargo-home" "-e" "RUSTUP_HOME=/opt/rustwide/rustup-home" "-e" "CARGO_TARGET_DIR=/opt/rustwide/target" "-e" "CARGO_INCREMENTAL=0" "-e" "RUST_BACKTRACE=full" "-e" "RUSTFLAGS=--cap-lints=warn" "-e" "RUSTDOCFLAGS=--cap-lints=warn" "-w" "/opt/rustwide/workdir" "--user" "0:0" "4b942a232d7e101e76b3cf8ba8f6836c33372e3c3628ac8d8dc7df13821ef038" "/opt/rustwide/cargo-home/bin/cargo" "+1.100.0-beta.1" "test" "--frozen", kill_on_drop: false }`
[INFO] [stderr] warning: `package.homepage` is redundant with `package.repository`
[INFO] [stderr]   --> Cargo.toml:53:12
[INFO] [stderr]    |
[INFO] [stderr] 53 | homepage = "https://github.com/jblindsay/whitebox_next_gen"
[INFO] [stderr]    |            ^^^^^^^^^^^^^^^^^^^^^^^^^^^^^^^^^^^^^^^^^^^^^^^^
[INFO] [stderr] ...
[INFO] [stderr] 58 | repository = "https://github.com/jblindsay/whitebox_next_gen"
[INFO] [stderr]    |              ------------------------------------------------
[INFO] [stderr]    |
[INFO] [stderr]    = note: `cargo::redundant_homepage` is set to `warn` by default
[INFO] [stderr] help: consider removing `package.homepage`
[INFO] [stderr] warning: `wbprojection` (manifest) generated 1 warning
[INFO] [stderr]     Finished `test` profile [unoptimized + debuginfo] target(s) in 0.19s
[INFO] [stderr]      Running unittests src/lib.rs (/opt/rustwide/target/debug/build/wbprojection/6b01048107f30e5a/out/wbprojection-6b01048107f30e5a)
[INFO] [stdout] 
[INFO] [stdout] running 629 tests
[INFO] [stdout] test crs::tests::geocentric_batch_fast_path_matches_scalar_results ... ok
[INFO] [stdout] test crs::tests::geographic_batch_fast_path_matches_scalar_results ... ok
[INFO] [stdout] test crs::tests::projected_batch_fast_path_matches_scalar_results ... ok
[INFO] [stdout] test crs::tests::transform_to_3d_with_context_matches_transform_to_3d ... ok
[INFO] [stdout] test crs::tests::preferred_operation_mapping_exists_for_csrs_v3_to_v8_pair ... ok
[INFO] [stdout] test crs::tests::transform_to_3d_with_preferred_operation_and_policy_falls_back_for_us_when_default_unset ... ok
[INFO] [stdout] test crs::tests::transform_to_3d_with_preferred_operation_and_policy_does_not_apply_europe_default_out_of_scope ... ok
[INFO] [stdout] test crs::tests::transform_to_3d_with_preferred_operation_and_policy_supports_us_corridor_defaults ... ok
[INFO] [stdout] test crs::tests::transform_to_3d_with_preferred_operation_and_policy_us_allowlisted_matrix_behaves_as_expected ... ok
[INFO] [stdout] test crs::tests::transform_to_3d_with_preferred_operation_falls_back_when_no_mapping ... ok
[INFO] [stdout] test crs::tests::transform_to_3d_with_preferred_operation_and_policy_falls_back_for_europe_when_default_unset ... ok
[INFO] [stdout] test crs::tests::transform_to_3d_with_preferred_operation_and_policy_supports_reverse_europe_corridor_defaults ... ok
[INFO] [stdout] test crs::tests::transform_to_3d_with_preferred_operation_and_policy_falls_back_for_reverse_us_secondary_seed_when_default_unset ... ok
[INFO] [stdout] test crs::tests::transform_to_3d_with_preferred_operation_and_policy_supports_europe_corridor_defaults ... ok
[INFO] [stdout] test crs::tests::transform_to_with_context_dynamic_datum_applies_epoch_shift ... ok
[INFO] [stdout] test crs::tests::transform_to_3d_with_preferred_operation_and_policy_supports_reverse_us_secondary_seed_defaults ... ok
[INFO] [stdout] test crs::tests::transform_to_with_context_dynamic_datum_requires_context ... ok
[INFO] [stdout] test crs::tests::transform_to_with_context_matches_transform_to ... ok
[INFO] [stdout] test crs::tests::transform_to_with_operation_rejects_crs_mismatch ... ok
[INFO] [stdout] test crs::tests::transform_to_3d_with_preferred_operation_and_policy_europe_allowlisted_matrix_behaves_as_expected ... ok
[INFO] [stdout] test crs::tests::transform_to_with_preferred_operation_and_policy_europe_allowlisted_matrix_behaves_as_expected ... ok
[INFO] [stdout] test crs::tests::transform_to_3d_with_preferred_operation_matches_explicit_default_policy_for_reverse_us_secondary_seed ... ok
[INFO] [stdout] test crs::tests::transform_to_3d_with_preferred_operation_matches_explicit_default_policy ... ok
[INFO] [stdout] test crs::tests::transform_to_with_preferred_operation_and_policy_falls_back_for_europe_when_default_unset ... ok
[INFO] [stdout] test crs::tests::transform_to_with_operation_validates_codes_and_routes ... ok
[INFO] [stdout] test crs::tests::transform_to_3d_with_preferred_operation_uses_registered_mapping ... ok
[INFO] [stdout] test crs::tests::transform_to_3d_with_preferred_operation_uses_registered_mapping_for_v7_v8 ... ok
[INFO] [stdout] test crs::tests::transform_to_with_preferred_operation_and_policy_supports_us_corridor_defaults ... ok
[INFO] [stdout] test crs::tests::transform_to_3d_with_preferred_operation_supports_reverse_csrs_corridor ... ok
[INFO] [stdout] test crs::tests::transform_to_with_preferred_operation_and_policy_falls_back_for_us_when_default_unset ... ok
[INFO] [stdout] test crs::tests::transform_to_with_preferred_operation_and_policy_falls_back_for_reverse_europe_broad_when_default_unset ... ok
[INFO] [stdout] test crs::tests::transform_to_with_preferred_operation_and_policy_supports_reverse_europe_broad_defaults ... ok
[INFO] [stdout] test crs::tests::transform_to_with_preferred_operation_falls_back_when_no_mapping ... ok
[INFO] [stdout] test crs::tests::transform_to_with_preferred_operation_and_policy_supports_europe_corridor_defaults ... ok
[INFO] [stdout] test crs::tests::transform_to_with_preferred_operation_matches_explicit_default_policy ... ok
[INFO] [stdout] test crs::tests::transform_to_with_preferred_operation_and_policy_us_allowlisted_matrix_behaves_as_expected ... ok
[INFO] [stdout] test crs::tests::transform_to_with_preferred_operation_and_policy_does_not_apply_us_default_out_of_scope ... ok
[INFO] [stdout] test datum::tests::dynamic_grid_shift_applies_epoch_rate_with_context ... ok
[INFO] [stdout] test datum::tests::dynamic_grid_shift_requires_context_in_strict_mode ... ok
[INFO] [stdout] test datum::tests::molodensky_builder ... ok
[INFO] [stdout] test datum::tests::molodensky_round_trip ... ok
[INFO] [stdout] test datum::tests::molodensky_shift_magnitude_ed50 ... ok
[INFO] [stdout] test ellipsoid::tests::display_sphere_is_safe ... ok
[INFO] [stdout] test ellipsoid::tests::from_epsg_ellipsoid_resolves_common_codes ... ok
[INFO] [stdout] test ellipsoid::tests::from_name_supports_aliases ... ok
[INFO] [stdout] test grid_formats::tests::dynamic_hierarchy_prefers_child_grid ... ok
[INFO] [stdout] test datum::tests::molodensky_ecef_consistency ... ok
[INFO] [stdout] test grid_formats::tests::list_and_load_specific_ntv2_subgrid ... ok
[INFO] [stdout] test crs::tests::transform_to_with_preferred_operation_matches_explicit_default_policy_for_reverse_europe ... ok
[INFO] [stdout] test grid_formats::tests::parse_nadcon_ascii_pair ... ok
[INFO] [stdout] test crs::tests::transform_to_with_preferred_operation_supports_reverse_csrs_corridor ... ok
[INFO] [stdout] test grid_shift::tests::bilinear_sample_midpoint ... ok
[INFO] [stdout] test grid_formats::tests::parse_dynamic_nadcon_ascii_pair ... ok
[INFO] [stdout] test crs::tests::transform_to_with_preferred_operation_and_policy_supports_reverse_us_corridor_defaults ... ok
[INFO] [stdout] test grid_formats::tests::parse_minimal_ntv2_le ... ok
[INFO] [stdout] test grid_shift::tests::dynamic_grid_registry_round_trip ... ok
[INFO] [stdout] test grid_shift::tests::dynamic_sample_nonzero_delta_time_applies_rate ... ok
[INFO] [stdout] test crs::tests::transform_to_with_preferred_operation_uses_registered_mapping ... ok
[INFO] [stdout] test grid_shift::tests::dynamic_sample_zero_delta_time_returns_base_shift ... ok
[INFO] [stdout] test proj_string::tests::test_geographic ... ok
[INFO] [stdout] test proj_string::tests::test_lcc_two_sp ... ok
[INFO] [stdout] test proj_string::tests::test_custom_ellipsoid_a_b ... ok
[INFO] [stdout] test proj_string::tests::test_epsg_shortcut ... ok
[INFO] [stdout] test proj_string::tests::test_stere_polar_north ... ok
[INFO] [stdout] test proj_string::tests::test_missing_utm_zone_error ... ok
[INFO] [stdout] test proj_string::tests::test_tmerc ... ok
[INFO] [stdout] test proj_string::tests::test_units_parsed ... ok
[INFO] [stdout] test proj_string::tests::test_unsupported_proj_error ... ok
[INFO] [stdout] test proj_string::tests::test_utm_south ... ok
[INFO] [stdout] test projections::cylindrical_equal_area::tests::round_trip_global_ease ... ok
[INFO] [stdout] test projections::cylindrical_equal_area::tests::round_trip_southern ... ok
[INFO] [stdout] test proj_string::tests::test_epsg_bare ... ok
[INFO] [stdout] test crs::tests::transform_to_with_preferred_operation_uses_registered_mapping_for_v6_v8 ... ok
[INFO] [stdout] test crs::tests::transform_to_with_preferred_operation_uses_registered_mapping_for_v5_v8 ... ok
[INFO] [stdout] test proj_string::tests::test_utm_nad83 ... ok
[INFO] [stdout] test projections::equal_earth::tests::round_trip_berlin ... ok
[INFO] [stdout] test projections::equal_earth::tests::round_trip_southern ... ok
[INFO] [stdout] test operations::tests::coordinate_operation_registry_round_trip ... ok
[INFO] [stdout] test proj_string::tests::test_albers ... ok
[INFO] [stdout] test projections::hotine_oblique_mercator::tests::round_trip_alaska_zone1_like ... ok
[INFO] [stdout] test projections::geostationary::tests::round_trip_geos_sweep_y ... ok
[INFO] [stdout] test projections::krovak::tests::round_trip_prague ... ok
[INFO] [stdout] test projections::geostationary::tests::round_trip_geos_sweep_x ... ok
[INFO] [stdout] test projections::lambert_azimuthal_equal_area::tests::round_trip_equatorial ... ok
[INFO] [stdout] test projections::krovak::tests::round_trip_brno ... ok
[INFO] [stdout] test projections::stereographic::tests::round_trip_polar_north ... ok
[INFO] [stdout] test projections::two_point_equidistant::tests::round_trip_two_point_equidistant ... ok
[INFO] [stdout] test tests::authoritative_tests::csrs_template_fixture_scope_matches_current_corridor_policy ... ok
[INFO] [stdout] test projections::polar_stereographic::tests::pole_maps_to_false_origin ... ok
[INFO] [stdout] test tests::authoritative_tests::csrs_template_inventory_covers_active_and_pending_corridors ... ok
[INFO] [stdout] test proj_string::tests::test_towgs84_three_param ... ok
[INFO] [stdout] test projections::polar_stereographic::tests::scar_south_pole_round_trip ... ok
[INFO] [stdout] test projections::stereographic::tests::round_trip_oblique ... ok
[INFO] [stdout] test projections::polar_stereographic::tests::ups_south_round_trip ... ok
[INFO] [stdout] test tests::authoritative_tests::csrs_v6_to_v8_template_fixture_is_parseable ... ok
[INFO] [stdout] test tests::authoritative_tests::csrs_v8_to_v4_template_fixture_is_parseable ... ok
[INFO] [stdout] test tests::authoritative_tests::csrs_v7_to_v8_template_fixture_is_parseable ... ok
[INFO] [stdout] test tests::authoritative_tests::csrs_v8_to_v5_template_fixture_is_parseable ... ok
[INFO] [stdout] test tests::authoritative_tests::csrs_v8_to_v3_template_fixture_is_parseable ... ok
[INFO] [stdout] test tests::authoritative_tests::csrs_v8_to_v6_template_fixture_is_parseable ... ok
[INFO] [stdout] test tests::authoritative_tests::csrs_v8_to_v7_template_fixture_is_parseable ... ok
[INFO] [stdout] test projections::lambert_azimuthal_equal_area::tests::round_trip_oblique ... ok
[INFO] [stdout] test projections::polar_stereographic::tests::ups_north_round_trip ... ok
[INFO] [stdout] test tests::authoritative_tests::europe_etrs89_realization_template_phase1_population_gate ... ok
[INFO] [stdout] test tests::authoritative_tests::europe_etrs89_realization_template_phase1_pairs_are_allowlisted ... ok
[INFO] [stdout] test tests::authoritative_tests::europe_etrs89_realization_template_rows_are_policy_materializable ... ok
[INFO] [stdout] test tests::authoritative_tests::europe_etrs89_realization_template_rows_have_no_duplicates_or_code_conflicts ... ok
[INFO] [stdout] test tests::authoritative_tests::europe_etrs89_realization_template_fixture_is_parseable ... ok
[INFO] [stdout] test tests::authoritative_tests::europe_phase1_allowlisted_corridors_follow_policy_default_contract ... ok
[INFO] [stdout] test tests::authoritative_tests::europe_phase1_allowlisted_template_pairs_exist_in_active_snapshot ... ok
[INFO] [stdout] test tests::authoritative_tests::csrs_v4_to_v8_template_fixture_is_parseable ... ok
[INFO] [stdout] test tests::authoritative_tests::europe_phase1_policy_defaults_do_not_apply_outside_active_corridors ... ok
[INFO] [stdout] test tests::authoritative_tests::europe_phase1_snapshot_includes_reverse_seed_corridors_as_active ... ok
[INFO] [stdout] test tests::authoritative_tests::csrs_v5_to_v8_template_fixture_is_parseable ... ok
[INFO] [stdout] test tests::authoritative_tests::europe_phase1_snapshot_pairs_are_unique ... ok
[INFO] [stdout] test tests::authoritative_tests::europe_phase1_broad_utm_laea_corridors_are_bidirectional ... ok
[INFO] [stdout] test tests::authoritative_tests::europe_phase1_all_active_snapshot_pairs_follow_policy_contract ... ok
[INFO] [stdout] test tests::authoritative_tests::europe_phase1_allowlisted_corridors_follow_definition_policy_contract ... ok
[INFO] [stdout] test tests::authoritative_tests::nrcan_trx_authoritative_fixture_has_expected_station_rows ... ok
[INFO] [stdout] test tests::authoritative_tests::nrcan_trx_csrs_2002_to_2010_fixture_parses_and_is_well_formed ... ok
[INFO] [stdout] test tests::authoritative_tests::nrcan_trx_authoritative_fixture_parses_and_is_well_formed ... ok
[INFO] [stdout] test tests::authoritative_tests::phase1_template_population_progress_snapshot ... ok
[INFO] [stdout] test tests::authoritative_tests::nrcan_trx_csrs_2002_to_2010_fixture_has_expected_station_rows ... ok
[INFO] [stdout] test tests::authoritative_tests::us_nsrs2007_to_nad83_2011_template_phase1_pairs_are_allowlisted ... ok
[INFO] [stdout] test tests::authoritative_tests::op10715_csrs_v3_to_v8_template_fixture_is_parseable ... ok
[INFO] [stdout] test tests::authoritative_tests::us_phase1_allowlisted_corridors_follow_definition_policy_contract ... ok
[INFO] [stdout] test tests::authoritative_tests::us_phase1_allowlisted_corridors_follow_policy_default_contract ... ok
[INFO] [stdout] test tests::authoritative_tests::us_phase1_allowlisted_template_pairs_exist_in_active_snapshot ... ok
[INFO] [stdout] test tests::authoritative_tests::us_phase1_policy_defaults_do_not_apply_outside_active_corridors ... ok
[INFO] [stdout] test tests::authoritative_tests::us_phase1_snapshot_includes_reverse_seed_corridors_as_active ... ok
[INFO] [stdout] test tests::authoritative_tests::us_phase1_snapshot_pairs_are_unique ... ok
[INFO] [stdout] test tests::authoritative_tests::nrcan_epoch_propagation_fixture_has_expected_station_rows ... ok
[INFO] [stdout] test tests::authoritative_tests::us_nsrs2007_to_nad83_2011_template_rows_are_policy_materializable ... ok
[INFO] [stdout] test tests::authoritative_tests::nrcan_epoch_propagation_fixture_parses_and_is_well_formed ... ok
[INFO] [stdout] test tests::authoritative_tests::us_nsrs2007_to_nad83_2011_template_rows_have_no_duplicates_or_code_conflicts ... ok
[INFO] [stdout] test tests::authoritative_tests::us_phase1_all_active_snapshot_pairs_follow_policy_contract ... ok
[INFO] [stdout] test tests::epsg_tests::compound_from_wkt_parses_wkt1_compd_cs ... ok
[INFO] [stdout] test tests::epsg_tests::compound_from_wkt_flattens_nested_compound_tree ... ok
[INFO] [stdout] test tests::epsg_tests::compound_from_wkt_rejects_non_vertical_second_component ... ok
[INFO] [stdout] test tests::epsg_tests::compound_from_wkt_rejects_missing_vertical_component ... ok
[INFO] [stdout] test tests::authoritative_tests::us_nsrs2007_to_nad83_2011_template_phase1_population_gate ... ok
[INFO] [stdout] test tests::epsg_tests::compound_from_wkt_parses_wkt2_compound ... ok
[INFO] [stdout] test tests::epsg_tests::crs_from_epsg_with_catalog_mirrors_module_api ... ok
[INFO] [stdout] test tests::epsg_tests::compound_from_wkt_structure_matrix ... ok
[INFO] [stdout] test tests::epsg_tests::crs_from_epsg_with_policy_mirrors_module_api ... ok
[INFO] [stdout] test tests::epsg_tests::crs_transform_to_3d_preserve_horizontal_allows_vertical_mixed_mode ... ok
[INFO] [stdout] test tests::epsg_tests::crs_transform_to_3d_preserve_horizontal_with_grid_provider_adjusts_z ... ok
[INFO] [stdout] test tests::epsg_tests::crs_transform_to_3d_preserve_horizontal_with_constant_provider_adjusts_z ... ok
[INFO] [stdout] test tests::epsg_tests::crs_transform_to_3d_preserve_horizontal_rejects_vertical_geocentric_mix ... ok
[INFO] [stdout] test tests::epsg_tests::compound_crs_epsg_7405_builds_and_transforms ... ok
[INFO] [stdout] test tests::epsg_tests::compound_from_wkt_rejects_nested_ambiguous_components ... ok
[INFO] [stdout] test tests::epsg_tests::crs_transform_to_3d_preserve_horizontal_with_vertical_offsets_policy_variant_adjusts_z ... ok
[INFO] [stdout] test tests::epsg_tests::crs_transform_to_3d_preserve_horizontal_with_provider_propagates_provider_error ... ok
[INFO] [stdout] test tests::epsg_tests::crs_transform_to_3d_preserve_horizontal_with_vertical_offsets_adjusts_z ... ok
[INFO] [stdout] test tests::epsg_tests::crs_transform_to_3d_preserve_horizontal_with_vertical_offsets_rejects_vertical_geocentric_mix ... ok
[INFO] [stdout] test tests::epsg_tests::crs_transform_to_3d_preserve_horizontal_with_provider_adjusts_z ... ok
[INFO] [stdout] test tests::epsg_tests::crs_transform_to_3d_supports_geocentric_round_trip ... ok
[INFO] [stdout] test tests::epsg_tests::epsg_2163_us_national_atlas_equal_area_roundtrip ... ok
[INFO] [stdout] test tests::epsg_tests::crs_transform_to_3d_vertical_to_nonvertical_returns_error ... ok
[INFO] [stdout] test tests::epsg_tests::crs_transform_to_3d_vertical_to_vertical_applies_registered_offsets ... ok
[INFO] [stdout] test tests::epsg_tests::epsg_2157_irish_tm_roundtrip ... ok
[INFO] [stdout] test tests::epsg_tests::epsg_2443_jgd2000_japan_plane_cs1_roundtrip ... ok
[INFO] [stdout] test tests::epsg_tests::epsg_2193_nztm2000_roundtrip ... ok
[INFO] [stdout] test tests::epsg_tests::epsg_2154_lambert93_france ... ok
[INFO] [stdout] test tests::epsg_tests::epsg_2227_california_zone3_ftus_roundtrip ... ok
[INFO] [stdout] test tests::epsg_tests::epsg_2444_jgd2000_japan_plane_cs2_roundtrip ... ok
[INFO] [stdout] test tests::epsg_tests::epsg_2445_jgd2000_japan_plane_cs3_roundtrip ... ok
[INFO] [stdout] test tests::epsg_tests::epsg_2450_jgd2000_japan_plane_cs8_roundtrip ... ok
[INFO] [stdout] test tests::epsg_tests::epsg_2451_jgd2000_japan_plane_cs9_roundtrip ... ok
[INFO] [stdout] test tests::epsg_tests::epsg_2452_jgd2000_japan_plane_cs10_roundtrip ... ok
[INFO] [stdout] test tests::epsg_tests::epsg_2446_jgd2000_japan_plane_cs4_roundtrip ... ok
[INFO] [stdout] test tests::epsg_tests::epsg_2448_jgd2000_japan_plane_cs6_roundtrip ... ok
[INFO] [stdout] test tests::epsg_tests::epsg_2449_jgd2000_japan_plane_cs7_roundtrip ... ok
[INFO] [stdout] test tests::epsg_tests::epsg_2454_jgd2000_japan_plane_cs12_roundtrip ... ok
[INFO] [stdout] test tests::epsg_tests::epsg_2453_jgd2000_japan_plane_cs11_roundtrip ... ok
[INFO] [stdout] test tests::epsg_tests::crs_transform_to_3d_vertical_to_vertical_passthrough ... ok
[INFO] [stdout] test tests::epsg_tests::epsg_2456_jgd2000_japan_plane_cs14_roundtrip ... ok
[INFO] [stdout] test tests::epsg_tests::epsg_2455_jgd2000_japan_plane_cs13_roundtrip ... ok
[INFO] [stdout] test tests::epsg_tests::epsg_2457_jgd2000_japan_plane_cs15_roundtrip ... ok
[INFO] [stdout] test tests::epsg_tests::epsg_2460_jgd2000_japan_plane_cs18_roundtrip ... ok
[INFO] [stdout] test tests::epsg_tests::epsg_2461_jgd2000_japan_plane_cs19_roundtrip ... ok
[INFO] [stdout] test tests::epsg_tests::epsg_2458_jgd2000_japan_plane_cs16_roundtrip ... ok
[INFO] [stdout] test tests::epsg_tests::epsg_26947_is_unassigned_returns_error ... ok
[INFO] [stdout] test tests::epsg_tests::epsg_26918_nad83_utm18n ... ok
[INFO] [stdout] test tests::epsg_tests::epsg_27700_british_national_grid ... ok
[INFO] [stdout] test tests::epsg_tests::epsg_29903_irish_grid_roundtrip ... ok
[INFO] [stdout] test tests::epsg_tests::epsg_28354_gda94_mga54 ... ok
[INFO] [stdout] test tests::epsg_tests::epsg_3031_antarctic_polar_stereo_roundtrip ... ok
[INFO] [stdout] test tests::epsg_tests::epsg_28992_rd_new_netherlands ... ok
[INFO] [stdout] test tests::epsg_tests::epsg_3006_sweref99_tm_roundtrip ... ok
[INFO] [stdout] test tests::epsg_tests::epsg_3032_australian_antarctic_polar_stereo_roundtrip ... ok
[INFO] [stdout] test tests::epsg_tests::epsg_3034_etrs89_lcc_europe ... ok
[INFO] [stdout] test tests::epsg_tests::epsg_3067_tm35fin_roundtrip ... ok
[INFO] [stdout] test tests::epsg_tests::epsg_31370_belgian_lambert72_roundtrip ... ok
[INFO] [stdout] test tests::epsg_tests::epsg_3035_etrs89_laea_europe ... ok
[INFO] [stdout] test tests::epsg_tests::epsg_31467_gauss_kruger_zone3 ... ok
[INFO] [stdout] test tests::authoritative_tests::us_nsrs2007_to_nad83_2011_template_fixture_is_parseable ... FAILED
[INFO] [stdout] test tests::epsg_tests::epsg_32632_utm32n ... ok
[INFO] [stdout] test tests::epsg_tests::epsg_32761_ups_south_roundtrip ... ok
[INFO] [stdout] test tests::epsg_tests::epsg_3400_alberta_10tm_forest_roundtrip ... ok
[INFO] [stdout] test tests::epsg_tests::epsg_3395_world_mercator ... ok
[INFO] [stdout] test tests::epsg_tests::epsg_3402_alberta_10tm_csrs_forest_roundtrip ... ok
[INFO] [stdout] test tests::epsg_tests::epsg_3401_alberta_10tm_resource_roundtrip ... ok
[INFO] [stdout] test tests::epsg_tests::epsg_3405_vn2000_utm48n_roundtrip ... ok
[INFO] [stdout] test tests::epsg_tests::epsg_32661_ups_north_roundtrip ... ok
[INFO] [stdout] test tests::epsg_tests::epsg_3406_vn2000_utm49n_roundtrip ... ok
[INFO] [stdout] test tests::epsg_tests::epsg_3408_ease_grid_north_roundtrip ... ok
[INFO] [stdout] test tests::epsg_tests::epsg_32755_utm55s ... ok
[INFO] [stdout] test tests::epsg_tests::epsg_3403_alberta_10tm_roundtrip ... ok
[INFO] [stdout] test tests::epsg_tests::epsg_3409_ease_grid_south_roundtrip ... ok
[INFO] [stdout] test tests::epsg_tests::epsg_3571_north_pole_laea_bering_roundtrip ... ok
[INFO] [stdout] test tests::epsg_tests::epsg_3413_arctic_polar_stereo_roundtrip ... ok
[INFO] [stdout] test tests::epsg_tests::epsg_3410_ease_grid_global_roundtrip ... ok
[INFO] [stdout] test tests::epsg_tests::epsg_3572_north_pole_laea_alaska_roundtrip ... ok
[INFO] [stdout] test tests::epsg_tests::epsg_3576_north_pole_laea_russia_roundtrip ... ok
[INFO] [stdout] test tests::epsg_tests::epsg_3577_australian_albers_roundtrip ... ok
[INFO] [stdout] test tests::epsg_tests::epsg_3579_yukon_albers_csrs_roundtrip ... ok
[INFO] [stdout] test tests::epsg_tests::epsg_3574_north_pole_laea_atlantic_roundtrip ... ok
[INFO] [stdout] test tests::epsg_tests::epsg_3575_north_pole_laea_europe_roundtrip ... ok
[INFO] [stdout] test tests::epsg_tests::epsg_3833_pulkovo_gk_zone2_roundtrip ... ok
[INFO] [stdout] test tests::epsg_tests::epsg_3573_north_pole_laea_canada_roundtrip ... ok
[INFO] [stdout] test tests::epsg_tests::epsg_3835_pulkovo83_gk_zone3_roundtrip ... ok
[INFO] [stdout] test tests::epsg_tests::epsg_3834_pulkovo83_gk_zone2_roundtrip ... ok
[INFO] [stdout] test tests::epsg_tests::epsg_3837_pulkovo58_3deg_gk_zone3_roundtrip ... ok
[INFO] [stdout] test tests::epsg_tests::epsg_3838_pulkovo58_3deg_gk_zone4_roundtrip ... ok
[INFO] [stdout] test tests::epsg_tests::epsg_3578_yukon_albers_roundtrip ... ok
[INFO] [stdout] test tests::epsg_tests::epsg_3839_pulkovo58_3deg_gk_zone9_roundtrip ... ok
[INFO] [stdout] test tests::epsg_tests::epsg_3840_pulkovo58_3deg_gk_zone10_roundtrip ... ok
[INFO] [stdout] test tests::epsg_tests::epsg_3832_pdc_mercator_roundtrip ... ok
[INFO] [stdout] test tests::epsg_tests::epsg_3841_pulkovo83_3deg_gk_zone6_roundtrip ... ok
[INFO] [stdout] test tests::epsg_tests::epsg_3848_rt90_0_roundtrip ... ok
[INFO] [stdout] test tests::epsg_tests::epsg_3845_rt90_7_5_v_roundtrip ... ok
[INFO] [stdout] test tests::epsg_tests::epsg_3850_rt90_5_o_roundtrip ... ok
[INFO] [stdout] test tests::epsg_tests::epsg_3846_rt90_5_v_roundtrip ... ok
[INFO] [stdout] test tests::epsg_tests::epsg_3849_rt90_2_5_o_roundtrip ... ok
[INFO] [stdout] test tests::epsg_tests::epsg_3847_rt90_2_5_v_roundtrip ... ok
[INFO] [stdout] test tests::epsg_tests::epsg_3857_web_mercator ... ok
[INFO] [stdout] test tests::epsg_tests::epsg_3976_antarctic_polar_stereo_variant_b_roundtrip ... ok
[INFO] [stdout] test tests::epsg_tests::epsg_3986_katanga_gauss_a_roundtrip ... ok
[INFO] [stdout] test tests::epsg_tests::epsg_3988_katanga_gauss_c_roundtrip ... ok
[INFO] [stdout] test tests::epsg_tests::epsg_3987_katanga_gauss_b_roundtrip ... ok
[INFO] [stdout] test tests::epsg_tests::epsg_3991_puerto_rico_cs27_roundtrip ... ok
[INFO] [stdout] test tests::epsg_tests::epsg_3994_mercator_41_roundtrip ... ok
[INFO] [stdout] test tests::epsg_tests::epsg_3996_ibcao_polar_stereo_variant_b_roundtrip ... ok
[INFO] [stdout] test tests::epsg_tests::epsg_3997_dubai_local_tm_roundtrip ... ok
[INFO] [stdout] test tests::epsg_tests::epsg_2447_jgd2000_japan_plane_cs5_roundtrip ... ok
[INFO] [stdout] test tests::epsg_tests::epsg_4000_parity_block_codes_are_mapped ... ok
[INFO] [stdout] test tests::epsg_tests::epsg_4087_world_equidistant_cylindrical_roundtrip ... ok
[INFO] [stdout] test tests::epsg_tests::epsg_2459_jgd2000_japan_plane_cs17_roundtrip ... ok
[INFO] [stdout] test tests::epsg_tests::epsg_5070_conus_albers_roundtrip ... ok
[INFO] [stdout] test tests::epsg_tests::epsg_26715_nad27_utm15n ... ok
[INFO] [stdout] test tests::epsg_tests::epsg_4326_creates_ok ... ok
[INFO] [stdout] test tests::epsg_tests::epsg_3836_pulkovo83_gk_zone4_roundtrip ... ok
[INFO] [stdout] test tests::epsg_tests::epsg_3989_katanga_gauss_d_roundtrip ... ok
[INFO] [stdout] test tests::epsg_tests::epsg_3992_puerto_rico_st_croix_roundtrip ... ok
[INFO] [stdout] test tests::epsg_tests::epsg_5514_krovak_east_north_roundtrip ... ok
[INFO] [stdout] test tests::epsg_tests::epsg_6674_jgd2011_japan_plane_cs6_roundtrip ... ok
[INFO] [stdout] test tests::epsg_tests::epsg_6678_jgd2011_japan_plane_cs10_roundtrip ... ok
[INFO] [stdout] test tests::epsg_tests::epsg_6672_jgd2011_japan_plane_cs4_roundtrip ... ok
[INFO] [stdout] test tests::epsg_tests::epsg_6675_jgd2011_japan_plane_cs7_roundtrip ... ok
[INFO] [stdout] test tests::epsg_tests::epsg_6680_jgd2011_japan_plane_cs12_roundtrip ... ok
[INFO] [stdout] test tests::epsg_tests::epsg_6679_jgd2011_japan_plane_cs11_roundtrip ... ok
[INFO] [stdout] test tests::epsg_tests::epsg_6676_jgd2011_japan_plane_cs8_roundtrip ... ok
[INFO] [stdout] test tests::epsg_tests::epsg_6682_jgd2011_japan_plane_cs14_roundtrip ... ok
[INFO] [stdout] test tests::epsg_tests::epsg_6677_jgd2011_japan_plane_cs9_roundtrip ... ok
[INFO] [stdout] test tests::epsg_tests::epsg_6681_jgd2011_japan_plane_cs13_roundtrip ... ok
[INFO] [stdout] test tests::epsg_tests::epsg_6673_jgd2011_japan_plane_cs5_roundtrip ... ok
[INFO] [stdout] test tests::epsg_tests::epsg_6683_jgd2011_japan_plane_cs15_roundtrip ... ok
[INFO] [stdout] test tests::epsg_tests::epsg_6685_jgd2011_japan_plane_cs17_roundtrip ... ok
[INFO] [stdout] test tests::epsg_tests::epsg_6687_jgd2011_japan_plane_cs19_roundtrip ... ok
[INFO] [stdout] test tests::epsg_tests::epsg_6688_jgd2011_utm51n_roundtrip ... ok
[INFO] [stdout] test tests::epsg_tests::epsg_6684_jgd2011_japan_plane_cs16_roundtrip ... ok
[INFO] [stdout] test tests::epsg_tests::epsg_6690_jgd2011_utm53n_roundtrip ... ok
[INFO] [stdout] test tests::epsg_tests::epsg_6689_jgd2011_utm52n_roundtrip ... ok
[INFO] [stdout] test tests::epsg_tests::epsg_6686_jgd2011_japan_plane_cs18_roundtrip ... ok
[INFO] [stdout] test tests::epsg_tests::epsg_6691_jgd2011_utm54n_roundtrip ... ok
[INFO] [stdout] test tests::epsg_tests::epsg_6707_rdn2008_utm32n_roundtrip ... ok
[INFO] [stdout] test tests::epsg_tests::epsg_6709_rdn2008_utm34n_roundtrip ... ok
[INFO] [stdout] test tests::epsg_tests::epsg_6733_gda94_mga42_roundtrip ... ok
[INFO] [stdout] test tests::epsg_tests::epsg_6732_gda94_mga41_roundtrip ... ok
[INFO] [stdout] test tests::epsg_tests::epsg_6708_rdn2008_utm33n_roundtrip ... ok
[INFO] [stdout] test tests::epsg_tests::epsg_6736_gda94_mga46_roundtrip ... ok
[INFO] [stdout] test tests::epsg_tests::epsg_6737_gda94_mga47_roundtrip ... ok
[INFO] [stdout] test tests::epsg_tests::epsg_6788_oregon_bend_klamath_cors96_m_roundtrip ... ok
[INFO] [stdout] test tests::epsg_tests::epsg_6800_oregon_canyonville_gp_cors96_m_roundtrip ... ok
[INFO] [stdout] test tests::epsg_tests::epsg_6802_oregon_canyonville_gp_2011_m_roundtrip ... ok
[INFO] [stdout] test tests::epsg_tests::epsg_6738_gda94_mga59_roundtrip ... ok
[INFO] [stdout] test tests::epsg_tests::epsg_6784_oregon_baker_cors96_m_roundtrip ... ok
[INFO] [stdout] test tests::epsg_tests::epsg_6814_oregon_cottage_canyonville_2011_m_roundtrip ... ok
[INFO] [stdout] test tests::epsg_tests::epsg_6812_oregon_cottage_canyonville_cors96_m_roundtrip ... ok
[INFO] [stdout] test tests::epsg_tests::epsg_6816_oregon_dufur_madras_cors96_m_roundtrip ... ok
[INFO] [stdout] test tests::epsg_tests::epsg_6790_oregon_bend_klamath_2011_m_roundtrip ... ok
[INFO] [stdout] test tests::epsg_tests::epsg_6786_oregon_baker_2011_m_roundtrip ... ok
[INFO] [stdout] test tests::epsg_tests::epsg_6818_oregon_dufur_madras_2011_m_roundtrip ... ok
[INFO] [stdout] test tests::epsg_tests::epsg_6822_oregon_eugene_2011_m_roundtrip ... ok
[INFO] [stdout] test tests::epsg_tests::epsg_6824_oregon_grants_pass_ashland_cors96_m_roundtrip ... ok
[INFO] [stdout] test tests::epsg_tests::epsg_6820_oregon_eugene_cors96_m_roundtrip ... ok
[INFO] [stdout] test tests::epsg_tests::epsg_6826_oregon_grants_pass_ashland_2011_m_roundtrip ... ok
[INFO] [stdout] test tests::epsg_tests::epsg_6828_oregon_gresham_warm_springs_cors96_m_roundtrip ... ok
[INFO] [stdout] test tests::epsg_tests::epsg_6832_oregon_la_grande_cors96_m_roundtrip ... ok
[INFO] [stdout] test tests::epsg_tests::epsg_6844_oregon_pendleton_cors96_m_roundtrip ... ok
[INFO] [stdout] test tests::epsg_tests::epsg_6830_oregon_gresham_warm_springs_2011_m_roundtrip ... ok
[INFO] [stdout] test tests::epsg_tests::epsg_6834_oregon_la_grande_2011_m_roundtrip ... ok
[INFO] [stdout] test tests::epsg_tests::epsg_6836_oregon_ontario_cors96_m_roundtrip ... ok
[INFO] [stdout] test tests::epsg_tests::epsg_6838_oregon_ontario_2011_m_roundtrip ... ok
[INFO] [stdout] test tests::epsg_tests::epsg_6848_oregon_pendleton_la_grande_cors96_m_roundtrip ... ok
[INFO] [stdout] test tests::epsg_tests::epsg_6846_oregon_pendleton_2011_m_roundtrip ... ok
[INFO] [stdout] test tests::epsg_tests::epsg_6850_oregon_pendleton_la_grande_2011_m_roundtrip ... ok
[INFO] [stdout] test tests::epsg_tests::epsg_6858_oregon_salem_2011_m_roundtrip ... ok
[INFO] [stdout] test tests::epsg_tests::epsg_6856_oregon_salem_cors96_m_roundtrip ... ok
[INFO] [stdout] test tests::epsg_tests::epsg_6860_oregon_santiam_pass_cors96_m_roundtrip ... ok
[INFO] [stdout] test tests::epsg_tests::epsg_6870_albania_tm2010_roundtrip ... ok
[INFO] [stdout] test tests::epsg_tests::epsg_6876_zone12_ne_roundtrip ... ok
[INFO] [stdout] test tests::epsg_tests::epsg_6927_svy21_singapore_tm_roundtrip ... ok
[INFO] [stdout] test tests::epsg_tests::epsg_6915_sei1943_utm40n_roundtrip ... ok
[INFO] [stdout] test tests::epsg_tests::epsg_6931_ease_grid2_north_roundtrip ... ok
[INFO] [stdout] test tests::epsg_tests::epsg_6862_oregon_santiam_pass_2011_m_roundtrip ... ok
[INFO] [stdout] test tests::epsg_tests::epsg_6932_ease_grid2_south_roundtrip ... ok
[INFO] [stdout] test tests::epsg_tests::epsg_6875_italy_zone_ne_roundtrip ... ok
[INFO] [stdout] test tests::epsg_tests::epsg_6933_ease_grid2_global_roundtrip ... ok
[INFO] [stdout] test tests::epsg_tests::epsg_6956_vn2000_tm3_zone481_roundtrip ... ok
[INFO] [stdout] test tests::epsg_tests::epsg_alias_catalog_contains_legacy_webmercator_codes ... ok
[INFO] [stdout] test tests::epsg_tests::epsg_adjusted_pulkovo_gk_extensions_roundtrip ... ok
[INFO] [stdout] test tests::epsg_tests::epsg_6734_gda94_mga43_roundtrip ... ok
[INFO] [stdout] test tests::epsg_tests::epsg_6735_gda94_mga44_roundtrip ... ok
[INFO] [stdout] test tests::epsg_tests::epsg_catalog_resolver_maps_legacy_alias_before_fallback ... ok
[INFO] [stdout] test tests::epsg_tests::epsg_6957_vn2000_tm3_zone482_roundtrip ... ok
[INFO] [stdout] test tests::epsg_tests::epsg_8857_equal_earth_roundtrip ... ok
[INFO] [stdout] test tests::epsg_tests::epsg_cgcs2000_cm_and_new_beijing_next_25_code_batch_roundtrip ... ok
[INFO] [stdout] test tests::epsg_tests::epsg_6692_jgd2011_utm55n_roundtrip ... ok
[INFO] [stdout] test tests::epsg_tests::epsg_cgcs2000_next_25_code_batch_roundtrip ... ok
[INFO] [stdout] test tests::epsg_tests::epsg_cgcs2000_global_impact_25_code_batch_roundtrip ... ok
[INFO] [stdout] test tests::epsg_tests::epsg_etrs89_nor_ntm_next_25_code_batch_roundtrip ... ok
[INFO] [stdout] test tests::epsg_tests::epsg_cgcs2000_sirgas2000_gda2020_geographics_map_to_expected_datums ... ok
[INFO] [stdout] test tests::epsg_tests::epsg_csrs_support_snapshot_reports_active_and_pending_pairs ... ok
[INFO] [stdout] test tests::epsg_tests::epsg_fourth_batch_datums_are_mapped ... ok
[INFO] [stdout] test tests::epsg_tests::epsg_csrs_v5_utm_codes_build_and_roundtrip ... ok
[INFO] [stdout] test tests::epsg_tests::epsg_europe_phase1_support_snapshot_tracks_active_seed_corridors ... ok
[INFO] [stdout] test tests::epsg_tests::epsg_from_with_catalog_constructs_from_legacy_alias_code ... ok
[INFO] [stdout] test tests::epsg_tests::epsg_csrs_registry_families_resolve_globally ... ok
[INFO] [stdout] test tests::epsg_tests::epsg_fifth_batch_datums_are_mapped ... ok
[INFO] [stdout] test tests::epsg_tests::epsg_generated_batch12_codes_build_ok ... ok
[INFO] [stdout] test tests::epsg_tests::epsg_generated_batch13_codes_build_ok ... ok
[INFO] [stdout] test tests::epsg_tests::epsg_csrs_utm_active_and_realization_codes_roundtrip ... FAILED
[INFO] [stdout] test tests::epsg_tests::epsg_generated_batch10_codes_build_ok ... ok
[INFO] [stdout] test tests::epsg_tests::epsg_generated_batch11_codes_build_ok ... ok
[INFO] [stdout] test tests::epsg_tests::epsg_generated_batch16_codes_build_ok ... ok
[INFO] [stdout] test tests::epsg_tests::epsg_generated_batch17_codes_build_ok ... ok
[INFO] [stdout] test tests::epsg_tests::epsg_generated_batch15_codes_build_ok ... ok
[INFO] [stdout] test tests::epsg_tests::epsg_generated_batch19_codes_build_ok ... ok
[INFO] [stdout] test tests::epsg_tests::epsg_generated_batch18_codes_build_ok ... ok
[INFO] [stdout] test tests::epsg_tests::epsg_first_batch_datums_are_mapped ... ok
[INFO] [stdout] test tests::epsg_tests::epsg_generated_batch1_codes_build_ok ... ok
[INFO] [stdout] test tests::epsg_tests::epsg_generated_batch21_codes_build_ok ... ok
[INFO] [stdout] test tests::epsg_tests::epsg_generated_batch22_codes_build_ok ... ok
[INFO] [stdout] test tests::epsg_tests::epsg_generated_batch20_codes_build_ok ... ok
[INFO] [stdout] test tests::epsg_tests::epsg_generated_batch23_codes_build_ok ... ok
[INFO] [stdout] test tests::epsg_tests::epsg_generated_batch14_codes_build_ok ... ok
[INFO] [stdout] test tests::epsg_tests::epsg_generated_batch26_codes_build_ok ... ok
[INFO] [stdout] test tests::epsg_tests::epsg_generated_batch28_codes_build_ok ... ok
[INFO] [stdout] test tests::epsg_tests::epsg_generated_batch25_codes_build_ok ... ok
[INFO] [stdout] test tests::epsg_tests::epsg_generated_batch27_codes_build_ok ... ok
[INFO] [stdout] test tests::epsg_tests::epsg_generated_batch24_codes_build_ok ... ok
[INFO] [stdout] test tests::epsg_tests::epsg_generated_batch30_codes_build_ok ... ok
[INFO] [stdout] test tests::epsg_tests::epsg_generated_batch34_codes_build_ok ... ok
[INFO] [stdout] test tests::epsg_tests::epsg_generated_batch33_codes_build_ok ... ok
[INFO] [stdout] test tests::epsg_tests::epsg_generated_batch4_codes_build_ok ... ok
[INFO] [stdout] test tests::epsg_tests::epsg_generated_batch31_codes_build_ok ... ok
[INFO] [stdout] test tests::epsg_tests::epsg_generated_batch29_codes_build_ok ... ok
[INFO] [stdout] test tests::epsg_tests::epsg_generated_batch7_codes_build_ok ... ok
[INFO] [stdout] test tests::epsg_tests::epsg_generated_batch8_codes_build_ok ... ok
[INFO] [stdout] test tests::epsg_tests::epsg_generated_batch2_codes_build_ok ... ok
[INFO] [stdout] test tests::epsg_tests::epsg_generated_batch6_codes_build_ok ... ok
[INFO] [stdout] test tests::epsg_tests::epsg_generated_batch32_codes_build_ok ... ok
[INFO] [stdout] test tests::epsg_tests::epsg_generated_batch5_codes_build_ok ... ok
[INFO] [stdout] test tests::epsg_tests::epsg_generated_batch9_codes_build_ok ... ok
[INFO] [stdout] test tests::epsg_tests::epsg_ingcs_25_code_batch_roundtrip ... ok
[INFO] [stdout] test tests::epsg_tests::epsg_generated_metadata_is_specific ... ok
[INFO] [stdout] test tests::epsg_tests::epsg_generated_batch3_codes_build_ok ... ok
[INFO] [stdout] test tests::epsg_tests::epsg_info_returns_none_for_unknown ... ok
[INFO] [stdout] test tests::epsg_tests::epsg_geocentric_and_vertical_codes_create_ok ... ok
[INFO] [stdout] test tests::epsg_tests::epsg_nad83_2011_utm_block_roundtrip ... ok
[INFO] [stdout] test tests::epsg_tests::epsg_iarcs_rmtcrs_sfcs13_25_code_batch_roundtrip ... ok
[INFO] [stdout] test tests::epsg_tests::epsg_info_returns_name_for_known_code ... ok
[INFO] [stdout] test tests::epsg_tests::epsg_new_beijing_and_caribbean_next_25_code_batch_roundtrip ... ok
[INFO] [stdout] test tests::epsg_tests::epsg_new_beijing_3deg_next_25_code_batch_roundtrip ... ok
[INFO] [stdout] test tests::epsg_tests::epsg_policy_fallback_to_custom_epsg_resolves_unknown_code ... ok
[INFO] [stdout] test tests::epsg_tests::epsg_policy_fallback_to_wgs84_resolves_unknown_code ... ok
[INFO] [stdout] test tests::epsg_tests::epsg_nad83_csrs_realizations_next_25_code_batch_roundtrip ... ok
[INFO] [stdout] test tests::epsg_tests::epsg_pending_preferred_operation_flags_reverse_v8_corridors ... ok
[INFO] [stdout] test tests::epsg_tests::epsg_policy_strict_still_errors_for_unknown_code ... ok
[INFO] [stdout] test tests::epsg_tests::epsg_ingcs_ftus_25_code_batch_roundtrip ... ok
[INFO] [stdout] test tests::epsg_tests::epsg_preferred_operation_code_default_api_matches_default_policy_api ... ok
[INFO] [stdout] test tests::epsg_tests::epsg_preferred_operation_csrs_v3_v8_same_zone_maps_to_10715 ... ok
[INFO] [stdout] test tests::epsg_tests::epsg_preferred_operation_csrs_activation_scaffold_tracks_v2_to_v8_families ... ok
[INFO] [stdout] test tests::epsg_tests::epsg_preferred_operation_definition_default_api_matches_default_policy_api ... ok
[INFO] [stdout] test tests::epsg_tests::epsg_preferred_operation_csrs_v4_v8_same_zone_maps_to_10715 ... ok
[INFO] [stdout] test tests::epsg_tests::epsg_preferred_operation_definition_with_policy_builds_dynamic_grid_shift_op ... ok
[INFO] [stdout] test tests::epsg_tests::epsg_preferred_operation_definition_default_api_remains_fallback_safe ... ok
[INFO] [stdout] test tests::epsg_tests::epsg_preferred_operation_definition_with_policy_falls_back_without_defaults ... ok
[INFO] [stdout] test tests::epsg_tests::epsg_ingcs_second_25_code_batch_roundtrip ... ok
[INFO] [stdout] test tests::epsg_tests::epsg_policy_fallback_reports_error_if_fallback_code_unsupported ... ok
[INFO] [stdout] test tests::epsg_tests::epsg_preferred_operation_us_europe_active_corridors_can_use_policy_default_codes ... ok
[INFO] [stdout] test tests::epsg_tests::epsg_preferred_operation_us_europe_active_corridors_fallback_to_none_without_codes ... ok
[INFO] [stdout] test tests::epsg_tests::epsg_pulkovo_6deg_zone_blocks_roundtrip ... ok
[INFO] [stdout] test tests::epsg_tests::epsg_second_batch_datums_are_mapped ... ok
[INFO] [stdout] test tests::epsg_tests::epsg_pulkovo_1995_gk_cm_block_roundtrip ... ok
[INFO] [stdout] test tests::epsg_tests::epsg_sad69_psad56_utm_active_codes_roundtrip ... ok
[INFO] [stdout] test tests::epsg_tests::epsg_spcs83_harn_national_meter_codes_roundtrip ... ok
[INFO] [stdout] test tests::epsg_tests::epsg_preferred_operation_csrs_v6_v7_to_v8_same_zone_maps_to_10715 ... ok
[INFO] [stdout] test tests::epsg_tests::epsg_spcs83_nad83_2011_codes_roundtrip ... ok
[INFO] [stdout] test tests::epsg_tests::epsg_sirgas2000_utm_active_codes_roundtrip ... ok
[INFO] [stdout] test tests::epsg_tests::epsg_spcs83_national_meter_new_codes_roundtrip ... ok
[INFO] [stdout] test tests::epsg_tests::epsg_preferred_operation_csrs_v5_v8_active_across_all_scoped_zones ... ok
[INFO] [stdout] test tests::epsg_tests::epsg_third_batch_datums_are_mapped ... ok
[INFO] [stdout] test tests::epsg_tests::epsg_unknown_returns_error ... ok
[INFO] [stdout] test tests::epsg_tests::epsg_spcs83_nsrs2007_codes_roundtrip ... ok
[INFO] [stdout] test tests::epsg_tests::epsg_us_phase1_support_snapshot_tracks_active_seed_corridors ... ok
[INFO] [stdout] test tests::epsg_tests::epsg_us_and_europe_epoch_aware_anchor_codes_roundtrip ... ok
[INFO] [stdout] test tests::epsg_tests::epsg_new_beijing_cm_and_ntm_next_25_code_batch_roundtrip ... ok
[INFO] [stdout] test tests::epsg_tests::epsg_utm_all_north_zones_construct ... ok
[INFO] [stdout] test tests::epsg_tests::esri_54008_world_sinusoidal_roundtrip ... ok
[INFO] [stdout] test tests::epsg_tests::esri_54030_world_robinson_roundtrip ... ok
[INFO] [stdout] test tests::epsg_tests::from_wkt_applies_projected_foot_units_to_linear_parameters ... ok
[INFO] [stdout] test tests::epsg_tests::epsg_utm_all_south_zones_construct ... ok
[INFO] [stdout] test tests::epsg_tests::from_wkt_parses_exported_ogc_swiss_oblique_stereographic ... ok
[INFO] [stdout] test tests::epsg_tests::esri_54009_world_mollweide_roundtrip ... ok
[INFO] [stdout] test tests::epsg_tests::from_wkt_parses_custom_two_point_equidistant ... ok
[INFO] [stdout] test tests::epsg_tests::from_wkt_parses_exported_ogc_tm_without_epsg_authority ... ok
[INFO] [stdout] test tests::epsg_tests::epsg_wgs72be_utm_all_north_zones_construct ... ok
[INFO] [stdout] test tests::epsg_tests::esri_wkt_contains_projection_and_units ... ok
[INFO] [stdout] test tests::epsg_tests::epsg_wgs72be_utm_all_south_zones_construct ... ok
[INFO] [stdout] test tests::epsg_tests::from_wkt_parses_custom_wkt2_transverse_mercator ... ok
[INFO] [stdout] test tests::epsg_tests::epsg_step2_then_step1_parity_blocks_are_mapped ... ok
[INFO] [stdout] test tests::epsg_tests::generated_polar_variant_a_wkt_preserves_method ... ok
[INFO] [stdout] test tests::epsg_tests::geotiff_info_projected_and_geographic ... ok
[INFO] [stdout] test tests::epsg_tests::from_wkt_parses_wkt2_vertical_crs ... ok
[INFO] [stdout] test tests::epsg_tests::geotiff_info_vertical_units_respect_registry_unit ... ok
[INFO] [stdout] test tests::epsg_tests::known_epsg_codes_includes_generated_batch10_tail_code ... ok
[INFO] [stdout] test tests::epsg_tests::known_epsg_codes_includes_generated_batch11_tail_code ... ok
[INFO] [stdout] test tests::epsg_tests::known_epsg_codes_includes_generated_batch12_tail_code ... ok
[INFO] [stdout] test tests::epsg_tests::known_codes_include_utm_and_named ... ok
[INFO] [stdout] test tests::epsg_tests::known_epsg_codes_includes_generated_batch15_tail_code ... ok
[INFO] [stdout] test tests::epsg_tests::known_epsg_codes_includes_generated_batch13_tail_code ... ok
[INFO] [stdout] test tests::epsg_tests::known_epsg_codes_includes_generated_batch16_tail_code ... ok
[INFO] [stdout] test tests::epsg_tests::known_epsg_codes_includes_generated_batch14_tail_code ... ok
[INFO] [stdout] test tests::epsg_tests::known_epsg_codes_includes_generated_batch17_tail_code ... ok
[INFO] [stdout] test tests::epsg_tests::known_epsg_codes_includes_generated_batch1_tail_code ... ok
[INFO] [stdout] test tests::epsg_tests::known_epsg_codes_includes_generated_batch18_tail_code ... ok
[INFO] [stdout] test tests::epsg_tests::known_epsg_codes_includes_generated_batch19_tail_code ... ok
[INFO] [stdout] test tests::epsg_tests::known_epsg_codes_includes_generated_batch20_tail_code ... ok
[INFO] [stdout] test tests::epsg_tests::known_epsg_codes_includes_generated_batch21_tail_code ... ok
[INFO] [stdout] test tests::epsg_tests::known_epsg_codes_includes_generated_batch24_tail_code ... ok
[INFO] [stdout] test tests::epsg_tests::known_epsg_codes_includes_generated_batch22_tail_code ... ok
[INFO] [stdout] test tests::epsg_tests::known_epsg_codes_includes_generated_batch23_tail_code ... ok
[INFO] [stdout] test tests::epsg_tests::known_epsg_codes_includes_generated_batch25_tail_code ... ok
[INFO] [stdout] test tests::epsg_tests::known_epsg_codes_includes_generated_batch26_tail_code ... ok
[INFO] [stdout] test tests::epsg_tests::known_epsg_codes_includes_generated_batch27_tail_code ... ok
[INFO] [stdout] test tests::epsg_tests::known_epsg_codes_includes_generated_batch28_tail_code ... ok
[INFO] [stdout] test tests::epsg_tests::known_epsg_codes_includes_generated_batch29_tail_code ... ok
[INFO] [stdout] test tests::epsg_tests::known_epsg_codes_includes_generated_batch31_tail_code ... ok
[INFO] [stdout] test tests::epsg_tests::known_epsg_codes_includes_generated_batch2_tail_code ... ok
[INFO] [stdout] test tests::epsg_tests::known_epsg_codes_includes_generated_batch32_tail_code ... ok
[INFO] [stdout] test tests::epsg_tests::known_epsg_codes_includes_generated_batch30_tail_code ... ok
[INFO] [stdout] test tests::epsg_tests::known_epsg_codes_includes_generated_batch3_tail_code ... ok
[INFO] [stdout] test tests::epsg_tests::known_epsg_codes_includes_generated_batch33_tail_code ... ok
[INFO] [stdout] test tests::epsg_tests::known_epsg_codes_includes_generated_batch4_tail_code ... ok
[INFO] [stdout] test tests::epsg_tests::known_epsg_codes_includes_generated_batch5_tail_code ... ok
[INFO] [stdout] test tests::epsg_tests::known_epsg_codes_includes_generated_batch7_tail_code ... ok
[INFO] [stdout] test tests::epsg_tests::known_epsg_codes_includes_generated_batch6_tail_code ... ok
[INFO] [stdout] test tests::epsg_tests::known_epsg_codes_includes_generated_batch9_tail_code ... ok
[INFO] [stdout] test tests::epsg_tests::known_epsg_codes_includes_generated_batch8_tail_code ... ok
[INFO] [stdout] test tests::epsg_tests::ogc_wkt_contains_projection_and_units ... ok
[INFO] [stdout] test tests::epsg_tests::known_epsg_codes_includes_generated_batch34_tail_code ... ok
[INFO] [stdout] test tests::epsg_tests::polar_stereographic_epsg_definitions_preserve_variants ... ok
[INFO] [stdout] test tests::epsg_tests::polar_stereographic_epsg_forward_matches_proj ... ok
[INFO] [stdout] test tests::epsg_tests::runtime_alias_overrides_built_in_alias_mapping ... ok
[INFO] [stdout] test tests::epsg_tests::runtime_alias_registration_resolves_custom_code ... ok
[INFO] [stdout] test tests::epsg_tests::readme_supported_code_counts_are_in_sync ... ok
[INFO] [stdout] test tests::epsg_tests::newly_added_epsg_workflows_batches_resolve ... ok
[INFO] [stdout] test tests::epsg_tests::runtime_alias_rejects_unsupported_target ... ok
[INFO] [stdout] test tests::epsg_tests::top_level_from_wkt_resolves_epsg_authority ... ok
[INFO] [stdout] test tests::epsg_tests::two_point_equidistant_wkt_method_name_is_stable ... ok
[INFO] [stdout] test tests::epsg_tests::vertical_offset_grid_name_maps_expected_codes ... ok
[INFO] [stdout] test tests::epsg_tests::wkt_geographic_returns_geogcs_only ... ok
[INFO] [stdout] test tests::epsg_tests::wkt_import_extracts_epsg_from_wkt2_and_srs_references ... ok
[INFO] [stdout] test tests::epsg_tests::top_level_from_epsg ... ok
[INFO] [stdout] test tests::epsg_tests::wkt_swiss_codes_use_oblique_stereographic_method_name ... ok
[INFO] [stdout] test tests::epsg_tests::wkt_vertical_depth_uses_down_axis ... ok
[INFO] [stdout] test tests::epsg_tests::wkt_vertical_us_foot_uses_foot_unit ... ok
[INFO] [stdout] test tests::integration_tests::aitoff_round_trip ... ok
[INFO] [stdout] test tests::integration_tests::albers_round_trip ... ok
[INFO] [stdout] test tests::integration_tests::azimuthal_equidistant_round_trip ... ok
[INFO] [stdout] test tests::integration_tests::behrmann_round_trip ... ok
[INFO] [stdout] test tests::integration_tests::central_conic_round_trip ... ok
[INFO] [stdout] test tests::integration_tests::bonne_round_trip ... ok
[INFO] [stdout] test tests::integration_tests::collignon_round_trip ... ok
[INFO] [stdout] test tests::integration_tests::craster_round_trip ... ok
[INFO] [stdout] test tests::integration_tests::crs_auto_policy_treats_nad83_wgs84_as_ballpark_equivalent ... ok
[INFO] [stdout] test tests::integration_tests::crs_ed50_to_wgs84_has_nonzero_shift ... ok
[INFO] [stdout] test tests::integration_tests::crs_grid_shift_geographic_to_wgs84_and_back ... ok
[INFO] [stdout] test tests::integration_tests::crs_grid_shift_policy_strict_vs_fallback_missing_grid ... ok
[INFO] [stdout] test tests::integration_tests::crs_is_geographic_reports_expected_kind ... ok
[INFO] [stdout] test tests::integration_tests::crs_is_projected_reports_expected_kind ... ok
[INFO] [stdout] test tests::integration_tests::crs_grid_shift_policy_strict_vs_fallback_out_of_extent ... ok
[INFO] [stdout] test tests::integration_tests::crs_nad83_csrs_to_wgs84_round_trip ... ok
[INFO] [stdout] test tests::integration_tests::crs_nad83_to_wgs84_shift_is_small ... ok
[INFO] [stdout] test tests::integration_tests::crs_nad27_to_wgs84_has_nonzero_shift_and_round_trip ... ok
[INFO] [stdout] test tests::integration_tests::crs_ntv2_hierarchy_selects_smallest_covering_subgrid ... ok
[INFO] [stdout] test tests::integration_tests::crs_ntv2_hierarchy_honors_parent_chain_over_global_smallest ... ok
[INFO] [stdout] test tests::integration_tests::crs_transform_to_3857_from_4326_returns_meters ... ok
[INFO] [stdout] test tests::integration_tests::crs_transform_to_4326_from_3857_returns_degrees ... ok
[INFO] [stdout] test tests::integration_tests::crs_transform_trace_reports_selected_source_and_target_grids ... ok
[INFO] [stdout] test tests::integration_tests::crs_transform_trace_strict_convenience_matches_strict_policy ... ok
[INFO] [stdout] test tests::integration_tests::crs_wgs84_to_web_mercator_to_back ... ok
[INFO] [stdout] test tests::integration_tests::crs_utm_round_trip ... ok
[INFO] [stdout] test tests::integration_tests::csrs_active_forward_corridors_zone_complete_preferred_matches_baseline ... ok
[INFO] [stdout] test tests::integration_tests::csrs_v3_to_v8_preferred_operation_conformance_zone_12_corridor ... ok
[INFO] [stdout] test tests::integration_tests::csrs_active_forward_corridors_zone_complete_preferred_matches_explicit ... ok
[INFO] [stdout] test tests::integration_tests::csrs_v3_to_v8_preferred_operation_conformance_zone_15_corridor ... ok
[INFO] [stdout] test tests::integration_tests::csrs_v3_to_v8_preferred_operation_conformance_zone_20_corridor ... ok
[INFO] [stdout] test tests::integration_tests::csrs_v3_to_v8_preferred_operation_conformance_zone_22_corridor ... ok
[INFO] [stdout] test tests::integration_tests::csrs_v3_to_v8_preferred_operation_conformance_zone_7_corridor ... ok
[INFO] [stdout] test tests::integration_tests::csrs_v3_to_v8_preferred_operation_matches_fallback_baseline_for_now ... ok
[INFO] [stdout] test tests::integration_tests::csrs_v3_to_v8_zone_12_preferred_operation_matches_fallback_baseline_for_now ... ok
[INFO] [stdout] test tests::integration_tests::csrs_v3_to_v8_zone_15_preferred_operation_matches_fallback_baseline_for_now ... ok
[INFO] [stdout] test tests::integration_tests::csrs_v3_to_v8_zone_22_preferred_operation_matches_fallback_baseline_for_now ... ok
[INFO] [stdout] test tests::integration_tests::csrs_v3_to_v8_zone_20_preferred_operation_matches_fallback_baseline_for_now ... ok
[INFO] [stdout] test tests::integration_tests::csrs_v3_to_v8_zone_7_preferred_operation_matches_fallback_baseline_for_now ... ok
[INFO] [stdout] test tests::integration_tests::csrs_v6_to_v8_preferred_operation_conformance_zone_17_corridor ... ok
[INFO] [stdout] test tests::integration_tests::csrs_v6_to_v8_preferred_operation_matches_fallback_baseline_for_now ... ok
[INFO] [stdout] test tests::integration_tests::csrs_v7_to_v8_preferred_operation_matches_fallback_baseline_for_now ... ok
[INFO] [stdout] test tests::integration_tests::csrs_v3_to_v8_preferred_operation_conformance_zone_17_corridor ... ok
[INFO] [stdout] test tests::integration_tests::datum_builder_with_grid_shift_sets_transform ... ok
[INFO] [stdout] test tests::integration_tests::csrs_v7_to_v8_preferred_operation_conformance_zone_17_corridor ... ok
[INFO] [stdout] test tests::integration_tests::eckert_i_round_trip ... ok
[INFO] [stdout] test tests::integration_tests::eckert_iii_round_trip ... ok
[INFO] [stdout] test tests::integration_tests::eckert_iv_round_trip ... ok
[INFO] [stdout] test tests::integration_tests::eckert_v_round_trip ... ok
[INFO] [stdout] test tests::integration_tests::eckert_vi_round_trip ... ok
[INFO] [stdout] test tests::integration_tests::equirectangular_round_trip ... ok
[INFO] [stdout] test tests::integration_tests::euler_round_trip ... ok
[INFO] [stdout] test tests::integration_tests::fahey_round_trip ... ok
[INFO] [stdout] test tests::integration_tests::foucaut_round_trip ... ok
[INFO] [stdout] test tests::integration_tests::gall_peters_round_trip ... ok
[INFO] [stdout] test tests::integration_tests::gall_stereographic_round_trip ... ok
[INFO] [stdout] test tests::integration_tests::datum_builder_with_ntv2_hierarchy_sets_transform ... ok
[INFO] [stdout] test tests::integration_tests::eckert_ii_round_trip ... ok
[INFO] [stdout] test tests::integration_tests::gnomonic_far_side_error ... ok
[INFO] [stdout] test tests::integration_tests::grid_registry_register_get_has_unregister ... ok
[INFO] [stdout] test tests::integration_tests::hatano_round_trip ... ok
[INFO] [stdout] test tests::integration_tests::hobo_dyer_round_trip ... ok
[INFO] [stdout] test tests::integration_tests::kavrayskiy_v_round_trip ... ok
[INFO] [stdout] test tests::integration_tests::kavrayskiy_vii_round_trip ... ok
[INFO] [stdout] test tests::integration_tests::gnomonic_round_trip ... ok
[INFO] [stdout] test tests::integration_tests::lagrange_round_trip ... ok
[INFO] [stdout] test tests::integration_tests::lcc_one_standard_parallel ... ok
[INFO] [stdout] test tests::integration_tests::lcc_two_standard_parallels_round_trip ... ok
[INFO] [stdout] test tests::integration_tests::loximuthal_round_trip ... ok
[INFO] [stdout] test tests::integration_tests::mbt_fps_round_trip ... ok
[INFO] [stdout] test tests::integration_tests::mbt_s_round_trip ... ok
[INFO] [stdout] test tests::integration_tests::mbtfpp_round_trip ... ok
[INFO] [stdout] test tests::integration_tests::mbtfpq_round_trip ... ok
[INFO] [stdout] test tests::integration_tests::mercator_round_trip ... ok
[INFO] [stdout] test tests::integration_tests::miller_cylindrical_round_trip ... ok
[INFO] [stdout] test tests::integration_tests::mollweide_round_trip ... ok
[INFO] [stdout] test tests::integration_tests::hammer_round_trip ... ok
[INFO] [stdout] test tests::integration_tests::murdoch_i_round_trip ... ok
[INFO] [stdout] test tests::integration_tests::murdoch_ii_round_trip ... ok
[INFO] [stdout] test tests::integration_tests::murdoch_iii_round_trip ... ok
[INFO] [stdout] test tests::integration_tests::natural_earth_ii_round_trip ... ok
[INFO] [stdout] test tests::integration_tests::nell_hammer_round_trip ... ok
[INFO] [stdout] test tests::integration_tests::ntv2_hierarchy_introspection_reports_selected_subgrid ... ok
[INFO] [stdout] test tests::integration_tests::natural_earth_round_trip ... ok
[INFO] [stdout] test tests::integration_tests::orthographic_far_side_error ... ok
[INFO] [stdout] test tests::integration_tests::nell_round_trip ... ok
[INFO] [stdout] test tests::integration_tests::orthographic_round_trip ... ok
[INFO] [stdout] test tests::integration_tests::patterson_round_trip ... ok
[INFO] [stdout] test tests::integration_tests::perspective_conic_round_trip ... ok
[INFO] [stdout] test tests::integration_tests::putnins_p2_round_trip ... ok
[INFO] [stdout] test tests::integration_tests::putnins_p3_round_trip ... ok
[INFO] [stdout] test tests::integration_tests::putnins_p3p_round_trip ... ok
[INFO] [stdout] test tests::integration_tests::putnins_p4p_round_trip ... ok
[INFO] [stdout] test tests::integration_tests::putnins_p5_round_trip ... ok
[INFO] [stdout] test tests::integration_tests::putnins_p5p_round_trip ... ok
[INFO] [stdout] test tests::integration_tests::putnins_p6_round_trip ... ok
[INFO] [stdout] test tests::integration_tests::putnins_p6p_round_trip ... ok
[INFO] [stdout] test tests::integration_tests::quartic_authalic_round_trip ... ok
[INFO] [stdout] test tests::integration_tests::robinson_round_trip ... ok
[INFO] [stdout] test tests::integration_tests::sinusoidal_round_trip ... ok
[INFO] [stdout] test tests::integration_tests::stereographic_round_trip ... ok
[INFO] [stdout] test tests::integration_tests::times_round_trip ... ok
[INFO] [stdout] test tests::integration_tests::tissot_round_trip ... ok
[INFO] [stdout] test tests::integration_tests::tobler_mercator_round_trip ... ok
[INFO] [stdout] test tests::integration_tests::transverse_cylindrical_equal_area_round_trip ... ok
[INFO] [stdout] test tests::integration_tests::utm_round_trip ... ok
[INFO] [stdout] test tests::integration_tests::polyconic_round_trip ... ok
[INFO] [stdout] test tests::integration_tests::putnins_p1_round_trip ... ok
[INFO] [stdout] test tests::integration_tests::utm_southern_hemisphere ... ok
[INFO] [stdout] test tests::integration_tests::van_der_grinten_round_trip ... ok
[INFO] [stdout] test tests::integration_tests::wagner_i_round_trip ... ok
[INFO] [stdout] test tests::integration_tests::utm_zone32_forward_known ... ok
[INFO] [stdout] test tests::integration_tests::vitkovsky_i_round_trip ... ok
[INFO] [stdout] test tests::integration_tests::wagner_ii_round_trip ... ok
[INFO] [stdout] test tests::integration_tests::wagner_iv_round_trip ... ok
[INFO] [stdout] test tests::integration_tests::wagner_iii_round_trip ... ok
[INFO] [stdout] test tests::integration_tests::web_mercator_equator ... ok
[INFO] [stdout] test tests::integration_tests::web_mercator_out_of_bounds ... ok
[INFO] [stdout] test tests::integration_tests::web_mercator_round_trip ... ok
[INFO] [stdout] test tests::integration_tests::werenskiold_i_round_trip ... ok
[INFO] [stdout] test tests::integration_tests::wagner_vi_round_trip ... ok
[INFO] [stdout] test tests::integration_tests::winkel_i_round_trip ... ok
[INFO] [stdout] test tests::integration_tests::winkel_ii_round_trip ... ok
[INFO] [stdout] test tests::integration_tests::winkel_tripel_round_trip ... ok
[INFO] [stdout] test vertical_grid::tests::load_gtx_big_endian_parses_ok ... ok
[INFO] [stdout] test vertical_grid::tests::bilinear_vertical_offset_sample_midpoint ... ok
[INFO] [stdout] test vertical_grid::tests::load_gtx_little_endian_with_negative_steps_reorders_axes ... ok
[INFO] [stdout] test vertical_grid::tests::load_isg_north_to_south_flips_rows ... ok
[INFO] [stdout] test vertical_grid::tests::load_isg_replaces_nodata_with_zero ... ok
[INFO] [stdout] test vertical_grid::tests::load_isg_south_to_north_preserves_order ... ok
[INFO] [stdout] test vertical_grid::tests::load_simple_header_grid_handles_comments ... ok
[INFO] [stdout] test tests::integration_tests::wagner_v_round_trip ... ok
[INFO] [stdout] test vertical_grid::tests::load_isg_derives_dims_from_extent ... ok
[INFO] [stdout] test vertical_grid::tests::load_simple_header_grid_parses_values ... ok
[INFO] [stdout] test tests::epsg_tests::identify_wkt_report_marks_legacy_csrs_utm_case_as_ambiguous ... ok
[INFO] [stdout] test tests::epsg_tests::identify_wkt_corpus_lenient_and_strict_modes ... ok
[INFO] [stdout] test tests::epsg_tests::identify_wkt_all_manifests_in_corpus_match_expected ... ok
[INFO] [stdout] test tests::epsg_tests::known_epsg_codes_have_wkt ... ok
[INFO] [stdout] test tests::epsg_tests::from_wkt_parses_exporter_methods_for_all_known_codes ... ok
[INFO] [stdout] 
[INFO] [stdout] failures:
[INFO] [stdout] 
[INFO] [stdout] ---- tests::authoritative_tests::us_nsrs2007_to_nad83_2011_template_fixture_is_parseable stdout ----
[INFO] [stdout] 
[INFO] [stdout] thread 'tests::authoritative_tests::us_nsrs2007_to_nad83_2011_template_fixture_is_parseable' (950) panicked at src/tests/authoritative_tests.rs:1063:9:
[INFO] [stdout] expected source EPSG in NSRS2007 state-plane family
[INFO] [stdout] stack backtrace:
[INFO] [stdout]    0:     0x59a3922012a1 - std[617be2ca0a6fd877]::backtrace_rs::backtrace::libunwind::trace
[INFO] [stdout]                                at /rustc/e3feeb59cd1bdd011a2bfcc0747b55125d9b8527/library/std/src/../../backtrace/src/backtrace/libunwind.rs:117:9
[INFO] [stdout]    1:     0x59a3922012a1 - std[617be2ca0a6fd877]::backtrace_rs::backtrace::trace_unsynchronized::<std[617be2ca0a6fd877]::sys::backtrace::_print_fmt::{closure#1}>
[INFO] [stdout]                                at /rustc/e3feeb59cd1bdd011a2bfcc0747b55125d9b8527/library/std/src/../../backtrace/src/backtrace/mod.rs:66:14
[INFO] [stdout]    2:     0x59a3922012a1 - std[617be2ca0a6fd877]::sys::backtrace::_print_fmt
[INFO] [stdout]                                at /rustc/e3feeb59cd1bdd011a2bfcc0747b55125d9b8527/library/std/src/sys/backtrace.rs:74:9
[INFO] [stdout]    3:     0x59a3922012a1 - <<std[617be2ca0a6fd877]::sys::backtrace::BacktraceLock>::print::DisplayBacktrace as core[a373ad73a504971]::fmt::Display>::fmt
[INFO] [stdout]                                at /rustc/e3feeb59cd1bdd011a2bfcc0747b55125d9b8527/library/std/src/sys/backtrace.rs:44:26
[INFO] [stdout]    4:     0x59a39221775a - <core[a373ad73a504971]::fmt::rt::Argument>::fmt
[INFO] [stdout]                                at /rustc/e3feeb59cd1bdd011a2bfcc0747b55125d9b8527/library/core/src/fmt/rt.rs:152:76
[INFO] [stdout]    5:     0x59a39221775a - core[a373ad73a504971]::fmt::write
[INFO] [stdout]    6:     0x59a3922057ac - core[a373ad73a504971]::io::write::default_write_fmt::<alloc[2e1b2a31b91974c5]::vec::Vec<u8>>
[INFO] [stdout]                                at /rustc/e3feeb59cd1bdd011a2bfcc0747b55125d9b8527/library/core/src/io/write.rs:402:11
[INFO] [stdout]    7:     0x59a3922057ac - <alloc[2e1b2a31b91974c5]::vec::Vec<u8> as core[a373ad73a504971]::io::write::Write>::write_fmt
[INFO] [stdout]                                at /rustc/e3feeb59cd1bdd011a2bfcc0747b55125d9b8527/library/core/src/io/write.rs:335:13
[INFO] [stdout]    8:     0x59a3921dc426 - <std[617be2ca0a6fd877]::sys::backtrace::BacktraceLock>::print
[INFO] [stdout]                                at /rustc/e3feeb59cd1bdd011a2bfcc0747b55125d9b8527/library/std/src/sys/backtrace.rs:47:9
[INFO] [stdout]    9:     0x59a3921dc426 - std[617be2ca0a6fd877]::panicking::default_hook::{closure#0}
[INFO] [stdout]                                at /rustc/e3feeb59cd1bdd011a2bfcc0747b55125d9b8527/library/std/src/panicking.rs:289:27
[INFO] [stdout]   10:     0x59a3921f8df9 - std[617be2ca0a6fd877]::panicking::default_hook
[INFO] [stdout]                                at /rustc/e3feeb59cd1bdd011a2bfcc0747b55125d9b8527/library/std/src/panicking.rs:313:9
[INFO] [stdout]   11:     0x59a39218f040 - <alloc[2e1b2a31b91974c5]::boxed::Box<dyn for<'a, 'b> core[a373ad73a504971]::ops::function::Fn<(&'a std[617be2ca0a6fd877]::panic::PanicHookInfo<'b>,), Output = ()> + core[a373ad73a504971]::marker::Sync + core[a373ad73a504971]::marker::Send> as core[a373ad73a504971]::ops::function::Fn<(&std[617be2ca0a6fd877]::panic::PanicHookInfo,)>>::call
[INFO] [stdout]                                at /rustc/e3feeb59cd1bdd011a2bfcc0747b55125d9b8527/library/alloc/src/boxed.rs:2328:9
[INFO] [stdout]   12:     0x59a39218f040 - test[aada8e7e76ba119b]::test_main_inner::{closure#0}
[INFO] [stdout]                                at /rustc/e3feeb59cd1bdd011a2bfcc0747b55125d9b8527/library/test/src/lib.rs:137:21
[INFO] [stdout]   13:     0x59a3921f8fb2 - <alloc[2e1b2a31b91974c5]::boxed::Box<dyn for<'a, 'b> core[a373ad73a504971]::ops::function::Fn<(&'a std[617be2ca0a6fd877]::panic::PanicHookInfo<'b>,), Output = ()> + core[a373ad73a504971]::marker::Sync + core[a373ad73a504971]::marker::Send> as core[a373ad73a504971]::ops::function::Fn<(&std[617be2ca0a6fd877]::panic::PanicHookInfo,)>>::call
[INFO] [stdout]                                at /rustc/e3feeb59cd1bdd011a2bfcc0747b55125d9b8527/library/alloc/src/boxed.rs:2328:9
[INFO] [stdout]   14:     0x59a3921f8fb2 - std[617be2ca0a6fd877]::panicking::panic_with_hook
[INFO] [stdout]                                at /rustc/e3feeb59cd1bdd011a2bfcc0747b55125d9b8527/library/std/src/panicking.rs:819:13
[INFO] [stdout]   15:     0x59a3921dc504 - std[617be2ca0a6fd877]::panicking::panic_handler::{closure#0}
[INFO] [stdout]                                at /rustc/e3feeb59cd1bdd011a2bfcc0747b55125d9b8527/library/std/src/panicking.rs:678:13
[INFO] [stdout]   16:     0x59a3921d4f09 - std[617be2ca0a6fd877]::sys::backtrace::__rust_end_short_backtrace::<std[617be2ca0a6fd877]::panicking::panic_handler::{closure#0}, !>
[INFO] [stdout]                                at /rustc/e3feeb59cd1bdd011a2bfcc0747b55125d9b8527/library/std/src/sys/backtrace.rs:182:18
[INFO] [stdout]   17:     0x59a3921dd0dd - __rustc[ea4f61d10b84890b]::rust_begin_unwind
[INFO] [stdout]                                at /rustc/e3feeb59cd1bdd011a2bfcc0747b55125d9b8527/library/std/src/panicking.rs:676:5
[INFO] [stdout]   18:     0x59a392217f2c - core[a373ad73a504971]::panicking::panic_fmt
[INFO] [stdout]                                at /rustc/e3feeb59cd1bdd011a2bfcc0747b55125d9b8527/library/core/src/panicking.rs:80:14
[INFO] [stdout]   19:     0x59a392061f6d - wbprojection[86ffd76a3946afa1]::tests::authoritative_tests::us_nsrs2007_to_nad83_2011_template_fixture_is_parseable
[INFO] [stdout]                                at /opt/rustwide/workdir/src/tests/authoritative_tests.rs:1063:9
[INFO] [stdout]   20:     0x59a392053717 - wbprojection[86ffd76a3946afa1]::tests::authoritative_tests::us_nsrs2007_to_nad83_2011_template_fixture_is_parseable::{closure#0}
[INFO] [stdout]                                at /opt/rustwide/workdir/src/tests/authoritative_tests.rs:1057:61
[INFO] [stdout]   21:     0x59a39207dd96 - <wbprojection[86ffd76a3946afa1]::tests::authoritative_tests::us_nsrs2007_to_nad83_2011_template_fixture_is_parseable::{closure#0} as core[a373ad73a504971]::ops::function::FnOnce<()>>::call_once
[INFO] [stdout]                                at /rustc/e3feeb59cd1bdd011a2bfcc0747b55125d9b8527/library/core/src/ops/function.rs:250:5
[INFO] [stdout]   22:     0x59a39218248b - <fn() -> core[a373ad73a504971]::result::Result<(), alloc[2e1b2a31b91974c5]::string::String> as core[a373ad73a504971]::ops::function::FnOnce<()>>::call_once
[INFO] [stdout]                                at /rustc/e3feeb59cd1bdd011a2bfcc0747b55125d9b8527/library/core/src/ops/function.rs:250:5
[INFO] [stdout]   23:     0x59a39218248b - test[aada8e7e76ba119b]::__rust_begin_short_backtrace::<core[a373ad73a504971]::result::Result<(), alloc[2e1b2a31b91974c5]::string::String>, fn() -> core[a373ad73a504971]::result::Result<(), alloc[2e1b2a31b91974c5]::string::String>>
[INFO] [stdout]                                at /rustc/e3feeb59cd1bdd011a2bfcc0747b55125d9b8527/library/test/src/lib.rs:701:18
[INFO] [stdout]   24:     0x59a39218f665 - test[aada8e7e76ba119b]::run_test_in_process::{closure#0}
[INFO] [stdout]                                at /rustc/e3feeb59cd1bdd011a2bfcc0747b55125d9b8527/library/test/src/lib.rs:724:74
[INFO] [stdout]   25:     0x59a39218f665 - <core[a373ad73a504971]::panic::unwind_safe::AssertUnwindSafe<test[aada8e7e76ba119b]::run_test_in_process::{closure#0}> as core[a373ad73a504971]::ops::function::FnOnce<()>>::call_once
[INFO] [stdout]                                at /rustc/e3feeb59cd1bdd011a2bfcc0747b55125d9b8527/library/core/src/panic/unwind_safe.rs:275:9
[INFO] [stdout]   26:     0x59a39218f665 - std[617be2ca0a6fd877]::panicking::catch_unwind::do_call::<core[a373ad73a504971]::panic::unwind_safe::AssertUnwindSafe<test[aada8e7e76ba119b]::run_test_in_process::{closure#0}>, core[a373ad73a504971]::result::Result<(), alloc[2e1b2a31b91974c5]::string::String>>
[INFO] [stdout]                                at /rustc/e3feeb59cd1bdd011a2bfcc0747b55125d9b8527/library/std/src/panicking.rs:573:43
[INFO] [stdout]   27:     0x59a39218f665 - std[617be2ca0a6fd877]::panicking::catch_unwind::<core[a373ad73a504971]::result::Result<(), alloc[2e1b2a31b91974c5]::string::String>, core[a373ad73a504971]::panic::unwind_safe::AssertUnwindSafe<test[aada8e7e76ba119b]::run_test_in_process::{closure#0}>>
[INFO] [stdout]                                at /rustc/e3feeb59cd1bdd011a2bfcc0747b55125d9b8527/library/std/src/panicking.rs:541:19
[INFO] [stdout]   28:     0x59a39218f665 - std[617be2ca0a6fd877]::panic::catch_unwind::<core[a373ad73a504971]::panic::unwind_safe::AssertUnwindSafe<test[aada8e7e76ba119b]::run_test_in_process::{closure#0}>, core[a373ad73a504971]::result::Result<(), alloc[2e1b2a31b91974c5]::string::String>>
[INFO] [stdout]                                at /rustc/e3feeb59cd1bdd011a2bfcc0747b55125d9b8527/library/std/src/panic.rs:359:14
[INFO] [stdout]   29:     0x59a39218f665 - test[aada8e7e76ba119b]::run_test_in_process
[INFO] [stdout]                                at /rustc/e3feeb59cd1bdd011a2bfcc0747b55125d9b8527/library/test/src/lib.rs:724:27
[INFO] [stdout]   30:     0x59a39218f665 - test[aada8e7e76ba119b]::run_test::{closure#0}
[INFO] [stdout]                                at /rustc/e3feeb59cd1bdd011a2bfcc0747b55125d9b8527/library/test/src/lib.rs:645:43
[INFO] [stdout]   31:     0x59a392188f54 - test[aada8e7e76ba119b]::run_test::{closure#1}
[INFO] [stdout]                                at /rustc/e3feeb59cd1bdd011a2bfcc0747b55125d9b8527/library/test/src/lib.rs:675:41
[INFO] [stdout]   32:     0x59a392188f54 - std[617be2ca0a6fd877]::sys::backtrace::__rust_begin_short_backtrace::<test[aada8e7e76ba119b]::run_test::{closure#1}, ()>
[INFO] [stdout]                                at /rustc/e3feeb59cd1bdd011a2bfcc0747b55125d9b8527/library/std/src/sys/backtrace.rs:166:18
[INFO] [stdout]   33:     0x59a3921926f2 - std[617be2ca0a6fd877]::thread::lifecycle::spawn_unchecked::<test[aada8e7e76ba119b]::run_test::{closure#1}, ()>::{closure#1}::{closure#0}
[INFO] [stdout]                                at /rustc/e3feeb59cd1bdd011a2bfcc0747b55125d9b8527/library/std/src/thread/lifecycle.rs:70:13
[INFO] [stdout]   34:     0x59a3921926f2 - <core[a373ad73a504971]::panic::unwind_safe::AssertUnwindSafe<std[617be2ca0a6fd877]::thread::lifecycle::spawn_unchecked<test[aada8e7e76ba119b]::run_test::{closure#1}, ()>::{closure#1}::{closure#0}> as core[a373ad73a504971]::ops::function::FnOnce<()>>::call_once
[INFO] [stdout]                                at /rustc/e3feeb59cd1bdd011a2bfcc0747b55125d9b8527/library/core/src/panic/unwind_safe.rs:275:9
[INFO] [stdout]   35:     0x59a3921926f2 - std[617be2ca0a6fd877]::panicking::catch_unwind::do_call::<core[a373ad73a504971]::panic::unwind_safe::AssertUnwindSafe<std[617be2ca0a6fd877]::thread::lifecycle::spawn_unchecked<test[aada8e7e76ba119b]::run_test::{closure#1}, ()>::{closure#1}::{closure#0}>, ()>
[INFO] [stdout]                                at /rustc/e3feeb59cd1bdd011a2bfcc0747b55125d9b8527/library/std/src/panicking.rs:573:43
[INFO] [stdout]   36:     0x59a3921926f2 - std[617be2ca0a6fd877]::panicking::catch_unwind::<(), core[a373ad73a504971]::panic::unwind_safe::AssertUnwindSafe<std[617be2ca0a6fd877]::thread::lifecycle::spawn_unchecked<test[aada8e7e76ba119b]::run_test::{closure#1}, ()>::{closure#1}::{closure#0}>>
[INFO] [stdout]                                at /rustc/e3feeb59cd1bdd011a2bfcc0747b55125d9b8527/library/std/src/panicking.rs:541:19
[INFO] [stdout]   37:     0x59a3921926f2 - std[617be2ca0a6fd877]::panic::catch_unwind::<core[a373ad73a504971]::panic::unwind_safe::AssertUnwindSafe<std[617be2ca0a6fd877]::thread::lifecycle::spawn_unchecked<test[aada8e7e76ba119b]::run_test::{closure#1}, ()>::{closure#1}::{closure#0}>, ()>
[INFO] [stdout]                                at /rustc/e3feeb59cd1bdd011a2bfcc0747b55125d9b8527/library/std/src/panic.rs:359:14
[INFO] [stdout]   38:     0x59a3921926f2 - std[617be2ca0a6fd877]::thread::lifecycle::spawn_unchecked::<test[aada8e7e76ba119b]::run_test::{closure#1}, ()>::{closure#1}
[INFO] [stdout]                                at /rustc/e3feeb59cd1bdd011a2bfcc0747b55125d9b8527/library/std/src/thread/lifecycle.rs:68:26
[INFO] [stdout]   39:     0x59a3921926f2 - <std[617be2ca0a6fd877]::thread::lifecycle::spawn_unchecked<test[aada8e7e76ba119b]::run_test::{closure#1}, ()>::{closure#1} as core[a373ad73a504971]::ops::function::FnOnce<()>>::call_once::{shim:vtable#0}
[INFO] [stdout]                                at /rustc/e3feeb59cd1bdd011a2bfcc0747b55125d9b8527/library/core/src/ops/function.rs:250:5
[INFO] [stdout]   40:     0x59a3922002af - <alloc[2e1b2a31b91974c5]::boxed::Box<dyn core[a373ad73a504971]::ops::function::FnOnce<(), Output = ()> + core[a373ad73a504971]::marker::Send> as core[a373ad73a504971]::ops::function::FnOnce<()>>::call_once
[INFO] [stdout]                                at /rustc/e3feeb59cd1bdd011a2bfcc0747b55125d9b8527/library/alloc/src/boxed.rs:2314:9
[INFO] [stdout]   41:     0x59a3922002af - <std[617be2ca0a6fd877]::sys::thread::unix::Thread>::new::thread_start
[INFO] [stdout]                                at /rustc/e3feeb59cd1bdd011a2bfcc0747b55125d9b8527/library/std/src/sys/thread/unix.rs:127:17
[INFO] [stdout]   42:     0x7d759f6eadfa - <unknown>
[INFO] [stdout]   43:     0x7d759f77e3d4 - clone
[INFO] [stdout]   44:                0x0 - <unknown>
[INFO] [stdout] 
[INFO] [stdout] ---- tests::epsg_tests::epsg_csrs_utm_active_and_realization_codes_roundtrip stdout ----
[INFO] [stdout] 
[INFO] [stdout] thread 'tests::epsg_tests::epsg_csrs_utm_active_and_realization_codes_roundtrip' (1159) panicked at src/tests/epsg_tests.rs:1206:9:
[INFO] [stdout] EPSG:22521 datum
[INFO] [stdout] stack backtrace:
[INFO] [stdout]    0:     0x59a3922012a1 - std[617be2ca0a6fd877]::backtrace_rs::backtrace::libunwind::trace
[INFO] [stdout]                                at /rustc/e3feeb59cd1bdd011a2bfcc0747b55125d9b8527/library/std/src/../../backtrace/src/backtrace/libunwind.rs:117:9
[INFO] [stdout]    1:     0x59a3922012a1 - std[617be2ca0a6fd877]::backtrace_rs::backtrace::trace_unsynchronized::<std[617be2ca0a6fd877]::sys::backtrace::_print_fmt::{closure#1}>
[INFO] [stdout]                                at /rustc/e3feeb59cd1bdd011a2bfcc0747b55125d9b8527/library/std/src/../../backtrace/src/backtrace/mod.rs:66:14
[INFO] [stdout]    2:     0x59a3922012a1 - std[617be2ca0a6fd877]::sys::backtrace::_print_fmt
[INFO] [stdout]                                at /rustc/e3feeb59cd1bdd011a2bfcc0747b55125d9b8527/library/std/src/sys/backtrace.rs:74:9
[INFO] [stdout]    3:     0x59a3922012a1 - <<std[617be2ca0a6fd877]::sys::backtrace::BacktraceLock>::print::DisplayBacktrace as core[a373ad73a504971]::fmt::Display>::fmt
[INFO] [stdout]                                at /rustc/e3feeb59cd1bdd011a2bfcc0747b55125d9b8527/library/std/src/sys/backtrace.rs:44:26
[INFO] [stdout]    4:     0x59a39221775a - <core[a373ad73a504971]::fmt::rt::Argument>::fmt
[INFO] [stdout]                                at /rustc/e3feeb59cd1bdd011a2bfcc0747b55125d9b8527/library/core/src/fmt/rt.rs:152:76
[INFO] [stdout]    5:     0x59a39221775a - core[a373ad73a504971]::fmt::write
[INFO] [stdout]    6:     0x59a3922057ac - core[a373ad73a504971]::io::write::default_write_fmt::<alloc[2e1b2a31b91974c5]::vec::Vec<u8>>
[INFO] [stdout]                                at /rustc/e3feeb59cd1bdd011a2bfcc0747b55125d9b8527/library/core/src/io/write.rs:402:11
[INFO] [stdout]    7:     0x59a3922057ac - <alloc[2e1b2a31b91974c5]::vec::Vec<u8> as core[a373ad73a504971]::io::write::Write>::write_fmt
[INFO] [stdout]                                at /rustc/e3feeb59cd1bdd011a2bfcc0747b55125d9b8527/library/core/src/io/write.rs:335:13
[INFO] [stdout]    8:     0x59a3921dc426 - <std[617be2ca0a6fd877]::sys::backtrace::BacktraceLock>::print
[INFO] [stdout]                                at /rustc/e3feeb59cd1bdd011a2bfcc0747b55125d9b8527/library/std/src/sys/backtrace.rs:47:9
[INFO] [stdout]    9:     0x59a3921dc426 - std[617be2ca0a6fd877]::panicking::default_hook::{closure#0}
[INFO] [stdout]                                at /rustc/e3feeb59cd1bdd011a2bfcc0747b55125d9b8527/library/std/src/panicking.rs:289:27
[INFO] [stdout]   10:     0x59a3921f8df9 - std[617be2ca0a6fd877]::panicking::default_hook
[INFO] [stdout]                                at /rustc/e3feeb59cd1bdd011a2bfcc0747b55125d9b8527/library/std/src/panicking.rs:313:9
[INFO] [stdout]   11:     0x59a39218f040 - <alloc[2e1b2a31b91974c5]::boxed::Box<dyn for<'a, 'b> core[a373ad73a504971]::ops::function::Fn<(&'a std[617be2ca0a6fd877]::panic::PanicHookInfo<'b>,), Output = ()> + core[a373ad73a504971]::marker::Sync + core[a373ad73a504971]::marker::Send> as core[a373ad73a504971]::ops::function::Fn<(&std[617be2ca0a6fd877]::panic::PanicHookInfo,)>>::call
[INFO] [stdout]                                at /rustc/e3feeb59cd1bdd011a2bfcc0747b55125d9b8527/library/alloc/src/boxed.rs:2328:9
[INFO] [stdout]   12:     0x59a39218f040 - test[aada8e7e76ba119b]::test_main_inner::{closure#0}
[INFO] [stdout]                                at /rustc/e3feeb59cd1bdd011a2bfcc0747b55125d9b8527/library/test/src/lib.rs:137:21
[INFO] [stdout]   13:     0x59a3921f8fb2 - <alloc[2e1b2a31b91974c5]::boxed::Box<dyn for<'a, 'b> core[a373ad73a504971]::ops::function::Fn<(&'a std[617be2ca0a6fd877]::panic::PanicHookInfo<'b>,), Output = ()> + core[a373ad73a504971]::marker::Sync + core[a373ad73a504971]::marker::Send> as core[a373ad73a504971]::ops::function::Fn<(&std[617be2ca0a6fd877]::panic::PanicHookInfo,)>>::call
[INFO] [stdout]                                at /rustc/e3feeb59cd1bdd011a2bfcc0747b55125d9b8527/library/alloc/src/boxed.rs:2328:9
[INFO] [stdout]   14:     0x59a3921f8fb2 - std[617be2ca0a6fd877]::panicking::panic_with_hook
[INFO] [stdout]                                at /rustc/e3feeb59cd1bdd011a2bfcc0747b55125d9b8527/library/std/src/panicking.rs:819:13
[INFO] [stdout]   15:     0x59a3921dc4d2 - std[617be2ca0a6fd877]::panicking::panic_handler::{closure#0}
[INFO] [stdout]                                at /rustc/e3feeb59cd1bdd011a2bfcc0747b55125d9b8527/library/std/src/panicking.rs:685:13
[INFO] [stdout]   16:     0x59a3921d4f09 - std[617be2ca0a6fd877]::sys::backtrace::__rust_end_short_backtrace::<std[617be2ca0a6fd877]::panicking::panic_handler::{closure#0}, !>
[INFO] [stdout]                                at /rustc/e3feeb59cd1bdd011a2bfcc0747b55125d9b8527/library/std/src/sys/backtrace.rs:182:18
[INFO] [stdout]   17:     0x59a3921dd0dd - __rustc[ea4f61d10b84890b]::rust_begin_unwind
[INFO] [stdout]                                at /rustc/e3feeb59cd1bdd011a2bfcc0747b55125d9b8527/library/std/src/panicking.rs:676:5
[INFO] [stdout]   18:     0x59a392217f2c - core[a373ad73a504971]::panicking::panic_fmt
[INFO] [stdout]                                at /rustc/e3feeb59cd1bdd011a2bfcc0747b55125d9b8527/library/core/src/panicking.rs:80:14
[INFO] [stdout]   19:     0x59a392011c18 - wbprojection[86ffd76a3946afa1]::tests::epsg_tests::epsg_csrs_utm_active_and_realization_codes_roundtrip
[INFO] [stdout]                                at /opt/rustwide/workdir/src/tests/epsg_tests.rs:1206:9
[INFO] [stdout]   20:     0x59a391fbc7c7 - wbprojection[86ffd76a3946afa1]::tests::epsg_tests::epsg_csrs_utm_active_and_realization_codes_roundtrip::{closure#0}
[INFO] [stdout]                                at /opt/rustwide/workdir/src/tests/epsg_tests.rs:1192:58
[INFO] [stdout]   21:     0x59a39207c0d6 - <wbprojection[86ffd76a3946afa1]::tests::epsg_tests::epsg_csrs_utm_active_and_realization_codes_roundtrip::{closure#0} as core[a373ad73a504971]::ops::function::FnOnce<()>>::call_once
[INFO] [stdout]                                at /rustc/e3feeb59cd1bdd011a2bfcc0747b55125d9b8527/library/core/src/ops/function.rs:250:5
[INFO] [stdout]   22:     0x59a39218248b - <fn() -> core[a373ad73a504971]::result::Result<(), alloc[2e1b2a31b91974c5]::string::String> as core[a373ad73a504971]::ops::function::FnOnce<()>>::call_once
[INFO] [stdout]                                at /rustc/e3feeb59cd1bdd011a2bfcc0747b55125d9b8527/library/core/src/ops/function.rs:250:5
[INFO] [stdout]   23:     0x59a39218248b - test[aada8e7e76ba119b]::__rust_begin_short_backtrace::<core[a373ad73a504971]::result::Result<(), alloc[2e1b2a31b91974c5]::string::String>, fn() -> core[a373ad73a504971]::result::Result<(), alloc[2e1b2a31b91974c5]::string::String>>
[INFO] [stdout]                                at /rustc/e3feeb59cd1bdd011a2bfcc0747b55125d9b8527/library/test/src/lib.rs:701:18
[INFO] [stdout]   24:     0x59a39218f665 - test[aada8e7e76ba119b]::run_test_in_process::{closure#0}
[INFO] [stdout]                                at /rustc/e3feeb59cd1bdd011a2bfcc0747b55125d9b8527/library/test/src/lib.rs:724:74
[INFO] [stdout]   25:     0x59a39218f665 - <core[a373ad73a504971]::panic::unwind_safe::AssertUnwindSafe<test[aada8e7e76ba119b]::run_test_in_process::{closure#0}> as core[a373ad73a504971]::ops::function::FnOnce<()>>::call_once
[INFO] [stdout]                                at /rustc/e3feeb59cd1bdd011a2bfcc0747b55125d9b8527/library/core/src/panic/unwind_safe.rs:275:9
[INFO] [stdout]   26:     0x59a39218f665 - std[617be2ca0a6fd877]::panicking::catch_unwind::do_call::<core[a373ad73a504971]::panic::unwind_safe::AssertUnwindSafe<test[aada8e7e76ba119b]::run_test_in_process::{closure#0}>, core[a373ad73a504971]::result::Result<(), alloc[2e1b2a31b91974c5]::string::String>>
[INFO] [stdout]                                at /rustc/e3feeb59cd1bdd011a2bfcc0747b55125d9b8527/library/std/src/panicking.rs:573:43
[INFO] [stdout]   27:     0x59a39218f665 - std[617be2ca0a6fd877]::panicking::catch_unwind::<core[a373ad73a504971]::result::Result<(), alloc[2e1b2a31b91974c5]::string::String>, core[a373ad73a504971]::panic::unwind_safe::AssertUnwindSafe<test[aada8e7e76ba119b]::run_test_in_process::{closure#0}>>
[INFO] [stdout]                                at /rustc/e3feeb59cd1bdd011a2bfcc0747b55125d9b8527/library/std/src/panicking.rs:541:19
[INFO] [stdout]   28:     0x59a39218f665 - std[617be2ca0a6fd877]::panic::catch_unwind::<core[a373ad73a504971]::panic::unwind_safe::AssertUnwindSafe<test[aada8e7e76ba119b]::run_test_in_process::{closure#0}>, core[a373ad73a504971]::result::Result<(), alloc[2e1b2a31b91974c5]::string::String>>
[INFO] [stdout]                                at /rustc/e3feeb59cd1bdd011a2bfcc0747b55125d9b8527/library/std/src/panic.rs:359:14
[INFO] [stdout]   29:     0x59a39218f665 - test[aada8e7e76ba119b]::run_test_in_process
[INFO] [stdout]                                at /rustc/e3feeb59cd1bdd011a2bfcc0747b55125d9b8527/library/test/src/lib.rs:724:27
[INFO] [stdout]   30:     0x59a39218f665 - test[aada8e7e76ba119b]::run_test::{closure#0}
[INFO] [stdout]                                at /rustc/e3feeb59cd1bdd011a2bfcc0747b55125d9b8527/library/test/src/lib.rs:645:43
[INFO] [stdout]   31:     0x59a392188f54 - test[aada8e7e76ba119b]::run_test::{closure#1}
[INFO] [stdout]                                at /rustc/e3feeb59cd1bdd011a2bfcc0747b55125d9b8527/library/test/src/lib.rs:675:41
[INFO] [stdout]   32:     0x59a392188f54 - std[617be2ca0a6fd877]::sys::backtrace::__rust_begin_short_backtrace::<test[aada8e7e76ba119b]::run_test::{closure#1}, ()>
[INFO] [stdout]                                at /rustc/e3feeb59cd1bdd011a2bfcc0747b55125d9b8527/library/std/src/sys/backtrace.rs:166:18
[INFO] [stdout]   33:     0x59a3921926f2 - std[617be2ca0a6fd877]::thread::lifecycle::spawn_unchecked::<test[aada8e7e76ba119b]::run_test::{closure#1}, ()>::{closure#1}::{closure#0}
[INFO] [stdout]                                at /rustc/e3feeb59cd1bdd011a2bfcc0747b55125d9b8527/library/std/src/thread/lifecycle.rs:70:13
[INFO] [stdout]   34:     0x59a3921926f2 - <core[a373ad73a504971]::panic::unwind_safe::AssertUnwindSafe<std[617be2ca0a6fd877]::thread::lifecycle::spawn_unchecked<test[aada8e7e76ba119b]::run_test::{closure#1}, ()>::{closure#1}::{closure#0}> as core[a373ad73a504971]::ops::function::FnOnce<()>>::call_once
[INFO] [stdout]                                at /rustc/e3feeb59cd1bdd011a2bfcc0747b55125d9b8527/library/core/src/panic/unwind_safe.rs:275:9
[INFO] [stdout]   35:     0x59a3921926f2 - std[617be2ca0a6fd877]::panicking::catch_unwind::do_call::<core[a373ad73a504971]::panic::unwind_safe::AssertUnwindSafe<std[617be2ca0a6fd877]::thread::lifecycle::spawn_unchecked<test[aada8e7e76ba119b]::run_test::{closure#1}, ()>::{closure#1}::{closure#0}>, ()>
[INFO] [stdout]                                at /rustc/e3feeb59cd1bdd011a2bfcc0747b55125d9b8527/library/std/src/panicking.rs:573:43
[INFO] [stdout]   36:     0x59a3921926f2 - std[617be2ca0a6fd877]::panicking::catch_unwind::<(), core[a373ad73a504971]::panic::unwind_safe::AssertUnwindSafe<std[617be2ca0a6fd877]::thread::lifecycle::spawn_unchecked<test[aada8e7e76ba119b]::run_test::{closure#1}, ()>::{closure#1}::{closure#0}>>
[INFO] [stdout]                                at /rustc/e3feeb59cd1bdd011a2bfcc0747b55125d9b8527/library/std/src/panicking.rs:541:19
[INFO] [stdout]   37:     0x59a3921926f2 - std[617be2ca0a6fd877]::panic::catch_unwind::<core[a373ad73a504971]::panic::unwind_safe::AssertUnwindSafe<std[617be2ca0a6fd877]::thread::lifecycle::spawn_unchecked<test[aada8e7e76ba119b]::run_test::{closure#1}, ()>::{closure#1}::{closure#0}>, ()>
[INFO] [stdout]                                at /rustc/e3feeb59cd1bdd011a2bfcc0747b55125d9b8527/library/std/src/panic.rs:359:14
[INFO] [stdout]   38:     0x59a3921926f2 - std[617be2ca0a6fd877]::thread::lifecycle::spawn_unchecked::<test[aada8e7e76ba119b]::run_test::{closure#1}, ()>::{closure#1}
[INFO] [stdout]                                at /rustc/e3feeb59cd1bdd011a2bfcc0747b55125d9b8527/library/std/src/thread/lifecycle.rs:68:26
[INFO] [stdout]   39:     0x59a3921926f2 - <std[617be2ca0a6fd877]::thread::lifecycle::spawn_unchecked<test[aada8e7e76ba119b]::run_test::{closure#1}, ()>::{closure#1} as core[a373ad73a504971]::ops::function::FnOnce<()>>::call_once::{shim:vtable#0}
[INFO] [stdout]                                at /rustc/e3feeb59cd1bdd011a2bfcc0747b55125d9b8527/library/core/src/ops/function.rs:250:5
[INFO] [stdout]   40:     0x59a3922002af - <alloc[2e1b2a31b91974c5]::boxed::Box<dyn core[a373ad73a504971]::ops::function::FnOnce<(), Output = ()> + core[a373ad73a504971]::marker::Send> as core[a373ad73a504971]::ops::function::FnOnce<()>>::call_once
[INFO] [stdout]                                at /rustc/e3feeb59cd1bdd011a2bfcc0747b55125d9b8527/library/alloc/src/boxed.rs:2314:9
[INFO] [stdout]   41:     0x59a3922002af - <std[617be2ca0a6fd877]::sys::thread::unix::Thread>::new::thread_start
[INFO] [stdout]                                at /rustc/e3feeb59cd1bdd011a2bfcc0747b55125d9b8527/library/std/src/sys/thread/unix.rs:127:17
[INFO] [stdout]   42:     0x7d759f6eadfa - <unknown>
[INFO] [stdout]   43:     0x7d759f77e3d4 - clone
[INFO] [stdout]   44:                0x0 - <unknown>
[INFO] [stdout] 
[INFO] [stdout] 
[INFO] [stdout] failures:
[INFO] [stdout]     tests::authoritative_tests::us_nsrs2007_to_nad83_2011_template_fixture_is_parseable
[INFO] [stdout]     tests::epsg_tests::epsg_csrs_utm_active_and_realization_codes_roundtrip
[INFO] [stdout] 
[INFO] [stdout] test result: FAILED. 627 passed; 2 failed; 0 ignored; 0 measured; 0 filtered out; finished in 5.78s
[INFO] [stdout] 
[INFO] [stderr] error: test failed, to rerun pass `--lib`
[INFO] running `Command { std: "docker" "inspect" "4b942a232d7e101e76b3cf8ba8f6836c33372e3c3628ac8d8dc7df13821ef038", kill_on_drop: false }`
[INFO] running `Command { std: "docker" "rm" "-f" "4b942a232d7e101e76b3cf8ba8f6836c33372e3c3628ac8d8dc7df13821ef038", kill_on_drop: false }`
[INFO] [stdout] 4b942a232d7e101e76b3cf8ba8f6836c33372e3c3628ac8d8dc7df13821ef038
