[INFO] fetching crate waterui-form-derive 0.1.0...
[INFO] testing waterui-form-derive-0.1.0 against 1.99.0-beta.8 for beta-1.100-2
[INFO] extracting crate waterui-form-derive 0.1.0 into /workspace/builds/worker-2-tc1/source
[INFO] started tweaking crates.io crate waterui-form-derive 0.1.0
[INFO] finished tweaking crates.io crate waterui-form-derive 0.1.0
[INFO] tweaked toml for crates.io crate waterui-form-derive 0.1.0 written to /workspace/builds/worker-2-tc1/source/Cargo.toml
[INFO] validating manifest of crates.io crate waterui-form-derive 0.1.0 on toolchain 1.99.0-beta.8
[INFO] running `Command { std: CARGO_HOME="/workspace/cargo-home" RUSTUP_HOME="/workspace/rustup-home" "/workspace/cargo-home/bin/cargo" "+1.99.0-beta.8" "metadata" "--manifest-path" "Cargo.toml" "--no-deps", kill_on_drop: false }`
[INFO] crate crates.io crate waterui-form-derive 0.1.0 already has a lockfile, it will not be regenerated
[INFO] running `Command { std: CARGO_HOME="/workspace/cargo-home" RUSTUP_HOME="/workspace/rustup-home" "/workspace/cargo-home/bin/cargo" "+1.99.0-beta.8" "fetch" "--manifest-path" "Cargo.toml", kill_on_drop: false }`
[INFO] [stderr]     Blocking waiting for file lock on package cache
[INFO] running `Command { std: "docker" "create" "-v" "/var/lib/crater-agent-workspace/builds/worker-2-tc1/source:/opt/rustwide/workdir:ro,Z" "-v" "/var/lib/crater-agent-workspace/builds/worker-2-tc1/target:/opt/rustwide/target:rw,Z" "-v" "/var/lib/crater-agent-workspace/cargo-home:/opt/rustwide/cargo-home:ro,Z" "-v" "/var/lib/crater-agent-workspace/rustup-home:/opt/rustwide/rustup-home:ro,Z" "-m" "1610612736" "--network" "none" "ghcr.io/rust-lang/crates-build-env/linux@sha256:3111399a4047eeb3a02b7a90e478d715f38a8c6669b5c4b49d30a17385265909" "sleep" "infinity", kill_on_drop: false }`
[INFO] [stdout] 81f62793e77c818ab7e84a51739cc8125bc459043520a8339892c942885b1d19
[INFO] running `Command { std: "docker" "start" "81f62793e77c818ab7e84a51739cc8125bc459043520a8339892c942885b1d19", kill_on_drop: false }`
[INFO] running `Command { std: "docker" "inspect" "81f62793e77c818ab7e84a51739cc8125bc459043520a8339892c942885b1d19", kill_on_drop: false }`
[INFO] running `Command { std: "docker" "exec" "-e" "SOURCE_DIR=/opt/rustwide/workdir" "-e" "CARGO_HOME=/opt/rustwide/cargo-home" "-e" "RUSTUP_HOME=/opt/rustwide/rustup-home" "-e" "CARGO_TARGET_DIR=/opt/rustwide/target" "-w" "/opt/rustwide/workdir" "--user" "0:0" "81f62793e77c818ab7e84a51739cc8125bc459043520a8339892c942885b1d19" "/opt/rustwide/cargo-home/bin/cargo" "+1.99.0-beta.8" "metadata" "--no-deps" "--format-version=1", kill_on_drop: false }`
[INFO] running `Command { std: "docker" "inspect" "81f62793e77c818ab7e84a51739cc8125bc459043520a8339892c942885b1d19", kill_on_drop: false }`
[INFO] running `Command { std: "docker" "exec" "-e" "SOURCE_DIR=/opt/rustwide/workdir" "-e" "CARGO_HOME=/opt/rustwide/cargo-home" "-e" "RUSTUP_HOME=/opt/rustwide/rustup-home" "-e" "CARGO_TARGET_DIR=/opt/rustwide/target" "-e" "CARGO_INCREMENTAL=0" "-e" "RUST_BACKTRACE=full" "-e" "RUSTFLAGS=--cap-lints=warn" "-e" "RUSTDOCFLAGS=--cap-lints=warn" "-w" "/opt/rustwide/workdir" "--user" "0:0" "81f62793e77c818ab7e84a51739cc8125bc459043520a8339892c942885b1d19" "/opt/rustwide/cargo-home/bin/cargo" "+1.99.0-beta.8" "build" "--frozen" "--message-format=json", kill_on_drop: false }`
[INFO] [stderr]    Compiling syn v2.0.106
[INFO] [stderr]    Compiling waterui-form-derive v0.1.0 (/opt/rustwide/workdir)
[INFO] [stderr]     Finished `dev` profile [unoptimized + debuginfo] target(s) in 4.36s
[INFO] running `Command { std: "docker" "inspect" "81f62793e77c818ab7e84a51739cc8125bc459043520a8339892c942885b1d19", kill_on_drop: false }`
[INFO] running `Command { std: "docker" "exec" "-e" "SOURCE_DIR=/opt/rustwide/workdir" "-e" "CARGO_HOME=/opt/rustwide/cargo-home" "-e" "RUSTUP_HOME=/opt/rustwide/rustup-home" "-e" "CARGO_TARGET_DIR=/opt/rustwide/target" "-e" "CARGO_INCREMENTAL=0" "-e" "RUST_BACKTRACE=full" "-e" "RUSTFLAGS=--cap-lints=warn" "-e" "RUSTDOCFLAGS=--cap-lints=warn" "-w" "/opt/rustwide/workdir" "--user" "0:0" "81f62793e77c818ab7e84a51739cc8125bc459043520a8339892c942885b1d19" "/opt/rustwide/cargo-home/bin/cargo" "+1.99.0-beta.8" "test" "--frozen" "--no-run" "--message-format=json", kill_on_drop: false }`
[INFO] [stderr]    Compiling waterui-form-derive v0.1.0 (/opt/rustwide/workdir)
[INFO] [stderr]     Finished `test` profile [unoptimized + debuginfo] target(s) in 0.45s
[INFO] running `Command { std: "docker" "inspect" "81f62793e77c818ab7e84a51739cc8125bc459043520a8339892c942885b1d19", kill_on_drop: false }`
[INFO] running `Command { std: "docker" "exec" "-e" "SOURCE_DIR=/opt/rustwide/workdir" "-e" "CARGO_HOME=/opt/rustwide/cargo-home" "-e" "RUSTUP_HOME=/opt/rustwide/rustup-home" "-e" "CARGO_TARGET_DIR=/opt/rustwide/target" "-e" "CARGO_INCREMENTAL=0" "-e" "RUST_BACKTRACE=full" "-e" "RUSTFLAGS=--cap-lints=warn" "-e" "RUSTDOCFLAGS=--cap-lints=warn" "-w" "/opt/rustwide/workdir" "--user" "0:0" "81f62793e77c818ab7e84a51739cc8125bc459043520a8339892c942885b1d19" "/opt/rustwide/cargo-home/bin/cargo" "+1.99.0-beta.8" "test" "--frozen", kill_on_drop: false }`
[INFO] [stderr]     Finished `test` profile [unoptimized + debuginfo] target(s) in 0.03s
[INFO] [stderr]      Running unittests src/lib.rs (/opt/rustwide/target/debug/deps/waterui_form_derive-6b313020628ed38e)
[INFO] [stdout] 
[INFO] [stdout] running 0 tests
[INFO] [stdout] 
[INFO] [stdout] test result: ok. 0 passed; 0 failed; 0 ignored; 0 measured; 0 filtered out; finished in 0.00s
[INFO] [stdout] 
[INFO] [stderr]    Doc-tests waterui_form_derive
[INFO] [stdout] 
[INFO] [stdout] running 2 tests
[INFO] [stdout] test src/lib.rs - form (line 157) ... FAILED
[INFO] [stdout] test src/lib.rs - form (line 178) ... FAILED
[INFO] [stdout] 
[INFO] [stdout] failures:
[INFO] [stdout] 
[INFO] [stdout] ---- src/lib.rs - form (line 157) stdout ----
[INFO] [stdout] error[E0432]: unresolved import `waterui_form`
[INFO] [stdout]    --> src/lib.rs:158:5
[INFO] [stdout]     |
[INFO] [stdout] 158 | use waterui_form::{form, form};
[INFO] [stdout]     |     ^^^^^^^^^^^^ use of unresolved module or unlinked crate `waterui_form`
[INFO] [stdout]     |
[INFO] [stdout]     = help: if you wanted to use a crate named `waterui_form`, use `cargo add waterui_form` to add it to your `Cargo.toml`
[INFO] [stdout] 
[INFO] [stdout] error[E0405]: cannot find trait `View` in this scope
[INFO] [stdout]    --> src/lib.rs:170:26
[INFO] [stdout]     |
[INFO] [stdout] 170 | fn create_form() -> impl View {
[INFO] [stdout]     |                          ^^^^ not found in this scope
[INFO] [stdout] 
[INFO] [stdout] error: aborting due to 2 previous errors
[INFO] [stdout] 
[INFO] [stdout] Some errors have detailed explanations: E0405, E0432.
[INFO] [stdout] For more information about an error, try `rustc --explain E0405`.
[INFO] [stdout] Couldn't compile the test.
[INFO] [stdout] ---- src/lib.rs - form (line 178) stdout ----
[INFO] [stdout] error: cannot find derive macro `FormBuilder` in this scope
[INFO] [stdout]    --> src/lib.rs:179:33
[INFO] [stdout]     |
[INFO] [stdout] 179 | #[derive(Default, Clone, Debug, FormBuilder)]
[INFO] [stdout]     |                                 ^^^^^^^^^^^
[INFO] [stdout] 
[INFO] [stdout] error[E0405]: cannot find trait `Project` in this scope
[INFO] [stdout]    --> src/lib.rs:187:6
[INFO] [stdout]     |
[INFO] [stdout] 187 | impl Project for UserForm {
[INFO] [stdout]     |      ^^^^^^^ not found in this scope
[INFO] [stdout] 
[INFO] [stdout] warning: unexpected `cfg` condition value: `serde`
[INFO] [stdout]    --> src/lib.rs:180:12
[INFO] [stdout]     |
[INFO] [stdout] 180 | #[cfg_attr(feature = "serde", derive(Serialize, Deserialize))]
[INFO] [stdout]     |            ^^^^^^^^^^^^^^^^^ help: remove the condition
[INFO] [stdout]     |
[INFO] [stdout]     = note: no expected values for `feature`
[INFO] [stdout]     = help: consider adding `serde` as a feature in `Cargo.toml`
[INFO] [stdout]     = note: see <https://doc.rust-lang.org/nightly/rustc/check-cfg/cargo-specifics.html> for more information about checking conditional configuration
[INFO] [stdout]     = note: `#[warn(unexpected_cfgs)]` on by default
[INFO] [stdout] 
[INFO] [stdout] error: aborting due to 2 previous errors; 1 warning emitted
[INFO] [stdout] 
[INFO] [stdout] For more information about this error, try `rustc --explain E0405`.
[INFO] [stdout] Couldn't compile the test.
[INFO] [stdout] 
[INFO] [stdout] failures:
[INFO] [stdout]     src/lib.rs - form (line 157)
[INFO] [stdout]     src/lib.rs - form (line 178)
[INFO] [stdout] 
[INFO] [stdout] test result: FAILED. 0 passed; 2 failed; 0 ignored; 0 measured; 0 filtered out; finished in 0.11s
[INFO] [stdout] 
[INFO] [stdout] all doctests ran in 0.20s; merged doctests compilation took 0.09s
[INFO] [stderr] error: doctest failed, to rerun pass `--doc`
[INFO] running `Command { std: "docker" "inspect" "81f62793e77c818ab7e84a51739cc8125bc459043520a8339892c942885b1d19", kill_on_drop: false }`
[INFO] running `Command { std: "docker" "rm" "-f" "81f62793e77c818ab7e84a51739cc8125bc459043520a8339892c942885b1d19", kill_on_drop: false }`
[INFO] [stdout] 81f62793e77c818ab7e84a51739cc8125bc459043520a8339892c942885b1d19
