[INFO] fetching crate wassily-noise 0.2.0...
[INFO] testing wassily-noise-0.2.0 against 1.100.0-beta.1 for beta-1.100-2
[INFO] extracting crate wassily-noise 0.2.0 into /workspace/builds/worker-1-tc2/source
[INFO] started tweaking crates.io crate wassily-noise 0.2.0
[INFO] finished tweaking crates.io crate wassily-noise 0.2.0
[INFO] tweaked toml for crates.io crate wassily-noise 0.2.0 written to /workspace/builds/worker-1-tc2/source/Cargo.toml
[INFO] validating manifest of crates.io crate wassily-noise 0.2.0 on toolchain 1.100.0-beta.1
[INFO] running `Command { std: CARGO_HOME="/workspace/cargo-home" RUSTUP_HOME="/workspace/rustup-home" "/workspace/cargo-home/bin/cargo" "+1.100.0-beta.1" "metadata" "--manifest-path" "Cargo.toml" "--no-deps", kill_on_drop: false }`
[INFO] crate crates.io crate wassily-noise 0.2.0 already has a lockfile, it will not be regenerated
[INFO] running `Command { std: CARGO_HOME="/workspace/cargo-home" RUSTUP_HOME="/workspace/rustup-home" "/workspace/cargo-home/bin/cargo" "+1.100.0-beta.1" "fetch" "--manifest-path" "Cargo.toml", kill_on_drop: false }`
[INFO] [stderr] warning: `package.homepage` is redundant with `package.repository`
[INFO] [stderr]   --> Cargo.toml:35:12
[INFO] [stderr]    |
[INFO] [stderr] 35 | homepage = "https://github.com/jeffreyrosenbluth/wassily/"
[INFO] [stderr]    |            ^^^^^^^^^^^^^^^^^^^^^^^^^^^^^^^^^^^^^^^^^^^^^^^
[INFO] [stderr] ...
[INFO] [stderr] 40 | repository = "https://github.com/jeffreyrosenbluth/wassily/"
[INFO] [stderr]    |              -----------------------------------------------
[INFO] [stderr]    |
[INFO] [stderr]    = note: `cargo::redundant_homepage` is set to `warn` by default
[INFO] [stderr] help: consider removing `package.homepage`
[INFO] [stderr] warning: `wassily-noise` (manifest) generated 1 warning
[INFO] running `Command { std: "docker" "create" "-v" "/var/lib/crater-agent-workspace/builds/worker-1-tc2/source:/opt/rustwide/workdir:ro,Z" "-v" "/var/lib/crater-agent-workspace/builds/worker-1-tc2/target:/opt/rustwide/target:rw,Z" "-v" "/var/lib/crater-agent-workspace/cargo-home:/opt/rustwide/cargo-home:ro,Z" "-v" "/var/lib/crater-agent-workspace/rustup-home:/opt/rustwide/rustup-home:ro,Z" "-m" "1610612736" "--network" "none" "ghcr.io/rust-lang/crates-build-env/linux@sha256:3111399a4047eeb3a02b7a90e478d715f38a8c6669b5c4b49d30a17385265909" "sleep" "infinity", kill_on_drop: false }`
[INFO] [stdout] 25e71940349b6a45f67d077c58bccbaea28986262f7b92477d225228837fbe35
[INFO] running `Command { std: "docker" "start" "25e71940349b6a45f67d077c58bccbaea28986262f7b92477d225228837fbe35", kill_on_drop: false }`
[INFO] running `Command { std: "docker" "inspect" "25e71940349b6a45f67d077c58bccbaea28986262f7b92477d225228837fbe35", kill_on_drop: false }`
[INFO] running `Command { std: "docker" "exec" "-e" "SOURCE_DIR=/opt/rustwide/workdir" "-e" "CARGO_HOME=/opt/rustwide/cargo-home" "-e" "RUSTUP_HOME=/opt/rustwide/rustup-home" "-e" "CARGO_TARGET_DIR=/opt/rustwide/target" "-w" "/opt/rustwide/workdir" "--user" "0:0" "25e71940349b6a45f67d077c58bccbaea28986262f7b92477d225228837fbe35" "/opt/rustwide/cargo-home/bin/cargo" "+1.100.0-beta.1" "metadata" "--no-deps" "--format-version=1", kill_on_drop: false }`
[INFO] running `Command { std: "docker" "inspect" "25e71940349b6a45f67d077c58bccbaea28986262f7b92477d225228837fbe35", kill_on_drop: false }`
[INFO] running `Command { std: "docker" "exec" "-e" "SOURCE_DIR=/opt/rustwide/workdir" "-e" "CARGO_HOME=/opt/rustwide/cargo-home" "-e" "RUSTUP_HOME=/opt/rustwide/rustup-home" "-e" "CARGO_TARGET_DIR=/opt/rustwide/target" "-e" "CARGO_INCREMENTAL=0" "-e" "RUST_BACKTRACE=full" "-e" "RUSTFLAGS=--cap-lints=warn" "-e" "RUSTDOCFLAGS=--cap-lints=warn" "-w" "/opt/rustwide/workdir" "--user" "0:0" "25e71940349b6a45f67d077c58bccbaea28986262f7b92477d225228837fbe35" "/opt/rustwide/cargo-home/bin/cargo" "+1.100.0-beta.1" "build" "--frozen" "--message-format=json", kill_on_drop: false }`
[INFO] [stderr] warning: `package.homepage` is redundant with `package.repository`
[INFO] [stderr]   --> Cargo.toml:35:12
[INFO] [stderr]    |
[INFO] [stderr] 35 | homepage = "https://github.com/jeffreyrosenbluth/wassily/"
[INFO] [stderr]    |            ^^^^^^^^^^^^^^^^^^^^^^^^^^^^^^^^^^^^^^^^^^^^^^^
[INFO] [stderr] ...
[INFO] [stderr] 40 | repository = "https://github.com/jeffreyrosenbluth/wassily/"
[INFO] [stderr]    |              -----------------------------------------------
[INFO] [stderr]    |
[INFO] [stderr]    = note: `cargo::redundant_homepage` is set to `warn` by default
[INFO] [stderr] help: consider removing `package.homepage`
[INFO] [stderr] warning: `wassily-noise` (manifest) generated 1 warning
[INFO] [stderr]    Compiling syn v2.0.104
[INFO] [stderr]    Compiling cfg-if v1.0.1
[INFO] [stderr]    Compiling rand_core v0.6.4
[INFO] [stderr]    Compiling zerocopy v0.8.26
[INFO] [stderr]    Compiling getrandom v0.3.3
[INFO] [stderr]    Compiling miniz_oxide v0.8.9
[INFO] [stderr]    Compiling built v0.7.7
[INFO] [stderr]    Compiling num-traits v0.2.19
[INFO] [stderr]    Compiling phf_shared v0.11.3
[INFO] [stderr]    Compiling nom v7.1.3
[INFO] [stderr]    Compiling itertools v0.12.1
[INFO] [stderr]    Compiling simd_helpers v0.1.0
[INFO] [stderr]    Compiling bitstream-io v2.6.0
[INFO] [stderr]    Compiling weezl v0.1.10
[INFO] [stderr]    Compiling rayon-core v1.12.1
[INFO] [stderr]    Compiling noop_proc_macro v0.3.0
[INFO] [stderr]    Compiling crc32fast v1.5.0
[INFO] [stderr]    Compiling new_debug_unreachable v1.0.6
[INFO] [stderr]    Compiling rand v0.8.5
[INFO] [stderr]    Compiling imgref v1.11.0
[INFO] [stderr]    Compiling half v2.6.0
[INFO] [stderr]    Compiling avif-serialize v0.8.5
[INFO] [stderr]    Compiling zune-inflate v0.2.54
[INFO] [stderr]    Compiling loop9 v0.1.5
[INFO] [stderr]    Compiling rgb v0.8.52
[INFO] [stderr]    Compiling phf_generator v0.11.3
[INFO] [stderr]    Compiling rand_core v0.9.3
[INFO] [stderr]    Compiling rav1e v0.7.1
[INFO] [stderr]    Compiling palette v0.7.6
[INFO] [stderr]    Compiling bit_field v0.10.2
[INFO] [stderr]    Compiling lebe v0.5.2
[INFO] [stderr]    Compiling zune-core v0.4.12
[INFO] [stderr]    Compiling jpeg-decoder v0.3.2
[INFO] [stderr]    Compiling rayon v1.10.0
[INFO] [stderr]    Compiling bytemuck v1.23.1
[INFO] [stderr]    Compiling image-webp v0.2.3
[INFO] [stderr]    Compiling gif v0.13.3
[INFO] [stderr]    Compiling num-integer v0.1.46
[INFO] [stderr]    Compiling zune-jpeg v0.4.19
[INFO] [stderr]    Compiling approx v0.5.1
[INFO] [stderr]    Compiling qoi v0.4.1
[INFO] [stderr]    Compiling rand_xorshift v0.3.0
[INFO] [stderr]    Compiling flate2 v1.1.2
[INFO] [stderr]    Compiling exr v1.73.0
[INFO] [stderr]    Compiling num-bigint v0.4.6
[INFO] [stderr]    Compiling noise v0.9.0
[INFO] [stderr]    Compiling png v0.17.16
[INFO] [stderr]    Compiling tiff v0.9.1
[INFO] [stderr]    Compiling ppv-lite86 v0.2.21
[INFO] [stderr]    Compiling maybe-rayon v0.1.1
[INFO] [stderr]    Compiling rand_chacha v0.9.0
[INFO] [stderr]    Compiling num-rational v0.4.2
[INFO] [stderr]    Compiling rand v0.9.1
[INFO] [stderr]    Compiling rand_distr v0.5.1
[INFO] [stderr]    Compiling equator-macro v0.4.2
[INFO] [stderr]    Compiling thiserror-impl v1.0.69
[INFO] [stderr]    Compiling profiling-procmacros v1.0.17
[INFO] [stderr]    Compiling arg_enum_proc_macro v0.3.4
[INFO] [stderr]    Compiling num-derive v0.4.2
[INFO] [stderr]    Compiling phf_macros v0.11.3
[INFO] [stderr]    Compiling palette_derive v0.7.6
[INFO] [stderr]    Compiling profiling v1.0.17
[INFO] [stderr]    Compiling phf v0.11.3
[INFO] [stderr]    Compiling equator v0.4.2
[INFO] [stderr]    Compiling thiserror v1.0.69
[INFO] [stderr]    Compiling aligned-vec v0.6.4
[INFO] [stderr]    Compiling v_frame v0.3.9
[INFO] [stderr]    Compiling av1-grain v0.2.4
[INFO] [stderr]    Compiling ravif v0.11.20
[INFO] [stderr]    Compiling image v0.25.6
[INFO] [stderr]    Compiling wassily-noise v0.2.0 (/opt/rustwide/workdir)
[INFO] [stderr] warning: unused dependency `rand_distr`
[INFO] [stderr]   --> Cargo.toml:17:15
[INFO] [stderr]    |
[INFO] [stderr] 17 | [dependencies.rand_distr]
[INFO] [stderr]    |               ^^^^^^^^^^^
[INFO] [stderr]    |
[INFO] [stderr]    = note: `cargo::unused_dependencies` is set to `warn` by default
[INFO] [stderr] help: consider removing the dependency on `rand_distr`
[INFO] [stderr] warning: `wassily-noise` (manifest) generated 1 warning
[INFO] [stderr]     Finished `dev` profile [unoptimized + debuginfo] target(s) in 37.85s
[INFO] running `Command { std: "docker" "inspect" "25e71940349b6a45f67d077c58bccbaea28986262f7b92477d225228837fbe35", kill_on_drop: false }`
[INFO] running `Command { std: "docker" "exec" "-e" "SOURCE_DIR=/opt/rustwide/workdir" "-e" "CARGO_HOME=/opt/rustwide/cargo-home" "-e" "RUSTUP_HOME=/opt/rustwide/rustup-home" "-e" "CARGO_TARGET_DIR=/opt/rustwide/target" "-e" "CARGO_INCREMENTAL=0" "-e" "RUST_BACKTRACE=full" "-e" "RUSTFLAGS=--cap-lints=warn" "-e" "RUSTDOCFLAGS=--cap-lints=warn" "-w" "/opt/rustwide/workdir" "--user" "0:0" "25e71940349b6a45f67d077c58bccbaea28986262f7b92477d225228837fbe35" "/opt/rustwide/cargo-home/bin/cargo" "+1.100.0-beta.1" "test" "--frozen" "--no-run" "--message-format=json", kill_on_drop: false }`
[INFO] [stderr] warning: `package.homepage` is redundant with `package.repository`
[INFO] [stderr]   --> Cargo.toml:35:12
[INFO] [stderr]    |
[INFO] [stderr] 35 | homepage = "https://github.com/jeffreyrosenbluth/wassily/"
[INFO] [stderr]    |            ^^^^^^^^^^^^^^^^^^^^^^^^^^^^^^^^^^^^^^^^^^^^^^^
[INFO] [stderr] ...
[INFO] [stderr] 40 | repository = "https://github.com/jeffreyrosenbluth/wassily/"
[INFO] [stderr]    |              -----------------------------------------------
[INFO] [stderr]    |
[INFO] [stderr]    = note: `cargo::redundant_homepage` is set to `warn` by default
[INFO] [stderr] help: consider removing `package.homepage`
[INFO] [stderr] warning: `wassily-noise` (manifest) generated 1 warning
[INFO] [stderr]    Compiling wassily-noise v0.2.0 (/opt/rustwide/workdir)
[INFO] [stderr] warning: unused dependency `rand_distr`
[INFO] [stderr]   --> Cargo.toml:17:15
[INFO] [stderr]    |
[INFO] [stderr] 17 | [dependencies.rand_distr]
[INFO] [stderr]    |               ^^^^^^^^^^^
[INFO] [stderr]    |
[INFO] [stderr]    = note: `cargo::unused_dependencies` is set to `warn` by default
[INFO] [stderr] help: consider removing the dependency on `rand_distr`
[INFO] [stderr] warning: `wassily-noise` (manifest) generated 1 warning
[INFO] [stderr]     Finished `test` profile [unoptimized + debuginfo] target(s) in 0.71s
[INFO] running `Command { std: "docker" "inspect" "25e71940349b6a45f67d077c58bccbaea28986262f7b92477d225228837fbe35", kill_on_drop: false }`
[INFO] running `Command { std: "docker" "exec" "-e" "SOURCE_DIR=/opt/rustwide/workdir" "-e" "CARGO_HOME=/opt/rustwide/cargo-home" "-e" "RUSTUP_HOME=/opt/rustwide/rustup-home" "-e" "CARGO_TARGET_DIR=/opt/rustwide/target" "-e" "CARGO_INCREMENTAL=0" "-e" "RUST_BACKTRACE=full" "-e" "RUSTFLAGS=--cap-lints=warn" "-e" "RUSTDOCFLAGS=--cap-lints=warn" "-w" "/opt/rustwide/workdir" "--user" "0:0" "25e71940349b6a45f67d077c58bccbaea28986262f7b92477d225228837fbe35" "/opt/rustwide/cargo-home/bin/cargo" "+1.100.0-beta.1" "test" "--frozen", kill_on_drop: false }`
[INFO] [stderr] warning: `package.homepage` is redundant with `package.repository`
[INFO] [stderr]   --> Cargo.toml:35:12
[INFO] [stderr]    |
[INFO] [stderr] 35 | homepage = "https://github.com/jeffreyrosenbluth/wassily/"
[INFO] [stderr]    |            ^^^^^^^^^^^^^^^^^^^^^^^^^^^^^^^^^^^^^^^^^^^^^^^
[INFO] [stderr] ...
[INFO] [stderr] 40 | repository = "https://github.com/jeffreyrosenbluth/wassily/"
[INFO] [stderr]    |              -----------------------------------------------
[INFO] [stderr]    |
[INFO] [stderr]    = note: `cargo::redundant_homepage` is set to `warn` by default
[INFO] [stderr] help: consider removing `package.homepage`
[INFO] [stderr] warning: `wassily-noise` (manifest) generated 1 warning
[INFO] [stderr] warning: unused dependency `rand_distr`
[INFO] [stderr]   --> Cargo.toml:17:15
[INFO] [stderr]    |
[INFO] [stderr] 17 | [dependencies.rand_distr]
[INFO] [stderr]    |               ^^^^^^^^^^^
[INFO] [stderr]    |
[INFO] [stderr]    = note: `cargo::unused_dependencies` is set to `warn` by default
[INFO] [stderr] help: consider removing the dependency on `rand_distr`
[INFO] [stderr] warning: `wassily-noise` (manifest) generated 1 warning
[INFO] [stderr]     Finished `test` profile [unoptimized + debuginfo] target(s) in 0.12s
[INFO] [stderr]      Running unittests src/lib.rs (/opt/rustwide/target/debug/build/wassily-noise/97f6d3c6b2c97c95/out/wassily_noise-97f6d3c6b2c97c95)
[INFO] [stderr]    Doc-tests wassily_noise
[INFO] [stdout] 
[INFO] [stdout] running 0 tests
[INFO] [stdout] 
[INFO] [stdout] test result: ok. 0 passed; 0 failed; 0 ignored; 0 measured; 0 filtered out; finished in 0.00s
[INFO] [stdout] 
[INFO] [stdout] 
[INFO] [stdout] running 7 tests
[INFO] [stdout] test src/lib.rs - NoiseOpts (line 82) - compile ... ok
[INFO] [stdout] test src/curl.rs - curl (line 17) - compile ... FAILED
[INFO] [stdout] test src/lib.rs - (line 43) - compile ... ok
[INFO] [stdout] test src/white.rs - white (line 30) - compile ... FAILED
[INFO] [stdout] test src/lib.rs - (line 26) - compile ... ok
[INFO] [stdout] test src/white.rs - white (line 17) - compile ... FAILED
[INFO] [stdout] test src/gabor.rs - gabor (line 24) - compile ... FAILED
[INFO] [stdout] 
[INFO] [stdout] failures:
[INFO] [stdout] 
[INFO] [stdout] ---- src/curl.rs - curl (line 17) stdout ----
[INFO] [stdout] error[E0425]: cannot find value `x` in this scope
[INFO] [stdout]   --> src/curl.rs:27:35
[INFO] [stdout]    |
[INFO] [stdout] 27 | let flow_vector = curl_noise.get([x, y]);
[INFO] [stdout]    |                                   ^ not found in this scope
[INFO] [stdout] 
[INFO] [stdout] error[E0425]: cannot find value `y` in this scope
[INFO] [stdout]   --> src/curl.rs:27:38
[INFO] [stdout]    |
[INFO] [stdout] 27 | let flow_vector = curl_noise.get([x, y]);
[INFO] [stdout]    |                                      ^ not found in this scope
[INFO] [stdout] 
[INFO] [stdout] error: aborting due to 2 previous errors
[INFO] [stdout] 
[INFO] [stdout] For more information about this error, try `rustc --explain E0425`.
[INFO] [stdout] Couldn't compile the test.
[INFO] [stdout] ---- src/white.rs - white (line 30) stdout ----
[INFO] [stdout] error[E0425]: cannot find function `white2d` in this scope
[INFO] [stdout]   --> src/white.rs:35:23
[INFO] [stdout]    |
[INFO] [stdout] 35 | let random_at_point = white2d(100.0, 200.0);
[INFO] [stdout]    |                       ^^^^^^^ not found in this scope
[INFO] [stdout] 
[INFO] [stdout] error: aborting due to 1 previous error
[INFO] [stdout] 
[INFO] [stdout] For more information about this error, try `rustc --explain E0425`.
[INFO] [stdout] Couldn't compile the test.
[INFO] [stdout] ---- src/white.rs - white (line 17) stdout ----
[INFO] [stdout] error[E0425]: cannot find value `height` in this scope
[INFO] [stdout]   --> src/white.rs:22:13
[INFO] [stdout]    |
[INFO] [stdout] 22 | for y in 0..height {
[INFO] [stdout]    |             ^^^^^^ not found in this scope
[INFO] [stdout] 
[INFO] [stdout] error[E0425]: cannot find value `width` in this scope
[INFO] [stdout]   --> src/white.rs:23:17
[INFO] [stdout]    |
[INFO] [stdout] 23 |     for x in 0..width {
[INFO] [stdout]    |                 ^^^^^ not found in this scope
[INFO] [stdout] 
[INFO] [stdout] error[E0425]: cannot find function `white2d` in this scope
[INFO] [stdout]   --> src/white.rs:24:28
[INFO] [stdout]    |
[INFO] [stdout] 24 |         let random_value = white2d(x as f32, y as f32);
[INFO] [stdout]    |                            ^^^^^^^ not found in this scope
[INFO] [stdout] 
[INFO] [stdout] error: aborting due to 3 previous errors
[INFO] [stdout] 
[INFO] [stdout] For more information about this error, try `rustc --explain E0425`.
[INFO] [stdout] Couldn't compile the test.
[INFO] [stdout] ---- src/gabor.rs - gabor (line 24) stdout ----
[INFO] [stdout] error[E0425]: cannot find value `x` in this scope
[INFO] [stdout]   --> src/gabor.rs:35:38
[INFO] [stdout]    |
[INFO] [stdout] 35 | let texture_value = gabor_noise.get([x, y]);
[INFO] [stdout]    |                                      ^ not found in this scope
[INFO] [stdout] 
[INFO] [stdout] error[E0425]: cannot find value `y` in this scope
[INFO] [stdout]   --> src/gabor.rs:35:41
[INFO] [stdout]    |
[INFO] [stdout] 35 | let texture_value = gabor_noise.get([x, y]);
[INFO] [stdout]    |                                         ^ not found in this scope
[INFO] [stdout] 
[INFO] [stdout] error[E0061]: this function takes 5 arguments but 0 arguments were supplied
[INFO] [stdout]   --> src/gabor.rs:30:19
[INFO] [stdout]    |
[INFO] [stdout] 30 | let gabor_noise = Gabor::new()
[INFO] [stdout]    |                   ^^^^^^^^^^-- multiple arguments are missing
[INFO] [stdout]    |
[INFO] [stdout] note: associated function defined here
[INFO] [stdout]   --> src/gabor.rs:93:12
[INFO] [stdout]    |
[INFO] [stdout] 93 |     pub fn new(k: f64, r: f64, f0: f64, omega0: Option<f64>, impulses_per_kernel: f64) -> Self {
[INFO] [stdout]    |            ^^^
[INFO] [stdout] help: provide the arguments
[INFO] [stdout]    |
[INFO] [stdout] 30 | let gabor_noise = Gabor::new(/* f64 */, /* f64 */, /* f64 */, /* Option<f64> */, /* f64 */)
[INFO] [stdout]    |                              +++++++++++++++++++++++++++++++++++++++++++++++++++++++++++++
[INFO] [stdout] 
[INFO] [stdout] error[E0599]: no method named `freq` found for struct `wassily_noise::Gabor` in the current scope
[INFO] [stdout]   --> src/gabor.rs:31:6
[INFO] [stdout]    |
[INFO] [stdout] 30 | let gabor_noise = Gabor::new()
[INFO] [stdout] 31 |     .freq(0.1)
[INFO] [stdout]    |      ^^^^ method not found in `wassily_noise::Gabor`
[INFO] [stdout] 
[INFO] [stdout] error: aborting due to 4 previous errors
[INFO] [stdout] 
[INFO] [stdout] Some errors have detailed explanations: E0061, E0425, E0599.
[INFO] [stdout] For more information about an error, try `rustc --explain E0061`.
[INFO] [stdout] Couldn't compile the test.
[INFO] [stdout] 
[INFO] [stdout] failures:
[INFO] [stdout]     src/curl.rs - curl (line 17)
[INFO] [stdout]     src/gabor.rs - gabor (line 24)
[INFO] [stdout]     src/white.rs - white (line 17)
[INFO] [stdout]     src/white.rs - white (line 30)
[INFO] [stdout] 
[INFO] [stdout] test result: FAILED. 3 passed; 4 failed; 0 ignored; 0 measured; 0 filtered out; finished in 0.25s
[INFO] [stdout] 
[INFO] [stderr] error: doctest failed, to rerun pass `--doc`
[INFO] running `Command { std: "docker" "inspect" "25e71940349b6a45f67d077c58bccbaea28986262f7b92477d225228837fbe35", kill_on_drop: false }`
[INFO] running `Command { std: "docker" "rm" "-f" "25e71940349b6a45f67d077c58bccbaea28986262f7b92477d225228837fbe35", kill_on_drop: false }`
[INFO] [stdout] 25e71940349b6a45f67d077c58bccbaea28986262f7b92477d225228837fbe35
