[INFO] fetching crate wasserxr 0.2.4...
[INFO] testing wasserxr-0.2.4 against 1.100.0-beta.1 for beta-1.100-2
[INFO] extracting crate wasserxr 0.2.4 into /workspace/builds/worker-6-tc2/source
[INFO] started tweaking crates.io crate wasserxr 0.2.4
[INFO] removed 0 missing tests
[INFO] finished tweaking crates.io crate wasserxr 0.2.4
[INFO] tweaked toml for crates.io crate wasserxr 0.2.4 written to /workspace/builds/worker-6-tc2/source/Cargo.toml
[INFO] validating manifest of crates.io crate wasserxr 0.2.4 on toolchain 1.100.0-beta.1
[INFO] running `Command { std: CARGO_HOME="/workspace/cargo-home" RUSTUP_HOME="/workspace/rustup-home" "/workspace/cargo-home/bin/cargo" "+1.100.0-beta.1" "metadata" "--manifest-path" "Cargo.toml" "--no-deps", kill_on_drop: false }`
[INFO] crate crates.io crate wasserxr 0.2.4 already has a lockfile, it will not be regenerated
[INFO] running `Command { std: CARGO_HOME="/workspace/cargo-home" RUSTUP_HOME="/workspace/rustup-home" "/workspace/cargo-home/bin/cargo" "+1.100.0-beta.1" "fetch" "--manifest-path" "Cargo.toml", kill_on_drop: false }`
[INFO] running `Command { std: "docker" "create" "-v" "/var/lib/crater-agent-workspace/builds/worker-6-tc2/source:/opt/rustwide/workdir:ro,Z" "-v" "/var/lib/crater-agent-workspace/builds/worker-6-tc2/target:/opt/rustwide/target:rw,Z" "-v" "/var/lib/crater-agent-workspace/cargo-home:/opt/rustwide/cargo-home:ro,Z" "-v" "/var/lib/crater-agent-workspace/rustup-home:/opt/rustwide/rustup-home:ro,Z" "-m" "1610612736" "--network" "none" "ghcr.io/rust-lang/crates-build-env/linux@sha256:3111399a4047eeb3a02b7a90e478d715f38a8c6669b5c4b49d30a17385265909" "sleep" "infinity", kill_on_drop: false }`
[INFO] [stdout] a2e446e6e6bb5fd564545726c13f196fa1fa5517ec5e4f407938529fee0c1da4
[INFO] running `Command { std: "docker" "start" "a2e446e6e6bb5fd564545726c13f196fa1fa5517ec5e4f407938529fee0c1da4", kill_on_drop: false }`
[INFO] running `Command { std: "docker" "inspect" "a2e446e6e6bb5fd564545726c13f196fa1fa5517ec5e4f407938529fee0c1da4", kill_on_drop: false }`
[INFO] running `Command { std: "docker" "exec" "-e" "SOURCE_DIR=/opt/rustwide/workdir" "-e" "CARGO_HOME=/opt/rustwide/cargo-home" "-e" "RUSTUP_HOME=/opt/rustwide/rustup-home" "-e" "CARGO_TARGET_DIR=/opt/rustwide/target" "-w" "/opt/rustwide/workdir" "--user" "0:0" "a2e446e6e6bb5fd564545726c13f196fa1fa5517ec5e4f407938529fee0c1da4" "/opt/rustwide/cargo-home/bin/cargo" "+1.100.0-beta.1" "metadata" "--no-deps" "--format-version=1", kill_on_drop: false }`
[INFO] running `Command { std: "docker" "inspect" "a2e446e6e6bb5fd564545726c13f196fa1fa5517ec5e4f407938529fee0c1da4", kill_on_drop: false }`
[INFO] running `Command { std: "docker" "exec" "-e" "SOURCE_DIR=/opt/rustwide/workdir" "-e" "CARGO_HOME=/opt/rustwide/cargo-home" "-e" "RUSTUP_HOME=/opt/rustwide/rustup-home" "-e" "CARGO_TARGET_DIR=/opt/rustwide/target" "-e" "CARGO_INCREMENTAL=0" "-e" "RUST_BACKTRACE=full" "-e" "RUSTFLAGS=--cap-lints=warn" "-e" "RUSTDOCFLAGS=--cap-lints=warn" "-w" "/opt/rustwide/workdir" "--user" "0:0" "a2e446e6e6bb5fd564545726c13f196fa1fa5517ec5e4f407938529fee0c1da4" "/opt/rustwide/cargo-home/bin/cargo" "+1.100.0-beta.1" "build" "--frozen" "--message-format=json", kill_on_drop: false }`
[INFO] [stderr]    Compiling serde_core v1.0.228
[INFO] [stderr]    Compiling quote v1.0.45
[INFO] [stderr]    Compiling getrandom v0.4.2
[INFO] [stderr]    Compiling utf8parse v0.2.2
[INFO] [stderr]    Compiling libc v0.2.186
[INFO] [stderr]    Compiling zmij v1.0.21
[INFO] [stderr]    Compiling anstyle v1.0.14
[INFO] [stderr]    Compiling is_terminal_polyfill v1.70.2
[INFO] [stderr]    Compiling colorchoice v1.0.5
[INFO] [stderr]    Compiling anstyle-query v1.1.5
[INFO] [stderr]    Compiling rustix v1.1.4
[INFO] [stderr]    Compiling serde_json v1.0.150
[INFO] [stderr]    Compiling strsim v0.11.1
[INFO] [stderr]    Compiling clap_lex v1.1.0
[INFO] [stderr]    Compiling winnow v1.0.3
[INFO] [stderr]    Compiling bitflags v2.12.1
[INFO] [stderr]    Compiling anstyle-parse v1.0.0
[INFO] [stderr]    Compiling serde v1.0.228
[INFO] [stderr]    Compiling linux-raw-sys v0.12.1
[INFO] [stderr]    Compiling hashbrown v0.17.1
[INFO] [stderr]    Compiling equivalent v1.0.2
[INFO] [stderr]    Compiling winnow v0.7.15
[INFO] [stderr]    Compiling anstream v1.0.0
[INFO] [stderr]    Compiling fastrand v2.4.1
[INFO] [stderr]    Compiling once_cell v1.21.4
[INFO] [stderr]    Compiling autocfg v1.5.1
[INFO] [stderr]    Compiling memchr v2.8.1
[INFO] [stderr]    Compiling cbindgen v0.29.3
[INFO] [stderr]    Compiling syn v2.0.117
[INFO] [stderr]    Compiling itoa v1.0.18
[INFO] [stderr]    Compiling toml_parser v1.1.2+spec-1.1.0
[INFO] [stderr]    Compiling clap_builder v4.6.0
[INFO] [stderr]    Compiling log v0.4.32
[INFO] [stderr]    Compiling virtue v0.0.18
[INFO] [stderr]    Compiling iana-time-zone v0.1.65
[INFO] [stderr]    Compiling indexmap v2.14.0
[INFO] [stderr]    Compiling unty v0.0.4
[INFO] [stderr]    Compiling num-traits v0.2.19
[INFO] [stderr]    Compiling bincode_derive v2.0.1
[INFO] [stderr]    Compiling chrono v0.4.45
[INFO] [stderr]    Compiling clap v4.6.1
[INFO] [stderr]    Compiling tempfile v3.27.0
[INFO] [stderr]    Compiling toml_datetime v0.7.5+spec-1.1.0
[INFO] [stderr]    Compiling serde_spanned v1.1.1
[INFO] [stderr]    Compiling uuid v1.23.2
[INFO] [stderr]    Compiling toml v0.9.12+spec-1.1.0
[INFO] [stderr]    Compiling serde_derive v1.0.228
[INFO] [stderr]    Compiling wasserxr-macros v0.2.4
[INFO] [stderr]    Compiling bincode v2.0.1
[INFO] [stderr]    Compiling wasserxr v0.2.4 (/opt/rustwide/workdir)
[INFO] [stderr] warning: unused dependency `cbindgen`
[INFO] [stderr]  --> Cargo.toml:1:21
[INFO] [stderr]   |
[INFO] [stderr] 1 | [build-dependencies.cbindgen]
[INFO] [stderr]   |                     ^^^^^^^^^
[INFO] [stderr]   |
[INFO] [stderr]   = note: `cargo::unused_dependencies` is set to `warn` by default
[INFO] [stderr] help: consider removing the dependency on `cbindgen`
[INFO] [stderr] warning: `wasserxr` (manifest) generated 1 warning
[INFO] [stderr]     Finished `dev` profile [unoptimized + debuginfo] target(s) in 22.27s
[INFO] running `Command { std: "docker" "inspect" "a2e446e6e6bb5fd564545726c13f196fa1fa5517ec5e4f407938529fee0c1da4", kill_on_drop: false }`
[INFO] running `Command { std: "docker" "exec" "-e" "SOURCE_DIR=/opt/rustwide/workdir" "-e" "CARGO_HOME=/opt/rustwide/cargo-home" "-e" "RUSTUP_HOME=/opt/rustwide/rustup-home" "-e" "CARGO_TARGET_DIR=/opt/rustwide/target" "-e" "CARGO_INCREMENTAL=0" "-e" "RUST_BACKTRACE=full" "-e" "RUSTFLAGS=--cap-lints=warn" "-e" "RUSTDOCFLAGS=--cap-lints=warn" "-w" "/opt/rustwide/workdir" "--user" "0:0" "a2e446e6e6bb5fd564545726c13f196fa1fa5517ec5e4f407938529fee0c1da4" "/opt/rustwide/cargo-home/bin/cargo" "+1.100.0-beta.1" "test" "--frozen" "--no-run" "--message-format=json", kill_on_drop: false }`
[INFO] [stderr]    Compiling wasserxr v0.2.4 (/opt/rustwide/workdir)
[INFO] [stderr] warning: unused dependency `cbindgen`
[INFO] [stderr]  --> Cargo.toml:1:21
[INFO] [stderr]   |
[INFO] [stderr] 1 | [build-dependencies.cbindgen]
[INFO] [stderr]   |                     ^^^^^^^^^
[INFO] [stderr]   |
[INFO] [stderr]   = note: `cargo::unused_dependencies` is set to `warn` by default
[INFO] [stderr] help: consider removing the dependency on `cbindgen`
[INFO] [stderr] warning: `wasserxr` (manifest) generated 1 warning
[INFO] [stderr]     Finished `test` profile [unoptimized + debuginfo] target(s) in 3.93s
[INFO] running `Command { std: "docker" "inspect" "a2e446e6e6bb5fd564545726c13f196fa1fa5517ec5e4f407938529fee0c1da4", kill_on_drop: false }`
[INFO] running `Command { std: "docker" "exec" "-e" "SOURCE_DIR=/opt/rustwide/workdir" "-e" "CARGO_HOME=/opt/rustwide/cargo-home" "-e" "RUSTUP_HOME=/opt/rustwide/rustup-home" "-e" "CARGO_TARGET_DIR=/opt/rustwide/target" "-e" "CARGO_INCREMENTAL=0" "-e" "RUST_BACKTRACE=full" "-e" "RUSTFLAGS=--cap-lints=warn" "-e" "RUSTDOCFLAGS=--cap-lints=warn" "-w" "/opt/rustwide/workdir" "--user" "0:0" "a2e446e6e6bb5fd564545726c13f196fa1fa5517ec5e4f407938529fee0c1da4" "/opt/rustwide/cargo-home/bin/cargo" "+1.100.0-beta.1" "test" "--frozen", kill_on_drop: false }`
[INFO] [stderr] warning: unused dependency `cbindgen`
[INFO] [stderr]  --> Cargo.toml:1:21
[INFO] [stderr]   |
[INFO] [stderr] 1 | [build-dependencies.cbindgen]
[INFO] [stderr]   |                     ^^^^^^^^^
[INFO] [stderr]   |
[INFO] [stderr]   = note: `cargo::unused_dependencies` is set to `warn` by default
[INFO] [stderr] help: consider removing the dependency on `cbindgen`
[INFO] [stderr] warning: `wasserxr` (manifest) generated 1 warning
[INFO] [stderr]     Finished `test` profile [unoptimized + debuginfo] target(s) in 0.09s
[INFO] [stderr]      Running unittests src/lib.rs (/opt/rustwide/target/debug/build/wasserxr/8e8f94c3028ffb99/out/wasserxr-8e8f94c3028ffb99)
[INFO] [stdout] 
[INFO] [stdout] running 142 tests
[INFO] [stdout] test bindings::schema::tests::component_schema_add_field_accepts_c_values ... ok
[INFO] [stdout] test scene::assets::field::tests::field_get_getter_when_missing ... ok
[INFO] [stdout] test bindings::logging::tests::log_entry_getters_and_render_work ... ok
[INFO] [stdout] test scene::assets::field::tests::field_new ... ok
[INFO] [stdout] test scene::assets::schema::tests::schema_get_field_type ... ok
[INFO] [stdout] test scene::assets::schema::tests::schema_get_getter_for_existing_field ... ok
[INFO] [stdout] test scene::assets::tests::asset_drop_existing_asset ... ok
[INFO] [stdout] test scene::assets::tests::asset_type_create_asset_rejects_null_asset ... ok
[INFO] [stdout] test scene::assets::field::tests::field_get_getter_when_present ... ok
[INFO] [stdout] test scene::assets::tests::asset_type_new_without_creator ... ok
[INFO] [stdout] test scene::assets::schema::tests::schema_get_getter_for_missing_field ... ok
[INFO] [stdout] test bindings::scene::tests::raw_resource_round_trip_and_drop ... ok
[INFO] [stdout] test scene::assets::tests::asset_type_create_asset ... ok
[INFO] [stdout] test scene::assets::tests::asset_type_new_with_static_symbols ... ok
[INFO] [stdout] test bindings::utils::tests::get_asset_path_returns_string ... ok
[INFO] [stdout] test scene::assets::tests::asset_type_new_without_schema ... ok
[INFO] [stdout] test bindings::schema::tests::asset_schema_add_field_accepts_c_values ... ok
[INFO] [stdout] test scene::assets::schema::tests::schema_add_field ... ok
[INFO] [stdout] test bindings::scene::tests::scene_query_returns_field_pointer ... ok
[INFO] [stdout] test bindings::scene::tests::scene_entity_name_round_trip ... ok
[INFO] [stdout] test scene::component::field::tests::field_get_deserializer_when_missing ... ok
[INFO] [stdout] test bindings::scene::tests::scene_error_tracks_failure ... ok
[INFO] [stdout] test scene::component::field::tests::field_is_mutable_when_enabled ... ok
[INFO] [stdout] test scene::component::field::tests::field_get_serializer_when_present ... ok
[INFO] [stdout] test scene::component::field::tests::field_new ... ok
[INFO] [stdout] test scene::component::field::tests::field_render_and_parse_char ... ok
[INFO] [stdout] test scene::component::schema::tests::schema_get_deserializer_for_existing_field ... ok
[INFO] [stdout] test scene::component::field::tests::field_renders_blob_pointer_and_rejects_parse ... ok
[INFO] [stdout] test scene::component::field::tests::field_parse_unsigned_integer_rejects_negative_input ... ok
[INFO] [stdout] test scene::component::field::tests::field_get_serializer_when_missing ... ok
[INFO] [stdout] test scene::component::field::tests::field_is_not_mutable_by_default ... ok
[INFO] [stdout] test scene::component::field::tests::field_get_getter_when_present ... ok
[INFO] [stdout] test scene::component::schema::tests::schema_add_field ... ok
[INFO] [stdout] test scene::component::field::tests::field_render_and_parse_string ... ok
[INFO] [stdout] test scene::component::field::tests::field_get_getter_when_missing ... ok
[INFO] [stdout] test scene::component::field::tests::field_parse_vector_rejects_invalid_input ... ok
[INFO] [stdout] test scene::component::field::tests::field_render_and_parse_f32_vector ... ok
[INFO] [stdout] test scene::component::field::tests::field_render_and_parse_signed_integer ... ok
[INFO] [stdout] test scene::component::field::tests::field_get_deserializer_when_present ... ok
[INFO] [stdout] test scene::component::field::tests::field_render_and_parse_f64_vector ... ok
[INFO] [stdout] test scene::component::field::tests::field_render_and_parse_float ... ok
[INFO] [stdout] test scene::component::field::tests::field_render_and_parse_boolean ... ok
[INFO] [stdout] test scene::component::schema::tests::schema_get_getter_for_missing_field ... ok
[INFO] [stdout] test scene::component::tests::component_new_without_creator ... ok
[INFO] [stdout] test scene::component::tests::component_serialize_round_trip ... ok
[INFO] [stdout] test scene::component::tests::component_get_field_ptr_allows_raw_mutation ... ok
[INFO] [stdout] test scene::entity::tests::entity_get_id_after_name_change ... ok
[INFO] [stdout] test scene::component::tests::component_drop_existing_component ... ok
[INFO] [stdout] test scene::component::schema::tests::schema_is_mutable_for_missing_field ... ok
[INFO] [stdout] test scene::component::schema::tests::schema_get_serializer_for_existing_field ... ok
[INFO] [stdout] test scene::component::tests::component_get_field_ptr_missing_field ... ok
[INFO] [stdout] test scene::component::tests::component_get_field_ptr_existing_field ... ok
[INFO] [stdout] test scene::component::schema::tests::schema_get_getter_for_existing_field ... ok
[INFO] [stdout] test scene::component::schema::tests::schema_is_not_mutable_for_existing_field ... ok
[INFO] [stdout] test scene::component::schema::tests::schema_is_mutable_for_existing_field ... ok
[INFO] [stdout] test scene::plugin::tests::plugin_new_static ... ok
[INFO] [stdout] test scene::component::tests::component_new_with_static_symbols ... ok
[INFO] [stdout] test scene::resource::tests::scene_adds_and_gets_resource ... ok
[INFO] [stdout] test scene::resource::tests::scene_rejects_duplicate_resource ... ok
[INFO] [stdout] test scene::resource::tests::scene_rejects_missing_resource ... ok
[INFO] [stdout] test scene::resource::tests::resource_drops_stored_value ... ok
[INFO] [stdout] test scene::resource::tests::resource_returns_stored_value ... ok
[INFO] [stdout] test scene::entity::tests::entity_serialize_round_trip ... ok
[INFO] [stdout] test scene::serialization::tests::scene_data_rejects_invalid_header ... ok
[INFO] [stdout] test scene::plugin::tests::plugin_get_symbol_for_existing_symbol ... ok
[INFO] [stdout] test scene::plugin::tests::plugin_get_symbol_for_missing_symbol ... ok
[INFO] [stdout] test scene::entity::tests::entity_new ... ok
[INFO] [stdout] test scene::plugin::tests::plugin_new_for_missing_path ... ok
[INFO] [stdout] test scene::plugin::tests::plugin_get_symbol_for_invalid_symbol ... ok
[INFO] [stdout] test scene::resource::tests::scene_resource_survives_reload ... ok
[INFO] [stdout] test scene::entity::tests::entity_set_name ... ok
[INFO] [stdout] test scene::component::tests::component_new_without_destroyer ... ok
[INFO] [stdout] test scene::component::tests::component_reports_field_mutability ... ok
[INFO] [stdout] test scene::tests::scene_deserialize_round_trip ... ok
[INFO] [stdout] test scene::system::tests::system_get_attacher_when_called ... ok
[INFO] [stdout] test scene::tests::scene_deserialize_missing_and_extra_component_fields ... ok
[INFO] [stdout] test scene::system::tests::system_get_detacher_when_called ... ok
[INFO] [stdout] test scene::serialization::tests::scene_data_round_trip ... ok
[INFO] [stdout] test scene::tests::scene_add_component_for_duplicate_component ... ok
[INFO] [stdout] test scene::system::tests::system_new_without_optional_symbols ... ok
[INFO] [stdout] test scene::tests::scene_add_component_for_existing_entity ... ok
[INFO] [stdout] test scene::tests::scene_get_entities ... ok
[INFO] [stdout] test scene::tests::scene_get_plugins ... ok
[INFO] [stdout] test scene::system::tests::system_serialize_round_trip ... ok
[INFO] [stdout] test scene::tests::scene_get_entity_with_component ... ok
[INFO] [stdout] test scene::tests::scene_get_component_fields ... ok
[INFO] [stdout] test scene::tests::scene_component_field_predicates_reject_missing_field ... ok
[INFO] [stdout] test scene::tests::scene_get_system_plugin_id ... ok
[INFO] [stdout] test scene::system::tests::system_new_with_all_symbols ... ok
[INFO] [stdout] test scene::tests::scene_get_component_field_type ... ok
[INFO] [stdout] test scene::system::tests::system_new_without_runner ... ok
[INFO] [stdout] test scene::tests::scene_add_system_for_existing_symbol ... ok
[INFO] [stdout] test scene::tests::scene_deserialize_skips_missing_systems_and_components ... ok
[INFO] [stdout] test scene::tests::scene_get_entity_component_plugin_id_rejects_missing_component ... ok
[INFO] [stdout] test scene::tests::scene_get_entity_components ... ok
[INFO] [stdout] test scene::tests::scene_get_entity_component_plugin_id ... ok
[INFO] [stdout] test scene::tests::scene_get_system_plugin_id_rejects_missing_system ... ok
[INFO] [stdout] test scene::tests::scene_get_system_priority ... ok
[INFO] [stdout] test scene::tests::scene_is_component_field_mutable ... ok
[INFO] [stdout] test scene::tests::scene_query_gets_eight_shared_fields ... ok
[INFO] [stdout] test scene::tests::scene_parse_field_rejects_invalid_value ... ok
[INFO] [stdout] test scene::tests::scene_parse_field_updates_mutable_value ... ok
[INFO] [stdout] test scene::tests::scene_add_entity ... ok
[INFO] [stdout] test scene::tests::scene_query_mut_rejects_non_mutable_field ... ok
[INFO] [stdout] test scene::tests::scene_plugin_lookup_prioritizes_dynamic_plugins_before_static ... ok
[INFO] [stdout] test scene::tests::scene_plugin_lookup_uses_static_when_no_dynamic_plugins_exist ... ok
[INFO] [stdout] test scene::tests::scene_query_gets_mutable_field ... ok
[INFO] [stdout] test scene::tests::scene_is_component_field_string_parsable ... ok
[INFO] [stdout] test scene::tests::scene_query_allows_multiple_shared_queries ... ok
[INFO] [stdout] test scene::tests::scene_reload_reinstantiates_scene_objects ... ok
[INFO] [stdout] test scene::tests::scene_load_missing_file ... ok
[INFO] [stdout] test scene::tests::scene_query_gets_shared_field ... ok
[INFO] [stdout] test scene::tests::scene_query_gets_mutable_and_shared_fields ... ok
[INFO] [stdout] test scene::tests::scene_query_rejects_duplicate_fields ... ok
[INFO] [stdout] test scene::tests::scene_query_rejects_wrong_field_count ... ok
[INFO] [stdout] test scene::tests::scene_parse_field_rejects_immutable_field ... ok
[INFO] [stdout] test scene::tests::scene_get_systems ... ok
[INFO] [stdout] test scene::tests::scene_query_mut_allows_shared_non_mutable_field ... ok
[INFO] [stdout] test scene::tests::scene_query_mut_rejects_wrong_field_count ... ok
[INFO] [stdout] test scene::tests::scene_tick_with_multiple_systems ... ok
[INFO] [stdout] test scene::tests::scene_remove_component_for_existing_component ... ok
[INFO] [stdout] test scene::tests::scene_set_entity_name_for_existing_entity ... ok
[INFO] [stdout] test scene::tests::scene_remove_entity_for_existing_entity ... ok
[INFO] [stdout] test scene::tests::scene_render_field_renders_blob_pointer ... ok
[INFO] [stdout] test scene::tests::scene_render_field_returns_rendered_value ... ok
[INFO] [stdout] test scene::tests::scene_tick_defers_remove_system_until_current_runner_finishes ... ok
[INFO] [stdout] test scene::tests::scene_unload_plugin_for_static_plugin ... ok
[INFO] [stdout] test scene::tests::scene_unload_plugin_destroys_assets_before_components ... ok
[INFO] [stdout] test scene::tests::scene_tick_reloads_when_requested_by_system ... ok
[INFO] [stdout] test scene::tests::scene_tick_loads_when_requested_by_system ... ok
[INFO] [stdout] test scene::tests::scene_reset_with_runtime_state ... ok
[INFO] [stdout] test utils::paths::tests::absolute_path_must_exist ... ok
[INFO] [stdout] test scene::tests::scene_remove_system_for_existing_system ... ok
[INFO] [stdout] test scene::tests::scene_save_and_load_round_trip ... ok
[INFO] [stdout] test utils::strings::tests::raw_pointer_round_trips_when_ownership_is_transferred ... ok
[INFO] [stdout] test scene::tests::scene_unload_plugin_rejects_static_plugin ... ok
[INFO] [stdout] test scene::tests::scene_tick_defers_unload_plugin_until_current_runner_finishes ... ok
[INFO] [stdout] test utils::strings::tests::rejects_interior_nul_bytes ... ok
[INFO] [stdout] test utils::strings::tests::converts_rust_string_pointer ... ok
[INFO] [stdout] test utils::strings::tests::null_pointer_returns_null ... ok
[INFO] [stdout] test utils::paths::tests::relative_path_falls_back_to_current_dir ... ok
[INFO] [stdout] test utils::paths::tests::relative_path_prefers_binary_dir ... FAILED
[INFO] [stdout] 
[INFO] [stdout] failures:
[INFO] [stdout] 
[INFO] [stdout] ---- utils::paths::tests::relative_path_prefers_binary_dir stdout ----
[INFO] [stdout] 
[INFO] [stdout] thread 'utils::paths::tests::relative_path_prefers_binary_dir' (1351) panicked at src/utils/paths.rs:94:37:
[INFO] [stdout] called `Result::unwrap()` on an `Err` value: Os { code: 30, kind: ReadOnlyFilesystem, message: "Read-only file system" }
[INFO] [stdout] stack backtrace:
[INFO] [stdout]    0:     0x5666d670ff11 - std[617be2ca0a6fd877]::backtrace_rs::backtrace::libunwind::trace
[INFO] [stdout]                                at /rustc/e3feeb59cd1bdd011a2bfcc0747b55125d9b8527/library/std/src/../../backtrace/src/backtrace/libunwind.rs:117:9
[INFO] [stdout]    1:     0x5666d670ff11 - std[617be2ca0a6fd877]::backtrace_rs::backtrace::trace_unsynchronized::<std[617be2ca0a6fd877]::sys::backtrace::_print_fmt::{closure#1}>
[INFO] [stdout]                                at /rustc/e3feeb59cd1bdd011a2bfcc0747b55125d9b8527/library/std/src/../../backtrace/src/backtrace/mod.rs:66:14
[INFO] [stdout]    2:     0x5666d670ff11 - std[617be2ca0a6fd877]::sys::backtrace::_print_fmt
[INFO] [stdout]                                at /rustc/e3feeb59cd1bdd011a2bfcc0747b55125d9b8527/library/std/src/sys/backtrace.rs:74:9
[INFO] [stdout]    3:     0x5666d670ff11 - <<std[617be2ca0a6fd877]::sys::backtrace::BacktraceLock>::print::DisplayBacktrace as core[a373ad73a504971]::fmt::Display>::fmt
[INFO] [stdout]                                at /rustc/e3feeb59cd1bdd011a2bfcc0747b55125d9b8527/library/std/src/sys/backtrace.rs:44:26
[INFO] [stdout]    4:     0x5666d6755c8a - <core[a373ad73a504971]::fmt::rt::Argument>::fmt
[INFO] [stdout]                                at /rustc/e3feeb59cd1bdd011a2bfcc0747b55125d9b8527/library/core/src/fmt/rt.rs:152:76
[INFO] [stdout]    5:     0x5666d6755c8a - core[a373ad73a504971]::fmt::write
[INFO] [stdout]    6:     0x5666d6720b5c - core[a373ad73a504971]::io::write::default_write_fmt::<alloc[2e1b2a31b91974c5]::vec::Vec<u8>>
[INFO] [stdout]                                at /rustc/e3feeb59cd1bdd011a2bfcc0747b55125d9b8527/library/core/src/io/write.rs:402:11
[INFO] [stdout]    7:     0x5666d6720b5c - <alloc[2e1b2a31b91974c5]::vec::Vec<u8> as core[a373ad73a504971]::io::write::Write>::write_fmt
[INFO] [stdout]                                at /rustc/e3feeb59cd1bdd011a2bfcc0747b55125d9b8527/library/core/src/io/write.rs:335:13
[INFO] [stdout]    8:     0x5666d66d9476 - <std[617be2ca0a6fd877]::sys::backtrace::BacktraceLock>::print
[INFO] [stdout]                                at /rustc/e3feeb59cd1bdd011a2bfcc0747b55125d9b8527/library/std/src/sys/backtrace.rs:47:9
[INFO] [stdout]    9:     0x5666d66d9476 - std[617be2ca0a6fd877]::panicking::default_hook::{closure#0}
[INFO] [stdout]                                at /rustc/e3feeb59cd1bdd011a2bfcc0747b55125d9b8527/library/std/src/panicking.rs:289:27
[INFO] [stdout]   10:     0x5666d6700eb9 - std[617be2ca0a6fd877]::panicking::default_hook
[INFO] [stdout]                                at /rustc/e3feeb59cd1bdd011a2bfcc0747b55125d9b8527/library/std/src/panicking.rs:313:9
[INFO] [stdout]   11:     0x5666d6613880 - <alloc[2e1b2a31b91974c5]::boxed::Box<dyn for<'a, 'b> core[a373ad73a504971]::ops::function::Fn<(&'a std[617be2ca0a6fd877]::panic::PanicHookInfo<'b>,), Output = ()> + core[a373ad73a504971]::marker::Sync + core[a373ad73a504971]::marker::Send> as core[a373ad73a504971]::ops::function::Fn<(&std[617be2ca0a6fd877]::panic::PanicHookInfo,)>>::call
[INFO] [stdout]                                at /rustc/e3feeb59cd1bdd011a2bfcc0747b55125d9b8527/library/alloc/src/boxed.rs:2328:9
[INFO] [stdout]   12:     0x5666d6613880 - test[aada8e7e76ba119b]::test_main_inner::{closure#0}
[INFO] [stdout]                                at /rustc/e3feeb59cd1bdd011a2bfcc0747b55125d9b8527/library/test/src/lib.rs:137:21
[INFO] [stdout]   13:     0x5666d67011e2 - <alloc[2e1b2a31b91974c5]::boxed::Box<dyn for<'a, 'b> core[a373ad73a504971]::ops::function::Fn<(&'a std[617be2ca0a6fd877]::panic::PanicHookInfo<'b>,), Output = ()> + core[a373ad73a504971]::marker::Sync + core[a373ad73a504971]::marker::Send> as core[a373ad73a504971]::ops::function::Fn<(&std[617be2ca0a6fd877]::panic::PanicHookInfo,)>>::call
[INFO] [stdout]                                at /rustc/e3feeb59cd1bdd011a2bfcc0747b55125d9b8527/library/alloc/src/boxed.rs:2328:9
[INFO] [stdout]   14:     0x5666d67011e2 - std[617be2ca0a6fd877]::panicking::panic_with_hook
[INFO] [stdout]                                at /rustc/e3feeb59cd1bdd011a2bfcc0747b55125d9b8527/library/std/src/panicking.rs:819:13
[INFO] [stdout]   15:     0x5666d66d9522 - std[617be2ca0a6fd877]::panicking::panic_handler::{closure#0}
[INFO] [stdout]                                at /rustc/e3feeb59cd1bdd011a2bfcc0747b55125d9b8527/library/std/src/panicking.rs:685:13
[INFO] [stdout]   16:     0x5666d66d0ae9 - std[617be2ca0a6fd877]::sys::backtrace::__rust_end_short_backtrace::<std[617be2ca0a6fd877]::panicking::panic_handler::{closure#0}, !>
[INFO] [stdout]                                at /rustc/e3feeb59cd1bdd011a2bfcc0747b55125d9b8527/library/std/src/sys/backtrace.rs:182:18
[INFO] [stdout]   17:     0x5666d66db00d - __rustc[ea4f61d10b84890b]::rust_begin_unwind
[INFO] [stdout]                                at /rustc/e3feeb59cd1bdd011a2bfcc0747b55125d9b8527/library/std/src/panicking.rs:676:5
[INFO] [stdout]   18:     0x5666d675671c - core[a373ad73a504971]::panicking::panic_fmt
[INFO] [stdout]                                at /rustc/e3feeb59cd1bdd011a2bfcc0747b55125d9b8527/library/core/src/panicking.rs:80:14
[INFO] [stdout]   19:     0x5666d6756402 - core[a373ad73a504971]::result::unwrap_failed
[INFO] [stdout]                                at /rustc/e3feeb59cd1bdd011a2bfcc0747b55125d9b8527/library/core/src/result.rs:1870:5
[INFO] [stdout]   20:     0x5666d65df7dc - <core[a373ad73a504971]::result::Result<(), core[a373ad73a504971]::io::error::Error>>::unwrap
[INFO] [stdout]                                at /rustc/e3feeb59cd1bdd011a2bfcc0747b55125d9b8527/library/core/src/result.rs:1232:23
[INFO] [stdout]   21:     0x5666d65df7dc - wasserxr[ccb2ef5bdee07553]::utils::paths::tests::relative_path_prefers_binary_dir
[INFO] [stdout]                                at /opt/rustwide/workdir/src/utils/paths.rs:94:37
[INFO] [stdout]   22:     0x5666d65db6d7 - wasserxr[ccb2ef5bdee07553]::utils::paths::tests::relative_path_prefers_binary_dir::{closure#0}
[INFO] [stdout]                                at /opt/rustwide/workdir/src/utils/paths.rs:87:42
[INFO] [stdout]   23:     0x5666d65b4216 - <wasserxr[ccb2ef5bdee07553]::utils::paths::tests::relative_path_prefers_binary_dir::{closure#0} as core[a373ad73a504971]::ops::function::FnOnce<()>>::call_once
[INFO] [stdout]                                at /rustc/e3feeb59cd1bdd011a2bfcc0747b55125d9b8527/library/core/src/ops/function.rs:250:5
[INFO] [stdout]   24:     0x5666d660699b - <fn() -> core[a373ad73a504971]::result::Result<(), alloc[2e1b2a31b91974c5]::string::String> as core[a373ad73a504971]::ops::function::FnOnce<()>>::call_once
[INFO] [stdout]                                at /rustc/e3feeb59cd1bdd011a2bfcc0747b55125d9b8527/library/core/src/ops/function.rs:250:5
[INFO] [stdout]   25:     0x5666d660699b - test[aada8e7e76ba119b]::__rust_begin_short_backtrace::<core[a373ad73a504971]::result::Result<(), alloc[2e1b2a31b91974c5]::string::String>, fn() -> core[a373ad73a504971]::result::Result<(), alloc[2e1b2a31b91974c5]::string::String>>
[INFO] [stdout]                                at /rustc/e3feeb59cd1bdd011a2bfcc0747b55125d9b8527/library/test/src/lib.rs:701:18
[INFO] [stdout]   26:     0x5666d6614065 - test[aada8e7e76ba119b]::run_test_in_process::{closure#0}
[INFO] [stdout]                                at /rustc/e3feeb59cd1bdd011a2bfcc0747b55125d9b8527/library/test/src/lib.rs:724:74
[INFO] [stdout]   27:     0x5666d6614065 - <core[a373ad73a504971]::panic::unwind_safe::AssertUnwindSafe<test[aada8e7e76ba119b]::run_test_in_process::{closure#0}> as core[a373ad73a504971]::ops::function::FnOnce<()>>::call_once
[INFO] [stdout]                                at /rustc/e3feeb59cd1bdd011a2bfcc0747b55125d9b8527/library/core/src/panic/unwind_safe.rs:275:9
[INFO] [stdout]   28:     0x5666d6614065 - std[617be2ca0a6fd877]::panicking::catch_unwind::do_call::<core[a373ad73a504971]::panic::unwind_safe::AssertUnwindSafe<test[aada8e7e76ba119b]::run_test_in_process::{closure#0}>, core[a373ad73a504971]::result::Result<(), alloc[2e1b2a31b91974c5]::string::String>>
[INFO] [stdout]                                at /rustc/e3feeb59cd1bdd011a2bfcc0747b55125d9b8527/library/std/src/panicking.rs:573:43
[INFO] [stdout]   29:     0x5666d6614065 - std[617be2ca0a6fd877]::panicking::catch_unwind::<core[a373ad73a504971]::result::Result<(), alloc[2e1b2a31b91974c5]::string::String>, core[a373ad73a504971]::panic::unwind_safe::AssertUnwindSafe<test[aada8e7e76ba119b]::run_test_in_process::{closure#0}>>
[INFO] [stdout]                                at /rustc/e3feeb59cd1bdd011a2bfcc0747b55125d9b8527/library/std/src/panicking.rs:541:19
[INFO] [stdout]   30:     0x5666d6614065 - std[617be2ca0a6fd877]::panic::catch_unwind::<core[a373ad73a504971]::panic::unwind_safe::AssertUnwindSafe<test[aada8e7e76ba119b]::run_test_in_process::{closure#0}>, core[a373ad73a504971]::result::Result<(), alloc[2e1b2a31b91974c5]::string::String>>
[INFO] [stdout]                                at /rustc/e3feeb59cd1bdd011a2bfcc0747b55125d9b8527/library/std/src/panic.rs:359:14
[INFO] [stdout]   31:     0x5666d6614065 - test[aada8e7e76ba119b]::run_test_in_process
[INFO] [stdout]                                at /rustc/e3feeb59cd1bdd011a2bfcc0747b55125d9b8527/library/test/src/lib.rs:724:27
[INFO] [stdout]   32:     0x5666d6614065 - test[aada8e7e76ba119b]::run_test::{closure#0}
[INFO] [stdout]                                at /rustc/e3feeb59cd1bdd011a2bfcc0747b55125d9b8527/library/test/src/lib.rs:645:43
[INFO] [stdout]   33:     0x5666d660d5c4 - test[aada8e7e76ba119b]::run_test::{closure#1}
[INFO] [stdout]                                at /rustc/e3feeb59cd1bdd011a2bfcc0747b55125d9b8527/library/test/src/lib.rs:675:41
[INFO] [stdout]   34:     0x5666d660d5c4 - std[617be2ca0a6fd877]::sys::backtrace::__rust_begin_short_backtrace::<test[aada8e7e76ba119b]::run_test::{closure#1}, ()>
[INFO] [stdout]                                at /rustc/e3feeb59cd1bdd011a2bfcc0747b55125d9b8527/library/std/src/sys/backtrace.rs:166:18
[INFO] [stdout]   35:     0x5666d66170f2 - std[617be2ca0a6fd877]::thread::lifecycle::spawn_unchecked::<test[aada8e7e76ba119b]::run_test::{closure#1}, ()>::{closure#1}::{closure#0}
[INFO] [stdout]                                at /rustc/e3feeb59cd1bdd011a2bfcc0747b55125d9b8527/library/std/src/thread/lifecycle.rs:70:13
[INFO] [stdout]   36:     0x5666d66170f2 - <core[a373ad73a504971]::panic::unwind_safe::AssertUnwindSafe<std[617be2ca0a6fd877]::thread::lifecycle::spawn_unchecked<test[aada8e7e76ba119b]::run_test::{closure#1}, ()>::{closure#1}::{closure#0}> as core[a373ad73a504971]::ops::function::FnOnce<()>>::call_once
[INFO] [stdout]                                at /rustc/e3feeb59cd1bdd011a2bfcc0747b55125d9b8527/library/core/src/panic/unwind_safe.rs:275:9
[INFO] [stdout]   37:     0x5666d66170f2 - std[617be2ca0a6fd877]::panicking::catch_unwind::do_call::<core[a373ad73a504971]::panic::unwind_safe::AssertUnwindSafe<std[617be2ca0a6fd877]::thread::lifecycle::spawn_unchecked<test[aada8e7e76ba119b]::run_test::{closure#1}, ()>::{closure#1}::{closure#0}>, ()>
[INFO] [stdout]                                at /rustc/e3feeb59cd1bdd011a2bfcc0747b55125d9b8527/library/std/src/panicking.rs:573:43
[INFO] [stdout]   38:     0x5666d66170f2 - std[617be2ca0a6fd877]::panicking::catch_unwind::<(), core[a373ad73a504971]::panic::unwind_safe::AssertUnwindSafe<std[617be2ca0a6fd877]::thread::lifecycle::spawn_unchecked<test[aada8e7e76ba119b]::run_test::{closure#1}, ()>::{closure#1}::{closure#0}>>
[INFO] [stdout]                                at /rustc/e3feeb59cd1bdd011a2bfcc0747b55125d9b8527/library/std/src/panicking.rs:541:19
[INFO] [stdout]   39:     0x5666d66170f2 - std[617be2ca0a6fd877]::panic::catch_unwind::<core[a373ad73a504971]::panic::unwind_safe::AssertUnwindSafe<std[617be2ca0a6fd877]::thread::lifecycle::spawn_unchecked<test[aada8e7e76ba119b]::run_test::{closure#1}, ()>::{closure#1}::{closure#0}>, ()>
[INFO] [stdout]                                at /rustc/e3feeb59cd1bdd011a2bfcc0747b55125d9b8527/library/std/src/panic.rs:359:14
[INFO] [stdout]   40:     0x5666d66170f2 - std[617be2ca0a6fd877]::thread::lifecycle::spawn_unchecked::<test[aada8e7e76ba119b]::run_test::{closure#1}, ()>::{closure#1}
[INFO] [stdout]                                at /rustc/e3feeb59cd1bdd011a2bfcc0747b55125d9b8527/library/std/src/thread/lifecycle.rs:68:26
[INFO] [stdout]   41:     0x5666d66170f2 - <std[617be2ca0a6fd877]::thread::lifecycle::spawn_unchecked<test[aada8e7e76ba119b]::run_test::{closure#1}, ()>::{closure#1} as core[a373ad73a504971]::ops::function::FnOnce<()>>::call_once::{shim:vtable#0}
[INFO] [stdout]                                at /rustc/e3feeb59cd1bdd011a2bfcc0747b55125d9b8527/library/core/src/ops/function.rs:250:5
[INFO] [stdout]   42:     0x5666d670c44f - <alloc[2e1b2a31b91974c5]::boxed::Box<dyn core[a373ad73a504971]::ops::function::FnOnce<(), Output = ()> + core[a373ad73a504971]::marker::Send> as core[a373ad73a504971]::ops::function::FnOnce<()>>::call_once
[INFO] [stdout]                                at /rustc/e3feeb59cd1bdd011a2bfcc0747b55125d9b8527/library/alloc/src/boxed.rs:2314:9
[INFO] [stdout]   43:     0x5666d670c44f - <std[617be2ca0a6fd877]::sys::thread::unix::Thread>::new::thread_start
[INFO] [stdout]                                at /rustc/e3feeb59cd1bdd011a2bfcc0747b55125d9b8527/library/std/src/sys/thread/unix.rs:127:17
[INFO] [stdout]   44:     0x79bceda40dfa - <unknown>
[INFO] [stdout]   45:     0x79bcedad43d4 - clone
[INFO] [stdout]   46:                0x0 - <unknown>
[INFO] [stdout] 
[INFO] [stdout] 
[INFO] [stdout] failures:
[INFO] [stdout]     utils::paths::tests::relative_path_prefers_binary_dir
[INFO] [stdout] 
[INFO] [stdout] test result: FAILED. 141 passed; 1 failed; 0 ignored; 0 measured; 0 filtered out; finished in 0.11s
[INFO] [stdout] 
[INFO] [stderr] error: test failed, to rerun pass `--lib`
[INFO] running `Command { std: "docker" "inspect" "a2e446e6e6bb5fd564545726c13f196fa1fa5517ec5e4f407938529fee0c1da4", kill_on_drop: false }`
[INFO] running `Command { std: "docker" "rm" "-f" "a2e446e6e6bb5fd564545726c13f196fa1fa5517ec5e4f407938529fee0c1da4", kill_on_drop: false }`
[INFO] [stdout] a2e446e6e6bb5fd564545726c13f196fa1fa5517ec5e4f407938529fee0c1da4
