[INFO] fetching crate wafrift-wafmodel 0.3.1...
[INFO] testing wafrift-wafmodel-0.3.1 against 1.99.0-beta.8 for beta-1.100-2
[INFO] extracting crate wafrift-wafmodel 0.3.1 into /workspace/builds/worker-1-tc1/source
[INFO] started tweaking crates.io crate wafrift-wafmodel 0.3.1
[INFO] removed 0 missing tests
[INFO] finished tweaking crates.io crate wafrift-wafmodel 0.3.1
[INFO] tweaked toml for crates.io crate wafrift-wafmodel 0.3.1 written to /workspace/builds/worker-1-tc1/source/Cargo.toml
[INFO] validating manifest of crates.io crate wafrift-wafmodel 0.3.1 on toolchain 1.99.0-beta.8
[INFO] running `Command { std: CARGO_HOME="/workspace/cargo-home" RUSTUP_HOME="/workspace/rustup-home" "/workspace/cargo-home/bin/cargo" "+1.99.0-beta.8" "metadata" "--manifest-path" "Cargo.toml" "--no-deps", kill_on_drop: false }`
[INFO] crate crates.io crate wafrift-wafmodel 0.3.1 already has a lockfile, it will not be regenerated
[INFO] running `Command { std: CARGO_HOME="/workspace/cargo-home" RUSTUP_HOME="/workspace/rustup-home" "/workspace/cargo-home/bin/cargo" "+1.99.0-beta.8" "fetch" "--manifest-path" "Cargo.toml", kill_on_drop: false }`
[INFO] [stderr]     Blocking waiting for file lock on package cache
[INFO] [stderr]     Blocking waiting for file lock on package cache
[INFO] running `Command { std: "docker" "create" "-v" "/var/lib/crater-agent-workspace/builds/worker-1-tc1/source:/opt/rustwide/workdir:ro,Z" "-v" "/var/lib/crater-agent-workspace/builds/worker-1-tc1/target:/opt/rustwide/target:rw,Z" "-v" "/var/lib/crater-agent-workspace/cargo-home:/opt/rustwide/cargo-home:ro,Z" "-v" "/var/lib/crater-agent-workspace/rustup-home:/opt/rustwide/rustup-home:ro,Z" "-m" "1610612736" "--network" "none" "ghcr.io/rust-lang/crates-build-env/linux@sha256:3111399a4047eeb3a02b7a90e478d715f38a8c6669b5c4b49d30a17385265909" "sleep" "infinity", kill_on_drop: false }`
[INFO] [stdout] fa245bd595aaace322368ba55766d9a483df98a56048d1cf0fb5192b260b4e50
[INFO] running `Command { std: "docker" "start" "fa245bd595aaace322368ba55766d9a483df98a56048d1cf0fb5192b260b4e50", kill_on_drop: false }`
[INFO] running `Command { std: "docker" "inspect" "fa245bd595aaace322368ba55766d9a483df98a56048d1cf0fb5192b260b4e50", kill_on_drop: false }`
[INFO] running `Command { std: "docker" "exec" "-e" "SOURCE_DIR=/opt/rustwide/workdir" "-e" "CARGO_HOME=/opt/rustwide/cargo-home" "-e" "RUSTUP_HOME=/opt/rustwide/rustup-home" "-e" "CARGO_TARGET_DIR=/opt/rustwide/target" "-w" "/opt/rustwide/workdir" "--user" "0:0" "fa245bd595aaace322368ba55766d9a483df98a56048d1cf0fb5192b260b4e50" "/opt/rustwide/cargo-home/bin/cargo" "+1.99.0-beta.8" "metadata" "--no-deps" "--format-version=1", kill_on_drop: false }`
[INFO] running `Command { std: "docker" "inspect" "fa245bd595aaace322368ba55766d9a483df98a56048d1cf0fb5192b260b4e50", kill_on_drop: false }`
[INFO] running `Command { std: "docker" "exec" "-e" "SOURCE_DIR=/opt/rustwide/workdir" "-e" "CARGO_HOME=/opt/rustwide/cargo-home" "-e" "RUSTUP_HOME=/opt/rustwide/rustup-home" "-e" "CARGO_TARGET_DIR=/opt/rustwide/target" "-e" "CARGO_INCREMENTAL=0" "-e" "RUST_BACKTRACE=full" "-e" "RUSTFLAGS=--cap-lints=warn" "-e" "RUSTDOCFLAGS=--cap-lints=warn" "-w" "/opt/rustwide/workdir" "--user" "0:0" "fa245bd595aaace322368ba55766d9a483df98a56048d1cf0fb5192b260b4e50" "/opt/rustwide/cargo-home/bin/cargo" "+1.99.0-beta.8" "build" "--frozen" "--message-format=json", kill_on_drop: false }`
[INFO] [stderr]    Compiling memchr v2.8.1
[INFO] [stderr]    Compiling object v0.37.3
[INFO] [stderr]    Compiling zerocopy v0.8.52
[INFO] [stderr]    Compiling hashbrown v0.17.0
[INFO] [stderr]    Compiling cc v1.2.63
[INFO] [stderr]    Compiling alloc-no-stdlib v2.0.4
[INFO] [stderr]    Compiling syn v2.0.117
[INFO] [stderr]    Compiling getrandom v0.2.17
[INFO] [stderr]    Compiling tinyvec_macros v0.1.1
[INFO] [stderr]    Compiling santh-bogon v0.1.0
[INFO] [stderr]    Compiling urlencoding v2.1.3
[INFO] [stderr]    Compiling uuid v1.23.3
[INFO] [stderr]    Compiling log v0.4.32
[INFO] [stderr]    Compiling tinyvec v1.11.0
[INFO] [stderr]    Compiling alloc-stdlib v0.2.2
[INFO] [stderr]    Compiling brotli-decompressor v5.0.1
[INFO] [stderr]    Compiling unicode-normalization v0.1.25
[INFO] [stderr]    Compiling serde_json v1.0.149
[INFO] [stderr]    Compiling aho-corasick v1.1.4
[INFO] [stderr]    Compiling indexmap v2.14.0
[INFO] [stderr]    Compiling stacker v0.1.24
[INFO] [stderr]    Compiling brotli v8.0.3
[INFO] [stderr]    Compiling regex-automata v0.4.14
[INFO] [stderr]    Compiling ar_archive_writer v0.5.2
[INFO] [stderr]    Compiling rand_core v0.6.4
[INFO] [stderr]    Compiling psm v0.1.31
[INFO] [stderr]    Compiling serde_derive v1.0.228
[INFO] [stderr]    Compiling tracing-attributes v0.1.31
[INFO] [stderr]    Compiling thiserror-impl v2.0.18
[INFO] [stderr]    Compiling recursive-proc-macro-impl v0.1.1
[INFO] [stderr]    Compiling regex v1.12.3
[INFO] [stderr]    Compiling recursive v0.1.1
[INFO] [stderr]    Compiling sqlparser v0.61.0
[INFO] [stderr]    Compiling tracing v0.1.44
[INFO] [stderr]    Compiling thiserror v2.0.18
[INFO] [stderr]    Compiling serde v1.0.228
[INFO] [stderr]    Compiling ppv-lite86 v0.2.21
[INFO] [stderr]    Compiling rand_chacha v0.3.1
[INFO] [stderr]    Compiling toml_datetime v0.6.11
[INFO] [stderr]    Compiling serde_spanned v0.6.9
[INFO] [stderr]    Compiling rand v0.8.5
[INFO] [stderr]    Compiling toml_edit v0.22.27
[INFO] [stderr]    Compiling wafrift-types v0.3.1
[INFO] [stderr]    Compiling toml v0.8.23
[INFO] [stderr]    Compiling wafrift-encoding v0.3.1
[INFO] [stderr]    Compiling wafrift-grammar v0.3.1
[INFO] [stderr]    Compiling wafrift-wafmodel v0.3.1 (/opt/rustwide/workdir)
[INFO] [stderr]     Finished `dev` profile [unoptimized + debuginfo] target(s) in 34.00s
[INFO] running `Command { std: "docker" "inspect" "fa245bd595aaace322368ba55766d9a483df98a56048d1cf0fb5192b260b4e50", kill_on_drop: false }`
[INFO] running `Command { std: "docker" "exec" "-e" "SOURCE_DIR=/opt/rustwide/workdir" "-e" "CARGO_HOME=/opt/rustwide/cargo-home" "-e" "RUSTUP_HOME=/opt/rustwide/rustup-home" "-e" "CARGO_TARGET_DIR=/opt/rustwide/target" "-e" "CARGO_INCREMENTAL=0" "-e" "RUST_BACKTRACE=full" "-e" "RUSTFLAGS=--cap-lints=warn" "-e" "RUSTDOCFLAGS=--cap-lints=warn" "-w" "/opt/rustwide/workdir" "--user" "0:0" "fa245bd595aaace322368ba55766d9a483df98a56048d1cf0fb5192b260b4e50" "/opt/rustwide/cargo-home/bin/cargo" "+1.99.0-beta.8" "test" "--frozen" "--no-run" "--message-format=json", kill_on_drop: false }`
[INFO] [stderr]    Compiling getrandom v0.3.4
[INFO] [stderr]    Compiling bitflags v2.13.0
[INFO] [stderr]    Compiling num-traits v0.2.19
[INFO] [stderr]    Compiling wait-timeout v0.2.1
[INFO] [stderr]    Compiling bit-vec v0.8.0
[INFO] [stderr]    Compiling quick-error v1.2.3
[INFO] [stderr]    Compiling unarray v0.1.4
[INFO] [stderr]    Compiling rustix v1.1.4
[INFO] [stderr]    Compiling bit-set v0.8.0
[INFO] [stderr]    Compiling rand_core v0.9.5
[INFO] [stderr]    Compiling rand_xorshift v0.4.0
[INFO] [stderr]    Compiling rand_chacha v0.9.0
[INFO] [stderr]    Compiling rand v0.9.4
[INFO] [stderr]    Compiling tempfile v3.27.0
[INFO] [stderr]    Compiling rusty-fork v0.3.1
[INFO] [stderr]    Compiling proptest v1.11.0
[INFO] [stderr]    Compiling wafrift-wafmodel v0.3.1 (/opt/rustwide/workdir)
[INFO] [stderr]     Finished `test` profile [unoptimized + debuginfo] target(s) in 48.24s
[INFO] running `Command { std: "docker" "inspect" "fa245bd595aaace322368ba55766d9a483df98a56048d1cf0fb5192b260b4e50", kill_on_drop: false }`
[INFO] running `Command { std: "docker" "exec" "-e" "SOURCE_DIR=/opt/rustwide/workdir" "-e" "CARGO_HOME=/opt/rustwide/cargo-home" "-e" "RUSTUP_HOME=/opt/rustwide/rustup-home" "-e" "CARGO_TARGET_DIR=/opt/rustwide/target" "-e" "CARGO_INCREMENTAL=0" "-e" "RUST_BACKTRACE=full" "-e" "RUSTFLAGS=--cap-lints=warn" "-e" "RUSTDOCFLAGS=--cap-lints=warn" "-w" "/opt/rustwide/workdir" "--user" "0:0" "fa245bd595aaace322368ba55766d9a483df98a56048d1cf0fb5192b260b4e50" "/opt/rustwide/cargo-home/bin/cargo" "+1.99.0-beta.8" "test" "--frozen", kill_on_drop: false }`
[INFO] [stderr]     Finished `test` profile [unoptimized + debuginfo] target(s) in 0.16s
[INFO] [stderr]      Running unittests src/lib.rs (/opt/rustwide/target/debug/deps/wafrift_wafmodel-6937c07cc750e075)
[INFO] [stdout] 
[INFO] [stdout] running 114 tests
[INFO] [stdout] test booster::tests::feature_extraction_empty_payload_returns_empty ... ok
[INFO] [stdout] test booster::tests::ngram_two_byte_ok ... ok
[INFO] [stdout] test booster::tests::decay_shrinks_old_weights ... ok
[INFO] [stdout] test booster::tests::rank_empty_input_returns_empty ... ok
[INFO] [stdout] test booster::tests::rank_candidates_lowest_score_first ... ok
[INFO] [stdout] test booster::tests::decay_one_means_no_shrinkage ... ok
[INFO] [stdout] test booster::tests::feature_extraction_non_empty_for_attack_payload ... ok
[INFO] [stdout] test booster::tests::rank_stable_for_ties ... ok
[INFO] [stdout] test booster::tests::feature_extraction_deduplicates ... ok
[INFO] [stdout] test booster::tests::feature_count_capped_at_max ... ok
[INFO] [stdout] test booster::tests::observe_pass_lowers_score ... ok
[INFO] [stdout] test booster::tests::score_is_additive_across_independent_features ... ok
[INFO] [stdout] test booster::tests::score_zero_for_unseen_features ... ok
[INFO] [stdout] test booster::tests::multiple_rule_ids_tracked_separately_via_observe_block ... ok
[INFO] [stdout] test booster::tests::ngram_boundary_two_byte_minimum ... ok
[INFO] [stdout] test booster::tests::empty_scorer_returns_zero ... ok
[INFO] [stdout] test booster::tests::observe_block_raises_score ... ok
[INFO] [stdout] test canon::tests::form_body_with_mixed_case_content_type_still_splits_into_args ... ok
[INFO] [stdout] test canon::tests::form_body_with_uppercase_content_type_still_splits_into_args ... ok
[INFO] [stdout] test booster::tests::feature_count_grows_monotonically ... ok
[INFO] [stdout] test ensemble_dilution::tests::classify_token_rce ... ok
[INFO] [stdout] test booster::tests::weight_of_unseen_feature_is_zero ... ok
[INFO] [stdout] test canon::tests::form_body_with_lowercase_content_type_splits_into_args ... ok
[INFO] [stdout] test ensemble_dilution::tests::classify_token_lfi ... ok
[INFO] [stdout] test canon::tests::form_body_with_unrelated_subtype_does_not_split ... ok
[INFO] [stdout] test canon::tests::form_body_with_charset_parameter_splits_into_args ... ok
[INFO] [stdout] test canon::tests::json_body_does_not_split_into_args ... ok
[INFO] [stdout] test ensemble_dilution::tests::classify_token_sqli ... ok
[INFO] [stdout] test ensemble_dilution::tests::classify_token_xss ... ok
[INFO] [stdout] test ensemble_dilution::tests::dilute_best_mutation_has_lowest_score ... ok
[INFO] [stdout] test ensemble_dilution::tests::dilute_returns_result_for_sqli ... ok
[INFO] [stdout] test ensemble_dilution::tests::classify_token_unknown_falls_to_protocol ... ok
[INFO] [stdout] test ensemble_dilution::tests::dilution_planner_strategies_sorted_by_score ... ok
[INFO] [stdout] test ensemble_dilution::tests::dilution_planner_bypass_detection ... ok
[INFO] [stdout] test ensemble_dilution::tests::rule_group_all_has_expected_count ... ok
[INFO] [stdout] test ensemble_dilution::tests::rule_group_names_stable ... ok
[INFO] [stdout] test ensemble_dilution::tests::score_estimator_coeff_never_negative ... ok
[INFO] [stdout] test booster::tests::rank_single_candidate ... ok
[INFO] [stdout] test ensemble_dilution::tests::dilute_returns_none_for_benign ... ok
[INFO] [stdout] test ensemble_dilution::tests::score_estimator_observe_updates_coefficients ... ok
[INFO] [stdout] test ensemble_dilution::tests::score_estimator_lowest_contribution_returns_some ... ok
[INFO] [stdout] test ensemble_dilution::tests::score_parser_case_insensitive ... ok
[INFO] [stdout] test ensemble_dilution::tests::dilution_planner_plan_returns_strategies ... ok
[INFO] [stdout] test ensemble_dilution::tests::score_estimator_predict_sums_groups ... ok
[INFO] [stdout] test ensemble_dilution::tests::score_parser_extracts_cf_score ... ok
[INFO] [stdout] test ensemble_dilution::tests::score_parser_malformed_value_returns_none ... ok
[INFO] [stdout] test ensemble_dilution::tests::score_parser_missing_header_returns_none ... ok
[INFO] [stdout] test ensemble_dilution::tests::suppress_lfi_tokens_obfuscates_path ... ok
[INFO] [stdout] test ensemble_dilution::tests::suppress_xss_tokens_obfuscates_script ... ok
[INFO] [stdout] test equiv_query::tests::empty_search_space_error_variant_is_correct ... ok
[INFO] [stdout] test booster::tests::very_long_payload_does_not_exceed_feature_cap ... ok
[INFO] [stdout] test filter_profile::tests::battery_from_toml_rejects_unknown_class_and_empty_file ... ok
[INFO] [stdout] test ensemble_dilution::tests::suppress_sqli_tokens_splits_keywords ... ok
[INFO] [stdout] test filter_profile::tests::battery_from_toml_round_trips_a_minimal_file ... ok
[INFO] [stdout] test filter_profile::tests::battery_from_toml_fails_closed_on_a_structurally_invalid_twin ... ok
[INFO] [stdout] test filter_profile::tests::decode_gap_probe_is_empty_when_no_token_is_policed ... ok
[INFO] [stdout] test filter_profile::tests::from_outcomes_truth_table_is_exhaustive ... ok
[INFO] [stdout] test filter_profile::tests::policed_token_is_isolated_from_its_benign_twin ... ok
[INFO] [stdout] test equiv_query::tests::ucb_bandit_zero_budget_returns_ok_none ... ok
[INFO] [stdout] test filter_profile::tests::unpoliced_token_is_the_prize ... ok
[INFO] [stdout] test mine::tests::kmp_sfa_matches_fully_distinguished_needle ... ok
[INFO] [stdout] test mine::tests::attack_grammar_union_of_distinguished_and_catch_all_needles ... ok
[INFO] [stdout] test mine::tests::kmp_sfa_matches_needle_whose_bytes_happen_to_be_the_representative ... ok
[INFO] [stdout] test mine::tests::kmp_sfa_matches_needle_with_mixed_distinguished_and_catch_all_bytes ... ok
[INFO] [stdout] test filter_profile::tests::transport_error_is_inconclusive_not_a_guess ... ok
[INFO] [stdout] test mine::tests::kmp_sfa_self_overlapping_catch_all_needle ... ok
[INFO] [stdout] test filter_profile::tests::embedded_default_battery_parses_and_is_non_trivial ... ok
[INFO] [stdout] test equiv_query::tests::ucb_bandit_single_state_no_counterexample_returns_ok_none ... ok
[INFO] [stdout] test filter_profile::tests::default_battery_twins_preserve_structure_and_only_swap_letters ... ok
[INFO] [stdout] test filter_profile::tests::carrier_gate_when_both_halves_block ... ok
[INFO] [stdout] test mlwaf::attack_manifold_tests::mut_class_routes_representative_payloads ... ok
[INFO] [stdout] test filter_profile::tests::full_default_battery_classifies_a_mixed_waf_end_to_end ... ok
[INFO] [stdout] test mlwaf::attack_manifold_tests::propose_mutation_is_deterministic_per_seed ... ok
[INFO] [stdout] test mlwaf::attack_manifold_tests::cmd_proposals_never_uppercase_a_command ... ok
[INFO] [stdout] test mine::tests::kmp_sfa_matches_needle_with_catch_all_bytes ... ok
[INFO] [stdout] test mlwaf::attack_manifold_tests::recognises_core_and_path_traversal_attacks ... ok
[INFO] [stdout] test mlwaf::attack_manifold_tests::rejects_benign_payloads ... ok
[INFO] [stdout] test mlwaf::attack_manifold_tests::proposals_stay_on_manifold_per_class ... ok
[INFO] [stdout] test filter_profile::tests::decode_gap_probe_finds_every_gap_against_a_no_decode_literal_waf ... ok
[INFO] [stdout] test filter_profile::tests::decode_gap_probe_omits_the_transform_the_waf_actually_replicates ... ok
[INFO] [stdout] test origin_probe::tests::byte_decodes_are_independent_no_cross_detection ... ok
[INFO] [stdout] test origin_probe::tests::hex_decoding_origin_is_detected ... ok
[INFO] [stdout] test origin_probe::tests::html_entity_decoding_origin_is_detected ... ok
[INFO] [stdout] test origin_probe::tests::detected_double_decode_origin_drives_the_classic_double_encode_bypass ... ok
[INFO] [stdout] test origin_probe::tests::detected_pipeline_drives_the_solver_to_a_targeted_bypass ... ok
[INFO] [stdout] test origin_probe::tests::base64_origin_does_not_falsely_report_other_decodes ... ok
[INFO] [stdout] test origin_probe::tests::base64_and_hex_do_not_cross_report ... ok
[INFO] [stdout] test origin_probe::tests::framework_decodes_do_not_falsely_report_url_or_base64 ... ok
[INFO] [stdout] test origin_probe::tests::every_invertible_solver_stage_has_a_detection_probe ... ok
[INFO] [stdout] test origin_probe::tests::json_and_html_decodes_do_not_cross_report ... ok
[INFO] [stdout] test origin_probe::tests::base64_decoding_origin_is_detected ... ok
[INFO] [stdout] test origin_probe::tests::marker_and_control_are_distinct_and_non_overlapping ... ok
[INFO] [stdout] test origin_probe::tests::bestfit_origin_is_detected ... ok
[INFO] [stdout] test origin_probe::tests::composite_url_then_nfkc_origin_detects_both_in_order ... ok
[INFO] [stdout] test origin_probe::tests::double_url_decoding_origin_is_detected_and_subsumes_single ... ok
[INFO] [stdout] test origin_probe::tests::json_unescaping_origin_is_detected ... ok
[INFO] [stdout] test origin_probe::tests::identity_origin_detects_nothing ... ok
[INFO] [stdout] test origin_probe::tests::nfkc_origin_is_detected ... ok
[INFO] [stdout] test origin_probe::tests::overlong_utf8_decoding_origin_is_detected ... ok
[INFO] [stdout] test origin_probe::tests::null_stripping_origin_is_detected ... ok
[INFO] [stdout] test origin_probe::tests::scan_still_detects_a_real_stage_through_the_baseline ... ok
[INFO] [stdout] test origin_probe::tests::scan_reports_no_reflection_when_the_channel_does_not_echo ... ok
[INFO] [stdout] test origin_probe::tests::nfkc_normalizing_origin_does_not_falsely_report_bestfit ... ok
[INFO] [stdout] test origin_probe::tests::single_url_decode_is_not_reported_as_double ... ok
[INFO] [stdout] test solve::speed_tests::html_encode_table_throughput ... ok
[INFO] [stdout] test origin_probe::tests::url_decoding_origin_is_detected ... ok
[INFO] [stdout] test solve::speed_tests::pct_table_matches_format_output ... ok
[INFO] [stdout] test origin_probe::tests::scan_fails_closed_on_ambient_marker_collision ... ok
[INFO] [stdout] test solve::speed_tests::html_table_matches_format_output ... ok
[INFO] [stdout] test origin_probe::tests::scan_confirms_reflection_on_an_echoing_identity_origin ... ok
[INFO] [stdout] test solve::speed_tests::json_escape_table_throughput ... ok
[INFO] [stdout] test solve::speed_tests::json_table_matches_format_output ... ok
[INFO] [stdout] test solve::speed_tests::pct_encode_table_throughput ... FAILED
[INFO] [stdout] test mine::tests::attack_grammar_empty_needles_accepts_nothing ... ok
[INFO] [stdout] 
[INFO] [stdout] failures:
[INFO] [stdout] 
[INFO] [stdout] ---- solve::speed_tests::pct_encode_table_throughput stdout ----
[INFO] [stdout] 
[INFO] [stdout] thread 'solve::speed_tests::pct_encode_table_throughput' (1950) panicked at src/solve.rs:402:9:
[INFO] [stdout] pct_encode 10 KiB took 4.31264ms; expected < 2 ms
[INFO] [stdout] stack backtrace:
[INFO] [stdout]    0:     0x644fd08521b1 - std[70759c8f55707aa4]::backtrace_rs::backtrace::libunwind::trace
[INFO] [stdout]                                at /rustc/dfb0accb7f508ae8be965d8629557221c889dd98/library/std/src/../../backtrace/src/backtrace/libunwind.rs:117:9
[INFO] [stdout]    1:     0x644fd08521b1 - std[70759c8f55707aa4]::backtrace_rs::backtrace::trace_unsynchronized::<std[70759c8f55707aa4]::sys::backtrace::_print_fmt::{closure#1}>
[INFO] [stdout]                                at /rustc/dfb0accb7f508ae8be965d8629557221c889dd98/library/std/src/../../backtrace/src/backtrace/mod.rs:66:14
[INFO] [stdout]    2:     0x644fd08521b1 - std[70759c8f55707aa4]::sys::backtrace::_print_fmt
[INFO] [stdout]                                at /rustc/dfb0accb7f508ae8be965d8629557221c889dd98/library/std/src/sys/backtrace.rs:74:9
[INFO] [stdout]    3:     0x644fd08521b1 - <<std[70759c8f55707aa4]::sys::backtrace::BacktraceLock>::print::DisplayBacktrace as core[df12db4294e9bfd3]::fmt::Display>::fmt
[INFO] [stdout]                                at /rustc/dfb0accb7f508ae8be965d8629557221c889dd98/library/std/src/sys/backtrace.rs:44:26
[INFO] [stdout]    4:     0x644fd0868e9a - <core[df12db4294e9bfd3]::fmt::rt::Argument>::fmt
[INFO] [stdout]                                at /rustc/dfb0accb7f508ae8be965d8629557221c889dd98/library/core/src/fmt/rt.rs:152:76
[INFO] [stdout]    5:     0x644fd0868e9a - core[df12db4294e9bfd3]::fmt::write
[INFO] [stdout]    6:     0x644fd085664c - core[df12db4294e9bfd3]::io::write::default_write_fmt::<alloc[2182bb758b4b3781]::vec::Vec<u8>>
[INFO] [stdout]                                at /rustc/dfb0accb7f508ae8be965d8629557221c889dd98/library/core/src/io/write.rs:402:11
[INFO] [stdout]    7:     0x644fd085664c - <alloc[2182bb758b4b3781]::vec::Vec<u8> as core[df12db4294e9bfd3]::io::write::Write>::write_fmt
[INFO] [stdout]                                at /rustc/dfb0accb7f508ae8be965d8629557221c889dd98/library/core/src/io/write.rs:335:13
[INFO] [stdout]    8:     0x644fd082e7a6 - <std[70759c8f55707aa4]::sys::backtrace::BacktraceLock>::print
[INFO] [stdout]                                at /rustc/dfb0accb7f508ae8be965d8629557221c889dd98/library/std/src/sys/backtrace.rs:47:9
[INFO] [stdout]    9:     0x644fd082e7a6 - std[70759c8f55707aa4]::panicking::default_hook::{closure#0}
[INFO] [stdout]                                at /rustc/dfb0accb7f508ae8be965d8629557221c889dd98/library/std/src/panicking.rs:292:27
[INFO] [stdout]   10:     0x644fd084a919 - std[70759c8f55707aa4]::panicking::default_hook
[INFO] [stdout]                                at /rustc/dfb0accb7f508ae8be965d8629557221c889dd98/library/std/src/panicking.rs:316:9
[INFO] [stdout]   11:     0x644fd0470c40 - <alloc[2182bb758b4b3781]::boxed::Box<dyn for<'a, 'b> core[df12db4294e9bfd3]::ops::function::Fn<(&'a std[70759c8f55707aa4]::panic::PanicHookInfo<'b>,), Output = ()> + core[df12db4294e9bfd3]::marker::Send + core[df12db4294e9bfd3]::marker::Sync> as core[df12db4294e9bfd3]::ops::function::Fn<(&std[70759c8f55707aa4]::panic::PanicHookInfo,)>>::call
[INFO] [stdout]                                at /rustc/dfb0accb7f508ae8be965d8629557221c889dd98/library/alloc/src/boxed.rs:2334:9
[INFO] [stdout]   12:     0x644fd0470c40 - test[9d35eded1c95d3be]::test_main_inner::<test[9d35eded1c95d3be]::test_main_static::{closure#0}>::{closure#0}
[INFO] [stdout]                                at /rustc/dfb0accb7f508ae8be965d8629557221c889dd98/library/test/src/lib.rs:155:21
[INFO] [stdout]   13:     0x644fd084aad2 - <alloc[2182bb758b4b3781]::boxed::Box<dyn for<'a, 'b> core[df12db4294e9bfd3]::ops::function::Fn<(&'a std[70759c8f55707aa4]::panic::PanicHookInfo<'b>,), Output = ()> + core[df12db4294e9bfd3]::marker::Send + core[df12db4294e9bfd3]::marker::Sync> as core[df12db4294e9bfd3]::ops::function::Fn<(&std[70759c8f55707aa4]::panic::PanicHookInfo,)>>::call
[INFO] [stdout]                                at /rustc/dfb0accb7f508ae8be965d8629557221c889dd98/library/alloc/src/boxed.rs:2334:9
[INFO] [stdout]   14:     0x644fd084aad2 - std[70759c8f55707aa4]::panicking::panic_with_hook
[INFO] [stdout]                                at /rustc/dfb0accb7f508ae8be965d8629557221c889dd98/library/std/src/panicking.rs:823:13
[INFO] [stdout]   15:     0x644fd082e852 - std[70759c8f55707aa4]::panicking::panic_handler::{closure#0}
[INFO] [stdout]                                at /rustc/dfb0accb7f508ae8be965d8629557221c889dd98/library/std/src/panicking.rs:688:13
[INFO] [stdout]   16:     0x644fd08275d9 - std[70759c8f55707aa4]::sys::backtrace::__rust_end_short_backtrace::<std[70759c8f55707aa4]::panicking::panic_handler::{closure#0}, !>
[INFO] [stdout]                                at /rustc/dfb0accb7f508ae8be965d8629557221c889dd98/library/std/src/sys/backtrace.rs:182:18
[INFO] [stdout]   17:     0x644fd082f44d - __rustc[8fa7c3cbc660c2b3]::rust_begin_unwind
[INFO] [stdout]                                at /rustc/dfb0accb7f508ae8be965d8629557221c889dd98/library/std/src/panicking.rs:679:5
[INFO] [stdout]   18:     0x644fd086973c - core[df12db4294e9bfd3]::panicking::panic_fmt
[INFO] [stdout]                                at /rustc/dfb0accb7f508ae8be965d8629557221c889dd98/library/core/src/panicking.rs:80:14
[INFO] [stdout]   19:     0x644fd0412998 - wafrift_wafmodel[239a08554e69b569]::solve::speed_tests::pct_encode_table_throughput
[INFO] [stdout]                                at /opt/rustwide/workdir/src/solve.rs:402:9
[INFO] [stdout]   20:     0x644fd040bd87 - wafrift_wafmodel[239a08554e69b569]::solve::speed_tests::pct_encode_table_throughput::{closure#0}
[INFO] [stdout]                                at /opt/rustwide/workdir/src/solve.rs:394:37
[INFO] [stdout]   21:     0x644fd0451406 - <wafrift_wafmodel[239a08554e69b569]::solve::speed_tests::pct_encode_table_throughput::{closure#0} as core[df12db4294e9bfd3]::ops::function::FnOnce<()>>::call_once
[INFO] [stdout]                                at /rustc/dfb0accb7f508ae8be965d8629557221c889dd98/library/core/src/ops/function.rs:250:5
[INFO] [stdout]   22:     0x644fd0463f2b - <fn() -> core[df12db4294e9bfd3]::result::Result<(), alloc[2182bb758b4b3781]::string::String> as core[df12db4294e9bfd3]::ops::function::FnOnce<()>>::call_once
[INFO] [stdout]                                at /rustc/dfb0accb7f508ae8be965d8629557221c889dd98/library/core/src/ops/function.rs:250:5
[INFO] [stdout]   23:     0x644fd0463f2b - test[9d35eded1c95d3be]::__rust_begin_short_backtrace::<core[df12db4294e9bfd3]::result::Result<(), alloc[2182bb758b4b3781]::string::String>, fn() -> core[df12db4294e9bfd3]::result::Result<(), alloc[2182bb758b4b3781]::string::String>>
[INFO] [stdout]                                at /rustc/dfb0accb7f508ae8be965d8629557221c889dd98/library/test/src/lib.rs:733:18
[INFO] [stdout]   24:     0x644fd0471595 - test[9d35eded1c95d3be]::run_test_in_process::{closure#0}
[INFO] [stdout]                                at /rustc/dfb0accb7f508ae8be965d8629557221c889dd98/library/test/src/lib.rs:756:74
[INFO] [stdout]   25:     0x644fd0471595 - <core[df12db4294e9bfd3]::panic::unwind_safe::AssertUnwindSafe<test[9d35eded1c95d3be]::run_test_in_process::{closure#0}> as core[df12db4294e9bfd3]::ops::function::FnOnce<()>>::call_once
[INFO] [stdout]                                at /rustc/dfb0accb7f508ae8be965d8629557221c889dd98/library/core/src/panic/unwind_safe.rs:275:9
[INFO] [stdout]   26:     0x644fd0471595 - std[70759c8f55707aa4]::panicking::catch_unwind::do_call::<core[df12db4294e9bfd3]::panic::unwind_safe::AssertUnwindSafe<test[9d35eded1c95d3be]::run_test_in_process::{closure#0}>, core[df12db4294e9bfd3]::result::Result<(), alloc[2182bb758b4b3781]::string::String>>
[INFO] [stdout]                                at /rustc/dfb0accb7f508ae8be965d8629557221c889dd98/library/std/src/panicking.rs:576:43
[INFO] [stdout]   27:     0x644fd0471595 - std[70759c8f55707aa4]::panicking::catch_unwind::<core[df12db4294e9bfd3]::result::Result<(), alloc[2182bb758b4b3781]::string::String>, core[df12db4294e9bfd3]::panic::unwind_safe::AssertUnwindSafe<test[9d35eded1c95d3be]::run_test_in_process::{closure#0}>>
[INFO] [stdout]                                at /rustc/dfb0accb7f508ae8be965d8629557221c889dd98/library/std/src/panicking.rs:544:19
[INFO] [stdout]   28:     0x644fd0471595 - std[70759c8f55707aa4]::panic::catch_unwind::<core[df12db4294e9bfd3]::panic::unwind_safe::AssertUnwindSafe<test[9d35eded1c95d3be]::run_test_in_process::{closure#0}>, core[df12db4294e9bfd3]::result::Result<(), alloc[2182bb758b4b3781]::string::String>>
[INFO] [stdout]                                at /rustc/dfb0accb7f508ae8be965d8629557221c889dd98/library/std/src/panic.rs:359:14
[INFO] [stdout]   29:     0x644fd0471595 - test[9d35eded1c95d3be]::run_test_in_process
[INFO] [stdout]                                at /rustc/dfb0accb7f508ae8be965d8629557221c889dd98/library/test/src/lib.rs:756:27
[INFO] [stdout]   30:     0x644fd0471595 - test[9d35eded1c95d3be]::run_test::{closure#0}
[INFO] [stdout]                                at /rustc/dfb0accb7f508ae8be965d8629557221c889dd98/library/test/src/lib.rs:677:43
[INFO] [stdout]   31:     0x644fd046ae54 - test[9d35eded1c95d3be]::run_test::{closure#1}
[INFO] [stdout]                                at /rustc/dfb0accb7f508ae8be965d8629557221c889dd98/library/test/src/lib.rs:707:41
[INFO] [stdout]   32:     0x644fd046ae54 - std[70759c8f55707aa4]::sys::backtrace::__rust_begin_short_backtrace::<test[9d35eded1c95d3be]::run_test::{closure#1}, ()>
[INFO] [stdout]                                at /rustc/dfb0accb7f508ae8be965d8629557221c889dd98/library/std/src/sys/backtrace.rs:166:18
[INFO] [stdout]   33:     0x644fd04746f2 - std[70759c8f55707aa4]::thread::lifecycle::spawn_unchecked::<test[9d35eded1c95d3be]::run_test::{closure#1}, ()>::{closure#1}::{closure#0}
[INFO] [stdout]                                at /rustc/dfb0accb7f508ae8be965d8629557221c889dd98/library/std/src/thread/lifecycle.rs:70:13
[INFO] [stdout]   34:     0x644fd04746f2 - <core[df12db4294e9bfd3]::panic::unwind_safe::AssertUnwindSafe<std[70759c8f55707aa4]::thread::lifecycle::spawn_unchecked<test[9d35eded1c95d3be]::run_test::{closure#1}, ()>::{closure#1}::{closure#0}> as core[df12db4294e9bfd3]::ops::function::FnOnce<()>>::call_once
[INFO] [stdout]                                at /rustc/dfb0accb7f508ae8be965d8629557221c889dd98/library/core/src/panic/unwind_safe.rs:275:9
[INFO] [stdout]   35:     0x644fd04746f2 - std[70759c8f55707aa4]::panicking::catch_unwind::do_call::<core[df12db4294e9bfd3]::panic::unwind_safe::AssertUnwindSafe<std[70759c8f55707aa4]::thread::lifecycle::spawn_unchecked<test[9d35eded1c95d3be]::run_test::{closure#1}, ()>::{closure#1}::{closure#0}>, ()>
[INFO] [stdout]                                at /rustc/dfb0accb7f508ae8be965d8629557221c889dd98/library/std/src/panicking.rs:576:43
[INFO] [stdout]   36:     0x644fd04746f2 - std[70759c8f55707aa4]::panicking::catch_unwind::<(), core[df12db4294e9bfd3]::panic::unwind_safe::AssertUnwindSafe<std[70759c8f55707aa4]::thread::lifecycle::spawn_unchecked<test[9d35eded1c95d3be]::run_test::{closure#1}, ()>::{closure#1}::{closure#0}>>
[INFO] [stdout]                                at /rustc/dfb0accb7f508ae8be965d8629557221c889dd98/library/std/src/panicking.rs:544:19
[INFO] [stdout]   37:     0x644fd04746f2 - std[70759c8f55707aa4]::panic::catch_unwind::<core[df12db4294e9bfd3]::panic::unwind_safe::AssertUnwindSafe<std[70759c8f55707aa4]::thread::lifecycle::spawn_unchecked<test[9d35eded1c95d3be]::run_test::{closure#1}, ()>::{closure#1}::{closure#0}>, ()>
[INFO] [stdout]                                at /rustc/dfb0accb7f508ae8be965d8629557221c889dd98/library/std/src/panic.rs:359:14
[INFO] [stdout]   38:     0x644fd04746f2 - std[70759c8f55707aa4]::thread::lifecycle::spawn_unchecked::<test[9d35eded1c95d3be]::run_test::{closure#1}, ()>::{closure#1}
[INFO] [stdout]                                at /rustc/dfb0accb7f508ae8be965d8629557221c889dd98/library/std/src/thread/lifecycle.rs:68:26
[INFO] [stdout]   39:     0x644fd04746f2 - <std[70759c8f55707aa4]::thread::lifecycle::spawn_unchecked<test[9d35eded1c95d3be]::run_test::{closure#1}, ()>::{closure#1} as core[df12db4294e9bfd3]::ops::function::FnOnce<()>>::call_once::{shim:vtable#0}
[INFO] [stdout]                                at /rustc/dfb0accb7f508ae8be965d8629557221c889dd98/library/core/src/ops/function.rs:250:5
[INFO] [stdout]   40:     0x644fd0851a89 - <alloc[2182bb758b4b3781]::boxed::Box<dyn core[df12db4294e9bfd3]::ops::function::FnOnce<(), Output = ()> + core[df12db4294e9bfd3]::marker::Send> as core[df12db4294e9bfd3]::ops::function::FnOnce<()>>::call_once
[INFO] [stdout]                                at /rustc/dfb0accb7f508ae8be965d8629557221c889dd98/library/alloc/src/boxed.rs:2320:9
[INFO] [stdout]   41:     0x644fd0851a89 - <std[70759c8f55707aa4]::sys::thread::unix::Thread>::new::thread_start
[INFO] [stdout]                                at /rustc/dfb0accb7f508ae8be965d8629557221c889dd98/library/std/src/sys/thread/unix.rs:123:17
[INFO] [stdout]   42:     0x745879a6fdfa - <unknown>
[INFO] [stdout]   43:     0x745879b033d4 - clone
[INFO] [stdout]   44:                0x0 - <unknown>
[INFO] [stdout] 
[INFO] [stdout] 
[INFO] [stdout] failures:
[INFO] [stdout]     solve::speed_tests::pct_encode_table_throughput
[INFO] [stdout] 
[INFO] [stdout] test result: FAILED. 113 passed; 1 failed; 0 ignored; 0 measured; 0 filtered out; finished in 1.29s
[INFO] [stdout] 
[INFO] [stderr] error: test failed, to rerun pass `--lib`
[INFO] running `Command { std: "docker" "inspect" "fa245bd595aaace322368ba55766d9a483df98a56048d1cf0fb5192b260b4e50", kill_on_drop: false }`
[INFO] running `Command { std: "docker" "rm" "-f" "fa245bd595aaace322368ba55766d9a483df98a56048d1cf0fb5192b260b4e50", kill_on_drop: false }`
[INFO] [stdout] fa245bd595aaace322368ba55766d9a483df98a56048d1cf0fb5192b260b4e50
