[INFO] fetching crate wacky_bag_hlist 0.4.0...
[INFO] testing wacky_bag_hlist-0.4.0 against 1.99.0-beta.8 for beta-1.100-2
[INFO] extracting crate wacky_bag_hlist 0.4.0 into /workspace/builds/worker-3-tc1/source
[INFO] started tweaking crates.io crate wacky_bag_hlist 0.4.0
[INFO] finished tweaking crates.io crate wacky_bag_hlist 0.4.0
[INFO] tweaked toml for crates.io crate wacky_bag_hlist 0.4.0 written to /workspace/builds/worker-3-tc1/source/Cargo.toml
[INFO] validating manifest of crates.io crate wacky_bag_hlist 0.4.0 on toolchain 1.99.0-beta.8
[INFO] running `Command { std: CARGO_HOME="/workspace/cargo-home" RUSTUP_HOME="/workspace/rustup-home" "/workspace/cargo-home/bin/cargo" "+1.99.0-beta.8" "metadata" "--manifest-path" "Cargo.toml" "--no-deps", kill_on_drop: false }`
[INFO] crate crates.io crate wacky_bag_hlist 0.4.0 already has a lockfile, it will not be regenerated
[INFO] running `Command { std: CARGO_HOME="/workspace/cargo-home" RUSTUP_HOME="/workspace/rustup-home" "/workspace/cargo-home/bin/cargo" "+1.99.0-beta.8" "fetch" "--manifest-path" "Cargo.toml", kill_on_drop: false }`
[INFO] [stderr]     Updating crates.io index
[INFO] [stderr]  Downloading crates ...
[INFO] [stderr]   Downloaded frunk_proc_macros v0.1.5
[INFO] [stderr]   Downloaded unsynn v0.3.0
[INFO] [stderr]   Downloaded mutants v0.0.3
[INFO] [stderr]   Downloaded frunk_derives v0.5.0
[INFO] [stderr]   Downloaded variadics_please v2.0.0
[INFO] [stderr]   Downloaded frunk v0.5.0
[INFO] [stderr]   Downloaded frunk_proc_macro_helpers v0.1.5
[INFO] [stderr]   Downloaded frunk_core v0.5.0
[INFO] running `Command { std: "docker" "create" "-v" "/var/lib/crater-agent-workspace/builds/worker-3-tc1/source:/opt/rustwide/workdir:ro,Z" "-v" "/var/lib/crater-agent-workspace/builds/worker-3-tc1/target:/opt/rustwide/target:rw,Z" "-v" "/var/lib/crater-agent-workspace/cargo-home:/opt/rustwide/cargo-home:ro,Z" "-v" "/var/lib/crater-agent-workspace/rustup-home:/opt/rustwide/rustup-home:ro,Z" "-m" "1610612736" "--network" "none" "ghcr.io/rust-lang/crates-build-env/linux@sha256:3111399a4047eeb3a02b7a90e478d715f38a8c6669b5c4b49d30a17385265909" "sleep" "infinity", kill_on_drop: false }`
[INFO] [stdout] b880d4c659cfe90df6c20a5b12ab94a60919816f24f65a5c0242a56b77e4f1ab
[INFO] running `Command { std: "docker" "start" "b880d4c659cfe90df6c20a5b12ab94a60919816f24f65a5c0242a56b77e4f1ab", kill_on_drop: false }`
[INFO] running `Command { std: "docker" "inspect" "b880d4c659cfe90df6c20a5b12ab94a60919816f24f65a5c0242a56b77e4f1ab", kill_on_drop: false }`
[INFO] running `Command { std: "docker" "exec" "-e" "SOURCE_DIR=/opt/rustwide/workdir" "-e" "CARGO_HOME=/opt/rustwide/cargo-home" "-e" "RUSTUP_HOME=/opt/rustwide/rustup-home" "-e" "CARGO_TARGET_DIR=/opt/rustwide/target" "-w" "/opt/rustwide/workdir" "--user" "0:0" "b880d4c659cfe90df6c20a5b12ab94a60919816f24f65a5c0242a56b77e4f1ab" "/opt/rustwide/cargo-home/bin/cargo" "+1.99.0-beta.8" "metadata" "--no-deps" "--format-version=1", kill_on_drop: false }`
[INFO] running `Command { std: "docker" "inspect" "b880d4c659cfe90df6c20a5b12ab94a60919816f24f65a5c0242a56b77e4f1ab", kill_on_drop: false }`
[INFO] running `Command { std: "docker" "exec" "-e" "SOURCE_DIR=/opt/rustwide/workdir" "-e" "CARGO_HOME=/opt/rustwide/cargo-home" "-e" "RUSTUP_HOME=/opt/rustwide/rustup-home" "-e" "CARGO_TARGET_DIR=/opt/rustwide/target" "-e" "CARGO_INCREMENTAL=0" "-e" "RUST_BACKTRACE=full" "-e" "RUSTFLAGS=--cap-lints=warn" "-e" "RUSTDOCFLAGS=--cap-lints=warn" "-w" "/opt/rustwide/workdir" "--user" "0:0" "b880d4c659cfe90df6c20a5b12ab94a60919816f24f65a5c0242a56b77e4f1ab" "/opt/rustwide/cargo-home/bin/cargo" "+1.99.0-beta.8" "build" "--frozen" "--message-format=json", kill_on_drop: false }`
[INFO] [stderr]    Compiling proc-macro2 v1.0.106
[INFO] [stderr]    Compiling frunk_core v0.5.0
[INFO] [stderr]    Compiling rustc-hash v2.1.3
[INFO] [stderr]    Compiling mutants v0.0.3
[INFO] [stderr]    Compiling quote v1.0.46
[INFO] [stderr]    Compiling unsynn v0.3.0
[INFO] [stderr]    Compiling syn v2.0.118
[INFO] [stderr]    Compiling variadics_please v2.0.0
[INFO] [stderr]    Compiling frunk_proc_macro_helpers v0.1.5
[INFO] [stderr]    Compiling frunk_proc_macros v0.1.5
[INFO] [stderr]    Compiling frunk_derives v0.5.0
[INFO] [stderr]    Compiling frunk v0.5.0
[INFO] [stderr]    Compiling wacky_bag_hlist v0.4.0 (/opt/rustwide/workdir)
[INFO] [stderr]     Finished `dev` profile [unoptimized + debuginfo] target(s) in 5.96s
[INFO] running `Command { std: "docker" "inspect" "b880d4c659cfe90df6c20a5b12ab94a60919816f24f65a5c0242a56b77e4f1ab", kill_on_drop: false }`
[INFO] running `Command { std: "docker" "exec" "-e" "SOURCE_DIR=/opt/rustwide/workdir" "-e" "CARGO_HOME=/opt/rustwide/cargo-home" "-e" "RUSTUP_HOME=/opt/rustwide/rustup-home" "-e" "CARGO_TARGET_DIR=/opt/rustwide/target" "-e" "CARGO_INCREMENTAL=0" "-e" "RUST_BACKTRACE=full" "-e" "RUSTFLAGS=--cap-lints=warn" "-e" "RUSTDOCFLAGS=--cap-lints=warn" "-w" "/opt/rustwide/workdir" "--user" "0:0" "b880d4c659cfe90df6c20a5b12ab94a60919816f24f65a5c0242a56b77e4f1ab" "/opt/rustwide/cargo-home/bin/cargo" "+1.99.0-beta.8" "test" "--frozen" "--no-run" "--message-format=json", kill_on_drop: false }`
[INFO] [stderr]    Compiling wacky_bag_hlist v0.4.0 (/opt/rustwide/workdir)
[INFO] [stderr]     Finished `test` profile [unoptimized + debuginfo] target(s) in 0.57s
[INFO] running `Command { std: "docker" "inspect" "b880d4c659cfe90df6c20a5b12ab94a60919816f24f65a5c0242a56b77e4f1ab", kill_on_drop: false }`
[INFO] running `Command { std: "docker" "exec" "-e" "SOURCE_DIR=/opt/rustwide/workdir" "-e" "CARGO_HOME=/opt/rustwide/cargo-home" "-e" "RUSTUP_HOME=/opt/rustwide/rustup-home" "-e" "CARGO_TARGET_DIR=/opt/rustwide/target" "-e" "CARGO_INCREMENTAL=0" "-e" "RUST_BACKTRACE=full" "-e" "RUSTFLAGS=--cap-lints=warn" "-e" "RUSTDOCFLAGS=--cap-lints=warn" "-w" "/opt/rustwide/workdir" "--user" "0:0" "b880d4c659cfe90df6c20a5b12ab94a60919816f24f65a5c0242a56b77e4f1ab" "/opt/rustwide/cargo-home/bin/cargo" "+1.99.0-beta.8" "test" "--frozen", kill_on_drop: false }`
[INFO] [stderr]     Finished `test` profile [unoptimized + debuginfo] target(s) in 0.02s
[INFO] [stderr]      Running unittests src/lib.rs (/opt/rustwide/target/debug/deps/wacky_bag_hlist-1ee2c7b993be6b82)
[INFO] [stdout] 
[INFO] [stdout] running 6 tests
[INFO] [stdout] test utils::phantom_data_type_params::test::test ... ok
[INFO] [stdout] test h_list_helpers::test::test ... ok
[INFO] [stdout] test h_h_zippable::test::test_hhzip ... ok
[INFO] [stderr]    Doc-tests wacky_bag_hlist
[INFO] [stdout] test h_h_zippable::test::test_transpose ... ok
[INFO] [stdout] test variadics_tuple::test::test ... ok
[INFO] [stdout] test output_map::test::test ... ok
[INFO] [stdout] 
[INFO] [stdout] test result: ok. 6 passed; 0 failed; 0 ignored; 0 measured; 0 filtered out; finished in 0.00s
[INFO] [stdout] 
[INFO] [stdout] 
[INFO] [stdout] running 6 tests
[INFO] [stdout] test src/h_list_helpers.rs - h_list_helpers::HRepeat (line 322) ... FAILED
[INFO] [stdout] test src/h_h_zippable.rs - h_h_zippable::HHZippable::h_zip (line 18) ... FAILED
[INFO] [stdout] test src/type_fn.rs - type_fn::impl_func_closure (line 365) ... ok
[INFO] [stdout] test src/type_fn.rs - type_fn::new_struct_func (line 273) ... ok
[INFO] [stdout] test src/h_h_zippable.rs - h_h_zippable::HTranspose::h_transpose (line 90) ... FAILED
[INFO] [stdout] test src/type_fn.rs - type_fn::new_struct_func (line 260) ... ok
[INFO] [stdout] 
[INFO] [stdout] failures:
[INFO] [stdout] 
[INFO] [stdout] ---- src/h_list_helpers.rs - h_list_helpers::HRepeat (line 322) stdout ----
[INFO] [stdout] error[E0425]: cannot find value `HNil` in this scope
[INFO] [stdout]    --> src/h_list_helpers.rs:330:12
[INFO] [stdout]     |
[INFO] [stdout] 330 |         h_repeat(HNil)
[INFO] [stdout]     |                  ^^^^ not found in this scope
[INFO] [stdout] 
[INFO] [stdout] error[E0422]: cannot find struct, variant or union type `HCons` in this scope
[INFO] [stdout]    --> src/h_list_helpers.rs:332:9
[INFO] [stdout]     |
[INFO] [stdout] 332 |     hlist![HCons{head:1,tail:HNil},HCons{head:2.0,tail:HNil},hlist!("3")]
[INFO] [stdout]     |            ^^^^^ not found in this scope
[INFO] [stdout] 
[INFO] [stdout] error[E0425]: cannot find value `HNil` in this scope
[INFO] [stdout]    --> src/h_list_helpers.rs:332:27
[INFO] [stdout]     |
[INFO] [stdout] 332 |     hlist![HCons{head:1,tail:HNil},HCons{head:2.0,tail:HNil},hlist!("3")]
[INFO] [stdout]     |                              ^^^^ not found in this scope
[INFO] [stdout] 
[INFO] [stdout] error[E0422]: cannot find struct, variant or union type `HCons` in this scope
[INFO] [stdout]    --> src/h_list_helpers.rs:332:33
[INFO] [stdout]     |
[INFO] [stdout] 332 |     hlist![HCons{head:1,tail:HNil},HCons{head:2.0,tail:HNil},hlist!("3")]
[INFO] [stdout]     |                                    ^^^^^ not found in this scope
[INFO] [stdout] 
[INFO] [stdout] error[E0425]: cannot find value `HNil` in this scope
[INFO] [stdout]    --> src/h_list_helpers.rs:332:53
[INFO] [stdout]     |
[INFO] [stdout] 332 |     hlist![HCons{head:1,tail:HNil},HCons{head:2.0,tail:HNil},hlist!("3")]
[INFO] [stdout]     |                                                        ^^^^ not found in this scope
[INFO] [stdout] 
[INFO] [stdout] error[E0425]: cannot find function `h_repeat` in this scope
[INFO] [stdout]    --> src/h_list_helpers.rs:330:3
[INFO] [stdout]     |
[INFO] [stdout] 330 |         h_repeat(HNil)
[INFO] [stdout]     |         ^^^^^^^^ not found in this scope
[INFO] [stdout] 
[INFO] [stdout] error: aborting due to 6 previous errors
[INFO] [stdout] 
[INFO] [stdout] Some errors have detailed explanations: E0422, E0425.
[INFO] [stdout] For more information about an error, try `rustc --explain E0422`.
[INFO] [stdout] Couldn't compile the test.
[INFO] [stdout] ---- src/h_h_zippable.rs - h_h_zippable::HHZippable::h_zip (line 18) stdout ----
[INFO] [stdout] error: cannot find macro `hlist` in this scope
[INFO] [stdout]   --> src/h_h_zippable.rs:20:2
[INFO] [stdout]    |
[INFO] [stdout] 20 |     hlist![1,2.0,"3"].h_zip(
[INFO] [stdout]    |     ^^^^^
[INFO] [stdout] 
[INFO] [stdout] error: cannot find macro `hlist` in this scope
[INFO] [stdout]   --> src/h_h_zippable.rs:21:2
[INFO] [stdout]    |
[INFO] [stdout] 21 |     hlist![hlist!["4"],hlist![5],hlist![6.0]]
[INFO] [stdout]    |     ^^^^^
[INFO] [stdout] 
[INFO] [stdout] error: cannot find macro `hlist` in this scope
[INFO] [stdout]   --> src/h_h_zippable.rs:24:2
[INFO] [stdout]    |
[INFO] [stdout] 24 |     hlist![
[INFO] [stdout]    |     ^^^^^
[INFO] [stdout] 
[INFO] [stdout] error: aborting due to 3 previous errors
[INFO] [stdout] 
[INFO] [stdout] Couldn't compile the test.
[INFO] [stdout] ---- src/h_h_zippable.rs - h_h_zippable::HTranspose::h_transpose (line 90) stdout ----
[INFO] [stdout] error[E0432]: unresolved import `wacky_bag_hlist::utils::h_h_zippable`
[INFO] [stdout]   --> src/h_h_zippable.rs:93:29
[INFO] [stdout]    |
[INFO] [stdout] 93 | use wacky_bag_hlist::utils::h_h_zippable::HTranspose;
[INFO] [stdout]    |                             ^^^^^^^^^^^^ could not find `h_h_zippable` in `utils`
[INFO] [stdout] 
[INFO] [stdout] error[E0599]: no method named `h_transpose` found for struct `HCons<H, T>` in the current scope
[INFO] [stdout]    --> src/h_h_zippable.rs:99:4
[INFO] [stdout]     |
[INFO] [stdout]  95 | /     hlist![
[INFO] [stdout]  96 | |         hlist![1  ,2  ,3  ,4  ],
[INFO] [stdout]  97 | |         hlist![1.0,2.0,3.0,4.0],
[INFO] [stdout]  98 | |         hlist!["1","2","3","4"]
[INFO] [stdout]  99 | |     ].h_transpose(),
[INFO] [stdout]     | |      -^^^^^^^^^^^ method not found in `HCons<HCons<{integer}, HCons<{integer}, HCons<{integer}, _>>>, _>`
[INFO] [stdout]     | |______|
[INFO] [stdout]     |
[INFO] [stdout]     |
[INFO] [stdout]    ::: src/h_h_zippable.rs:108:5
[INFO] [stdout]     |
[INFO] [stdout] 108 |       fn h_transpose(self)->Self::Transposed;
[INFO] [stdout]     |          ----------- the method is available for `HCons<HCons<{integer}, HCons<{integer}, HCons<{integer}, HCons<{integer}, HNil>>>>, HCons<HCons<{float}, HCons<{float}, HCons<{float}, HCons<{float}, HNil>>>>, HCons<HCons<&str, HCons<&str, HCons<&str, HCons<&str, HNil>>>>, HNil>>>` here
[INFO] [stdout]     |
[INFO] [stdout]     = help: items from traits can only be used if the trait is in scope
[INFO] [stdout]     = note: the full name for the type has been written to '/tmp/rustdoctestf8Txrt/rust_out.long-type-10177727954569767341.txt'
[INFO] [stdout]     = note: consider using `--verbose` to print the full type name to the console
[INFO] [stdout] help: trait `HTranspose` which provides `h_transpose` is implemented but not in scope; perhaps you want to import it
[INFO] [stdout]     |
[INFO] [stdout]  89 + use crate::wacky_bag_hlist::h_h_zippable::HTranspose;
[INFO] [stdout]     |
[INFO] [stdout] 
[INFO] [stdout] error: aborting due to 2 previous errors
[INFO] [stdout] 
[INFO] [stdout] Some errors have detailed explanations: E0432, E0599.
[INFO] [stdout] For more information about an error, try `rustc --explain E0432`.
[INFO] [stdout] Couldn't compile the test.
[INFO] [stdout] 
[INFO] [stdout] failures:
[INFO] [stdout]     src/h_h_zippable.rs - h_h_zippable::HHZippable::h_zip (line 18)
[INFO] [stdout]     src/h_h_zippable.rs - h_h_zippable::HTranspose::h_transpose (line 90)
[INFO] [stdout]     src/h_list_helpers.rs - h_list_helpers::HRepeat (line 322)
[INFO] [stdout] 
[INFO] [stdout] test result: FAILED. 3 passed; 3 failed; 0 ignored; 0 measured; 0 filtered out; finished in 0.26s
[INFO] [stdout] 
[INFO] [stdout] all doctests ran in 0.40s; merged doctests compilation took 0.14s
[INFO] [stderr] error: doctest failed, to rerun pass `--doc`
[INFO] running `Command { std: "docker" "inspect" "b880d4c659cfe90df6c20a5b12ab94a60919816f24f65a5c0242a56b77e4f1ab", kill_on_drop: false }`
[INFO] running `Command { std: "docker" "rm" "-f" "b880d4c659cfe90df6c20a5b12ab94a60919816f24f65a5c0242a56b77e4f1ab", kill_on_drop: false }`
[INFO] [stdout] b880d4c659cfe90df6c20a5b12ab94a60919816f24f65a5c0242a56b77e4f1ab
