[INFO] fetching crate vtid 0.1.3...
[INFO] testing vtid-0.1.3 against 1.99.0-beta.8 for beta-1.100-2
[INFO] extracting crate vtid 0.1.3 into /workspace/builds/worker-1-tc1/source
[INFO] started tweaking crates.io crate vtid 0.1.3
[INFO] finished tweaking crates.io crate vtid 0.1.3
[INFO] tweaked toml for crates.io crate vtid 0.1.3 written to /workspace/builds/worker-1-tc1/source/Cargo.toml
[INFO] validating manifest of crates.io crate vtid 0.1.3 on toolchain 1.99.0-beta.8
[INFO] running `Command { std: CARGO_HOME="/workspace/cargo-home" RUSTUP_HOME="/workspace/rustup-home" "/workspace/cargo-home/bin/cargo" "+1.99.0-beta.8" "metadata" "--manifest-path" "Cargo.toml" "--no-deps", kill_on_drop: false }`
[INFO] running `Command { std: CARGO_HOME="/workspace/cargo-home" RUSTUP_HOME="/workspace/rustup-home" "/workspace/cargo-home/bin/cargo" "+1.99.0-beta.8" "generate-lockfile" "--manifest-path" "Cargo.toml", kill_on_drop: false }`
[INFO] [stderr]     Updating crates.io index
[INFO] [stderr]      Locking 11 packages to highest compatible versions
[INFO] running `Command { std: CARGO_HOME="/workspace/cargo-home" RUSTUP_HOME="/workspace/rustup-home" "/workspace/cargo-home/bin/cargo" "+1.99.0-beta.8" "fetch" "--manifest-path" "Cargo.toml", kill_on_drop: false }`
[INFO] [stderr]  Downloading crates ...
[INFO] [stderr]   Downloaded vtid-proc v0.1.3
[INFO] running `Command { std: "docker" "create" "-v" "/var/lib/crater-agent-workspace/builds/worker-1-tc1/source:/opt/rustwide/workdir:ro,Z" "-v" "/var/lib/crater-agent-workspace/builds/worker-1-tc1/target:/opt/rustwide/target:rw,Z" "-v" "/var/lib/crater-agent-workspace/cargo-home:/opt/rustwide/cargo-home:ro,Z" "-v" "/var/lib/crater-agent-workspace/rustup-home:/opt/rustwide/rustup-home:ro,Z" "-m" "1610612736" "--network" "none" "ghcr.io/rust-lang/crates-build-env/linux@sha256:3111399a4047eeb3a02b7a90e478d715f38a8c6669b5c4b49d30a17385265909" "sleep" "infinity", kill_on_drop: false }`
[INFO] [stdout] 6dba51a5d0683b1f5fd813a00110f0831491a21a0af442d24b307ac8ac03ac69
[INFO] running `Command { std: "docker" "start" "6dba51a5d0683b1f5fd813a00110f0831491a21a0af442d24b307ac8ac03ac69", kill_on_drop: false }`
[INFO] running `Command { std: "docker" "inspect" "6dba51a5d0683b1f5fd813a00110f0831491a21a0af442d24b307ac8ac03ac69", kill_on_drop: false }`
[INFO] running `Command { std: "docker" "exec" "-e" "SOURCE_DIR=/opt/rustwide/workdir" "-e" "CARGO_HOME=/opt/rustwide/cargo-home" "-e" "RUSTUP_HOME=/opt/rustwide/rustup-home" "-e" "CARGO_TARGET_DIR=/opt/rustwide/target" "-w" "/opt/rustwide/workdir" "--user" "0:0" "6dba51a5d0683b1f5fd813a00110f0831491a21a0af442d24b307ac8ac03ac69" "/opt/rustwide/cargo-home/bin/cargo" "+1.99.0-beta.8" "metadata" "--no-deps" "--format-version=1", kill_on_drop: false }`
[INFO] running `Command { std: "docker" "inspect" "6dba51a5d0683b1f5fd813a00110f0831491a21a0af442d24b307ac8ac03ac69", kill_on_drop: false }`
[INFO] running `Command { std: "docker" "exec" "-e" "SOURCE_DIR=/opt/rustwide/workdir" "-e" "CARGO_HOME=/opt/rustwide/cargo-home" "-e" "RUSTUP_HOME=/opt/rustwide/rustup-home" "-e" "CARGO_TARGET_DIR=/opt/rustwide/target" "-e" "CARGO_INCREMENTAL=0" "-e" "RUST_BACKTRACE=full" "-e" "RUSTFLAGS=--cap-lints=warn" "-e" "RUSTDOCFLAGS=--cap-lints=warn" "-w" "/opt/rustwide/workdir" "--user" "0:0" "6dba51a5d0683b1f5fd813a00110f0831491a21a0af442d24b307ac8ac03ac69" "/opt/rustwide/cargo-home/bin/cargo" "+1.99.0-beta.8" "build" "--frozen" "--message-format=json", kill_on_drop: false }`
[INFO] [stderr]    Compiling vtid v0.1.3 (/opt/rustwide/workdir)
[INFO] [stderr]     Finished `dev` profile [unoptimized + debuginfo] target(s) in 0.10s
[INFO] running `Command { std: "docker" "inspect" "6dba51a5d0683b1f5fd813a00110f0831491a21a0af442d24b307ac8ac03ac69", kill_on_drop: false }`
[INFO] running `Command { std: "docker" "exec" "-e" "SOURCE_DIR=/opt/rustwide/workdir" "-e" "CARGO_HOME=/opt/rustwide/cargo-home" "-e" "RUSTUP_HOME=/opt/rustwide/rustup-home" "-e" "CARGO_TARGET_DIR=/opt/rustwide/target" "-e" "CARGO_INCREMENTAL=0" "-e" "RUST_BACKTRACE=full" "-e" "RUSTFLAGS=--cap-lints=warn" "-e" "RUSTDOCFLAGS=--cap-lints=warn" "-w" "/opt/rustwide/workdir" "--user" "0:0" "6dba51a5d0683b1f5fd813a00110f0831491a21a0af442d24b307ac8ac03ac69" "/opt/rustwide/cargo-home/bin/cargo" "+1.99.0-beta.8" "test" "--frozen" "--no-run" "--message-format=json", kill_on_drop: false }`
[INFO] [stderr]    Compiling vtid v0.1.3 (/opt/rustwide/workdir)
[INFO] [stderr]     Finished `test` profile [unoptimized + debuginfo] target(s) in 0.20s
[INFO] running `Command { std: "docker" "inspect" "6dba51a5d0683b1f5fd813a00110f0831491a21a0af442d24b307ac8ac03ac69", kill_on_drop: false }`
[INFO] running `Command { std: "docker" "exec" "-e" "SOURCE_DIR=/opt/rustwide/workdir" "-e" "CARGO_HOME=/opt/rustwide/cargo-home" "-e" "RUSTUP_HOME=/opt/rustwide/rustup-home" "-e" "CARGO_TARGET_DIR=/opt/rustwide/target" "-e" "CARGO_INCREMENTAL=0" "-e" "RUST_BACKTRACE=full" "-e" "RUSTFLAGS=--cap-lints=warn" "-e" "RUSTDOCFLAGS=--cap-lints=warn" "-w" "/opt/rustwide/workdir" "--user" "0:0" "6dba51a5d0683b1f5fd813a00110f0831491a21a0af442d24b307ac8ac03ac69" "/opt/rustwide/cargo-home/bin/cargo" "+1.99.0-beta.8" "test" "--frozen", kill_on_drop: false }`
[INFO] [stderr]     Finished `test` profile [unoptimized + debuginfo] target(s) in 0.05s
[INFO] [stderr]      Running unittests src/lib.rs (/opt/rustwide/target/debug/deps/vtid-b1deed7f8a4c7267)
[INFO] [stdout] 
[INFO] [stdout] running 0 tests
[INFO] [stdout] 
[INFO] [stdout] test result: ok. 0 passed; 0 failed; 0 ignored; 0 measured; 0 filtered out; finished in 0.00s
[INFO] [stdout] 
[INFO] [stderr]    Doc-tests vtid
[INFO] [stdout] 
[INFO] [stdout] running 1 test
[INFO] [stdout] test src/lib.rs - (line 25) ... FAILED
[INFO] [stderr] error: doctest failed, to rerun pass `--doc`
[INFO] [stdout] 
[INFO] [stdout] failures:
[INFO] [stdout] 
[INFO] [stdout] ---- src/lib.rs - (line 25) stdout ----
[INFO] [stdout] error: cannot find derive macro `HasVtid` in this scope
[INFO] [stdout]   --> src/lib.rs:30:10
[INFO] [stdout]    |
[INFO] [stdout] 30 | #[derive(HasVtid)]
[INFO] [stdout]    |          ^^^^^^^
[INFO] [stdout]    |
[INFO] [stdout] note: `HasVtid` is a trait, not a derive macro
[INFO] [stdout]   --> src/lib.rs:57:1
[INFO] [stdout]    |
[INFO] [stdout] 57 | pub trait HasVtid {
[INFO] [stdout]    | ^^^^^^^^^^^^^^^^^
[INFO] [stdout]    = help: consider implementing `HasVtid` for your type manually
[INFO] [stdout] 
[INFO] [stdout] error[E0277]: the trait bound `MyType: HasVtid` is not satisfied
[INFO] [stdout]   --> src/lib.rs:34:26
[INFO] [stdout]    |
[INFO] [stdout] 34 | let type_id = Vtid::of::<MyType>();
[INFO] [stdout]    |                          ^^^^^^ unsatisfied trait bound
[INFO] [stdout]    |
[INFO] [stdout] help: the trait `HasVtid` is not implemented for `MyType`
[INFO] [stdout]   --> src/lib.rs:31:1
[INFO] [stdout]    |
[INFO] [stdout] 31 | struct MyType;
[INFO] [stdout]    | ^^^^^^^^^^^^^
[INFO] [stdout] note: required by a bound in `Vtid::of`
[INFO] [stdout]   --> src/lib.rs:84:12
[INFO] [stdout]    |
[INFO] [stdout] 82 |     pub fn of<T>() -> Self
[INFO] [stdout]    |            -- required by a bound in this associated function
[INFO] [stdout] 83 |     where
[INFO] [stdout] 84 |         T: HasVtid,
[INFO] [stdout]    |            ^^^^^^^ required by this bound in `Vtid::of`
[INFO] [stdout] 
[INFO] [stdout] error[E0277]: the trait bound `MyType: HasVtid` is not satisfied
[INFO] [stdout]   --> src/lib.rs:38:22
[INFO] [stdout]    |
[INFO] [stdout] 38 | let id1 = Vtid::of::<MyType>();
[INFO] [stdout]    |                      ^^^^^^ unsatisfied trait bound
[INFO] [stdout]    |
[INFO] [stdout] help: the trait `HasVtid` is not implemented for `MyType`
[INFO] [stdout]   --> src/lib.rs:31:1
[INFO] [stdout]    |
[INFO] [stdout] 31 | struct MyType;
[INFO] [stdout]    | ^^^^^^^^^^^^^
[INFO] [stdout] note: required by a bound in `Vtid::of`
[INFO] [stdout]   --> src/lib.rs:84:12
[INFO] [stdout]    |
[INFO] [stdout] 82 |     pub fn of<T>() -> Self
[INFO] [stdout]    |            -- required by a bound in this associated function
[INFO] [stdout] 83 |     where
[INFO] [stdout] 84 |         T: HasVtid,
[INFO] [stdout]    |            ^^^^^^^ required by this bound in `Vtid::of`
[INFO] [stdout] 
[INFO] [stdout] error[E0277]: the trait bound `MyType: HasVtid` is not satisfied
[INFO] [stdout]   --> src/lib.rs:41:22
[INFO] [stdout]    |
[INFO] [stdout] 41 | let id2 = Vtid::of::<MyType>(); // Same as id1
[INFO] [stdout]    |                      ^^^^^^ unsatisfied trait bound
[INFO] [stdout]    |
[INFO] [stdout] help: the trait `HasVtid` is not implemented for `MyType`
[INFO] [stdout]   --> src/lib.rs:31:1
[INFO] [stdout]    |
[INFO] [stdout] 31 | struct MyType;
[INFO] [stdout]    | ^^^^^^^^^^^^^
[INFO] [stdout] note: required by a bound in `Vtid::of`
[INFO] [stdout]   --> src/lib.rs:84:12
[INFO] [stdout]    |
[INFO] [stdout] 82 |     pub fn of<T>() -> Self
[INFO] [stdout]    |            -- required by a bound in this associated function
[INFO] [stdout] 83 |     where
[INFO] [stdout] 84 |         T: HasVtid,
[INFO] [stdout]    |            ^^^^^^^ required by this bound in `Vtid::of`
[INFO] [stdout] 
[INFO] [stdout] error[E0277]: the trait bound `MyType: HasVtid` is not satisfied
[INFO] [stdout]   --> src/lib.rs:44:22
[INFO] [stdout]    |
[INFO] [stdout] 44 | let id3 = Vtid::of::<MyType>(); // Should be the same as id1
[INFO] [stdout]    |                      ^^^^^^ unsatisfied trait bound
[INFO] [stdout]    |
[INFO] [stdout] help: the trait `HasVtid` is not implemented for `MyType`
[INFO] [stdout]   --> src/lib.rs:31:1
[INFO] [stdout]    |
[INFO] [stdout] 31 | struct MyType;
[INFO] [stdout]    | ^^^^^^^^^^^^^
[INFO] [stdout] note: required by a bound in `Vtid::of`
[INFO] [stdout]   --> src/lib.rs:84:12
[INFO] [stdout]    |
[INFO] [stdout] 82 |     pub fn of<T>() -> Self
[INFO] [stdout]    |            -- required by a bound in this associated function
[INFO] [stdout] 83 |     where
[INFO] [stdout] 84 |         T: HasVtid,
[INFO] [stdout]    |            ^^^^^^^ required by this bound in `Vtid::of`
[INFO] [stdout] 
[INFO] [stdout] error[E0277]: the trait bound `MyType: HasVtid` is not satisfied
[INFO] [stdout]   --> src/lib.rs:47:22
[INFO] [stdout]    |
[INFO] [stdout] 47 | let id4 = Vtid::of::<MyType>();
[INFO] [stdout]    |                      ^^^^^^ unsatisfied trait bound
[INFO] [stdout]    |
[INFO] [stdout] help: the trait `HasVtid` is not implemented for `MyType`
[INFO] [stdout]   --> src/lib.rs:31:1
[INFO] [stdout]    |
[INFO] [stdout] 31 | struct MyType;
[INFO] [stdout]    | ^^^^^^^^^^^^^
[INFO] [stdout] note: required by a bound in `Vtid::of`
[INFO] [stdout]   --> src/lib.rs:84:12
[INFO] [stdout]    |
[INFO] [stdout] 82 |     pub fn of<T>() -> Self
[INFO] [stdout]    |            -- required by a bound in this associated function
[INFO] [stdout] 83 |     where
[INFO] [stdout] 84 |         T: HasVtid,
[INFO] [stdout]    |            ^^^^^^^ required by this bound in `Vtid::of`
[INFO] [stdout] 
[INFO] [stdout] error: aborting due to 6 previous errors
[INFO] [stdout] 
[INFO] [stdout] For more information about this error, try `rustc --explain E0277`.
[INFO] [stdout] Couldn't compile the test.
[INFO] [stdout] 
[INFO] [stdout] failures:
[INFO] [stdout]     src/lib.rs - (line 25)
[INFO] [stdout] 
[INFO] [stdout] test result: FAILED. 0 passed; 1 failed; 0 ignored; 0 measured; 0 filtered out; finished in 0.15s
[INFO] [stdout] 
[INFO] running `Command { std: "docker" "inspect" "6dba51a5d0683b1f5fd813a00110f0831491a21a0af442d24b307ac8ac03ac69", kill_on_drop: false }`
[INFO] running `Command { std: "docker" "rm" "-f" "6dba51a5d0683b1f5fd813a00110f0831491a21a0af442d24b307ac8ac03ac69", kill_on_drop: false }`
[INFO] [stdout] 6dba51a5d0683b1f5fd813a00110f0831491a21a0af442d24b307ac8ac03ac69
