[INFO] fetching crate vtcode-safety 0.171.5...
[INFO] testing vtcode-safety-0.171.5 against 1.100.0-beta.1 for beta-1.100-2
[INFO] extracting crate vtcode-safety 0.171.5 into /workspace/builds/worker-7-tc2/source
[INFO] started tweaking crates.io crate vtcode-safety 0.171.5
[INFO] finished tweaking crates.io crate vtcode-safety 0.171.5
[INFO] tweaked toml for crates.io crate vtcode-safety 0.171.5 written to /workspace/builds/worker-7-tc2/source/Cargo.toml
[INFO] validating manifest of crates.io crate vtcode-safety 0.171.5 on toolchain 1.100.0-beta.1
[INFO] running `Command { std: CARGO_HOME="/workspace/cargo-home" RUSTUP_HOME="/workspace/rustup-home" "/workspace/cargo-home/bin/cargo" "+1.100.0-beta.1" "metadata" "--manifest-path" "Cargo.toml" "--no-deps", kill_on_drop: false }`
[INFO] crate crates.io crate vtcode-safety 0.171.5 already has a lockfile, it will not be regenerated
[INFO] running `Command { std: CARGO_HOME="/workspace/cargo-home" RUSTUP_HOME="/workspace/rustup-home" "/workspace/cargo-home/bin/cargo" "+1.100.0-beta.1" "fetch" "--manifest-path" "Cargo.toml", kill_on_drop: false }`
[INFO] [stderr] warning: `package.homepage` is redundant with `package.repository`
[INFO] [stderr]    --> Cargo.toml:141:12
[INFO] [stderr]     |
[INFO] [stderr] 141 | homepage = "https://github.com/vinhnx/vtcode"
[INFO] [stderr]     |            ^^^^^^^^^^^^^^^^^^^^^^^^^^^^^^^^^^
[INFO] [stderr] ...
[INFO] [stderr] 146 | repository = "https://github.com/vinhnx/vtcode"
[INFO] [stderr]     |              ----------------------------------
[INFO] [stderr]     |
[INFO] [stderr]     = note: `cargo::redundant_homepage` is set to `warn` by default
[INFO] [stderr] help: consider removing `package.homepage`
[INFO] [stderr] warning: `vtcode-safety` (manifest) generated 1 warning
[INFO] running `Command { std: "docker" "create" "-v" "/var/lib/crater-agent-workspace/builds/worker-7-tc2/source:/opt/rustwide/workdir:ro,Z" "-v" "/var/lib/crater-agent-workspace/builds/worker-7-tc2/target:/opt/rustwide/target:rw,Z" "-v" "/var/lib/crater-agent-workspace/cargo-home:/opt/rustwide/cargo-home:ro,Z" "-v" "/var/lib/crater-agent-workspace/rustup-home:/opt/rustwide/rustup-home:ro,Z" "-m" "1610612736" "--network" "none" "ghcr.io/rust-lang/crates-build-env/linux@sha256:3111399a4047eeb3a02b7a90e478d715f38a8c6669b5c4b49d30a17385265909" "sleep" "infinity", kill_on_drop: false }`
[INFO] [stdout] 89b0e07342462bd08b74d29ed7529d629c53cf142c8657193d50bc5e1ee7eae7
[INFO] running `Command { std: "docker" "start" "89b0e07342462bd08b74d29ed7529d629c53cf142c8657193d50bc5e1ee7eae7", kill_on_drop: false }`
[INFO] running `Command { std: "docker" "inspect" "89b0e07342462bd08b74d29ed7529d629c53cf142c8657193d50bc5e1ee7eae7", kill_on_drop: false }`
[INFO] running `Command { std: "docker" "exec" "-e" "SOURCE_DIR=/opt/rustwide/workdir" "-e" "CARGO_HOME=/opt/rustwide/cargo-home" "-e" "RUSTUP_HOME=/opt/rustwide/rustup-home" "-e" "CARGO_TARGET_DIR=/opt/rustwide/target" "-w" "/opt/rustwide/workdir" "--user" "0:0" "89b0e07342462bd08b74d29ed7529d629c53cf142c8657193d50bc5e1ee7eae7" "/opt/rustwide/cargo-home/bin/cargo" "+1.100.0-beta.1" "metadata" "--no-deps" "--format-version=1", kill_on_drop: false }`
[INFO] running `Command { std: "docker" "inspect" "89b0e07342462bd08b74d29ed7529d629c53cf142c8657193d50bc5e1ee7eae7", kill_on_drop: false }`
[INFO] running `Command { std: "docker" "exec" "-e" "SOURCE_DIR=/opt/rustwide/workdir" "-e" "CARGO_HOME=/opt/rustwide/cargo-home" "-e" "RUSTUP_HOME=/opt/rustwide/rustup-home" "-e" "CARGO_TARGET_DIR=/opt/rustwide/target" "-e" "CARGO_INCREMENTAL=0" "-e" "RUST_BACKTRACE=full" "-e" "RUSTFLAGS=--cap-lints=warn" "-e" "RUSTDOCFLAGS=--cap-lints=warn" "-w" "/opt/rustwide/workdir" "--user" "0:0" "89b0e07342462bd08b74d29ed7529d629c53cf142c8657193d50bc5e1ee7eae7" "/opt/rustwide/cargo-home/bin/cargo" "+1.100.0-beta.1" "build" "--frozen" "--message-format=json", kill_on_drop: false }`
[INFO] [stderr] warning: `package.homepage` is redundant with `package.repository`
[INFO] [stderr]    --> Cargo.toml:141:12
[INFO] [stderr]     |
[INFO] [stderr] 141 | homepage = "https://github.com/vinhnx/vtcode"
[INFO] [stderr]     |            ^^^^^^^^^^^^^^^^^^^^^^^^^^^^^^^^^^
[INFO] [stderr] ...
[INFO] [stderr] 146 | repository = "https://github.com/vinhnx/vtcode"
[INFO] [stderr]     |              ----------------------------------
[INFO] [stderr]     |
[INFO] [stderr]     = note: `cargo::redundant_homepage` is set to `warn` by default
[INFO] [stderr] help: consider removing `package.homepage`
[INFO] [stderr] warning: `vtcode-safety` (manifest) generated 1 warning
[INFO] [stderr]    Compiling syn v2.0.119
[INFO] [stderr]    Compiling libc v0.2.189
[INFO] [stderr]    Compiling syn v3.0.6
[INFO] [stderr]    Compiling smallvec v1.16.2
[INFO] [stderr]    Compiling cc v1.4.0
[INFO] [stderr]    Compiling aho-corasick v1.1.4
[INFO] [stderr]    Compiling crossbeam-utils v0.8.22
[INFO] [stderr]    Compiling tree-sitter-language v0.1.8
[INFO] [stderr]    Compiling serde_core v1.0.229
[INFO] [stderr]    Compiling rustls v0.23.42
[INFO] [stderr]    Compiling hybrid-array v0.4.13
[INFO] [stderr]    Compiling serde_json v1.0.151
[INFO] [stderr]    Compiling hashbrown v0.17.1
[INFO] [stderr]    Compiling rand_core v0.10.1
[INFO] [stderr]    Compiling openssl-probe v0.2.1
[INFO] [stderr]    Compiling memchr v2.8.3
[INFO] [stderr]    Compiling ipnet v2.12.0
[INFO] [stderr]    Compiling rustls-native-certs v0.8.4
[INFO] [stderr]    Compiling getrandom v0.4.3
[INFO] [stderr]    Compiling bstr v1.13.0
[INFO] [stderr]    Compiling twox-hash v2.1.3
[INFO] [stderr]    Compiling similar v3.2.0
[INFO] [stderr]    Compiling nix v0.31.3
[INFO] [stderr]    Compiling ruzstd v0.9.0
[INFO] [stderr]    Compiling crossbeam-epoch v0.9.20
[INFO] [stderr]    Compiling crypto-common v0.2.2
[INFO] [stderr]    Compiling block-buffer v0.12.1
[INFO] [stderr]    Compiling indexmap v2.14.2
[INFO] [stderr]    Compiling chacha20 v0.10.2
[INFO] [stderr]    Compiling crossbeam-deque v0.8.7
[INFO] [stderr]    Compiling left-right v0.11.8
[INFO] [stderr]    Compiling arc-swap v1.9.2
[INFO] [stderr]    Compiling send_wrapper v0.6.0
[INFO] [stderr]    Compiling streaming-iterator v0.1.9
[INFO] [stderr]    Compiling ring v0.17.14
[INFO] [stderr]    Compiling tree-sitter-bash v0.25.1
[INFO] [stderr]    Compiling shell-words v1.1.1
[INFO] [stderr]    Compiling regex-automata v0.4.18
[INFO] [stderr]    Compiling digest v0.11.3
[INFO] [stderr]    Compiling sha2 v0.11.0
[INFO] [stderr]    Compiling errno v0.3.14
[INFO] [stderr]    Compiling parking_lot_core v0.9.12
[INFO] [stderr]    Compiling mio v1.2.2
[INFO] [stderr]    Compiling socket2 v0.6.5
[INFO] [stderr]    Compiling getrandom v0.2.17
[INFO] [stderr]    Compiling dirs-sys v0.5.0
[INFO] [stderr]    Compiling fs2 v0.4.3
[INFO] [stderr]    Compiling signal-hook-registry v1.4.8
[INFO] [stderr]    Compiling parking_lot v0.12.5
[INFO] [stderr]    Compiling dirs v7.0.0
[INFO] [stderr]    Compiling seccompiler v0.5.0
[INFO] [stderr]    Compiling rand v0.10.3
[INFO] [stderr]    Compiling futures-macro v0.3.34
[INFO] [stderr]    Compiling serde_derive v1.0.229
[INFO] [stderr]    Compiling thiserror-impl v2.0.21
[INFO] [stderr]    Compiling regex v1.13.1
[INFO] [stderr]    Compiling globset v0.4.19
[INFO] [stderr]    Compiling tiktoken v4.1.2
[INFO] [stderr]    Compiling ignore v0.4.33
[INFO] [stderr]    Compiling tree-sitter v0.27.0
[INFO] [stderr]    Compiling synstructure v0.13.2
[INFO] [stderr]    Compiling futures-util v0.3.34
[INFO] [stderr]    Compiling thiserror v2.0.21
[INFO] [stderr]    Compiling zerovec-derive v0.11.3
[INFO] [stderr]    Compiling displaydoc v0.2.6
[INFO] [stderr]    Compiling tokio-macros v2.7.1
[INFO] [stderr]    Compiling tracing-attributes v0.1.31
[INFO] [stderr]    Compiling enumflags2_derive v0.7.12
[INFO] [stderr]    Compiling zerofrom-derive v0.1.7
[INFO] [stderr]    Compiling yoke-derive v0.8.2
[INFO] [stderr]    Compiling enumflags2 v0.7.12
[INFO] [stderr]    Compiling landlock v0.4.7
[INFO] [stderr]    Compiling tokio v1.53.1
[INFO] [stderr]    Compiling serde v1.0.229
[INFO] [stderr]    Compiling tracing v0.1.44
[INFO] [stderr]    Compiling zerofrom v0.1.8
[INFO] [stderr]    Compiling yoke v0.8.3
[INFO] [stderr]    Compiling zerotrie v0.2.4
[INFO] [stderr]    Compiling rustls-webpki v0.103.13
[INFO] [stderr]    Compiling serde_urlencoded v0.7.1
[INFO] [stderr]    Compiling vtcode-diff v0.171.5
[INFO] [stderr]    Compiling compact_str v0.10.0
[INFO] [stderr]    Compiling chrono v0.4.45
[INFO] [stderr]    Compiling futures-executor v0.3.34
[INFO] [stderr]    Compiling futures v0.3.34
[INFO] [stderr]    Compiling zerovec v0.11.6
[INFO] [stderr]    Compiling tinystr v0.8.3
[INFO] [stderr]    Compiling potential_utf v0.1.5
[INFO] [stderr]    Compiling icu_collections v2.2.0
[INFO] [stderr]    Compiling icu_locale_core v2.2.0
[INFO] [stderr]    Compiling icu_provider v2.2.0
[INFO] [stderr]    Compiling icu_normalizer v2.2.0
[INFO] [stderr]    Compiling icu_properties v2.2.0
[INFO] [stderr]    Compiling idna_adapter v1.2.2
[INFO] [stderr]    Compiling idna v1.1.0
[INFO] [stderr]    Compiling url v2.5.8
[INFO] [stderr]    Compiling hyper v1.11.0
[INFO] [stderr]    Compiling tokio-rustls v0.26.4
[INFO] [stderr]    Compiling tower v0.5.3
[INFO] [stderr]    Compiling tokio-util v0.7.19
[INFO] [stderr]    Compiling tower-http v0.6.11
[INFO] [stderr]    Compiling hyper-util v0.1.20
[INFO] [stderr]    Compiling hyper-rustls v0.27.9
[INFO] [stderr]    Compiling reqwest v0.12.28
[INFO] [stderr]    Compiling vtcode-commons v0.171.5
[INFO] [stderr]    Compiling vtcode-safety v0.171.5 (/opt/rustwide/workdir)
[INFO] [stdout] warning: usage of an `unsafe` block
[INFO] [stdout]   --> src/sandboxing/linux.rs:62:19
[INFO] [stdout]    |
[INFO] [stdout] 62 |       let version = unsafe {
[INFO] [stdout]    |  ___________________^
[INFO] [stdout] 63 | |         libc::syscall(
[INFO] [stdout] 64 | |             libc::SYS_landlock_create_ruleset,
[INFO] [stdout] 65 | |             std::ptr::null::<libc::c_void>(),
[INFO] [stdout] ...  |
[INFO] [stdout] 69 | |     };
[INFO] [stdout]    | |_____^
[INFO] [stdout]    |
[INFO] [stdout]    = note: requested on the command line with `-W unsafe-code`
[INFO] [stdout] 
[INFO] [stdout] 
[INFO] [stderr]     Finished `dev` profile [unoptimized + debuginfo] target(s) in 54.92s
[INFO] running `Command { std: "docker" "inspect" "89b0e07342462bd08b74d29ed7529d629c53cf142c8657193d50bc5e1ee7eae7", kill_on_drop: false }`
[INFO] running `Command { std: "docker" "exec" "-e" "SOURCE_DIR=/opt/rustwide/workdir" "-e" "CARGO_HOME=/opt/rustwide/cargo-home" "-e" "RUSTUP_HOME=/opt/rustwide/rustup-home" "-e" "CARGO_TARGET_DIR=/opt/rustwide/target" "-e" "CARGO_INCREMENTAL=0" "-e" "RUST_BACKTRACE=full" "-e" "RUSTFLAGS=--cap-lints=warn" "-e" "RUSTDOCFLAGS=--cap-lints=warn" "-w" "/opt/rustwide/workdir" "--user" "0:0" "89b0e07342462bd08b74d29ed7529d629c53cf142c8657193d50bc5e1ee7eae7" "/opt/rustwide/cargo-home/bin/cargo" "+1.100.0-beta.1" "test" "--frozen" "--no-run" "--message-format=json", kill_on_drop: false }`
[INFO] [stderr] warning: `package.homepage` is redundant with `package.repository`
[INFO] [stderr]    --> Cargo.toml:141:12
[INFO] [stderr]     |
[INFO] [stderr] 141 | homepage = "https://github.com/vinhnx/vtcode"
[INFO] [stderr]     |            ^^^^^^^^^^^^^^^^^^^^^^^^^^^^^^^^^^
[INFO] [stderr] ...
[INFO] [stderr] 146 | repository = "https://github.com/vinhnx/vtcode"
[INFO] [stderr]     |              ----------------------------------
[INFO] [stderr]     |
[INFO] [stderr]     = note: `cargo::redundant_homepage` is set to `warn` by default
[INFO] [stderr] help: consider removing `package.homepage`
[INFO] [stderr] warning: `vtcode-safety` (manifest) generated 1 warning
[INFO] [stderr]    Compiling nix v0.31.3
[INFO] [stderr]    Compiling tower-http v0.6.11
[INFO] [stderr]    Compiling tempfile v3.27.0
[INFO] [stderr]    Compiling reqwest v0.12.28
[INFO] [stderr]    Compiling vtcode-commons v0.171.5
[INFO] [stderr]    Compiling vtcode-safety v0.171.5 (/opt/rustwide/workdir)
[INFO] [stdout] warning: usage of an `unsafe` block
[INFO] [stdout]   --> src/sandboxing/linux.rs:62:19
[INFO] [stdout]    |
[INFO] [stdout] 62 |       let version = unsafe {
[INFO] [stdout]    |  ___________________^
[INFO] [stdout] 63 | |         libc::syscall(
[INFO] [stdout] 64 | |             libc::SYS_landlock_create_ruleset,
[INFO] [stdout] 65 | |             std::ptr::null::<libc::c_void>(),
[INFO] [stdout] ...  |
[INFO] [stdout] 69 | |     };
[INFO] [stdout]    | |_____^
[INFO] [stdout]    |
[INFO] [stdout]    = note: requested on the command line with `-W unsafe-code`
[INFO] [stdout] 
[INFO] [stdout] 
[INFO] [stdout] warning: usage of an `unsafe` block
[INFO] [stdout]   --> src/sandboxing/linux.rs:62:19
[INFO] [stdout]    |
[INFO] [stdout] 62 |       let version = unsafe {
[INFO] [stdout]    |  ___________________^
[INFO] [stdout] 63 | |         libc::syscall(
[INFO] [stdout] 64 | |             libc::SYS_landlock_create_ruleset,
[INFO] [stdout] 65 | |             std::ptr::null::<libc::c_void>(),
[INFO] [stdout] ...  |
[INFO] [stdout] 69 | |     };
[INFO] [stdout]    | |_____^
[INFO] [stdout]    |
[INFO] [stdout]    = note: requested on the command line with `-W unsafe-code`
[INFO] [stdout] 
[INFO] [stdout] 
[INFO] [stderr]     Finished `test` profile [unoptimized + debuginfo] target(s) in 16.29s
[INFO] running `Command { std: "docker" "inspect" "89b0e07342462bd08b74d29ed7529d629c53cf142c8657193d50bc5e1ee7eae7", kill_on_drop: false }`
[INFO] running `Command { std: "docker" "exec" "-e" "SOURCE_DIR=/opt/rustwide/workdir" "-e" "CARGO_HOME=/opt/rustwide/cargo-home" "-e" "RUSTUP_HOME=/opt/rustwide/rustup-home" "-e" "CARGO_TARGET_DIR=/opt/rustwide/target" "-e" "CARGO_INCREMENTAL=0" "-e" "RUST_BACKTRACE=full" "-e" "RUSTFLAGS=--cap-lints=warn" "-e" "RUSTDOCFLAGS=--cap-lints=warn" "-w" "/opt/rustwide/workdir" "--user" "0:0" "89b0e07342462bd08b74d29ed7529d629c53cf142c8657193d50bc5e1ee7eae7" "/opt/rustwide/cargo-home/bin/cargo" "+1.100.0-beta.1" "test" "--frozen", kill_on_drop: false }`
[INFO] [stderr] warning: `package.homepage` is redundant with `package.repository`
[INFO] [stderr]    --> Cargo.toml:141:12
[INFO] [stderr]     |
[INFO] [stderr] 141 | homepage = "https://github.com/vinhnx/vtcode"
[INFO] [stderr]     |            ^^^^^^^^^^^^^^^^^^^^^^^^^^^^^^^^^^
[INFO] [stderr] ...
[INFO] [stderr] 146 | repository = "https://github.com/vinhnx/vtcode"
[INFO] [stderr]     |              ----------------------------------
[INFO] [stderr]     |
[INFO] [stderr]     = note: `cargo::redundant_homepage` is set to `warn` by default
[INFO] [stderr] help: consider removing `package.homepage`
[INFO] [stderr] warning: `vtcode-safety` (manifest) generated 1 warning
[INFO] [stderr] warning: usage of an `unsafe` block
[INFO] [stderr]   --> src/sandboxing/linux.rs:62:19
[INFO] [stderr]    |
[INFO] [stderr] 62 |       let version = unsafe {
[INFO] [stderr]    |  ___________________^
[INFO] [stderr] 63 | |         libc::syscall(
[INFO] [stderr] 64 | |             libc::SYS_landlock_create_ruleset,
[INFO] [stderr] 65 | |             std::ptr::null::<libc::c_void>(),
[INFO] [stderr] ...  |
[INFO] [stderr] 69 | |     };
[INFO] [stderr]    | |_____^
[INFO] [stderr]    |
[INFO] [stderr]    = note: requested on the command line with `-W unsafe-code`
[INFO] [stderr] 
[INFO] [stderr] warning: `vtcode-safety` (lib) generated 1 warning
[INFO] [stderr] warning: `vtcode-safety` (lib test) generated 1 warning (1 duplicate)
[INFO] [stderr]     Finished `test` profile [unoptimized + debuginfo] target(s) in 0.36s
[INFO] [stderr]      Running unittests src/lib.rs (/opt/rustwide/target/debug/build/vtcode-safety/986ca5f28e455075/out/vtcode_safety-986ca5f28e455075)
[INFO] [stdout] 
[INFO] [stdout] running 303 tests
[INFO] [stdout] test audit_log::tests::multi_sink_forwards_to_every_inner_sink ... ok
[INFO] [stdout] test audit_log::tests::in_memory_sink_records_entries ... ok
[INFO] [stdout] test audit_log::tests::null_sink_accepts_without_recording ... ok
[INFO] [stdout] test audit_log::tests::jsonl_file_sink_rotates_when_threshold_exceeded ... ok
[INFO] [stdout] test command_safety::audit::tests::disabled_logger_ignores_entries ... ok
[INFO] [stdout] test command_safety::audit::tests::creates_audit_entry ... ok
[INFO] [stdout] test command_safety::cache::tests::cache_stores_and_retrieves ... ok
[INFO] [stdout] test command_safety::cache::tests::cache_stats ... ok
[INFO] [stdout] test audit_log::tests::tool_audit_logger_record_routes_through_sink ... ok
[INFO] [stdout] test command_safety::cache::tests::cache_clears ... ok
[INFO] [stdout] test command_safety::cache::tests::cache_tracks_access_count ... ok
[INFO] [stdout] test command_safety::command_db::tests::database_loads_without_error ... ok
[INFO] [stdout] test command_safety::command_db::tests::database_includes_file_operations ... ok
[INFO] [stdout] test command_safety::command_db::tests::database_includes_source_control ... ok
[INFO] [stdout] test command_safety::dangerous_commands::tests::absolute_path_git_reset_hard_is_dangerous ... ok
[INFO] [stdout] test command_safety::dangerous_commands::tests::dangerous_command_reason_names_git_pattern_and_skips_safe_commands ... ok
[INFO] [stdout] test command_safety::command_db::tests::database_includes_build_systems ... ok
[INFO] [stdout] test command_safety::audit::tests::clones_share_same_entries ... ok
[INFO] [stdout] test command_safety::dangerous_commands::tests::command_might_be_dangerous_allows_git_status ... ok
[INFO] [stdout] test command_safety::dangerous_commands::tests::command_might_be_dangerous_detects_git_reset_hard ... ok
[INFO] [stdout] test command_safety::dangerous_commands::tests::dynamic_or_unknown_wrapped_executables_fail_closed ... ok
[INFO] [stdout] test command_safety::audit::tests::filters_denied_entries ... ok
[INFO] [stdout] test audit_log::tests::jsonl_file_sink_appends_and_flushes_on_drop ... ok
[INFO] [stdout] test command_safety::cache::tests::cache_respects_max_size ... ok
[INFO] [stdout] test command_safety::dangerous_commands::tests::dangerous_command_reason_does_not_label_plain_rm_as_git_rm ... ok
[INFO] [stdout] test command_safety::audit::tests::logs_entries ... ok
[INFO] [stdout] test command_safety::dangerous_commands::tests::git_push_force_is_dangerous ... ok
[INFO] [stdout] test command_safety::cache::tests::cache_returns_none_for_missing_key ... ok
[INFO] [stdout] test command_safety::dangerous_commands::tests::git_branch_delete_is_dangerous_only_when_forced ... ok
[INFO] [stdout] test audit_log::tests::sha256_hex_is_stable ... ok
[INFO] [stdout] test command_safety::dangerous_commands::tests::git_branch_delete_with_stacked_short_flags_is_dangerous_only_when_forced ... ok
[INFO] [stdout] test command_safety::dangerous_commands::tests::git_branch_force_delete_is_blocked_but_merged_delete_passes ... ok
[INFO] [stdout] test command_safety::dangerous_commands::tests::git_checkout_reset_is_not_dangerous ... ok
[INFO] [stdout] test command_safety::dangerous_commands::tests::git_push_without_force_is_not_dangerous ... ok
[INFO] [stdout] test command_safety::dangerous_commands::tests::git_clean_force_is_dangerous_even_when_f_is_not_first_flag ... ok
[INFO] [stdout] test command_safety::dangerous_commands::tests::git_reset_destructive_modes_still_preflight_blocked ... ok
[INFO] [stdout] test command_safety::dangerous_commands::tests::git_rm_index_only_passes_preflight_and_working_tree_delete_stays_blocked ... ok
[INFO] [stdout] test command_safety::dangerous_commands::tests::git_reset_recoverable_modes_pass_preflight ... ok
[INFO] [stdout] test command_safety::dangerous_commands::tests::git_branch_delete_with_global_options_is_dangerous_only_when_forced ... ok
[INFO] [stdout] test command_safety::dangerous_commands::tests::dd_is_dangerous ... ok
[INFO] [stdout] test command_safety::dangerous_commands::tests::git_push_delete_refspec_is_dangerous ... ok
[INFO] [stdout] test command_safety::dangerous_commands::tests::end_of_options_separator_cannot_hide_working_tree_git_rm ... ok
[INFO] [stdout] test command_safety::dangerous_commands::tests::git_log_is_safe ... ok
[INFO] [stdout] test command_safety::dangerous_commands::tests::inline_interpreter_programs_are_code_execution_boundaries ... ok
[INFO] [stdout] test command_safety::dangerous_commands::tests::empty_command_is_safe ... ok
[INFO] [stdout] test command_safety::dangerous_commands::tests::git_status_is_safe ... ok
[INFO] [stdout] test command_safety::dangerous_commands::tests::git_push_delete_flag_is_dangerous ... ok
[INFO] [stdout] test command_safety::dangerous_commands::tests::mkfs_variants_are_dangerous ... ok
[INFO] [stdout] test command_safety::dangerous_commands::tests::git_push_plus_refspec_is_dangerous ... ok
[INFO] [stdout] test command_safety::dangerous_commands::tests::rm_f_is_dangerous ... ok
[INFO] [stdout] test command_safety::dangerous_commands::tests::end_of_options_separator_stops_flag_classification_for_other_guarded_subcommands ... ok
[INFO] [stdout] test command_safety::dangerous_commands::tests::rm_rf_is_dangerous ... ok
[INFO] [stdout] test command_safety::dangerous_commands::tests::mkfs_is_dangerous ... ok
[INFO] [stdout] test command_safety::dangerous_commands::tests::shutdown_is_dangerous ... ok
[INFO] [stdout] test command_safety::dangerous_commands::tests::sudo_git_status_is_safe ... ok
[INFO] [stdout] test command_safety::dangerous_commands::tests::rm_without_flags_is_safe ... ok
[INFO] [stdout] test command_safety::dangerous_commands::tests::sudo_git_reset_is_dangerous ... ok
[INFO] [stdout] test command_safety::integration_tests::tests::test_cache_hit_on_repeated_evaluation ... ok
[INFO] [stdout] test command_safety::integration_tests::tests::test_bash_lc_with_unsafe_git_global_option ... ok
[INFO] [stdout] test command_safety::dangerous_commands::tests::wrappers_and_absolute_executables_do_not_hide_dangerous_commands ... ok
[INFO] [stdout] test command_safety::integration_tests::tests::test_concurrent_evaluations ... ok
[INFO] [stdout] test command_safety::integration_tests::tests::test_bash_lc_with_dangerous_command ... ok
[INFO] [stdout] test command_safety::integration_tests::tests::test_dangerous_command_reason ... ok
[INFO] [stdout] test command_safety::integration_tests::tests::test_bash_lc_with_safe_commands ... ok
[INFO] [stdout] test command_safety::integration_tests::tests::test_dangerous_rm_commands ... ok
[INFO] [stdout] test command_safety::integration_tests::tests::test_command_with_spaces_in_args ... ok
[INFO] [stdout] test command_safety::integration_tests::tests::test_cache_stores_deny_decisions ... ok
[INFO] [stdout] test command_safety::integration_tests::tests::test_dangerous_mkfs_commands ... ok
[INFO] [stdout] test command_safety::integration_tests::tests::test_empty_command_denied ... ok
[INFO] [stdout] test command_safety::integration_tests::tests::test_evaluate_multiple_different_commands ... ok
[INFO] [stdout] test command_safety::integration_tests::tests::test_find_forbidden_options ... ok
[INFO] [stdout] test command_safety::integration_tests::tests::test_policy_aware_with_static_policy ... ok
[INFO] [stdout] test command_safety::integration_tests::tests::test_forbidden_git_subcommands ... ok
[INFO] [stdout] test command_safety::integration_tests::tests::test_many_different_commands ... ok
[INFO] [stdout] test command_safety::integration_tests::tests::test_full_pipeline_dangerous_bash_lc_overrides_policy ... ok
[INFO] [stdout] test command_safety::integration_tests::tests::test_secondary_reasons_populated ... ok
[INFO] [stdout] test command_safety::integration_tests::tests::test_policy_allow_with_safety_allow ... ok
[INFO] [stdout] test command_safety::integration_tests::tests::test_large_number_of_evaluations ... ok
[INFO] [stdout] test command_safety::integration_tests::tests::test_safe_git_commands ... ok
[INFO] [stdout] test command_safety::integration_tests::tests::test_policy_aware_without_policy ... ok
[INFO] [stdout] test command_safety::integration_tests::tests::test_policy_aware_set_policy ... ok
[INFO] [stdout] test command_safety::integration_tests::tests::test_find_allowed_options ... ok
[INFO] [stdout] test command_safety::integration_tests::tests::test_safe_cargo_commands ... ok
[INFO] [stdout] test command_safety::integration_tests::tests::test_policy_aware_clear_policy ... ok
[INFO] [stdout] test command_safety::integration_tests::tests::test_policy_allow_with_safety_deny ... ok
[INFO] [stdout] test command_safety::integration_tests::tests::test_policy_deny_blocks_safe_command ... ok
[INFO] [stdout] test command_safety::integration_tests::tests::test_safety_allow_reason ... ok
[INFO] [stdout] test command_safety::integration_tests::tests::test_safe_readonly_commands ... ok
[INFO] [stdout] test command_safety::integration_tests::tests::test_full_pipeline_bash_lc_with_policy ... ok
[INFO] [stdout] test command_safety::safe_command_registry::tests::cat_is_always_safe ... ok
[INFO] [stdout] test command_safety::safe_command_registry::tests::find_with_exec_is_dangerous ... ok
[INFO] [stdout] test command_safety::safe_command_registry::tests::find_without_dangerous_options_is_allowed ... ok
[INFO] [stdout] test command_safety::safe_command_registry::tests::cargo_fmt_without_check_is_dangerous ... ok
[INFO] [stdout] test command_safety::safe_command_registry::tests::cargo_clean_is_dangerous ... ok
[INFO] [stdout] test command_safety::safe_command_registry::tests::extract_command_name_from_path ... ok
[INFO] [stdout] test command_safety::safe_command_registry::tests::find_with_delete_is_dangerous ... ok
[INFO] [stdout] test command_safety::safe_command_registry::tests::cargo_fmt_with_check_is_safe ... ok
[INFO] [stdout] test command_safety::safe_command_registry::tests::git_reset_is_dangerous ... ok
[INFO] [stdout] test command_safety::integration_tests::tests::test_sudo_unwrapping ... ok
[INFO] [stdout] test command_safety::safe_command_registry::tests::git_global_options_require_approval ... ok
[INFO] [stdout] test command_safety::integration_tests::tests::test_whitespace_only_command_denied ... ok
[INFO] [stdout] test command_safety::safe_command_registry::tests::base64_with_output_is_dangerous ... ok
[INFO] [stdout] test command_safety::safe_command_registry::tests::base64_without_output_is_allowed ... ok
[INFO] [stdout] test command_safety::safe_command_registry::tests::git_status_is_safe ... ok
[INFO] [stdout] test command_safety::safe_command_registry::tests::cargo_check_is_safe ... ok
[INFO] [stdout] test command_safety::safe_command_registry::tests::sed_n_range_is_safe ... ok
[INFO] [stdout] test command_safety::safe_command_registry::tests::rg_with_pre_is_dangerous ... ok
[INFO] [stdout] test command_safety::safe_command_registry::tests::sed_n_single_line_is_safe ... ok
[INFO] [stdout] test command_safety::safe_command_registry::tests::sed_without_n_is_allowed ... ok
[INFO] [stdout] test command_safety::shell_parser::tests::dynamic_find_syntax_is_detected_without_rejecting_quoted_globs ... ok
[INFO] [stdout] test command_safety::shell_parser::tests::dynamic_syntax_allows_literal_escapes_inside_double_quoted_arguments ... ok
[INFO] [stdout] test command_safety::shell_parser::tests::dynamic_syntax_rejects_unquoted_escapes ... ok
[INFO] [stdout] test command_safety::shell_parser::tests::output_redirection_guard_rejects_input_and_heredoc_shapes ... ok
[INFO] [stdout] test command_safety::shell_parser::tests::parse_bash_lc_chained ... ok
[INFO] [stdout] test command_safety::shell_parser::tests::parse_bash_lc_git_status ... ok
[INFO] [stdout] test command_safety::shell_parser::tests::parse_bash_lc_with_pipe ... ok
[INFO] [stdout] test command_safety::shell_parser::tests::parse_bash_without_lc_returns_none ... ok
[INFO] [stdout] test command_safety::shell_parser::tests::parse_chained_commands_with_and ... ok
[INFO] [stdout] test command_safety::shell_parser::tests::parse_command_substitution_fallback ... ok
[INFO] [stdout] test command_safety::shell_parser::tests::parse_chained_commands_with_semicolon ... ok
[INFO] [stdout] test command_safety::shell_parser::tests::parse_complex_pipeline ... ok
[INFO] [stdout] test command_safety::shell_parser::tests::parse_dangerous_shell_command ... ok
[INFO] [stdout] test command_safety::shell_parser::tests::parse_escaped_quotes ... ok
[INFO] [stdout] test command_safety::shell_parser::tests::parse_loop_body_commands ... ok
[INFO] [stdout] test command_safety::shell_parser::tests::parse_single_command ... ok
[INFO] [stdout] test command_safety::shell_parser::tests::parse_non_bash_command_returns_none ... ok
[INFO] [stdout] test command_safety::shell_parser::tests::parse_tree_sitter_preserves_command_name_with_quoted_args ... ok
[INFO] [stdout] test command_safety::shell_parser::tests::parse_tree_sitter_preserves_single_and_ansi_quoted_args ... ok
[INFO] [stdout] test command_safety::shell_parser::tests::prewarm_bash_parser_initializes_successfully ... ok
[INFO] [stdout] test command_safety::shell_parser::tests::parse_with_pipes_and_redirects ... ok
[INFO] [stdout] test command_safety::tests::backtick_after_heredoc_delimiter_on_opener_line_is_detected ... ok
[INFO] [stdout] test command_safety::shell_parser::tests::tokenize_simple_command ... ok
[INFO] [stdout] test command_safety::shell_parser::tests::strict_tree_sitter_parser_rejects_incomplete_shell_syntax ... ok
[INFO] [stdout] test command_safety::tests::heredoc_skip_matches_delimiter_line ... ok
[INFO] [stdout] test command_safety::shell_parser::tests::tokenize_quoted_arguments ... ok
[INFO] [stdout] test command_safety::tests::argv_validation_leaves_inline_code_for_sandbox_or_approval_admission ... ok
[INFO] [stdout] test command_safety::tests::double_quoted_heredoc_shaped_text_still_detects_substitution ... ok
[INFO] [stdout] test command_safety::tests::segments_after_heredoc_body_are_still_scanned ... ok
[INFO] [stdout] test command_safety::tests::double_quoted_heredoc_shaped_text_still_detects_backticks ... ok
[INFO] [stdout] test command_safety::tests::unquoted_heredoc_body_still_detects_substitution ... ok
[INFO] [stdout] test command_safety::tests::validation_rejects_dynamic_find_option_splicing ... ok
[INFO] [stdout] test command_safety::tests::double_quoted_heredoc_shaped_text_without_substitution_passes ... ok
[INFO] [stdout] test command_safety::tests::shell_string_detects_dangerous_sequence ... ok
[INFO] [stdout] test command_safety::tests::empty_command_is_not_safe ... ok
[INFO] [stdout] test command_safety::unified::adapter_tests::policy_aware_with_allow_policy_still_blocks_dangerous ... ok
[INFO] [stdout] test command_safety::unified::adapter_tests::policy_aware_mutable_set_policy ... ok
[INFO] [stdout] test command_safety::tests::validation_rejects_prompt_injection_shaped_shell_payloads ... ok
[INFO] [stdout] test command_safety::tests::bash_c_argv_with_double_quoted_heredoc_shaped_substitution_is_rejected ... ok
[INFO] [stdout] test command_safety::tests::quoted_heredoc_body_is_not_command_substitution ... ok
[INFO] [stdout] test command_safety::tests::substitution_after_heredoc_delimiter_on_opener_line_is_detected ... ok
[INFO] [stdout] test command_safety::unified::adapter_tests::policy_aware_with_deny_policy_blocks_safe_command ... ok
[INFO] [stdout] test command_safety::tests::pipeline_suffix_after_heredoc_delimiter_stays_clean ... ok
[INFO] [stdout] test command_safety::unified::tests::dangerous_command_denied ... ok
[INFO] [stdout] test command_safety::unified::tests::empty_command_denied ... ok
[INFO] [stdout] test command_safety::unified::tests::policy_allow_continues_to_safety_checks ... ok
[INFO] [stdout] test command_safety::unified::adapter_tests::policy_aware_without_policy_uses_safety ... ok
[INFO] [stdout] test command_safety::unified::tests::safe_command_allowed ... ok
[INFO] [stdout] test command_safety::unified::tests::policy_deny_stops_evaluation ... ok
[INFO] [stdout] test exec_policy::approval::tests::default_exec_approval_requirement_ignores_request_permission_rejection ... ok
[INFO] [stdout] test command_safety::unified::tests::evaluation_reason_display ... ok
[INFO] [stdout] test command_safety::tests::chained_command_after_heredoc_delimiter_on_opener_line_is_rejected ... ok
[INFO] [stdout] test command_safety::unified::tests::dangerous_command_is_audited ... ok
[INFO] [stdout] test command_safety::unified::tests::evaluation_result_contains_reasons ... ok
[INFO] [stdout] test command_safety::tests::explicit_shell_script_allows_static_chaining_but_rejects_substitution ... ok
[INFO] [stdout] test command_safety::unified::tests::forbidden_git_subcommand_denied ... ok
[INFO] [stdout] test command_safety::unified::tests::safety_deny_overrides_policy_allow ... ok
[INFO] [stdout] test exec_policy::approval::tests::default_exec_approval_requirement_keeps_prompt_when_rejection_disabled ... ok
[INFO] [stdout] test exec_policy::approval::tests::default_exec_approval_requirement_requires_approval_for_on_request ... ok
[INFO] [stdout] test exec_policy::approval::tests::default_exec_approval_requirement_requires_approval_for_unless_trusted ... ok
[INFO] [stdout] test command_safety::unified::tests::cache_hit_on_repeated_command ... ok
[INFO] [stdout] test command_safety::unified::tests::safe_command_is_audited ... ok
[INFO] [stdout] test exec_policy::approval::tests::default_exec_approval_requirement_skips_for_never ... ok
[INFO] [stdout] test command_safety::unified::tests::bash_lc_decomposition ... ok
[INFO] [stdout] test exec_policy::approval::tests::default_exec_approval_requirement_skips_on_request_without_prompt ... ok
[INFO] [stdout] test exec_policy::approval::tests::default_exec_approval_requirement_rejects_sandbox_prompt_when_configured ... ok
[INFO] [stdout] test exec_policy::approval::tests::default_exec_approval_requirement_skips_for_on_failure ... ok
[INFO] [stdout] test exec_policy::approval::tests::test_ask_for_approval_rejection_helpers ... ok
[INFO] [stdout] test exec_policy::approval::tests::test_amendment ... ok
[INFO] [stdout] test exec_policy::approval::tests::test_needs_approval_requirement ... ok
[INFO] [stdout] test exec_policy::approval::tests::test_skip_requirement ... ok
[INFO] [stdout] test exec_policy::command_validation::tests::test_validate_git_commit ... ok
[INFO] [stdout] test command_safety::tests::argv_validation_preserves_explicit_shell_script_boundaries ... ok
[INFO] [stdout] test exec_policy::command_validation::tests::test_validate_git_stash ... ok
[INFO] [stdout] test exec_policy::approval::tests::test_forbidden_requirement ... ok
[INFO] [stdout] test exec_policy::command_validation::tests::test_validate_printenv ... ok
[INFO] [stdout] test exec_policy::approval::tests::test_reject_policy_defaults_missing_request_permissions_to_false ... ok
[INFO] [stdout] test exec_policy::approval::tests::test_reject_policy_serde_roundtrip ... ok
[INFO] [stdout] test exec_policy::approval::tests::test_reject_config_helpers ... ok
[INFO] [stdout] test exec_policy::command_validation::tests::test_validate_git_reset ... ok
[INFO] [stdout] test exec_policy::command_validation::tests::test_validate_git_safe_operations ... ok
[INFO] [stdout] test exec_policy::command_validation::tests::test_validate_git_read_only ... ok
[INFO] [stdout] test exec_policy::command_validation::tests::test_validate_echo ... ok
[INFO] [stdout] test exec_policy::command_validation::tests::test_validate_pwd ... ok
[INFO] [stdout] test exec_policy::command_validation::tests::test_validate_git_dangerous_operations_blocked ... ok
[INFO] [stdout] test exec_policy::command_validation::tests::validate_command_rejects_workspace_traversal ... ok
[INFO] [stdout] test exec_policy::command_validation::tests::test_validate_which ... ok
[INFO] [stdout] test exec_policy::manager::tests::test_policy_manager_basic ... ok
[INFO] [stdout] test exec_policy::manager::tests::test_prompt_conflict_with_never_policy_forbids ... ok
[INFO] [stdout] test exec_policy::manager::tests::load_policy_layers_skips_missing_files ... ok
[INFO] [stdout] test exec_policy::manager::tests::test_heuristics ... ok
[INFO] [stdout] test exec_policy::command_validation::tests::validate_command_rejects_symlink_escape ... ok
[INFO] [stdout] test exec_policy::manager::tests::rules_layers_lists_workspace_files_sorted_before_user_layers ... ok
[INFO] [stdout] test exec_policy::manager::tests::load_policy_layers_first_layer_wins_on_duplicate_patterns ... ok
[INFO] [stdout] test command_safety::tests::preflight_rejection_names_remedy_for_guarded_git_patterns ... ok
[INFO] [stdout] test exec_policy::manager::tests::test_reject_rules_policy_forbids_rule_prompt ... ok
[INFO] [stdout] test command_safety::tests::preflight_checks_redirection_destinations_in_nested_shell_commands ... ok
[INFO] [stdout] test exec_policy::parser::tests::test_parse_json ... ok
[INFO] [stdout] test exec_policy::parser::tests::test_parse_equals_format ... ok
[INFO] [stdout] test exec_policy::manager::tests::test_trusted_patterns ... ok
[INFO] [stdout] test exec_policy::manager::tests::test_reject_sandbox_policy_forbids_non_rule_prompt ... ok
[INFO] [stdout] test exec_policy::parser::tests::test_parse_toml ... ok
[INFO] [stdout] test exec_policy::policy::tests::test_policy_check ... ok
[INFO] [stdout] test exec_policy::policy::tests::test_policy_evaluation ... ok
[INFO] [stdout] test exec_policy::policy::tests::test_prefix_rule_matching ... ok
[INFO] [stdout] test mcp_sandbox::tests::derive_applies_conservative_resource_caps_by_default ... ok
[INFO] [stdout] test mcp_sandbox::tests::derive_downgrades_danger_full_access_with_writable_root ... ok
[INFO] [stdout] test mcp_sandbox::tests::derive_narrows_writable_root_when_set ... ok
[INFO] [stdout] test mcp_sandbox::tests::derive_keeps_parent_roots_when_override_missing ... ok
[INFO] [stdout] test exec_policy::parser::tests::test_parse_simple_format ... ok
[INFO] [stdout] test mcp_sandbox::tests::derive_respects_disabled_conservative_caps ... ok
[INFO] [stdout] test mcp_sandbox::tests::derive_restricts_network_to_allowed_endpoints ... ok
[INFO] [stdout] test sandboxing::child_spawn::tests::preserves_full_xdg_and_vtcode_path_environment_without_secrets ... ok
[INFO] [stdout] test sandboxing::child_spawn::tests::filters_sensitive_names_case_insensitively ... ok
[INFO] [stdout] test sandboxing::child_spawn::tests::test_build_sanitized_env ... ok
[INFO] [stdout] test exec_policy::manager::tests::test_session_approval ... ok
[INFO] [stdout] test sandboxing::child_spawn::tests::test_filter_sensitive_env ... ok
[INFO] [stdout] test sandboxing::debug::tests::test_debug_sandbox_unavailable ... ok
[INFO] [stdout] test mcp_sandbox::tests::overrides_default_is_conservative ... ok
[INFO] [stdout] test sandboxing::exec_env::tests::test_command_spec_accepts_path_backed_program ... ok
[INFO] [stdout] test sandboxing::debug::tests::test_debug_subcommand ... ok
[INFO] [stdout] test sandboxing::debug::tests::test_capabilities_summary ... ok
[INFO] [stdout] test sandboxing::child_spawn::tests::filters_adversarial_credential_and_loader_names ... ok
[INFO] [stdout] test mcp_sandbox::tests::wrapper_for_current_platform_handles_unsupported_targets ... ok
[INFO] [stdout] test sandboxing::exec_env::tests::test_command_spec_builder ... ok
[INFO] [stdout] test sandboxing::linux::tests::probe_landlock_abi_is_none_or_positive ... ok
[INFO] [stdout] test sandboxing::linux::tests::apply_sandbox_restrictions_rejects_hostname_allowlists ... ok
[INFO] [stdout] test sandboxing::child_spawn::tests::test_should_filter_sensitive_vars ... ok
[INFO] [stdout] test sandboxing::linux::tests::virtual_fs_roots_cover_fd_reopen_escape ... ok
[INFO] [stdout] test sandboxing::linux::tests::read_grants_exclude_symlinks_to_sensitive_ancestors ... ok
[INFO] [stdout] test sandboxing::linux::tests::write_grants_read_only_is_dev_null_only ... ok
[INFO] [stdout] test sandboxing::exec_env::tests::test_exec_expiration ... ok
[INFO] [stdout] test sandboxing::linux::tests::handled_fs_access_excludes_execute_and_ioctl_dev ... ok
[INFO] [stdout] test sandboxing::linux::tests::restrict_dev_grants_replaces_wholesale_dev_with_explicit_nodes ... ok
[INFO] [stdout] test sandboxing::exec_env::tests::test_full_command ... ok
[INFO] [stdout] test sandboxing::linux_seccomp::tests::strict_profile_blocks_escalation_primitives ... ok
[INFO] [stdout] test sandboxing::manager::tests::landlock_transform_prepends_busybox_subcommand ... ok
[INFO] [stdout] test sandboxing::linux::tests::read_grants_exclude_sensitive_subtrees_and_files ... ok
[INFO] [stdout] test sandboxing::manager::tests::test_no_sandbox_for_full_access ... ok
[INFO] [stdout] test sandboxing::manager::tests::restrictive_policy_filters_sensitive_environment_overrides ... ok
[INFO] [stdout] test sandboxing::manager::tests::landlock_transform_rejects_hostname_allowlists ... ok
[INFO] [stdout] test sandboxing::manager::tests::windows_restricted_token_is_not_available ... ok
[INFO] [stdout] test sandboxing::linux::tests::write_grants_workspace_roots ... ok
[INFO] [stdout] test sandboxing::linux_seccomp::tests::blocked_syscalls_have_no_duplicates ... ok
[INFO] [stdout] test sandboxing::linux_seccomp::tests::every_default_blocked_syscall_maps_to_a_number ... ok
[INFO] [stdout] test sandboxing::manager::tests::restrictive_linux_policy_requires_sandbox_helper ... ok
[INFO] [stdout] test sandboxing::permissions::tests::default_normalizes_for_non_empty_additional_permissions ... ok
[INFO] [stdout] test sandboxing::manager::tests::explicit_full_access_preserves_caller_environment ... ok
[INFO] [stdout] test sandboxing::permissions::tests::test_escalated_permissions ... ok
[INFO] [stdout] test sandboxing::manager::tests::test_sandbox_type_determination ... ok
[INFO] [stdout] test sandboxing::manager::tests::transform_windows_fails_closed ... ok
[INFO] [stdout] test sandboxing::policy::tests::resolved_vtcode_roots_are_sensitive_without_duplicate_entries ... ok
[INFO] [stdout] test sandboxing::permissions::tests::test_bypass_permissions ... ok
[INFO] [stdout] test sandboxing::permissions::tests::test_default_permissions ... ok
[INFO] [stdout] test sandboxing::permissions::tests::test_merge_permissions ... ok
[INFO] [stdout] test sandboxing::permissions::tests::test_with_additional_permissions ... ok
[INFO] [stdout] test sandboxing::policy::tests::test_full_access_no_sensitive_blocking ... ok
[INFO] [stdout] test sandboxing::policy::tests::test_default_sensitive_paths ... ok
[INFO] [stdout] test sandboxing::policy::tests::test_full_access_policy ... ok
[INFO] [stdout] test sandboxing::policy::tests::test_full_access_unlimited ... ok
[INFO] [stdout] test sandboxing::policy::tests::test_read_only_deserializes_legacy_shape ... ok
[INFO] [stdout] test sandboxing::policy::tests::test_read_only_conservative_limits ... ok
[INFO] [stdout] test sandboxing::policy::tests::test_network_allowlist_wildcard ... ok
[INFO] [stdout] test sandboxing::policy::tests::test_read_only_with_full_network_access ... ok
[INFO] [stdout] test sandboxing::policy::tests::test_blocked_syscalls_constant ... ok
[INFO] [stdout] test sandboxing::policy::tests::test_resource_limits_builder ... ok
[INFO] [stdout] test sandboxing::policy::tests::test_resource_limits_conservative ... ok
[INFO] [stdout] test sandboxing::policy::tests::test_read_only_with_network_allowlist ... ok
[INFO] [stdout] test sandboxing::policy::tests::test_resource_limits_default ... ok
[INFO] [stdout] test sandboxing::policy::tests::test_seccomp_profile_builder ... ok
[INFO] [stdout] test sandboxing::policy::tests::test_read_only_policy ... ok
[INFO] [stdout] test sandboxing::policy::tests::test_network_allowlist_entry_matching ... ok
[INFO] [stdout] test sandboxing::policy::tests::test_seccomp_profile_json ... ok
[INFO] [stdout] test sandboxing::policy::tests::test_seccomp_profile_permissive ... ok
[INFO] [stdout] test sandboxing::policy::tests::test_seccomp_profile_strict ... ok
[INFO] [stdout] test sandboxing::policy::tests::test_sensitive_path_expansion ... ok
[INFO] [stdout] test sandboxing::policy::tests::test_sensitive_path_matching ... ok
[INFO] [stdout] test sandboxing::policy::tests::test_sensitive_path_matching_is_case_insensitive_with_component_boundaries ... ok
[INFO] [stdout] test sandboxing::policy::tests::test_workspace_no_sensitive_blocking ... ok
[INFO] [stdout] test sandboxing::policy::tests::test_workspace_seccomp_profile ... ok
[INFO] [stdout] test sandboxing::policy::tests::test_workspace_write_policy ... ok
[INFO] [stdout] test sandboxing::policy::tests::test_workspace_with_network_seccomp ... ok
[INFO] [stdout] test sandboxing::policy::tests::test_workspace_with_network_allowlist ... ok
[INFO] [stdout] test sandboxing::policy::tests::test_workspace_blocks_sensitive_by_default ... ok
[INFO] [stdout] test sandboxing::policy::tests::test_workspace_write_protects_internal_metadata_dirs ... ok
[INFO] [stdout] test sandboxing::policy::tests::test_workspace_with_limits ... ok
[INFO] [stdout] test sandboxing::policy::tests::test_workspace_no_network ... ok
[INFO] [stdout] test sandboxing::linux::tests::read_grants_exclude_symlinks_into_sensitive_paths ... ok
[INFO] [stdout] test sandboxing::linux_seccomp::tests::permissive_profile_keeps_network_sockets ... FAILED
[INFO] [stdout] test sandboxing::linux_seccomp::tests::primary_rules_cover_x32_aliased_numbers ... FAILED
[INFO] [stdout] test sandboxing::policy::tests::invalid_vtcode_path_resolution_is_rejected_before_policy_construction ... ok
[INFO] [stdout] test sandboxing::policy::tests::test_policy_escalation ... ok
[INFO] [stdout] test sandboxing::linux_seccomp::tests::primary_rules_block_everything_requested ... FAILED
[INFO] [stdout] test sandboxing::linux_seccomp::tests::ioctl_rules_target_terminal_injection_only ... FAILED
[INFO] [stdout] 
[INFO] [stdout] failures:
[INFO] [stdout] 
[INFO] [stdout] ---- sandboxing::linux_seccomp::tests::permissive_profile_keeps_network_sockets stdout ----
[INFO] [stdout] 
[INFO] [stdout] thread 'sandboxing::linux_seccomp::tests::permissive_profile_keeps_network_sockets' (2234) panicked at src/sandboxing/linux_seccomp.rs:401:45:
[INFO] [stdout] called `Result::unwrap()` on an `Err` value: The condition vector of a rule cannot be empty.
[INFO] [stdout] 
[INFO] [stdout] Stack backtrace:
[INFO] [stdout]    0: <anyhow::Error as core::convert::From<seccompiler::backend::Error>>::from
[INFO] [stdout]              at /opt/rustwide/cargo-home/registry/src/index.crates.io-1949cf8c6b5b557f/anyhow-1.0.104/src/backtrace.rs:10:14
[INFO] [stdout]    1: <core::result::Result<alloc::collections::btree::map::BTreeMap<i64, alloc::vec::Vec<seccompiler::backend::rule::SeccompRule>>, anyhow::Error> as core::ops::try_trait::FromResidual<core::result::Result<!, seccompiler::backend::Error>>>::from_residual
[INFO] [stdout]              at /rustc/e3feeb59cd1bdd011a2bfcc0747b55125d9b8527/library/core/src/result.rs:2190:27
[INFO] [stdout]    2: vtcode_safety::sandboxing::linux_seccomp::primary_rules
[INFO] [stdout]              at ./src/sandboxing/linux_seccomp.rs:159:53
[INFO] [stdout]    3: vtcode_safety::sandboxing::linux_seccomp::tests::permissive_profile_keeps_network_sockets
[INFO] [stdout]              at ./src/sandboxing/linux_seccomp.rs:401:21
[INFO] [stdout]    4: vtcode_safety::sandboxing::linux_seccomp::tests::permissive_profile_keeps_network_sockets::{closure#0}
[INFO] [stdout]              at ./src/sandboxing/linux_seccomp.rs:399:50
[INFO] [stdout]    5: <vtcode_safety::sandboxing::linux_seccomp::tests::permissive_profile_keeps_network_sockets::{closure#0} as core::ops::function::FnOnce<()>>::call_once
[INFO] [stdout]              at /rustc/e3feeb59cd1bdd011a2bfcc0747b55125d9b8527/library/core/src/ops/function.rs:250:5
[INFO] [stdout]    6: <fn() -> core::result::Result<(), alloc::string::String> as core::ops::function::FnOnce<()>>::call_once
[INFO] [stdout]              at /rustc/e3feeb59cd1bdd011a2bfcc0747b55125d9b8527/library/core/src/ops/function.rs:250:5
[INFO] [stdout]    7: test::__rust_begin_short_backtrace::<core::result::Result<(), alloc::string::String>, fn() -> core::result::Result<(), alloc::string::String>>
[INFO] [stdout]              at /rustc/e3feeb59cd1bdd011a2bfcc0747b55125d9b8527/library/test/src/lib.rs:701:18
[INFO] [stdout]    8: test::run_test_in_process::{closure#0}
[INFO] [stdout]              at /rustc/e3feeb59cd1bdd011a2bfcc0747b55125d9b8527/library/test/src/lib.rs:724:74
[INFO] [stdout]    9: <core::panic::unwind_safe::AssertUnwindSafe<test::run_test_in_process::{closure#0}> as core::ops::function::FnOnce<()>>::call_once
[INFO] [stdout]              at /rustc/e3feeb59cd1bdd011a2bfcc0747b55125d9b8527/library/core/src/panic/unwind_safe.rs:275:9
[INFO] [stdout]   10: std::panicking::catch_unwind::do_call::<core::panic::unwind_safe::AssertUnwindSafe<test::run_test_in_process::{closure#0}>, core::result::Result<(), alloc::string::String>>
[INFO] [stdout]              at /rustc/e3feeb59cd1bdd011a2bfcc0747b55125d9b8527/library/std/src/panicking.rs:573:43
[INFO] [stdout]   11: std::panicking::catch_unwind::<core::result::Result<(), alloc::string::String>, core::panic::unwind_safe::AssertUnwindSafe<test::run_test_in_process::{closure#0}>>
[INFO] [stdout]              at /rustc/e3feeb59cd1bdd011a2bfcc0747b55125d9b8527/library/std/src/panicking.rs:541:19
[INFO] [stdout]   12: std::panic::catch_unwind::<core::panic::unwind_safe::AssertUnwindSafe<test::run_test_in_process::{closure#0}>, core::result::Result<(), alloc::string::String>>
[INFO] [stdout]              at /rustc/e3feeb59cd1bdd011a2bfcc0747b55125d9b8527/library/std/src/panic.rs:359:14
[INFO] [stdout]   13: test::run_test_in_process
[INFO] [stdout]              at /rustc/e3feeb59cd1bdd011a2bfcc0747b55125d9b8527/library/test/src/lib.rs:724:27
[INFO] [stdout]   14: test::run_test::{closure#0}
[INFO] [stdout]              at /rustc/e3feeb59cd1bdd011a2bfcc0747b55125d9b8527/library/test/src/lib.rs:645:43
[INFO] [stdout]   15: test::run_test::{closure#1}
[INFO] [stdout]              at /rustc/e3feeb59cd1bdd011a2bfcc0747b55125d9b8527/library/test/src/lib.rs:675:41
[INFO] [stdout]   16: std::sys::backtrace::__rust_begin_short_backtrace::<test::run_test::{closure#1}, ()>
[INFO] [stdout]              at /rustc/e3feeb59cd1bdd011a2bfcc0747b55125d9b8527/library/std/src/sys/backtrace.rs:166:18
[INFO] [stdout]   17: std::thread::lifecycle::spawn_unchecked::<test::run_test::{closure#1}, ()>::{closure#1}::{closure#0}
[INFO] [stdout]              at /rustc/e3feeb59cd1bdd011a2bfcc0747b55125d9b8527/library/std/src/thread/lifecycle.rs:70:13
[INFO] [stdout]   18: <core::panic::unwind_safe::AssertUnwindSafe<std::thread::lifecycle::spawn_unchecked<test::run_test::{closure#1}, ()>::{closure#1}::{closure#0}> as core::ops::function::FnOnce<()>>::call_once
[INFO] [stdout]              at /rustc/e3feeb59cd1bdd011a2bfcc0747b55125d9b8527/library/core/src/panic/unwind_safe.rs:275:9
[INFO] [stdout]   19: std::panicking::catch_unwind::do_call::<core::panic::unwind_safe::AssertUnwindSafe<std::thread::lifecycle::spawn_unchecked<test::run_test::{closure#1}, ()>::{closure#1}::{closure#0}>, ()>
[INFO] [stdout]              at /rustc/e3feeb59cd1bdd011a2bfcc0747b55125d9b8527/library/std/src/panicking.rs:573:43
[INFO] [stdout]   20: std::panicking::catch_unwind::<(), core::panic::unwind_safe::AssertUnwindSafe<std::thread::lifecycle::spawn_unchecked<test::run_test::{closure#1}, ()>::{closure#1}::{closure#0}>>
[INFO] [stdout]              at /rustc/e3feeb59cd1bdd011a2bfcc0747b55125d9b8527/library/std/src/panicking.rs:541:19
[INFO] [stdout]   21: std::panic::catch_unwind::<core::panic::unwind_safe::AssertUnwindSafe<std::thread::lifecycle::spawn_unchecked<test::run_test::{closure#1}, ()>::{closure#1}::{closure#0}>, ()>
[INFO] [stdout]              at /rustc/e3feeb59cd1bdd011a2bfcc0747b55125d9b8527/library/std/src/panic.rs:359:14
[INFO] [stdout]   22: std::thread::lifecycle::spawn_unchecked::<test::run_test::{closure#1}, ()>::{closure#1}
[INFO] [stdout]              at /rustc/e3feeb59cd1bdd011a2bfcc0747b55125d9b8527/library/std/src/thread/lifecycle.rs:68:26
[INFO] [stdout]   23: <std::thread::lifecycle::spawn_unchecked<test::run_test::{closure#1}, ()>::{closure#1} as core::ops::function::FnOnce<()>>::call_once::{shim:vtable#0}
[INFO] [stdout]              at /rustc/e3feeb59cd1bdd011a2bfcc0747b55125d9b8527/library/core/src/ops/function.rs:250:5
[INFO] [stdout]   24: <alloc::boxed::Box<dyn core::ops::function::FnOnce<(), Output = ()> + core::marker::Send> as core::ops::function::FnOnce<()>>::call_once
[INFO] [stdout]              at /rustc/e3feeb59cd1bdd011a2bfcc0747b55125d9b8527/library/alloc/src/boxed.rs:2314:9
[INFO] [stdout]   25: <std::sys::thread::unix::Thread>::new::thread_start
[INFO] [stdout]              at /rustc/e3feeb59cd1bdd011a2bfcc0747b55125d9b8527/library/std/src/sys/thread/unix.rs:127:17
[INFO] [stdout]   26: <unknown>
[INFO] [stdout]   27: clone
[INFO] [stdout] stack backtrace:
[INFO] [stdout]    0:     0x61c4e074a7c1 - std[617be2ca0a6fd877]::backtrace_rs::backtrace::libunwind::trace
[INFO] [stdout]                                at /rustc/e3feeb59cd1bdd011a2bfcc0747b55125d9b8527/library/std/src/../../backtrace/src/backtrace/libunwind.rs:117:9
[INFO] [stdout]    1:     0x61c4e074a7c1 - std[617be2ca0a6fd877]::backtrace_rs::backtrace::trace_unsynchronized::<std[617be2ca0a6fd877]::sys::backtrace::_print_fmt::{closure#1}>
[INFO] [stdout]                                at /rustc/e3feeb59cd1bdd011a2bfcc0747b55125d9b8527/library/std/src/../../backtrace/src/backtrace/mod.rs:66:14
[INFO] [stdout]    2:     0x61c4e074a7c1 - std[617be2ca0a6fd877]::sys::backtrace::_print_fmt
[INFO] [stdout]                                at /rustc/e3feeb59cd1bdd011a2bfcc0747b55125d9b8527/library/std/src/sys/backtrace.rs:74:9
[INFO] [stdout]    3:     0x61c4e074a7c1 - <<std[617be2ca0a6fd877]::sys::backtrace::BacktraceLock>::print::DisplayBacktrace as core[a373ad73a504971]::fmt::Display>::fmt
[INFO] [stdout]                                at /rustc/e3feeb59cd1bdd011a2bfcc0747b55125d9b8527/library/std/src/sys/backtrace.rs:44:26
[INFO] [stdout]    4:     0x61c4e0761fea - <core[a373ad73a504971]::fmt::rt::Argument>::fmt
[INFO] [stdout]                                at /rustc/e3feeb59cd1bdd011a2bfcc0747b55125d9b8527/library/core/src/fmt/rt.rs:152:76
[INFO] [stdout]    5:     0x61c4e0761fea - core[a373ad73a504971]::fmt::write
[INFO] [stdout]    6:     0x61c4e074f74c - core[a373ad73a504971]::io::write::default_write_fmt::<alloc[2e1b2a31b91974c5]::vec::Vec<u8>>
[INFO] [stdout]                                at /rustc/e3feeb59cd1bdd011a2bfcc0747b55125d9b8527/library/core/src/io/write.rs:402:11
[INFO] [stdout]    7:     0x61c4e074f74c - <alloc[2e1b2a31b91974c5]::vec::Vec<u8> as core[a373ad73a504971]::io::write::Write>::write_fmt
[INFO] [stdout]                                at /rustc/e3feeb59cd1bdd011a2bfcc0747b55125d9b8527/library/core/src/io/write.rs:335:13
[INFO] [stdout]    8:     0x61c4e0723056 - <std[617be2ca0a6fd877]::sys::backtrace::BacktraceLock>::print
[INFO] [stdout]                                at /rustc/e3feeb59cd1bdd011a2bfcc0747b55125d9b8527/library/std/src/sys/backtrace.rs:47:9
[INFO] [stdout]    9:     0x61c4e0723056 - std[617be2ca0a6fd877]::panicking::default_hook::{closure#0}
[INFO] [stdout]                                at /rustc/e3feeb59cd1bdd011a2bfcc0747b55125d9b8527/library/std/src/panicking.rs:289:27
[INFO] [stdout]   10:     0x61c4e07416d9 - std[617be2ca0a6fd877]::panicking::default_hook
[INFO] [stdout]                                at /rustc/e3feeb59cd1bdd011a2bfcc0747b55125d9b8527/library/std/src/panicking.rs:313:9
[INFO] [stdout]   11:     0x61c4e05523b0 - <alloc[2e1b2a31b91974c5]::boxed::Box<dyn for<'a, 'b> core[a373ad73a504971]::ops::function::Fn<(&'a std[617be2ca0a6fd877]::panic::PanicHookInfo<'b>,), Output = ()> + core[a373ad73a504971]::marker::Sync + core[a373ad73a504971]::marker::Send> as core[a373ad73a504971]::ops::function::Fn<(&std[617be2ca0a6fd877]::panic::PanicHookInfo,)>>::call
[INFO] [stdout]                                at /rustc/e3feeb59cd1bdd011a2bfcc0747b55125d9b8527/library/alloc/src/boxed.rs:2328:9
[INFO] [stdout]   12:     0x61c4e05523b0 - test[aada8e7e76ba119b]::test_main_inner::{closure#0}
[INFO] [stdout]                                at /rustc/e3feeb59cd1bdd011a2bfcc0747b55125d9b8527/library/test/src/lib.rs:137:21
[INFO] [stdout]   13:     0x61c4e0741a02 - <alloc[2e1b2a31b91974c5]::boxed::Box<dyn for<'a, 'b> core[a373ad73a504971]::ops::function::Fn<(&'a std[617be2ca0a6fd877]::panic::PanicHookInfo<'b>,), Output = ()> + core[a373ad73a504971]::marker::Sync + core[a373ad73a504971]::marker::Send> as core[a373ad73a504971]::ops::function::Fn<(&std[617be2ca0a6fd877]::panic::PanicHookInfo,)>>::call
[INFO] [stdout]                                at /rustc/e3feeb59cd1bdd011a2bfcc0747b55125d9b8527/library/alloc/src/boxed.rs:2328:9
[INFO] [stdout]   14:     0x61c4e0741a02 - std[617be2ca0a6fd877]::panicking::panic_with_hook
[INFO] [stdout]                                at /rustc/e3feeb59cd1bdd011a2bfcc0747b55125d9b8527/library/std/src/panicking.rs:819:13
[INFO] [stdout]   15:     0x61c4e0723102 - std[617be2ca0a6fd877]::panicking::panic_handler::{closure#0}
[INFO] [stdout]                                at /rustc/e3feeb59cd1bdd011a2bfcc0747b55125d9b8527/library/std/src/panicking.rs:685:13
[INFO] [stdout]   16:     0x61c4e071b479 - std[617be2ca0a6fd877]::sys::backtrace::__rust_end_short_backtrace::<std[617be2ca0a6fd877]::panicking::panic_handler::{closure#0}, !>
[INFO] [stdout]                                at /rustc/e3feeb59cd1bdd011a2bfcc0747b55125d9b8527/library/std/src/sys/backtrace.rs:182:18
[INFO] [stdout]   17:     0x61c4e07240bd - __rustc[ea4f61d10b84890b]::rust_begin_unwind
[INFO] [stdout]                                at /rustc/e3feeb59cd1bdd011a2bfcc0747b55125d9b8527/library/std/src/panicking.rs:676:5
[INFO] [stdout]   18:     0x61c4e076280c - core[a373ad73a504971]::panicking::panic_fmt
[INFO] [stdout]                                at /rustc/e3feeb59cd1bdd011a2bfcc0747b55125d9b8527/library/core/src/panicking.rs:80:14
[INFO] [stdout]   19:     0x61c4e0762562 - core[a373ad73a504971]::result::unwrap_failed
[INFO] [stdout]                                at /rustc/e3feeb59cd1bdd011a2bfcc0747b55125d9b8527/library/core/src/result.rs:1870:5
[INFO] [stdout]   20:     0x61c4e03219f7 - <core[a373ad73a504971]::result::Result<alloc[2e1b2a31b91974c5]::collections::btree::map::BTreeMap<i64, alloc[2e1b2a31b91974c5]::vec::Vec<seccompiler[1d61b7dffa6a7fcd]::backend::rule::SeccompRule>>, anyhow[5742dc27d2c32ed7]::Error>>::unwrap
[INFO] [stdout]                                at /rustc/e3feeb59cd1bdd011a2bfcc0747b55125d9b8527/library/core/src/result.rs:1232:23
[INFO] [stdout]   21:     0x61c4e03219f7 - vtcode_safety[bb71df051a539307]::sandboxing::linux_seccomp::tests::permissive_profile_keeps_network_sockets
[INFO] [stdout]                                at /opt/rustwide/workdir/src/sandboxing/linux_seccomp.rs:401:45
[INFO] [stdout]   22:     0x61c4e03198d7 - vtcode_safety[bb71df051a539307]::sandboxing::linux_seccomp::tests::permissive_profile_keeps_network_sockets::{closure#0}
[INFO] [stdout]                                at /opt/rustwide/workdir/src/sandboxing/linux_seccomp.rs:399:50
[INFO] [stdout]   23:     0x61c4e03cba46 - <vtcode_safety[bb71df051a539307]::sandboxing::linux_seccomp::tests::permissive_profile_keeps_network_sockets::{closure#0} as core[a373ad73a504971]::ops::function::FnOnce<()>>::call_once
[INFO] [stdout]                                at /rustc/e3feeb59cd1bdd011a2bfcc0747b55125d9b8527/library/core/src/ops/function.rs:250:5
[INFO] [stdout]   24:     0x61c4e05457fb - <fn() -> core[a373ad73a504971]::result::Result<(), alloc[2e1b2a31b91974c5]::string::String> as core[a373ad73a504971]::ops::function::FnOnce<()>>::call_once
[INFO] [stdout]                                at /rustc/e3feeb59cd1bdd011a2bfcc0747b55125d9b8527/library/core/src/ops/function.rs:250:5
[INFO] [stdout]   25:     0x61c4e05457fb - test[aada8e7e76ba119b]::__rust_begin_short_backtrace::<core[a373ad73a504971]::result::Result<(), alloc[2e1b2a31b91974c5]::string::String>, fn() -> core[a373ad73a504971]::result::Result<(), alloc[2e1b2a31b91974c5]::string::String>>
[INFO] [stdout]                                at /rustc/e3feeb59cd1bdd011a2bfcc0747b55125d9b8527/library/test/src/lib.rs:701:18
[INFO] [stdout]   26:     0x61c4e05529d5 - test[aada8e7e76ba119b]::run_test_in_process::{closure#0}
[INFO] [stdout]                                at /rustc/e3feeb59cd1bdd011a2bfcc0747b55125d9b8527/library/test/src/lib.rs:724:74
[INFO] [stdout]   27:     0x61c4e05529d5 - <core[a373ad73a504971]::panic::unwind_safe::AssertUnwindSafe<test[aada8e7e76ba119b]::run_test_in_process::{closure#0}> as core[a373ad73a504971]::ops::function::FnOnce<()>>::call_once
[INFO] [stdout]                                at /rustc/e3feeb59cd1bdd011a2bfcc0747b55125d9b8527/library/core/src/panic/unwind_safe.rs:275:9
[INFO] [stdout]   28:     0x61c4e05529d5 - std[617be2ca0a6fd877]::panicking::catch_unwind::do_call::<core[a373ad73a504971]::panic::unwind_safe::AssertUnwindSafe<test[aada8e7e76ba119b]::run_test_in_process::{closure#0}>, core[a373ad73a504971]::result::Result<(), alloc[2e1b2a31b91974c5]::string::String>>
[INFO] [stdout]                                at /rustc/e3feeb59cd1bdd011a2bfcc0747b55125d9b8527/library/std/src/panicking.rs:573:43
[INFO] [stdout]   29:     0x61c4e05529d5 - std[617be2ca0a6fd877]::panicking::catch_unwind::<core[a373ad73a504971]::result::Result<(), alloc[2e1b2a31b91974c5]::string::String>, core[a373ad73a504971]::panic::unwind_safe::AssertUnwindSafe<test[aada8e7e76ba119b]::run_test_in_process::{closure#0}>>
[INFO] [stdout]                                at /rustc/e3feeb59cd1bdd011a2bfcc0747b55125d9b8527/library/std/src/panicking.rs:541:19
[INFO] [stdout]   30:     0x61c4e05529d5 - std[617be2ca0a6fd877]::panic::catch_unwind::<core[a373ad73a504971]::panic::unwind_safe::AssertUnwindSafe<test[aada8e7e76ba119b]::run_test_in_process::{closure#0}>, core[a373ad73a504971]::result::Result<(), alloc[2e1b2a31b91974c5]::string::String>>
[INFO] [stdout]                                at /rustc/e3feeb59cd1bdd011a2bfcc0747b55125d9b8527/library/std/src/panic.rs:359:14
[INFO] [stdout]   31:     0x61c4e05529d5 - test[aada8e7e76ba119b]::run_test_in_process
[INFO] [stdout]                                at /rustc/e3feeb59cd1bdd011a2bfcc0747b55125d9b8527/library/test/src/lib.rs:724:27
[INFO] [stdout]   32:     0x61c4e05529d5 - test[aada8e7e76ba119b]::run_test::{closure#0}
[INFO] [stdout]                                at /rustc/e3feeb59cd1bdd011a2bfcc0747b55125d9b8527/library/test/src/lib.rs:645:43
[INFO] [stdout]   33:     0x61c4e054c2c4 - test[aada8e7e76ba119b]::run_test::{closure#1}
[INFO] [stdout]                                at /rustc/e3feeb59cd1bdd011a2bfcc0747b55125d9b8527/library/test/src/lib.rs:675:41
[INFO] [stdout]   34:     0x61c4e054c2c4 - std[617be2ca0a6fd877]::sys::backtrace::__rust_begin_short_backtrace::<test[aada8e7e76ba119b]::run_test::{closure#1}, ()>
[INFO] [stdout]                                at /rustc/e3feeb59cd1bdd011a2bfcc0747b55125d9b8527/library/std/src/sys/backtrace.rs:166:18
[INFO] [stdout]   35:     0x61c4e0555a62 - std[617be2ca0a6fd877]::thread::lifecycle::spawn_unchecked::<test[aada8e7e76ba119b]::run_test::{closure#1}, ()>::{closure#1}::{closure#0}
[INFO] [stdout]                                at /rustc/e3feeb59cd1bdd011a2bfcc0747b55125d9b8527/library/std/src/thread/lifecycle.rs:70:13
[INFO] [stdout]   36:     0x61c4e0555a62 - <core[a373ad73a504971]::panic::unwind_safe::AssertUnwindSafe<std[617be2ca0a6fd877]::thread::lifecycle::spawn_unchecked<test[aada8e7e76ba119b]::run_test::{closure#1}, ()>::{closure#1}::{closure#0}> as core[a373ad73a504971]::ops::function::FnOnce<()>>::call_once
[INFO] [stdout]                                at /rustc/e3feeb59cd1bdd011a2bfcc0747b55125d9b8527/library/core/src/panic/unwind_safe.rs:275:9
[INFO] [stdout]   37:     0x61c4e0555a62 - std[617be2ca0a6fd877]::panicking::catch_unwind::do_call::<core[a373ad73a504971]::panic::unwind_safe::AssertUnwindSafe<std[617be2ca0a6fd877]::thread::lifecycle::spawn_unchecked<test[aada8e7e76ba119b]::run_test::{closure#1}, ()>::{closure#1}::{closure#0}>, ()>
[INFO] [stdout]                                at /rustc/e3feeb59cd1bdd011a2bfcc0747b55125d9b8527/library/std/src/panicking.rs:573:43
[INFO] [stdout]   38:     0x61c4e0555a62 - std[617be2ca0a6fd877]::panicking::catch_unwind::<(), core[a373ad73a504971]::panic::unwind_safe::AssertUnwindSafe<std[617be2ca0a6fd877]::thread::lifecycle::spawn_unchecked<test[aada8e7e76ba119b]::run_test::{closure#1}, ()>::{closure#1}::{closure#0}>>
[INFO] [stdout]                                at /rustc/e3feeb59cd1bdd011a2bfcc0747b55125d9b8527/library/std/src/panicking.rs:541:19
[INFO] [stdout]   39:     0x61c4e0555a62 - std[617be2ca0a6fd877]::panic::catch_unwind::<core[a373ad73a504971]::panic::unwind_safe::AssertUnwindSafe<std[617be2ca0a6fd877]::thread::lifecycle::spawn_unchecked<test[aada8e7e76ba119b]::run_test::{closure#1}, ()>::{closure#1}::{closure#0}>, ()>
[INFO] [stdout]                                at /rustc/e3feeb59cd1bdd011a2bfcc0747b55125d9b8527/library/std/src/panic.rs:359:14
[INFO] [stdout]   40:     0x61c4e0555a62 - std[617be2ca0a6fd877]::thread::lifecycle::spawn_unchecked::<test[aada8e7e76ba119b]::run_test::{closure#1}, ()>::{closure#1}
[INFO] [stdout]                                at /rustc/e3feeb59cd1bdd011a2bfcc0747b55125d9b8527/library/std/src/thread/lifecycle.rs:68:26
[INFO] [stdout]   41:     0x61c4e0555a62 - <std[617be2ca0a6fd877]::thread::lifecycle::spawn_unchecked<test[aada8e7e76ba119b]::run_test::{closure#1}, ()>::{closure#1} as core[a373ad73a504971]::ops::function::FnOnce<()>>::call_once::{shim:vtable#0}
[INFO] [stdout]                                at /rustc/e3feeb59cd1bdd011a2bfcc0747b55125d9b8527/library/core/src/ops/function.rs:250:5
[INFO] [stdout]   42:     0x61c4e0749a9f - <alloc[2e1b2a31b91974c5]::boxed::Box<dyn core[a373ad73a504971]::ops::function::FnOnce<(), Output = ()> + core[a373ad73a504971]::marker::Send> as core[a373ad73a504971]::ops::function::FnOnce<()>>::call_once
[INFO] [stdout]                                at /rustc/e3feeb59cd1bdd011a2bfcc0747b55125d9b8527/library/alloc/src/boxed.rs:2314:9
[INFO] [stdout]   43:     0x61c4e0749a9f - <std[617be2ca0a6fd877]::sys::thread::unix::Thread>::new::thread_start
[INFO] [stdout]                                at /rustc/e3feeb59cd1bdd011a2bfcc0747b55125d9b8527/library/std/src/sys/thread/unix.rs:127:17
[INFO] [stdout]   44:     0x7928aed65dfa - <unknown>
[INFO] [stdout]   45:     0x7928aedf93d4 - clone
[INFO] [stdout]   46:                0x0 - <unknown>
[INFO] [stdout] 
[INFO] [stdout] ---- sandboxing::linux_seccomp::tests::primary_rules_cover_x32_aliased_numbers stdout ----
[INFO] [stdout] 
[INFO] [stdout] thread 'sandboxing::linux_seccomp::tests::primary_rules_cover_x32_aliased_numbers' (2236) panicked at src/sandboxing/linux_seccomp.rs:375:45:
[INFO] [stdout] called `Result::unwrap()` on an `Err` value: The condition vector of a rule cannot be empty.
[INFO] [stdout] 
[INFO] [stdout] Stack backtrace:
[INFO] [stdout]    0: <anyhow::Error as core::convert::From<seccompiler::backend::Error>>::from
[INFO] [stdout]              at /opt/rustwide/cargo-home/registry/src/index.crates.io-1949cf8c6b5b557f/anyhow-1.0.104/src/backtrace.rs:10:14
[INFO] [stdout]    1: <core::result::Result<alloc::collections::btree::map::BTreeMap<i64, alloc::vec::Vec<seccompiler::backend::rule::SeccompRule>>, anyhow::Error> as core::ops::try_trait::FromResidual<core::result::Result<!, seccompiler::backend::Error>>>::from_residual
[INFO] [stdout]              at /rustc/e3feeb59cd1bdd011a2bfcc0747b55125d9b8527/library/core/src/result.rs:2190:27
[INFO] [stdout]    2: vtcode_safety::sandboxing::linux_seccomp::primary_rules
[INFO] [stdout]              at ./src/sandboxing/linux_seccomp.rs:159:53
[INFO] [stdout]    3: vtcode_safety::sandboxing::linux_seccomp::tests::primary_rules_cover_x32_aliased_numbers
[INFO] [stdout]              at ./src/sandboxing/linux_seccomp.rs:375:21
[INFO] [stdout]    4: vtcode_safety::sandboxing::linux_seccomp::tests::primary_rules_cover_x32_aliased_numbers::{closure#0}
[INFO] [stdout]              at ./src/sandboxing/linux_seccomp.rs:373:49
[INFO] [stdout]    5: <vtcode_safety::sandboxing::linux_seccomp::tests::primary_rules_cover_x32_aliased_numbers::{closure#0} as core::ops::function::FnOnce<()>>::call_once
[INFO] [stdout]              at /rustc/e3feeb59cd1bdd011a2bfcc0747b55125d9b8527/library/core/src/ops/function.rs:250:5
[INFO] [stdout]    6: <fn() -> core::result::Result<(), alloc::string::String> as core::ops::function::FnOnce<()>>::call_once
[INFO] [stdout]              at /rustc/e3feeb59cd1bdd011a2bfcc0747b55125d9b8527/library/core/src/ops/function.rs:250:5
[INFO] [stdout]    7: test::__rust_begin_short_backtrace::<core::result::Result<(), alloc::string::String>, fn() -> core::result::Result<(), alloc::string::String>>
[INFO] [stdout]              at /rustc/e3feeb59cd1bdd011a2bfcc0747b55125d9b8527/library/test/src/lib.rs:701:18
[INFO] [stdout]    8: test::run_test_in_process::{closure#0}
[INFO] [stdout]              at /rustc/e3feeb59cd1bdd011a2bfcc0747b55125d9b8527/library/test/src/lib.rs:724:74
[INFO] [stdout]    9: <core::panic::unwind_safe::AssertUnwindSafe<test::run_test_in_process::{closure#0}> as core::ops::function::FnOnce<()>>::call_once
[INFO] [stdout]              at /rustc/e3feeb59cd1bdd011a2bfcc0747b55125d9b8527/library/core/src/panic/unwind_safe.rs:275:9
[INFO] [stdout]   10: std::panicking::catch_unwind::do_call::<core::panic::unwind_safe::AssertUnwindSafe<test::run_test_in_process::{closure#0}>, core::result::Result<(), alloc::string::String>>
[INFO] [stdout]              at /rustc/e3feeb59cd1bdd011a2bfcc0747b55125d9b8527/library/std/src/panicking.rs:573:43
[INFO] [stdout]   11: std::panicking::catch_unwind::<core::result::Result<(), alloc::string::String>, core::panic::unwind_safe::AssertUnwindSafe<test::run_test_in_process::{closure#0}>>
[INFO] [stdout]              at /rustc/e3feeb59cd1bdd011a2bfcc0747b55125d9b8527/library/std/src/panicking.rs:541:19
[INFO] [stdout]   12: std::panic::catch_unwind::<core::panic::unwind_safe::AssertUnwindSafe<test::run_test_in_process::{closure#0}>, core::result::Result<(), alloc::string::String>>
[INFO] [stdout]              at /rustc/e3feeb59cd1bdd011a2bfcc0747b55125d9b8527/library/std/src/panic.rs:359:14
[INFO] [stdout]   13: test::run_test_in_process
[INFO] [stdout]              at /rustc/e3feeb59cd1bdd011a2bfcc0747b55125d9b8527/library/test/src/lib.rs:724:27
[INFO] [stdout]   14: test::run_test::{closure#0}
[INFO] [stdout]              at /rustc/e3feeb59cd1bdd011a2bfcc0747b55125d9b8527/library/test/src/lib.rs:645:43
[INFO] [stdout]   15: test::run_test::{closure#1}
[INFO] [stdout]              at /rustc/e3feeb59cd1bdd011a2bfcc0747b55125d9b8527/library/test/src/lib.rs:675:41
[INFO] [stdout]   16: std::sys::backtrace::__rust_begin_short_backtrace::<test::run_test::{closure#1}, ()>
[INFO] [stdout]              at /rustc/e3feeb59cd1bdd011a2bfcc0747b55125d9b8527/library/std/src/sys/backtrace.rs:166:18
[INFO] [stdout]   17: std::thread::lifecycle::spawn_unchecked::<test::run_test::{closure#1}, ()>::{closure#1}::{closure#0}
[INFO] [stdout]              at /rustc/e3feeb59cd1bdd011a2bfcc0747b55125d9b8527/library/std/src/thread/lifecycle.rs:70:13
[INFO] [stdout]   18: <core::panic::unwind_safe::AssertUnwindSafe<std::thread::lifecycle::spawn_unchecked<test::run_test::{closure#1}, ()>::{closure#1}::{closure#0}> as core::ops::function::FnOnce<()>>::call_once
[INFO] [stdout]              at /rustc/e3feeb59cd1bdd011a2bfcc0747b55125d9b8527/library/core/src/panic/unwind_safe.rs:275:9
[INFO] [stdout]   19: std::panicking::catch_unwind::do_call::<core::panic::unwind_safe::AssertUnwindSafe<std::thread::lifecycle::spawn_unchecked<test::run_test::{closure#1}, ()>::{closure#1}::{closure#0}>, ()>
[INFO] [stdout]              at /rustc/e3feeb59cd1bdd011a2bfcc0747b55125d9b8527/library/std/src/panicking.rs:573:43
[INFO] [stdout]   20: std::panicking::catch_unwind::<(), core::panic::unwind_safe::AssertUnwindSafe<std::thread::lifecycle::spawn_unchecked<test::run_test::{closure#1}, ()>::{closure#1}::{closure#0}>>
[INFO] [stdout]              at /rustc/e3feeb59cd1bdd011a2bfcc0747b55125d9b8527/library/std/src/panicking.rs:541:19
[INFO] [stdout]   21: std::panic::catch_unwind::<core::panic::unwind_safe::AssertUnwindSafe<std::thread::lifecycle::spawn_unchecked<test::run_test::{closure#1}, ()>::{closure#1}::{closure#0}>, ()>
[INFO] [stdout]              at /rustc/e3feeb59cd1bdd011a2bfcc0747b55125d9b8527/library/std/src/panic.rs:359:14
[INFO] [stdout]   22: std::thread::lifecycle::spawn_unchecked::<test::run_test::{closure#1}, ()>::{closure#1}
[INFO] [stdout]              at /rustc/e3feeb59cd1bdd011a2bfcc0747b55125d9b8527/library/std/src/thread/lifecycle.rs:68:26
[INFO] [stdout]   23: <std::thread::lifecycle::spawn_unchecked<test::run_test::{closure#1}, ()>::{closure#1} as core::ops::function::FnOnce<()>>::call_once::{shim:vtable#0}
[INFO] [stdout]              at /rustc/e3feeb59cd1bdd011a2bfcc0747b55125d9b8527/library/core/src/ops/function.rs:250:5
[INFO] [stdout]   24: <alloc::boxed::Box<dyn core::ops::function::FnOnce<(), Output = ()> + core::marker::Send> as core::ops::function::FnOnce<()>>::call_once
[INFO] [stdout]              at /rustc/e3feeb59cd1bdd011a2bfcc0747b55125d9b8527/library/alloc/src/boxed.rs:2314:9
[INFO] [stdout]   25: <std::sys::thread::unix::Thread>::new::thread_start
[INFO] [stdout]              at /rustc/e3feeb59cd1bdd011a2bfcc0747b55125d9b8527/library/std/src/sys/thread/unix.rs:127:17
[INFO] [stdout]   26: <unknown>
[INFO] [stdout]   27: clone
[INFO] [stdout] stack backtrace:
[INFO] [stdout]    0:     0x61c4e074a7c1 - std[617be2ca0a6fd877]::backtrace_rs::backtrace::libunwind::trace
[INFO] [stdout]                                at /rustc/e3feeb59cd1bdd011a2bfcc0747b55125d9b8527/library/std/src/../../backtrace/src/backtrace/libunwind.rs:117:9
[INFO] [stdout]    1:     0x61c4e074a7c1 - std[617be2ca0a6fd877]::backtrace_rs::backtrace::trace_unsynchronized::<std[617be2ca0a6fd877]::sys::backtrace::_print_fmt::{closure#1}>
[INFO] [stdout]                                at /rustc/e3feeb59cd1bdd011a2bfcc0747b55125d9b8527/library/std/src/../../backtrace/src/backtrace/mod.rs:66:14
[INFO] [stdout]    2:     0x61c4e074a7c1 - std[617be2ca0a6fd877]::sys::backtrace::_print_fmt
[INFO] [stdout]                                at /rustc/e3feeb59cd1bdd011a2bfcc0747b55125d9b8527/library/std/src/sys/backtrace.rs:74:9
[INFO] [stdout]    3:     0x61c4e074a7c1 - <<std[617be2ca0a6fd877]::sys::backtrace::BacktraceLock>::print::DisplayBacktrace as core[a373ad73a504971]::fmt::Display>::fmt
[INFO] [stdout]                                at /rustc/e3feeb59cd1bdd011a2bfcc0747b55125d9b8527/library/std/src/sys/backtrace.rs:44:26
[INFO] [stdout]    4:     0x61c4e0761fea - <core[a373ad73a504971]::fmt::rt::Argument>::fmt
[INFO] [stdout]                                at /rustc/e3feeb59cd1bdd011a2bfcc0747b55125d9b8527/library/core/src/fmt/rt.rs:152:76
[INFO] [stdout]    5:     0x61c4e0761fea - core[a373ad73a504971]::fmt::write
[INFO] [stdout]    6:     0x61c4e074f74c - core[a373ad73a504971]::io::write::default_write_fmt::<alloc[2e1b2a31b91974c5]::vec::Vec<u8>>
[INFO] [stdout]                                at /rustc/e3feeb59cd1bdd011a2bfcc0747b55125d9b8527/library/core/src/io/write.rs:402:11
[INFO] [stdout]    7:     0x61c4e074f74c - <alloc[2e1b2a31b91974c5]::vec::Vec<u8> as core[a373ad73a504971]::io::write::Write>::write_fmt
[INFO] [stdout]                                at /rustc/e3feeb59cd1bdd011a2bfcc0747b55125d9b8527/library/core/src/io/write.rs:335:13
[INFO] [stdout]    8:     0x61c4e0723056 - <std[617be2ca0a6fd877]::sys::backtrace::BacktraceLock>::print
[INFO] [stdout]                                at /rustc/e3feeb59cd1bdd011a2bfcc0747b55125d9b8527/library/std/src/sys/backtrace.rs:47:9
[INFO] [stdout]    9:     0x61c4e0723056 - std[617be2ca0a6fd877]::panicking::default_hook::{closure#0}
[INFO] [stdout]                                at /rustc/e3feeb59cd1bdd011a2bfcc0747b55125d9b8527/library/std/src/panicking.rs:289:27
[INFO] [stdout]   10:     0x61c4e07416d9 - std[617be2ca0a6fd877]::panicking::default_hook
[INFO] [stdout]                                at /rustc/e3feeb59cd1bdd011a2bfcc0747b55125d9b8527/library/std/src/panicking.rs:313:9
[INFO] [stdout]   11:     0x61c4e05523b0 - <alloc[2e1b2a31b91974c5]::boxed::Box<dyn for<'a, 'b> core[a373ad73a504971]::ops::function::Fn<(&'a std[617be2ca0a6fd877]::panic::PanicHookInfo<'b>,), Output = ()> + core[a373ad73a504971]::marker::Sync + core[a373ad73a504971]::marker::Send> as core[a373ad73a504971]::ops::function::Fn<(&std[617be2ca0a6fd877]::panic::PanicHookInfo,)>>::call
[INFO] [stdout]                                at /rustc/e3feeb59cd1bdd011a2bfcc0747b55125d9b8527/library/alloc/src/boxed.rs:2328:9
[INFO] [stdout]   12:     0x61c4e05523b0 - test[aada8e7e76ba119b]::test_main_inner::{closure#0}
[INFO] [stdout]                                at /rustc/e3feeb59cd1bdd011a2bfcc0747b55125d9b8527/library/test/src/lib.rs:137:21
[INFO] [stdout]   13:     0x61c4e0741a02 - <alloc[2e1b2a31b91974c5]::boxed::Box<dyn for<'a, 'b> core[a373ad73a504971]::ops::function::Fn<(&'a std[617be2ca0a6fd877]::panic::PanicHookInfo<'b>,), Output = ()> + core[a373ad73a504971]::marker::Sync + core[a373ad73a504971]::marker::Send> as core[a373ad73a504971]::ops::function::Fn<(&std[617be2ca0a6fd877]::panic::PanicHookInfo,)>>::call
[INFO] [stdout]                                at /rustc/e3feeb59cd1bdd011a2bfcc0747b55125d9b8527/library/alloc/src/boxed.rs:2328:9
[INFO] [stdout]   14:     0x61c4e0741a02 - std[617be2ca0a6fd877]::panicking::panic_with_hook
[INFO] [stdout]                                at /rustc/e3feeb59cd1bdd011a2bfcc0747b55125d9b8527/library/std/src/panicking.rs:819:13
[INFO] [stdout]   15:     0x61c4e0723102 - std[617be2ca0a6fd877]::panicking::panic_handler::{closure#0}
[INFO] [stdout]                                at /rustc/e3feeb59cd1bdd011a2bfcc0747b55125d9b8527/library/std/src/panicking.rs:685:13
[INFO] [stdout]   16:     0x61c4e071b479 - std[617be2ca0a6fd877]::sys::backtrace::__rust_end_short_backtrace::<std[617be2ca0a6fd877]::panicking::panic_handler::{closure#0}, !>
[INFO] [stdout]                                at /rustc/e3feeb59cd1bdd011a2bfcc0747b55125d9b8527/library/std/src/sys/backtrace.rs:182:18
[INFO] [stdout]   17:     0x61c4e07240bd - __rustc[ea4f61d10b84890b]::rust_begin_unwind
[INFO] [stdout]                                at /rustc/e3feeb59cd1bdd011a2bfcc0747b55125d9b8527/library/std/src/panicking.rs:676:5
[INFO] [stdout]   18:     0x61c4e076280c - core[a373ad73a504971]::panicking::panic_fmt
[INFO] [stdout]                                at /rustc/e3feeb59cd1bdd011a2bfcc0747b55125d9b8527/library/core/src/panicking.rs:80:14
[INFO] [stdout]   19:     0x61c4e0762562 - core[a373ad73a504971]::result::unwrap_failed
[INFO] [stdout]                                at /rustc/e3feeb59cd1bdd011a2bfcc0747b55125d9b8527/library/core/src/result.rs:1870:5
[INFO] [stdout]   20:     0x61c4e0321400 - <core[a373ad73a504971]::result::Result<alloc[2e1b2a31b91974c5]::collections::btree::map::BTreeMap<i64, alloc[2e1b2a31b91974c5]::vec::Vec<seccompiler[1d61b7dffa6a7fcd]::backend::rule::SeccompRule>>, anyhow[5742dc27d2c32ed7]::Error>>::unwrap
[INFO] [stdout]                                at /rustc/e3feeb59cd1bdd011a2bfcc0747b55125d9b8527/library/core/src/result.rs:1232:23
[INFO] [stdout]   21:     0x61c4e0321400 - vtcode_safety[bb71df051a539307]::sandboxing::linux_seccomp::tests::primary_rules_cover_x32_aliased_numbers
[INFO] [stdout]                                at /opt/rustwide/workdir/src/sandboxing/linux_seccomp.rs:375:45
[INFO] [stdout]   22:     0x61c4e03198a7 - vtcode_safety[bb71df051a539307]::sandboxing::linux_seccomp::tests::primary_rules_cover_x32_aliased_numbers::{closure#0}
[INFO] [stdout]                                at /opt/rustwide/workdir/src/sandboxing/linux_seccomp.rs:373:49
[INFO] [stdout]   23:     0x61c4e03cba26 - <vtcode_safety[bb71df051a539307]::sandboxing::linux_seccomp::tests::primary_rules_cover_x32_aliased_numbers::{closure#0} as core[a373ad73a504971]::ops::function::FnOnce<()>>::call_once
[INFO] [stdout]                                at /rustc/e3feeb59cd1bdd011a2bfcc0747b55125d9b8527/library/core/src/ops/function.rs:250:5
[INFO] [stdout]   24:     0x61c4e05457fb - <fn() -> core[a373ad73a504971]::result::Result<(), alloc[2e1b2a31b91974c5]::string::String> as core[a373ad73a504971]::ops::function::FnOnce<()>>::call_once
[INFO] [stdout]                                at /rustc/e3feeb59cd1bdd011a2bfcc0747b55125d9b8527/library/core/src/ops/function.rs:250:5
[INFO] [stdout]   25:     0x61c4e05457fb - test[aada8e7e76ba119b]::__rust_begin_short_backtrace::<core[a373ad73a504971]::result::Result<(), alloc[2e1b2a31b91974c5]::string::String>, fn() -> core[a373ad73a504971]::result::Result<(), alloc[2e1b2a31b91974c5]::string::String>>
[INFO] [stdout]                                at /rustc/e3feeb59cd1bdd011a2bfcc0747b55125d9b8527/library/test/src/lib.rs:701:18
[INFO] [stdout]   26:     0x61c4e05529d5 - test[aada8e7e76ba119b]::run_test_in_process::{closure#0}
[INFO] [stdout]                                at /rustc/e3feeb59cd1bdd011a2bfcc0747b55125d9b8527/library/test/src/lib.rs:724:74
[INFO] [stdout]   27:     0x61c4e05529d5 - <core[a373ad73a504971]::panic::unwind_safe::AssertUnwindSafe<test[aada8e7e76ba119b]::run_test_in_process::{closure#0}> as core[a373ad73a504971]::ops::function::FnOnce<()>>::call_once
[INFO] [stdout]                                at /rustc/e3feeb59cd1bdd011a2bfcc0747b55125d9b8527/library/core/src/panic/unwind_safe.rs:275:9
[INFO] [stdout]   28:     0x61c4e05529d5 - std[617be2ca0a6fd877]::panicking::catch_unwind::do_call::<core[a373ad73a504971]::panic::unwind_safe::AssertUnwindSafe<test[aada8e7e76ba119b]::run_test_in_process::{closure#0}>, core[a373ad73a504971]::result::Result<(), alloc[2e1b2a31b91974c5]::string::String>>
[INFO] [stdout]                                at /rustc/e3feeb59cd1bdd011a2bfcc0747b55125d9b8527/library/std/src/panicking.rs:573:43
[INFO] [stdout]   29:     0x61c4e05529d5 - std[617be2ca0a6fd877]::panicking::catch_unwind::<core[a373ad73a504971]::result::Result<(), alloc[2e1b2a31b91974c5]::string::String>, core[a373ad73a504971]::panic::unwind_safe::AssertUnwindSafe<test[aada8e7e76ba119b]::run_test_in_process::{closure#0}>>
[INFO] [stdout]                                at /rustc/e3feeb59cd1bdd011a2bfcc0747b55125d9b8527/library/std/src/panicking.rs:541:19
[INFO] [stdout]   30:     0x61c4e05529d5 - std[617be2ca0a6fd877]::panic::catch_unwind::<core[a373ad73a504971]::panic::unwind_safe::AssertUnwindSafe<test[aada8e7e76ba119b]::run_test_in_process::{closure#0}>, core[a373ad73a504971]::result::Result<(), alloc[2e1b2a31b91974c5]::string::String>>
[INFO] [stdout]                                at /rustc/e3feeb59cd1bdd011a2bfcc0747b55125d9b8527/library/std/src/panic.rs:359:14
[INFO] [stdout]   31:     0x61c4e05529d5 - test[aada8e7e76ba119b]::run_test_in_process
[INFO] [stdout]                                at /rustc/e3feeb59cd1bdd011a2bfcc0747b55125d9b8527/library/test/src/lib.rs:724:27
[INFO] [stdout]   32:     0x61c4e05529d5 - test[aada8e7e76ba119b]::run_test::{closure#0}
[INFO] [stdout]                                at /rustc/e3feeb59cd1bdd011a2bfcc0747b55125d9b8527/library/test/src/lib.rs:645:43
[INFO] [stdout]   33:     0x61c4e054c2c4 - test[aada8e7e76ba119b]::run_test::{closure#1}
[INFO] [stdout]                                at /rustc/e3feeb59cd1bdd011a2bfcc0747b55125d9b8527/library/test/src/lib.rs:675:41
[INFO] [stdout]   34:     0x61c4e054c2c4 - std[617be2ca0a6fd877]::sys::backtrace::__rust_begin_short_backtrace::<test[aada8e7e76ba119b]::run_test::{closure#1}, ()>
[INFO] [stdout]                                at /rustc/e3feeb59cd1bdd011a2bfcc0747b55125d9b8527/library/std/src/sys/backtrace.rs:166:18
[INFO] [stdout]   35:     0x61c4e0555a62 - std[617be2ca0a6fd877]::thread::lifecycle::spawn_unchecked::<test[aada8e7e76ba119b]::run_test::{closure#1}, ()>::{closure#1}::{closure#0}
[INFO] [stdout]                                at /rustc/e3feeb59cd1bdd011a2bfcc0747b55125d9b8527/library/std/src/thread/lifecycle.rs:70:13
[INFO] [stdout]   36:     0x61c4e0555a62 - <core[a373ad73a504971]::panic::unwind_safe::AssertUnwindSafe<std[617be2ca0a6fd877]::thread::lifecycle::spawn_unchecked<test[aada8e7e76ba119b]::run_test::{closure#1}, ()>::{closure#1}::{closure#0}> as core[a373ad73a504971]::ops::function::FnOnce<()>>::call_once
[INFO] [stdout]                                at /rustc/e3feeb59cd1bdd011a2bfcc0747b55125d9b8527/library/core/src/panic/unwind_safe.rs:275:9
[INFO] [stdout]   37:     0x61c4e0555a62 - std[617be2ca0a6fd877]::panicking::catch_unwind::do_call::<core[a373ad73a504971]::panic::unwind_safe::AssertUnwindSafe<std[617be2ca0a6fd877]::thread::lifecycle::spawn_unchecked<test[aada8e7e76ba119b]::run_test::{closure#1}, ()>::{closure#1}::{closure#0}>, ()>
[INFO] [stdout]                                at /rustc/e3feeb59cd1bdd011a2bfcc0747b55125d9b8527/library/std/src/panicking.rs:573:43
[INFO] [stdout]   38:     0x61c4e0555a62 - std[617be2ca0a6fd877]::panicking::catch_unwind::<(), core[a373ad73a504971]::panic::unwind_safe::AssertUnwindSafe<std[617be2ca0a6fd877]::thread::lifecycle::spawn_unchecked<test[aada8e7e76ba119b]::run_test::{closure#1}, ()>::{closure#1}::{closure#0}>>
[INFO] [stdout]                                at /rustc/e3feeb59cd1bdd011a2bfcc0747b55125d9b8527/library/std/src/panicking.rs:541:19
[INFO] [stdout]   39:     0x61c4e0555a62 - std[617be2ca0a6fd877]::panic::catch_unwind::<core[a373ad73a504971]::panic::unwind_safe::AssertUnwindSafe<std[617be2ca0a6fd877]::thread::lifecycle::spawn_unchecked<test[aada8e7e76ba119b]::run_test::{closure#1}, ()>::{closure#1}::{closure#0}>, ()>
[INFO] [stdout]                                at /rustc/e3feeb59cd1bdd011a2bfcc0747b55125d9b8527/library/std/src/panic.rs:359:14
[INFO] [stdout]   40:     0x61c4e0555a62 - std[617be2ca0a6fd877]::thread::lifecycle::spawn_unchecked::<test[aada8e7e76ba119b]::run_test::{closure#1}, ()>::{closure#1}
[INFO] [stdout]                                at /rustc/e3feeb59cd1bdd011a2bfcc0747b55125d9b8527/library/std/src/thread/lifecycle.rs:68:26
[INFO] [stdout]   41:     0x61c4e0555a62 - <std[617be2ca0a6fd877]::thread::lifecycle::spawn_unchecked<test[aada8e7e76ba119b]::run_test::{closure#1}, ()>::{closure#1} as core[a373ad73a504971]::ops::function::FnOnce<()>>::call_once::{shim:vtable#0}
[INFO] [stdout]                                at /rustc/e3feeb59cd1bdd011a2bfcc0747b55125d9b8527/library/core/src/ops/function.rs:250:5
[INFO] [stdout]   42:     0x61c4e0749a9f - <alloc[2e1b2a31b91974c5]::boxed::Box<dyn core[a373ad73a504971]::ops::function::FnOnce<(), Output = ()> + core[a373ad73a504971]::marker::Send> as core[a373ad73a504971]::ops::function::FnOnce<()>>::call_once
[INFO] [stdout]                                at /rustc/e3feeb59cd1bdd011a2bfcc0747b55125d9b8527/library/alloc/src/boxed.rs:2314:9
[INFO] [stdout]   43:     0x61c4e0749a9f - <std[617be2ca0a6fd877]::sys::thread::unix::Thread>::new::thread_start
[INFO] [stdout]                                at /rustc/e3feeb59cd1bdd011a2bfcc0747b55125d9b8527/library/std/src/sys/thread/unix.rs:127:17
[INFO] [stdout]   44:     0x7928aed65dfa - <unknown>
[INFO] [stdout]   45:     0x7928aedf93d4 - clone
[INFO] [stdout]   46:                0x0 - <unknown>
[INFO] [stdout] 
[INFO] [stdout] ---- sandboxing::linux_seccomp::tests::primary_rules_block_everything_requested stdout ----
[INFO] [stdout] 
[INFO] [stdout] thread 'sandboxing::linux_seccomp::tests::primary_rules_block_everything_requested' (2235) panicked at src/sandboxing/linux_seccomp.rs:349:45:
[INFO] [stdout] called `Result::unwrap()` on an `Err` value: The condition vector of a rule cannot be empty.
[INFO] [stdout] 
[INFO] [stdout] Stack backtrace:
[INFO] [stdout]    0: <anyhow::Error as core::convert::From<seccompiler::backend::Error>>::from
[INFO] [stdout]              at /opt/rustwide/cargo-home/registry/src/index.crates.io-1949cf8c6b5b557f/anyhow-1.0.104/src/backtrace.rs:10:14
[INFO] [stdout]    1: <core::result::Result<alloc::collections::btree::map::BTreeMap<i64, alloc::vec::Vec<seccompiler::backend::rule::SeccompRule>>, anyhow::Error> as core::ops::try_trait::FromResidual<core::result::Result<!, seccompiler::backend::Error>>>::from_residual
[INFO] [stdout]              at /rustc/e3feeb59cd1bdd011a2bfcc0747b55125d9b8527/library/core/src/result.rs:2190:27
[INFO] [stdout]    2: vtcode_safety::sandboxing::linux_seccomp::primary_rules
[INFO] [stdout]              at ./src/sandboxing/linux_seccomp.rs:159:53
[INFO] [stdout]    3: vtcode_safety::sandboxing::linux_seccomp::tests::primary_rules_block_everything_requested
[INFO] [stdout]              at ./src/sandboxing/linux_seccomp.rs:349:21
[INFO] [stdout]    4: vtcode_safety::sandboxing::linux_seccomp::tests::primary_rules_block_everything_requested::{closure#0}
[INFO] [stdout]              at ./src/sandboxing/linux_seccomp.rs:347:50
[INFO] [stdout]    5: <vtcode_safety::sandboxing::linux_seccomp::tests::primary_rules_block_everything_requested::{closure#0} as core::ops::function::FnOnce<()>>::call_once
[INFO] [stdout]              at /rustc/e3feeb59cd1bdd011a2bfcc0747b55125d9b8527/library/core/src/ops/function.rs:250:5
[INFO] [stdout]    6: <fn() -> core::result::Result<(), alloc::string::String> as core::ops::function::FnOnce<()>>::call_once
[INFO] [stdout]              at /rustc/e3feeb59cd1bdd011a2bfcc0747b55125d9b8527/library/core/src/ops/function.rs:250:5
[INFO] [stdout]    7: test::__rust_begin_short_backtrace::<core::result::Result<(), alloc::string::String>, fn() -> core::result::Result<(), alloc::string::String>>
[INFO] [stdout]              at /rustc/e3feeb59cd1bdd011a2bfcc0747b55125d9b8527/library/test/src/lib.rs:701:18
[INFO] [stdout]    8: test::run_test_in_process::{closure#0}
[INFO] [stdout]              at /rustc/e3feeb59cd1bdd011a2bfcc0747b55125d9b8527/library/test/src/lib.rs:724:74
[INFO] [stdout]    9: <core::panic::unwind_safe::AssertUnwindSafe<test::run_test_in_process::{closure#0}> as core::ops::function::FnOnce<()>>::call_once
[INFO] [stdout]              at /rustc/e3feeb59cd1bdd011a2bfcc0747b55125d9b8527/library/core/src/panic/unwind_safe.rs:275:9
[INFO] [stdout]   10: std::panicking::catch_unwind::do_call::<core::panic::unwind_safe::AssertUnwindSafe<test::run_test_in_process::{closure#0}>, core::result::Result<(), alloc::string::String>>
[INFO] [stdout]              at /rustc/e3feeb59cd1bdd011a2bfcc0747b55125d9b8527/library/std/src/panicking.rs:573:43
[INFO] [stdout]   11: std::panicking::catch_unwind::<core::result::Result<(), alloc::string::String>, core::panic::unwind_safe::AssertUnwindSafe<test::run_test_in_process::{closure#0}>>
[INFO] [stdout]              at /rustc/e3feeb59cd1bdd011a2bfcc0747b55125d9b8527/library/std/src/panicking.rs:541:19
[INFO] [stdout]   12: std::panic::catch_unwind::<core::panic::unwind_safe::AssertUnwindSafe<test::run_test_in_process::{closure#0}>, core::result::Result<(), alloc::string::String>>
[INFO] [stdout]              at /rustc/e3feeb59cd1bdd011a2bfcc0747b55125d9b8527/library/std/src/panic.rs:359:14
[INFO] [stdout]   13: test::run_test_in_process
[INFO] [stdout]              at /rustc/e3feeb59cd1bdd011a2bfcc0747b55125d9b8527/library/test/src/lib.rs:724:27
[INFO] [stdout]   14: test::run_test::{closure#0}
[INFO] [stdout]              at /rustc/e3feeb59cd1bdd011a2bfcc0747b55125d9b8527/library/test/src/lib.rs:645:43
[INFO] [stdout]   15: test::run_test::{closure#1}
[INFO] [stdout]              at /rustc/e3feeb59cd1bdd011a2bfcc0747b55125d9b8527/library/test/src/lib.rs:675:41
[INFO] [stdout]   16: std::sys::backtrace::__rust_begin_short_backtrace::<test::run_test::{closure#1}, ()>
[INFO] [stdout]              at /rustc/e3feeb59cd1bdd011a2bfcc0747b55125d9b8527/library/std/src/sys/backtrace.rs:166:18
[INFO] [stdout]   17: std::thread::lifecycle::spawn_unchecked::<test::run_test::{closure#1}, ()>::{closure#1}::{closure#0}
[INFO] [stdout]              at /rustc/e3feeb59cd1bdd011a2bfcc0747b55125d9b8527/library/std/src/thread/lifecycle.rs:70:13
[INFO] [stdout]   18: <core::panic::unwind_safe::AssertUnwindSafe<std::thread::lifecycle::spawn_unchecked<test::run_test::{closure#1}, ()>::{closure#1}::{closure#0}> as core::ops::function::FnOnce<()>>::call_once
[INFO] [stdout]              at /rustc/e3feeb59cd1bdd011a2bfcc0747b55125d9b8527/library/core/src/panic/unwind_safe.rs:275:9
[INFO] [stdout]   19: std::panicking::catch_unwind::do_call::<core::panic::unwind_safe::AssertUnwindSafe<std::thread::lifecycle::spawn_unchecked<test::run_test::{closure#1}, ()>::{closure#1}::{closure#0}>, ()>
[INFO] [stdout]              at /rustc/e3feeb59cd1bdd011a2bfcc0747b55125d9b8527/library/std/src/panicking.rs:573:43
[INFO] [stdout]   20: std::panicking::catch_unwind::<(), core::panic::unwind_safe::AssertUnwindSafe<std::thread::lifecycle::spawn_unchecked<test::run_test::{closure#1}, ()>::{closure#1}::{closure#0}>>
[INFO] [stdout]              at /rustc/e3feeb59cd1bdd011a2bfcc0747b55125d9b8527/library/std/src/panicking.rs:541:19
[INFO] [stdout]   21: std::panic::catch_unwind::<core::panic::unwind_safe::AssertUnwindSafe<std::thread::lifecycle::spawn_unchecked<test::run_test::{closure#1}, ()>::{closure#1}::{closure#0}>, ()>
[INFO] [stdout]              at /rustc/e3feeb59cd1bdd011a2bfcc0747b55125d9b8527/library/std/src/panic.rs:359:14
[INFO] [stdout]   22: std::thread::lifecycle::spawn_unchecked::<test::run_test::{closure#1}, ()>::{closure#1}
[INFO] [stdout]              at /rustc/e3feeb59cd1bdd011a2bfcc0747b55125d9b8527/library/std/src/thread/lifecycle.rs:68:26
[INFO] [stdout]   23: <std::thread::lifecycle::spawn_unchecked<test::run_test::{closure#1}, ()>::{closure#1} as core::ops::function::FnOnce<()>>::call_once::{shim:vtable#0}
[INFO] [stdout]              at /rustc/e3feeb59cd1bdd011a2bfcc0747b55125d9b8527/library/core/src/ops/function.rs:250:5
[INFO] [stdout]   24: <alloc::boxed::Box<dyn core::ops::function::FnOnce<(), Output = ()> + core::marker::Send> as core::ops::function::FnOnce<()>>::call_once
[INFO] [stdout]              at /rustc/e3feeb59cd1bdd011a2bfcc0747b55125d9b8527/library/alloc/src/boxed.rs:2314:9
[INFO] [stdout]   25: <std::sys::thread::unix::Thread>::new::thread_start
[INFO] [stdout]              at /rustc/e3feeb59cd1bdd011a2bfcc0747b55125d9b8527/library/std/src/sys/thread/unix.rs:127:17
[INFO] [stdout]   26: <unknown>
[INFO] [stdout]   27: clone
[INFO] [stdout] stack backtrace:
[INFO] [stdout]    0:     0x61c4e074a7c1 - std[617be2ca0a6fd877]::backtrace_rs::backtrace::libunwind::trace
[INFO] [stdout]                                at /rustc/e3feeb59cd1bdd011a2bfcc0747b55125d9b8527/library/std/src/../../backtrace/src/backtrace/libunwind.rs:117:9
[INFO] [stdout]    1:     0x61c4e074a7c1 - std[617be2ca0a6fd877]::backtrace_rs::backtrace::trace_unsynchronized::<std[617be2ca0a6fd877]::sys::backtrace::_print_fmt::{closure#1}>
[INFO] [stdout]                                at /rustc/e3feeb59cd1bdd011a2bfcc0747b55125d9b8527/library/std/src/../../backtrace/src/backtrace/mod.rs:66:14
[INFO] [stdout]    2:     0x61c4e074a7c1 - std[617be2ca0a6fd877]::sys::backtrace::_print_fmt
[INFO] [stdout]                                at /rustc/e3feeb59cd1bdd011a2bfcc0747b55125d9b8527/library/std/src/sys/backtrace.rs:74:9
[INFO] [stdout]    3:     0x61c4e074a7c1 - <<std[617be2ca0a6fd877]::sys::backtrace::BacktraceLock>::print::DisplayBacktrace as core[a373ad73a504971]::fmt::Display>::fmt
[INFO] [stdout]                                at /rustc/e3feeb59cd1bdd011a2bfcc0747b55125d9b8527/library/std/src/sys/backtrace.rs:44:26
[INFO] [stdout]    4:     0x61c4e0761fea - <core[a373ad73a504971]::fmt::rt::Argument>::fmt
[INFO] [stdout]                                at /rustc/e3feeb59cd1bdd011a2bfcc0747b55125d9b8527/library/core/src/fmt/rt.rs:152:76
[INFO] [stdout]    5:     0x61c4e0761fea - core[a373ad73a504971]::fmt::write
[INFO] [stdout]    6:     0x61c4e074f74c - core[a373ad73a504971]::io::write::default_write_fmt::<alloc[2e1b2a31b91974c5]::vec::Vec<u8>>
[INFO] [stdout]                                at /rustc/e3feeb59cd1bdd011a2bfcc0747b55125d9b8527/library/core/src/io/write.rs:402:11
[INFO] [stdout]    7:     0x61c4e074f74c - <alloc[2e1b2a31b91974c5]::vec::Vec<u8> as core[a373ad73a504971]::io::write::Write>::write_fmt
[INFO] [stdout]                                at /rustc/e3feeb59cd1bdd011a2bfcc0747b55125d9b8527/library/core/src/io/write.rs:335:13
[INFO] [stdout]    8:     0x61c4e0723056 - <std[617be2ca0a6fd877]::sys::backtrace::BacktraceLock>::print
[INFO] [stdout]                                at /rustc/e3feeb59cd1bdd011a2bfcc0747b55125d9b8527/library/std/src/sys/backtrace.rs:47:9
[INFO] [stdout]    9:     0x61c4e0723056 - std[617be2ca0a6fd877]::panicking::default_hook::{closure#0}
[INFO] [stdout]                                at /rustc/e3feeb59cd1bdd011a2bfcc0747b55125d9b8527/library/std/src/panicking.rs:289:27
[INFO] [stdout]   10:     0x61c4e07416d9 - std[617be2ca0a6fd877]::panicking::default_hook
[INFO] [stdout]                                at /rustc/e3feeb59cd1bdd011a2bfcc0747b55125d9b8527/library/std/src/panicking.rs:313:9
[INFO] [stdout]   11:     0x61c4e05523b0 - <alloc[2e1b2a31b91974c5]::boxed::Box<dyn for<'a, 'b> core[a373ad73a504971]::ops::function::Fn<(&'a std[617be2ca0a6fd877]::panic::PanicHookInfo<'b>,), Output = ()> + core[a373ad73a504971]::marker::Sync + core[a373ad73a504971]::marker::Send> as core[a373ad73a504971]::ops::function::Fn<(&std[617be2ca0a6fd877]::panic::PanicHookInfo,)>>::call
[INFO] [stdout]                                at /rustc/e3feeb59cd1bdd011a2bfcc0747b55125d9b8527/library/alloc/src/boxed.rs:2328:9
[INFO] [stdout]   12:     0x61c4e05523b0 - test[aada8e7e76ba119b]::test_main_inner::{closure#0}
[INFO] [stdout]                                at /rustc/e3feeb59cd1bdd011a2bfcc0747b55125d9b8527/library/test/src/lib.rs:137:21
[INFO] [stdout]   13:     0x61c4e0741a02 - <alloc[2e1b2a31b91974c5]::boxed::Box<dyn for<'a, 'b> core[a373ad73a504971]::ops::function::Fn<(&'a std[617be2ca0a6fd877]::panic::PanicHookInfo<'b>,), Output = ()> + core[a373ad73a504971]::marker::Sync + core[a373ad73a504971]::marker::Send> as core[a373ad73a504971]::ops::function::Fn<(&std[617be2ca0a6fd877]::panic::PanicHookInfo,)>>::call
[INFO] [stdout]                                at /rustc/e3feeb59cd1bdd011a2bfcc0747b55125d9b8527/library/alloc/src/boxed.rs:2328:9
[INFO] [stdout]   14:     0x61c4e0741a02 - std[617be2ca0a6fd877]::panicking::panic_with_hook
[INFO] [stdout]                                at /rustc/e3feeb59cd1bdd011a2bfcc0747b55125d9b8527/library/std/src/panicking.rs:819:13
[INFO] [stdout]   15:     0x61c4e0723102 - std[617be2ca0a6fd877]::panicking::panic_handler::{closure#0}
[INFO] [stdout]                                at /rustc/e3feeb59cd1bdd011a2bfcc0747b55125d9b8527/library/std/src/panicking.rs:685:13
[INFO] [stdout]   16:     0x61c4e071b479 - std[617be2ca0a6fd877]::sys::backtrace::__rust_end_short_backtrace::<std[617be2ca0a6fd877]::panicking::panic_handler::{closure#0}, !>
[INFO] [stdout]                                at /rustc/e3feeb59cd1bdd011a2bfcc0747b55125d9b8527/library/std/src/sys/backtrace.rs:182:18
[INFO] [stdout]   17:     0x61c4e07240bd - __rustc[ea4f61d10b84890b]::rust_begin_unwind
[INFO] [stdout]                                at /rustc/e3feeb59cd1bdd011a2bfcc0747b55125d9b8527/library/std/src/panicking.rs:676:5
[INFO] [stdout]   18:     0x61c4e076280c - core[a373ad73a504971]::panicking::panic_fmt
[INFO] [stdout]                                at /rustc/e3feeb59cd1bdd011a2bfcc0747b55125d9b8527/library/core/src/panicking.rs:80:14
[INFO] [stdout]   19:     0x61c4e0762562 - core[a373ad73a504971]::result::unwrap_failed
[INFO] [stdout]                                at /rustc/e3feeb59cd1bdd011a2bfcc0747b55125d9b8527/library/core/src/result.rs:1870:5
[INFO] [stdout]   20:     0x61c4e0321c78 - <core[a373ad73a504971]::result::Result<alloc[2e1b2a31b91974c5]::collections::btree::map::BTreeMap<i64, alloc[2e1b2a31b91974c5]::vec::Vec<seccompiler[1d61b7dffa6a7fcd]::backend::rule::SeccompRule>>, anyhow[5742dc27d2c32ed7]::Error>>::unwrap
[INFO] [stdout]                                at /rustc/e3feeb59cd1bdd011a2bfcc0747b55125d9b8527/library/core/src/result.rs:1232:23
[INFO] [stdout]   21:     0x61c4e0321c78 - vtcode_safety[bb71df051a539307]::sandboxing::linux_seccomp::tests::primary_rules_block_everything_requested
[INFO] [stdout]                                at /opt/rustwide/workdir/src/sandboxing/linux_seccomp.rs:349:45
[INFO] [stdout]   22:     0x61c4e0319907 - vtcode_safety[bb71df051a539307]::sandboxing::linux_seccomp::tests::primary_rules_block_everything_requested::{closure#0}
[INFO] [stdout]                                at /opt/rustwide/workdir/src/sandboxing/linux_seccomp.rs:347:50
[INFO] [stdout]   23:     0x61c4e03cba66 - <vtcode_safety[bb71df051a539307]::sandboxing::linux_seccomp::tests::primary_rules_block_everything_requested::{closure#0} as core[a373ad73a504971]::ops::function::FnOnce<()>>::call_once
[INFO] [stdout]                                at /rustc/e3feeb59cd1bdd011a2bfcc0747b55125d9b8527/library/core/src/ops/function.rs:250:5
[INFO] [stdout]   24:     0x61c4e05457fb - <fn() -> core[a373ad73a504971]::result::Result<(), alloc[2e1b2a31b91974c5]::string::String> as core[a373ad73a504971]::ops::function::FnOnce<()>>::call_once
[INFO] [stdout]                                at /rustc/e3feeb59cd1bdd011a2bfcc0747b55125d9b8527/library/core/src/ops/function.rs:250:5
[INFO] [stdout]   25:     0x61c4e05457fb - test[aada8e7e76ba119b]::__rust_begin_short_backtrace::<core[a373ad73a504971]::result::Result<(), alloc[2e1b2a31b91974c5]::string::String>, fn() -> core[a373ad73a504971]::result::Result<(), alloc[2e1b2a31b91974c5]::string::String>>
[INFO] [stdout]                                at /rustc/e3feeb59cd1bdd011a2bfcc0747b55125d9b8527/library/test/src/lib.rs:701:18
[INFO] [stdout]   26:     0x61c4e05529d5 - test[aada8e7e76ba119b]::run_test_in_process::{closure#0}
[INFO] [stdout]                                at /rustc/e3feeb59cd1bdd011a2bfcc0747b55125d9b8527/library/test/src/lib.rs:724:74
[INFO] [stdout]   27:     0x61c4e05529d5 - <core[a373ad73a504971]::panic::unwind_safe::AssertUnwindSafe<test[aada8e7e76ba119b]::run_test_in_process::{closure#0}> as core[a373ad73a504971]::ops::function::FnOnce<()>>::call_once
[INFO] [stdout]                                at /rustc/e3feeb59cd1bdd011a2bfcc0747b55125d9b8527/library/core/src/panic/unwind_safe.rs:275:9
[INFO] [stdout]   28:     0x61c4e05529d5 - std[617be2ca0a6fd877]::panicking::catch_unwind::do_call::<core[a373ad73a504971]::panic::unwind_safe::AssertUnwindSafe<test[aada8e7e76ba119b]::run_test_in_process::{closure#0}>, core[a373ad73a504971]::result::Result<(), alloc[2e1b2a31b91974c5]::string::String>>
[INFO] [stdout]                                at /rustc/e3feeb59cd1bdd011a2bfcc0747b55125d9b8527/library/std/src/panicking.rs:573:43
[INFO] [stdout]   29:     0x61c4e05529d5 - std[617be2ca0a6fd877]::panicking::catch_unwind::<core[a373ad73a504971]::result::Result<(), alloc[2e1b2a31b91974c5]::string::String>, core[a373ad73a504971]::panic::unwind_safe::AssertUnwindSafe<test[aada8e7e76ba119b]::run_test_in_process::{closure#0}>>
[INFO] [stdout]                                at /rustc/e3feeb59cd1bdd011a2bfcc0747b55125d9b8527/library/std/src/panicking.rs:541:19
[INFO] [stdout]   30:     0x61c4e05529d5 - std[617be2ca0a6fd877]::panic::catch_unwind::<core[a373ad73a504971]::panic::unwind_safe::AssertUnwindSafe<test[aada8e7e76ba119b]::run_test_in_process::{closure#0}>, core[a373ad73a504971]::result::Result<(), alloc[2e1b2a31b91974c5]::string::String>>
[INFO] [stdout]                                at /rustc/e3feeb59cd1bdd011a2bfcc0747b55125d9b8527/library/std/src/panic.rs:359:14
[INFO] [stdout]   31:     0x61c4e05529d5 - test[aada8e7e76ba119b]::run_test_in_process
[INFO] [stdout]                                at /rustc/e3feeb59cd1bdd011a2bfcc0747b55125d9b8527/library/test/src/lib.rs:724:27
[INFO] [stdout]   32:     0x61c4e05529d5 - test[aada8e7e76ba119b]::run_test::{closure#0}
[INFO] [stdout]                                at /rustc/e3feeb59cd1bdd011a2bfcc0747b55125d9b8527/library/test/src/lib.rs:645:43
[INFO] [stdout]   33:     0x61c4e054c2c4 - test[aada8e7e76ba119b]::run_test::{closure#1}
[INFO] [stdout]                                at /rustc/e3feeb59cd1bdd011a2bfcc0747b55125d9b8527/library/test/src/lib.rs:675:41
[INFO] [stdout]   34:     0x61c4e054c2c4 - std[617be2ca0a6fd877]::sys::backtrace::__rust_begin_short_backtrace::<test[aada8e7e76ba119b]::run_test::{closure#1}, ()>
[INFO] [stdout]                                at /rustc/e3feeb59cd1bdd011a2bfcc0747b55125d9b8527/library/std/src/sys/backtrace.rs:166:18
[INFO] [stdout]   35:     0x61c4e0555a62 - std[617be2ca0a6fd877]::thread::lifecycle::spawn_unchecked::<test[aada8e7e76ba119b]::run_test::{closure#1}, ()>::{closure#1}::{closure#0}
[INFO] [stdout]                                at /rustc/e3feeb59cd1bdd011a2bfcc0747b55125d9b8527/library/std/src/thread/lifecycle.rs:70:13
[INFO] [stdout]   36:     0x61c4e0555a62 - <core[a373ad73a504971]::panic::unwind_safe::AssertUnwindSafe<std[617be2ca0a6fd877]::thread::lifecycle::spawn_unchecked<test[aada8e7e76ba119b]::run_test::{closure#1}, ()>::{closure#1}::{closure#0}> as core[a373ad73a504971]::ops::function::FnOnce<()>>::call_once
[INFO] [stdout]                                at /rustc/e3feeb59cd1bdd011a2bfcc0747b55125d9b8527/library/core/src/panic/unwind_safe.rs:275:9
[INFO] [stdout]   37:     0x61c4e0555a62 - std[617be2ca0a6fd877]::panicking::catch_unwind::do_call::<core[a373ad73a504971]::panic::unwind_safe::AssertUnwindSafe<std[617be2ca0a6fd877]::thread::lifecycle::spawn_unchecked<test[aada8e7e76ba119b]::run_test::{closure#1}, ()>::{closure#1}::{closure#0}>, ()>
[INFO] [stdout]                                at /rustc/e3feeb59cd1bdd011a2bfcc0747b55125d9b8527/library/std/src/panicking.rs:573:43
[INFO] [stdout]   38:     0x61c4e0555a62 - std[617be2ca0a6fd877]::panicking::catch_unwind::<(), core[a373ad73a504971]::panic::unwind_safe::AssertUnwindSafe<std[617be2ca0a6fd877]::thread::lifecycle::spawn_unchecked<test[aada8e7e76ba119b]::run_test::{closure#1}, ()>::{closure#1}::{closure#0}>>
[INFO] [stdout]                                at /rustc/e3feeb59cd1bdd011a2bfcc0747b55125d9b8527/library/std/src/panicking.rs:541:19
[INFO] [stdout]   39:     0x61c4e0555a62 - std[617be2ca0a6fd877]::panic::catch_unwind::<core[a373ad73a504971]::panic::unwind_safe::AssertUnwindSafe<std[617be2ca0a6fd877]::thread::lifecycle::spawn_unchecked<test[aada8e7e76ba119b]::run_test::{closure#1}, ()>::{closure#1}::{closure#0}>, ()>
[INFO] [stdout]                                at /rustc/e3feeb59cd1bdd011a2bfcc0747b55125d9b8527/library/std/src/panic.rs:359:14
[INFO] [stdout]   40:     0x61c4e0555a62 - std[617be2ca0a6fd877]::thread::lifecycle::spawn_unchecked::<test[aada8e7e76ba119b]::run_test::{closure#1}, ()>::{closure#1}
[INFO] [stdout]                                at /rustc/e3feeb59cd1bdd011a2bfcc0747b55125d9b8527/library/std/src/thread/lifecycle.rs:68:26
[INFO] [stdout]   41:     0x61c4e0555a62 - <std[617be2ca0a6fd877]::thread::lifecycle::spawn_unchecked<test[aada8e7e76ba119b]::run_test::{closure#1}, ()>::{closure#1} as core[a373ad73a504971]::ops::function::FnOnce<()>>::call_once::{shim:vtable#0}
[INFO] [stdout]                                at /rustc/e3feeb59cd1bdd011a2bfcc0747b55125d9b8527/library/core/src/ops/function.rs:250:5
[INFO] [stdout]   42:     0x61c4e0749a9f - <alloc[2e1b2a31b91974c5]::boxed::Box<dyn core[a373ad73a504971]::ops::function::FnOnce<(), Output = ()> + core[a373ad73a504971]::marker::Send> as core[a373ad73a504971]::ops::function::FnOnce<()>>::call_once
[INFO] [stdout]                                at /rustc/e3feeb59cd1bdd011a2bfcc0747b55125d9b8527/library/alloc/src/boxed.rs:2314:9
[INFO] [stdout]   43:     0x61c4e0749a9f - <std[617be2ca0a6fd877]::sys::thread::unix::Thread>::new::thread_start
[INFO] [stdout]                                at /rustc/e3feeb59cd1bdd011a2bfcc0747b55125d9b8527/library/std/src/sys/thread/unix.rs:127:17
[INFO] [stdout]   44:     0x7928aed65dfa - <unknown>
[INFO] [stdout]   45:     0x7928aedf93d4 - clone
[INFO] [stdout]   46:                0x0 - <unknown>
[INFO] [stdout] 
[INFO] [stdout] ---- sandboxing::linux_seccomp::tests::ioctl_rules_target_terminal_injection_only stdout ----
[INFO] [stdout] 
[INFO] [stdout] thread 'sandboxing::linux_seccomp::tests::ioctl_rules_target_terminal_injection_only' (2233) panicked at src/sandboxing/linux_seccomp.rs:364:45:
[INFO] [stdout] called `Result::unwrap()` on an `Err` value: The condition vector of a rule cannot be empty.
[INFO] [stdout] 
[INFO] [stdout] Stack backtrace:
[INFO] [stdout]    0: <anyhow::Error as core::convert::From<seccompiler::backend::Error>>::from
[INFO] [stdout]              at /opt/rustwide/cargo-home/registry/src/index.crates.io-1949cf8c6b5b557f/anyhow-1.0.104/src/backtrace.rs:10:14
[INFO] [stdout]    1: <core::result::Result<alloc::collections::btree::map::BTreeMap<i64, alloc::vec::Vec<seccompiler::backend::rule::SeccompRule>>, anyhow::Error> as core::ops::try_trait::FromResidual<core::result::Result<!, seccompiler::backend::Error>>>::from_residual
[INFO] [stdout]              at /rustc/e3feeb59cd1bdd011a2bfcc0747b55125d9b8527/library/core/src/result.rs:2190:27
[INFO] [stdout]    2: vtcode_safety::sandboxing::linux_seccomp::primary_rules
[INFO] [stdout]              at ./src/sandboxing/linux_seccomp.rs:159:53
[INFO] [stdout]    3: vtcode_safety::sandboxing::linux_seccomp::tests::ioctl_rules_target_terminal_injection_only
[INFO] [stdout]              at ./src/sandboxing/linux_seccomp.rs:364:21
[INFO] [stdout]    4: vtcode_safety::sandboxing::linux_seccomp::tests::ioctl_rules_target_terminal_injection_only::{closure#0}
[INFO] [stdout]              at ./src/sandboxing/linux_seccomp.rs:362:52
[INFO] [stdout]    5: <vtcode_safety::sandboxing::linux_seccomp::tests::ioctl_rules_target_terminal_injection_only::{closure#0} as core::ops::function::FnOnce<()>>::call_once
[INFO] [stdout]              at /rustc/e3feeb59cd1bdd011a2bfcc0747b55125d9b8527/library/core/src/ops/function.rs:250:5
[INFO] [stdout]    6: <fn() -> core::result::Result<(), alloc::string::String> as core::ops::function::FnOnce<()>>::call_once
[INFO] [stdout]              at /rustc/e3feeb59cd1bdd011a2bfcc0747b55125d9b8527/library/core/src/ops/function.rs:250:5
[INFO] [stdout]    7: test::__rust_begin_short_backtrace::<core::result::Result<(), alloc::string::String>, fn() -> core::result::Result<(), alloc::string::String>>
[INFO] [stdout]              at /rustc/e3feeb59cd1bdd011a2bfcc0747b55125d9b8527/library/test/src/lib.rs:701:18
[INFO] [stdout]    8: test::run_test_in_process::{closure#0}
[INFO] [stdout]              at /rustc/e3feeb59cd1bdd011a2bfcc0747b55125d9b8527/library/test/src/lib.rs:724:74
[INFO] [stdout]    9: <core::panic::unwind_safe::AssertUnwindSafe<test::run_test_in_process::{closure#0}> as core::ops::function::FnOnce<()>>::call_once
[INFO] [stdout]              at /rustc/e3feeb59cd1bdd011a2bfcc0747b55125d9b8527/library/core/src/panic/unwind_safe.rs:275:9
[INFO] [stdout]   10: std::panicking::catch_unwind::do_call::<core::panic::unwind_safe::AssertUnwindSafe<test::run_test_in_process::{closure#0}>, core::result::Result<(), alloc::string::String>>
[INFO] [stdout]              at /rustc/e3feeb59cd1bdd011a2bfcc0747b55125d9b8527/library/std/src/panicking.rs:573:43
[INFO] [stdout]   11: std::panicking::catch_unwind::<core::result::Result<(), alloc::string::String>, core::panic::unwind_safe::AssertUnwindSafe<test::run_test_in_process::{closure#0}>>
[INFO] [stdout]              at /rustc/e3feeb59cd1bdd011a2bfcc0747b55125d9b8527/library/std/src/panicking.rs:541:19
[INFO] [stdout]   12: std::panic::catch_unwind::<core::panic::unwind_safe::AssertUnwindSafe<test::run_test_in_process::{closure#0}>, core::result::Result<(), alloc::string::String>>
[INFO] [stdout]              at /rustc/e3feeb59cd1bdd011a2bfcc0747b55125d9b8527/library/std/src/panic.rs:359:14
[INFO] [stdout]   13: test::run_test_in_process
[INFO] [stdout]              at /rustc/e3feeb59cd1bdd011a2bfcc0747b55125d9b8527/library/test/src/lib.rs:724:27
[INFO] [stdout]   14: test::run_test::{closure#0}
[INFO] [stdout]              at /rustc/e3feeb59cd1bdd011a2bfcc0747b55125d9b8527/library/test/src/lib.rs:645:43
[INFO] [stdout]   15: test::run_test::{closure#1}
[INFO] [stdout]              at /rustc/e3feeb59cd1bdd011a2bfcc0747b55125d9b8527/library/test/src/lib.rs:675:41
[INFO] [stdout]   16: std::sys::backtrace::__rust_begin_short_backtrace::<test::run_test::{closure#1}, ()>
[INFO] [stdout]              at /rustc/e3feeb59cd1bdd011a2bfcc0747b55125d9b8527/library/std/src/sys/backtrace.rs:166:18
[INFO] [stdout]   17: std::thread::lifecycle::spawn_unchecked::<test::run_test::{closure#1}, ()>::{closure#1}::{closure#0}
[INFO] [stdout]              at /rustc/e3feeb59cd1bdd011a2bfcc0747b55125d9b8527/library/std/src/thread/lifecycle.rs:70:13
[INFO] [stdout]   18: <core::panic::unwind_safe::AssertUnwindSafe<std::thread::lifecycle::spawn_unchecked<test::run_test::{closure#1}, ()>::{closure#1}::{closure#0}> as core::ops::function::FnOnce<()>>::call_once
[INFO] [stdout]              at /rustc/e3feeb59cd1bdd011a2bfcc0747b55125d9b8527/library/core/src/panic/unwind_safe.rs:275:9
[INFO] [stdout]   19: std::panicking::catch_unwind::do_call::<core::panic::unwind_safe::AssertUnwindSafe<std::thread::lifecycle::spawn_unchecked<test::run_test::{closure#1}, ()>::{closure#1}::{closure#0}>, ()>
[INFO] [stdout]              at /rustc/e3feeb59cd1bdd011a2bfcc0747b55125d9b8527/library/std/src/panicking.rs:573:43
[INFO] [stdout]   20: std::panicking::catch_unwind::<(), core::panic::unwind_safe::AssertUnwindSafe<std::thread::lifecycle::spawn_unchecked<test::run_test::{closure#1}, ()>::{closure#1}::{closure#0}>>
[INFO] [stdout]              at /rustc/e3feeb59cd1bdd011a2bfcc0747b55125d9b8527/library/std/src/panicking.rs:541:19
[INFO] [stdout]   21: std::panic::catch_unwind::<core::panic::unwind_safe::AssertUnwindSafe<std::thread::lifecycle::spawn_unchecked<test::run_test::{closure#1}, ()>::{closure#1}::{closure#0}>, ()>
[INFO] [stdout]              at /rustc/e3feeb59cd1bdd011a2bfcc0747b55125d9b8527/library/std/src/panic.rs:359:14
[INFO] [stdout]   22: std::thread::lifecycle::spawn_unchecked::<test::run_test::{closure#1}, ()>::{closure#1}
[INFO] [stdout]              at /rustc/e3feeb59cd1bdd011a2bfcc0747b55125d9b8527/library/std/src/thread/lifecycle.rs:68:26
[INFO] [stdout]   23: <std::thread::lifecycle::spawn_unchecked<test::run_test::{closure#1}, ()>::{closure#1} as core::ops::function::FnOnce<()>>::call_once::{shim:vtable#0}
[INFO] [stdout]              at /rustc/e3feeb59cd1bdd011a2bfcc0747b55125d9b8527/library/core/src/ops/function.rs:250:5
[INFO] [stdout]   24: <alloc::boxed::Box<dyn core::ops::function::FnOnce<(), Output = ()> + core::marker::Send> as core::ops::function::FnOnce<()>>::call_once
[INFO] [stdout]              at /rustc/e3feeb59cd1bdd011a2bfcc0747b55125d9b8527/library/alloc/src/boxed.rs:2314:9
[INFO] [stdout]   25: <std::sys::thread::unix::Thread>::new::thread_start
[INFO] [stdout]              at /rustc/e3feeb59cd1bdd011a2bfcc0747b55125d9b8527/library/std/src/sys/thread/unix.rs:127:17
[INFO] [stdout]   26: <unknown>
[INFO] [stdout]   27: clone
[INFO] [stdout] stack backtrace:
[INFO] [stdout]    0:     0x61c4e074a7c1 - std[617be2ca0a6fd877]::backtrace_rs::backtrace::libunwind::trace
[INFO] [stdout]                                at /rustc/e3feeb59cd1bdd011a2bfcc0747b55125d9b8527/library/std/src/../../backtrace/src/backtrace/libunwind.rs:117:9
[INFO] [stdout]    1:     0x61c4e074a7c1 - std[617be2ca0a6fd877]::backtrace_rs::backtrace::trace_unsynchronized::<std[617be2ca0a6fd877]::sys::backtrace::_print_fmt::{closure#1}>
[INFO] [stdout]                                at /rustc/e3feeb59cd1bdd011a2bfcc0747b55125d9b8527/library/std/src/../../backtrace/src/backtrace/mod.rs:66:14
[INFO] [stdout]    2:     0x61c4e074a7c1 - std[617be2ca0a6fd877]::sys::backtrace::_print_fmt
[INFO] [stdout]                                at /rustc/e3feeb59cd1bdd011a2bfcc0747b55125d9b8527/library/std/src/sys/backtrace.rs:74:9
[INFO] [stdout]    3:     0x61c4e074a7c1 - <<std[617be2ca0a6fd877]::sys::backtrace::BacktraceLock>::print::DisplayBacktrace as core[a373ad73a504971]::fmt::Display>::fmt
[INFO] [stdout]                                at /rustc/e3feeb59cd1bdd011a2bfcc0747b55125d9b8527/library/std/src/sys/backtrace.rs:44:26
[INFO] [stdout]    4:     0x61c4e0761fea - <core[a373ad73a504971]::fmt::rt::Argument>::fmt
[INFO] [stdout]                                at /rustc/e3feeb59cd1bdd011a2bfcc0747b55125d9b8527/library/core/src/fmt/rt.rs:152:76
[INFO] [stdout]    5:     0x61c4e0761fea - core[a373ad73a504971]::fmt::write
[INFO] [stdout]    6:     0x61c4e074f74c - core[a373ad73a504971]::io::write::default_write_fmt::<alloc[2e1b2a31b91974c5]::vec::Vec<u8>>
[INFO] [stdout]                                at /rustc/e3feeb59cd1bdd011a2bfcc0747b55125d9b8527/library/core/src/io/write.rs:402:11
[INFO] [stdout]    7:     0x61c4e074f74c - <alloc[2e1b2a31b91974c5]::vec::Vec<u8> as core[a373ad73a504971]::io::write::Write>::write_fmt
[INFO] [stdout]                                at /rustc/e3feeb59cd1bdd011a2bfcc0747b55125d9b8527/library/core/src/io/write.rs:335:13
[INFO] [stdout]    8:     0x61c4e0723056 - <std[617be2ca0a6fd877]::sys::backtrace::BacktraceLock>::print
[INFO] [stdout]                                at /rustc/e3feeb59cd1bdd011a2bfcc0747b55125d9b8527/library/std/src/sys/backtrace.rs:47:9
[INFO] [stdout]    9:     0x61c4e0723056 - std[617be2ca0a6fd877]::panicking::default_hook::{closure#0}
[INFO] [stdout]                                at /rustc/e3feeb59cd1bdd011a2bfcc0747b55125d9b8527/library/std/src/panicking.rs:289:27
[INFO] [stdout]   10:     0x61c4e07416d9 - std[617be2ca0a6fd877]::panicking::default_hook
[INFO] [stdout]                                at /rustc/e3feeb59cd1bdd011a2bfcc0747b55125d9b8527/library/std/src/panicking.rs:313:9
[INFO] [stdout]   11:     0x61c4e05523b0 - <alloc[2e1b2a31b91974c5]::boxed::Box<dyn for<'a, 'b> core[a373ad73a504971]::ops::function::Fn<(&'a std[617be2ca0a6fd877]::panic::PanicHookInfo<'b>,), Output = ()> + core[a373ad73a504971]::marker::Sync + core[a373ad73a504971]::marker::Send> as core[a373ad73a504971]::ops::function::Fn<(&std[617be2ca0a6fd877]::panic::PanicHookInfo,)>>::call
[INFO] [stdout]                                at /rustc/e3feeb59cd1bdd011a2bfcc0747b55125d9b8527/library/alloc/src/boxed.rs:2328:9
[INFO] [stdout]   12:     0x61c4e05523b0 - test[aada8e7e76ba119b]::test_main_inner::{closure#0}
[INFO] [stdout]                                at /rustc/e3feeb59cd1bdd011a2bfcc0747b55125d9b8527/library/test/src/lib.rs:137:21
[INFO] [stdout]   13:     0x61c4e0741a02 - <alloc[2e1b2a31b91974c5]::boxed::Box<dyn for<'a, 'b> core[a373ad73a504971]::ops::function::Fn<(&'a std[617be2ca0a6fd877]::panic::PanicHookInfo<'b>,), Output = ()> + core[a373ad73a504971]::marker::Sync + core[a373ad73a504971]::marker::Send> as core[a373ad73a504971]::ops::function::Fn<(&std[617be2ca0a6fd877]::panic::PanicHookInfo,)>>::call
[INFO] [stdout]                                at /rustc/e3feeb59cd1bdd011a2bfcc0747b55125d9b8527/library/alloc/src/boxed.rs:2328:9
[INFO] [stdout]   14:     0x61c4e0741a02 - std[617be2ca0a6fd877]::panicking::panic_with_hook
[INFO] [stdout]                                at /rustc/e3feeb59cd1bdd011a2bfcc0747b55125d9b8527/library/std/src/panicking.rs:819:13
[INFO] [stdout]   15:     0x61c4e0723102 - std[617be2ca0a6fd877]::panicking::panic_handler::{closure#0}
[INFO] [stdout]                                at /rustc/e3feeb59cd1bdd011a2bfcc0747b55125d9b8527/library/std/src/panicking.rs:685:13
[INFO] [stdout]   16:     0x61c4e071b479 - std[617be2ca0a6fd877]::sys::backtrace::__rust_end_short_backtrace::<std[617be2ca0a6fd877]::panicking::panic_handler::{closure#0}, !>
[INFO] [stdout]                                at /rustc/e3feeb59cd1bdd011a2bfcc0747b55125d9b8527/library/std/src/sys/backtrace.rs:182:18
[INFO] [stdout]   17:     0x61c4e07240bd - __rustc[ea4f61d10b84890b]::rust_begin_unwind
[INFO] [stdout]                                at /rustc/e3feeb59cd1bdd011a2bfcc0747b55125d9b8527/library/std/src/panicking.rs:676:5
[INFO] [stdout]   18:     0x61c4e076280c - core[a373ad73a504971]::panicking::panic_fmt
[INFO] [stdout]                                at /rustc/e3feeb59cd1bdd011a2bfcc0747b55125d9b8527/library/core/src/panicking.rs:80:14
[INFO] [stdout]   19:     0x61c4e0762562 - core[a373ad73a504971]::result::unwrap_failed
[INFO] [stdout]                                at /rustc/e3feeb59cd1bdd011a2bfcc0747b55125d9b8527/library/core/src/result.rs:1870:5
[INFO] [stdout]   20:     0x61c4e0322110 - <core[a373ad73a504971]::result::Result<alloc[2e1b2a31b91974c5]::collections::btree::map::BTreeMap<i64, alloc[2e1b2a31b91974c5]::vec::Vec<seccompiler[1d61b7dffa6a7fcd]::backend::rule::SeccompRule>>, anyhow[5742dc27d2c32ed7]::Error>>::unwrap
[INFO] [stdout]                                at /rustc/e3feeb59cd1bdd011a2bfcc0747b55125d9b8527/library/core/src/result.rs:1232:23
[INFO] [stdout]   21:     0x61c4e0322110 - vtcode_safety[bb71df051a539307]::sandboxing::linux_seccomp::tests::ioctl_rules_target_terminal_injection_only
[INFO] [stdout]                                at /opt/rustwide/workdir/src/sandboxing/linux_seccomp.rs:364:45
[INFO] [stdout]   22:     0x61c4e0319937 - vtcode_safety[bb71df051a539307]::sandboxing::linux_seccomp::tests::ioctl_rules_target_terminal_injection_only::{closure#0}
[INFO] [stdout]                                at /opt/rustwide/workdir/src/sandboxing/linux_seccomp.rs:362:52
[INFO] [stdout]   23:     0x61c4e03cba86 - <vtcode_safety[bb71df051a539307]::sandboxing::linux_seccomp::tests::ioctl_rules_target_terminal_injection_only::{closure#0} as core[a373ad73a504971]::ops::function::FnOnce<()>>::call_once
[INFO] [stdout]                                at /rustc/e3feeb59cd1bdd011a2bfcc0747b55125d9b8527/library/core/src/ops/function.rs:250:5
[INFO] [stdout]   24:     0x61c4e05457fb - <fn() -> core[a373ad73a504971]::result::Result<(), alloc[2e1b2a31b91974c5]::string::String> as core[a373ad73a504971]::ops::function::FnOnce<()>>::call_once
[INFO] [stdout]                                at /rustc/e3feeb59cd1bdd011a2bfcc0747b55125d9b8527/library/core/src/ops/function.rs:250:5
[INFO] [stdout]   25:     0x61c4e05457fb - test[aada8e7e76ba119b]::__rust_begin_short_backtrace::<core[a373ad73a504971]::result::Result<(), alloc[2e1b2a31b91974c5]::string::String>, fn() -> core[a373ad73a504971]::result::Result<(), alloc[2e1b2a31b91974c5]::string::String>>
[INFO] [stdout]                                at /rustc/e3feeb59cd1bdd011a2bfcc0747b55125d9b8527/library/test/src/lib.rs:701:18
[INFO] [stdout]   26:     0x61c4e05529d5 - test[aada8e7e76ba119b]::run_test_in_process::{closure#0}
[INFO] [stdout]                                at /rustc/e3feeb59cd1bdd011a2bfcc0747b55125d9b8527/library/test/src/lib.rs:724:74
[INFO] [stdout]   27:     0x61c4e05529d5 - <core[a373ad73a504971]::panic::unwind_safe::AssertUnwindSafe<test[aada8e7e76ba119b]::run_test_in_process::{closure#0}> as core[a373ad73a504971]::ops::function::FnOnce<()>>::call_once
[INFO] [stdout]                                at /rustc/e3feeb59cd1bdd011a2bfcc0747b55125d9b8527/library/core/src/panic/unwind_safe.rs:275:9
[INFO] [stdout]   28:     0x61c4e05529d5 - std[617be2ca0a6fd877]::panicking::catch_unwind::do_call::<core[a373ad73a504971]::panic::unwind_safe::AssertUnwindSafe<test[aada8e7e76ba119b]::run_test_in_process::{closure#0}>, core[a373ad73a504971]::result::Result<(), alloc[2e1b2a31b91974c5]::string::String>>
[INFO] [stdout]                                at /rustc/e3feeb59cd1bdd011a2bfcc0747b55125d9b8527/library/std/src/panicking.rs:573:43
[INFO] [stdout]   29:     0x61c4e05529d5 - std[617be2ca0a6fd877]::panicking::catch_unwind::<core[a373ad73a504971]::result::Result<(), alloc[2e1b2a31b91974c5]::string::String>, core[a373ad73a504971]::panic::unwind_safe::AssertUnwindSafe<test[aada8e7e76ba119b]::run_test_in_process::{closure#0}>>
[INFO] [stdout]                                at /rustc/e3feeb59cd1bdd011a2bfcc0747b55125d9b8527/library/std/src/panicking.rs:541:19
[INFO] [stdout]   30:     0x61c4e05529d5 - std[617be2ca0a6fd877]::panic::catch_unwind::<core[a373ad73a504971]::panic::unwind_safe::AssertUnwindSafe<test[aada8e7e76ba119b]::run_test_in_process::{closure#0}>, core[a373ad73a504971]::result::Result<(), alloc[2e1b2a31b91974c5]::string::String>>
[INFO] [stdout]                                at /rustc/e3feeb59cd1bdd011a2bfcc0747b55125d9b8527/library/std/src/panic.rs:359:14
[INFO] [stdout]   31:     0x61c4e05529d5 - test[aada8e7e76ba119b]::run_test_in_process
[INFO] [stdout]                                at /rustc/e3feeb59cd1bdd011a2bfcc0747b55125d9b8527/library/test/src/lib.rs:724:27
[INFO] [stdout]   32:     0x61c4e05529d5 - test[aada8e7e76ba119b]::run_test::{closure#0}
[INFO] [stdout]                                at /rustc/e3feeb59cd1bdd011a2bfcc0747b55125d9b8527/library/test/src/lib.rs:645:43
[INFO] [stdout]   33:     0x61c4e054c2c4 - test[aada8e7e76ba119b]::run_test::{closure#1}
[INFO] [stdout]                                at /rustc/e3feeb59cd1bdd011a2bfcc0747b55125d9b8527/library/test/src/lib.rs:675:41
[INFO] [stdout]   34:     0x61c4e054c2c4 - std[617be2ca0a6fd877]::sys::backtrace::__rust_begin_short_backtrace::<test[aada8e7e76ba119b]::run_test::{closure#1}, ()>
[INFO] [stdout]                                at /rustc/e3feeb59cd1bdd011a2bfcc0747b55125d9b8527/library/std/src/sys/backtrace.rs:166:18
[INFO] [stdout]   35:     0x61c4e0555a62 - std[617be2ca0a6fd877]::thread::lifecycle::spawn_unchecked::<test[aada8e7e76ba119b]::run_test::{closure#1}, ()>::{closure#1}::{closure#0}
[INFO] [stdout]                                at /rustc/e3feeb59cd1bdd011a2bfcc0747b55125d9b8527/library/std/src/thread/lifecycle.rs:70:13
[INFO] [stdout]   36:     0x61c4e0555a62 - <core[a373ad73a504971]::panic::unwind_safe::AssertUnwindSafe<std[617be2ca0a6fd877]::thread::lifecycle::spawn_unchecked<test[aada8e7e76ba119b]::run_test::{closure#1}, ()>::{closure#1}::{closure#0}> as core[a373ad73a504971]::ops::function::FnOnce<()>>::call_once
[INFO] [stdout]                                at /rustc/e3feeb59cd1bdd011a2bfcc0747b55125d9b8527/library/core/src/panic/unwind_safe.rs:275:9
[INFO] [stdout]   37:     0x61c4e0555a62 - std[617be2ca0a6fd877]::panicking::catch_unwind::do_call::<core[a373ad73a504971]::panic::unwind_safe::AssertUnwindSafe<std[617be2ca0a6fd877]::thread::lifecycle::spawn_unchecked<test[aada8e7e76ba119b]::run_test::{closure#1}, ()>::{closure#1}::{closure#0}>, ()>
[INFO] [stdout]                                at /rustc/e3feeb59cd1bdd011a2bfcc0747b55125d9b8527/library/std/src/panicking.rs:573:43
[INFO] [stdout]   38:     0x61c4e0555a62 - std[617be2ca0a6fd877]::panicking::catch_unwind::<(), core[a373ad73a504971]::panic::unwind_safe::AssertUnwindSafe<std[617be2ca0a6fd877]::thread::lifecycle::spawn_unchecked<test[aada8e7e76ba119b]::run_test::{closure#1}, ()>::{closure#1}::{closure#0}>>
[INFO] [stdout]                                at /rustc/e3feeb59cd1bdd011a2bfcc0747b55125d9b8527/library/std/src/panicking.rs:541:19
[INFO] [stdout]   39:     0x61c4e0555a62 - std[617be2ca0a6fd877]::panic::catch_unwind::<core[a373ad73a504971]::panic::unwind_safe::AssertUnwindSafe<std[617be2ca0a6fd877]::thread::lifecycle::spawn_unchecked<test[aada8e7e76ba119b]::run_test::{closure#1}, ()>::{closure#1}::{closure#0}>, ()>
[INFO] [stdout]                                at /rustc/e3feeb59cd1bdd011a2bfcc0747b55125d9b8527/library/std/src/panic.rs:359:14
[INFO] [stdout]   40:     0x61c4e0555a62 - std[617be2ca0a6fd877]::thread::lifecycle::spawn_unchecked::<test[aada8e7e76ba119b]::run_test::{closure#1}, ()>::{closure#1}
[INFO] [stdout]                                at /rustc/e3feeb59cd1bdd011a2bfcc0747b55125d9b8527/library/std/src/thread/lifecycle.rs:68:26
[INFO] [stdout]   41:     0x61c4e0555a62 - <std[617be2ca0a6fd877]::thread::lifecycle::spawn_unchecked<test[aada8e7e76ba119b]::run_test::{closure#1}, ()>::{closure#1} as core[a373ad73a504971]::ops::function::FnOnce<()>>::call_once::{shim:vtable#0}
[INFO] [stdout]                                at /rustc/e3feeb59cd1bdd011a2bfcc0747b55125d9b8527/library/core/src/ops/function.rs:250:5
[INFO] [stdout]   42:     0x61c4e0749a9f - <alloc[2e1b2a31b91974c5]::boxed::Box<dyn core[a373ad73a504971]::ops::function::FnOnce<(), Output = ()> + core[a373ad73a504971]::marker::Send> as core[a373ad73a504971]::ops::function::FnOnce<()>>::call_once
[INFO] [stdout]                                at /rustc/e3feeb59cd1bdd011a2bfcc0747b55125d9b8527/library/alloc/src/boxed.rs:2314:9
[INFO] [stdout]   43:     0x61c4e0749a9f - <std[617be2ca0a6fd877]::sys::thread::unix::Thread>::new::thread_start
[INFO] [stdout]                                at /rustc/e3feeb59cd1bdd011a2bfcc0747b55125d9b8527/library/std/src/sys/thread/unix.rs:127:17
[INFO] [stdout]   44:     0x7928aed65dfa - <unknown>
[INFO] [stdout]   45:     0x7928aedf93d4 - clone
[INFO] [stdout]   46:                0x0 - <unknown>
[INFO] [stdout] 
[INFO] [stdout] 
[INFO] [stdout] failures:
[INFO] [stdout]     sandboxing::linux_seccomp::tests::ioctl_rules_target_terminal_injection_only
[INFO] [stdout]     sandboxing::linux_seccomp::tests::permissive_profile_keeps_network_sockets
[INFO] [stdout]     sandboxing::linux_seccomp::tests::primary_rules_block_everything_requested
[INFO] [stdout]     sandboxing::linux_seccomp::tests::primary_rules_cover_x32_aliased_numbers
[INFO] [stdout] 
[INFO] [stdout] test result: FAILED. 299 passed; 4 failed; 0 ignored; 0 measured; 0 filtered out; finished in 0.18s
[INFO] [stdout] 
[INFO] [stderr] error: test failed, to rerun pass `--lib`
[INFO] running `Command { std: "docker" "inspect" "89b0e07342462bd08b74d29ed7529d629c53cf142c8657193d50bc5e1ee7eae7", kill_on_drop: false }`
[INFO] running `Command { std: "docker" "rm" "-f" "89b0e07342462bd08b74d29ed7529d629c53cf142c8657193d50bc5e1ee7eae7", kill_on_drop: false }`
[INFO] [stdout] 89b0e07342462bd08b74d29ed7529d629c53cf142c8657193d50bc5e1ee7eae7
