[INFO] fetching crate voice-toolkit 0.16.1...
[INFO] testing voice-toolkit-0.16.1 against 1.100.0-beta.1 for beta-1.100-2
[INFO] extracting crate voice-toolkit 0.16.1 into /workspace/builds/worker-7-tc2/source
[INFO] started tweaking crates.io crate voice-toolkit 0.16.1
[INFO] removed 0 missing examples
[INFO] finished tweaking crates.io crate voice-toolkit 0.16.1
[INFO] tweaked toml for crates.io crate voice-toolkit 0.16.1 written to /workspace/builds/worker-7-tc2/source/Cargo.toml
[INFO] validating manifest of crates.io crate voice-toolkit 0.16.1 on toolchain 1.100.0-beta.1
[INFO] running `Command { std: CARGO_HOME="/workspace/cargo-home" RUSTUP_HOME="/workspace/rustup-home" "/workspace/cargo-home/bin/cargo" "+1.100.0-beta.1" "metadata" "--manifest-path" "Cargo.toml" "--no-deps", kill_on_drop: false }`
[INFO] crate crates.io crate voice-toolkit 0.16.1 already has a lockfile, it will not be regenerated
[INFO] running `Command { std: CARGO_HOME="/workspace/cargo-home" RUSTUP_HOME="/workspace/rustup-home" "/workspace/cargo-home/bin/cargo" "+1.100.0-beta.1" "fetch" "--manifest-path" "Cargo.toml", kill_on_drop: false }`
[INFO] running `Command { std: "docker" "create" "-v" "/var/lib/crater-agent-workspace/builds/worker-7-tc2/source:/opt/rustwide/workdir:ro,Z" "-v" "/var/lib/crater-agent-workspace/builds/worker-7-tc2/target:/opt/rustwide/target:rw,Z" "-v" "/var/lib/crater-agent-workspace/cargo-home:/opt/rustwide/cargo-home:ro,Z" "-v" "/var/lib/crater-agent-workspace/rustup-home:/opt/rustwide/rustup-home:ro,Z" "-m" "1610612736" "--network" "none" "ghcr.io/rust-lang/crates-build-env/linux@sha256:3111399a4047eeb3a02b7a90e478d715f38a8c6669b5c4b49d30a17385265909" "sleep" "infinity", kill_on_drop: false }`
[INFO] [stdout] 2e1be30be3cc04ce5da07e6df661de57393066cf31dbb8c690e47780034ae1ba
[INFO] running `Command { std: "docker" "start" "2e1be30be3cc04ce5da07e6df661de57393066cf31dbb8c690e47780034ae1ba", kill_on_drop: false }`
[INFO] running `Command { std: "docker" "inspect" "2e1be30be3cc04ce5da07e6df661de57393066cf31dbb8c690e47780034ae1ba", kill_on_drop: false }`
[INFO] running `Command { std: "docker" "exec" "-e" "SOURCE_DIR=/opt/rustwide/workdir" "-e" "CARGO_HOME=/opt/rustwide/cargo-home" "-e" "RUSTUP_HOME=/opt/rustwide/rustup-home" "-e" "CARGO_TARGET_DIR=/opt/rustwide/target" "-w" "/opt/rustwide/workdir" "--user" "0:0" "2e1be30be3cc04ce5da07e6df661de57393066cf31dbb8c690e47780034ae1ba" "/opt/rustwide/cargo-home/bin/cargo" "+1.100.0-beta.1" "metadata" "--no-deps" "--format-version=1", kill_on_drop: false }`
[INFO] running `Command { std: "docker" "inspect" "2e1be30be3cc04ce5da07e6df661de57393066cf31dbb8c690e47780034ae1ba", kill_on_drop: false }`
[INFO] running `Command { std: "docker" "exec" "-e" "SOURCE_DIR=/opt/rustwide/workdir" "-e" "CARGO_HOME=/opt/rustwide/cargo-home" "-e" "RUSTUP_HOME=/opt/rustwide/rustup-home" "-e" "CARGO_TARGET_DIR=/opt/rustwide/target" "-e" "CARGO_INCREMENTAL=0" "-e" "RUST_BACKTRACE=full" "-e" "RUSTFLAGS=--cap-lints=warn" "-e" "RUSTDOCFLAGS=--cap-lints=warn" "-w" "/opt/rustwide/workdir" "--user" "0:0" "2e1be30be3cc04ce5da07e6df661de57393066cf31dbb8c690e47780034ae1ba" "/opt/rustwide/cargo-home/bin/cargo" "+1.100.0-beta.1" "build" "--frozen" "--message-format=json", kill_on_drop: false }`
[INFO] [stderr]    Compiling libc v0.2.186
[INFO] [stderr]    Compiling glob v0.3.3
[INFO] [stderr]    Compiling cc v1.2.65
[INFO] [stderr]    Compiling num-traits v0.2.19
[INFO] [stderr]    Compiling either v1.16.0
[INFO] [stderr]    Compiling prettyplease v0.2.37
[INFO] [stderr]    Compiling syn v2.0.118
[INFO] [stderr]    Compiling memchr v2.8.2
[INFO] [stderr]    Compiling minimal-lexical v0.2.1
[INFO] [stderr]    Compiling regex-syntax v0.8.11
[INFO] [stderr]    Compiling clang-sys v1.8.1
[INFO] [stderr]    Compiling libloading v0.8.9
[INFO] [stderr]    Compiling nom v7.1.3
[INFO] [stderr]    Compiling bindgen v0.72.1
[INFO] [stderr]    Compiling rustls-pki-types v1.14.1
[INFO] [stderr]    Compiling num-integer v0.1.46
[INFO] [stderr]    Compiling getrandom v0.2.17
[INFO] [stderr]    Compiling itertools v0.13.0
[INFO] [stderr]    Compiling httparse v1.10.1
[INFO] [stderr]    Compiling rustix v1.1.4
[INFO] [stderr]    Compiling rustc-hash v2.1.2
[INFO] [stderr]    Compiling bytes v1.12.0
[INFO] [stderr]    Compiling bitflags v2.13.0
[INFO] [stderr]    Compiling ring v0.17.14
[INFO] [stderr]    Compiling lzma-sys v0.1.20
[INFO] [stderr]    Compiling regex-automata v0.4.14
[INFO] [stderr]    Compiling cmake v0.1.58
[INFO] [stderr]    Compiling audio-core v0.2.1
[INFO] [stderr]    Compiling rustls v0.23.40
[INFO] [stderr]    Compiling cexpr v0.6.0
[INFO] [stderr]    Compiling fs_extra v1.3.0
[INFO] [stderr]    Compiling strength_reduce v0.2.4
[INFO] [stderr]    Compiling simd-adler32 v0.3.9
[INFO] [stderr]    Compiling transpose v0.2.3
[INFO] [stderr]    Compiling miniz_oxide v0.8.9
[INFO] [stderr]    Compiling http v1.4.2
[INFO] [stderr]    Compiling regex v1.12.4
[INFO] [stderr]    Compiling primal-check v0.3.4
[INFO] [stderr]    Compiling num-complex v0.4.6
[INFO] [stderr]    Compiling smallvec v1.15.2
[INFO] [stderr]    Compiling ureq-proto v0.6.0
[INFO] [stderr]    Compiling rustfft v6.4.1
[INFO] [stderr]    Compiling parking_lot_core v0.9.12
[INFO] [stderr]    Compiling flate2 v1.1.9
[INFO] [stderr]    Compiling xattr v1.6.1
[INFO] [stderr]    Compiling audioadapter v3.0.0
[INFO] [stderr]    Compiling audioadapter-sample v3.0.0
[INFO] [stderr]    Compiling webpki-roots v1.0.8
[INFO] [stderr]    Compiling errno v0.3.14
[INFO] [stderr]    Compiling filetime v0.2.29
[INFO] [stderr]    Compiling utf8-zero v0.8.1
[INFO] [stderr]    Compiling signal-hook-registry v1.4.8
[INFO] [stderr]    Compiling tar v0.4.46
[INFO] [stderr]    Compiling audioadapter-buffers v3.0.0
[INFO] [stderr]    Compiling thiserror-impl v2.0.18
[INFO] [stderr]    Compiling rustls-webpki v0.103.13
[INFO] [stderr]    Compiling tokio-macros v2.7.0
[INFO] [stderr]    Compiling serde_derive v1.0.228
[INFO] [stderr]    Compiling visibility v0.1.1
[INFO] [stderr]    Compiling xz2 v0.1.7
[INFO] [stderr]    Compiling parking_lot v0.12.5
[INFO] [stderr]    Compiling windowfunctions v0.1.1
[INFO] [stderr]    Compiling mio v1.2.1
[INFO] [stderr]    Compiling socket2 v0.6.4
[INFO] [stderr]    Compiling whisper-rs v0.16.0
[INFO] [stderr]    Compiling rayon v1.12.0
[INFO] [stderr]    Compiling thiserror v2.0.18
[INFO] [stderr]    Compiling tracing-attributes v0.1.31
[INFO] [stderr]    Compiling tokio v1.52.3
[INFO] [stderr]    Compiling hound v3.5.1
[INFO] [stderr]    Compiling tracing v0.1.44
[INFO] [stderr]    Compiling serde v1.0.228
[INFO] [stderr]    Compiling realfft v3.5.0
[INFO] [stderr]    Compiling rubato v3.0.0
[INFO] [stderr]    Compiling whisper-rs-sys v0.15.0
[INFO] [stderr]    Compiling ureq v3.3.0
[INFO] [stderr]    Compiling sysinfo v0.30.13
[INFO] [stderr]    Compiling ffmpeg-sidecar v2.5.2
[INFO] [stderr]    Compiling rs-voice-toolkit-audio v0.16.1
[INFO] [stderr]    Compiling rs-voice-toolkit-stt v0.16.1
[INFO] [stderr]    Compiling voice-toolkit v0.16.1 (/opt/rustwide/workdir)
[INFO] [stderr]     Finished `dev` profile [unoptimized + debuginfo] target(s) in 3m 12s
[INFO] running `Command { std: "docker" "inspect" "2e1be30be3cc04ce5da07e6df661de57393066cf31dbb8c690e47780034ae1ba", kill_on_drop: false }`
[INFO] running `Command { std: "docker" "exec" "-e" "SOURCE_DIR=/opt/rustwide/workdir" "-e" "CARGO_HOME=/opt/rustwide/cargo-home" "-e" "RUSTUP_HOME=/opt/rustwide/rustup-home" "-e" "CARGO_TARGET_DIR=/opt/rustwide/target" "-e" "CARGO_INCREMENTAL=0" "-e" "RUST_BACKTRACE=full" "-e" "RUSTFLAGS=--cap-lints=warn" "-e" "RUSTDOCFLAGS=--cap-lints=warn" "-w" "/opt/rustwide/workdir" "--user" "0:0" "2e1be30be3cc04ce5da07e6df661de57393066cf31dbb8c690e47780034ae1ba" "/opt/rustwide/cargo-home/bin/cargo" "+1.100.0-beta.1" "test" "--frozen" "--no-run" "--message-format=json", kill_on_drop: false }`
[INFO] [stderr]    Compiling voice-toolkit v0.16.1 (/opt/rustwide/workdir)
[INFO] [stderr]     Finished `test` profile [unoptimized + debuginfo] target(s) in 3.66s
[INFO] running `Command { std: "docker" "inspect" "2e1be30be3cc04ce5da07e6df661de57393066cf31dbb8c690e47780034ae1ba", kill_on_drop: false }`
[INFO] running `Command { std: "docker" "exec" "-e" "SOURCE_DIR=/opt/rustwide/workdir" "-e" "CARGO_HOME=/opt/rustwide/cargo-home" "-e" "RUSTUP_HOME=/opt/rustwide/rustup-home" "-e" "CARGO_TARGET_DIR=/opt/rustwide/target" "-e" "CARGO_INCREMENTAL=0" "-e" "RUST_BACKTRACE=full" "-e" "RUSTFLAGS=--cap-lints=warn" "-e" "RUSTDOCFLAGS=--cap-lints=warn" "-w" "/opt/rustwide/workdir" "--user" "0:0" "2e1be30be3cc04ce5da07e6df661de57393066cf31dbb8c690e47780034ae1ba" "/opt/rustwide/cargo-home/bin/cargo" "+1.100.0-beta.1" "test" "--frozen", kill_on_drop: false }`
[INFO] [stderr]     Finished `test` profile [unoptimized + debuginfo] target(s) in 0.13s
[INFO] [stderr]      Running unittests src/lib.rs (/opt/rustwide/target/debug/build/voice-toolkit/3fa8a1a64078fb98/out/voice_toolkit-3fa8a1a64078fb98)
[INFO] [stdout] 
[INFO] [stdout] running 0 tests
[INFO] [stdout] 
[INFO] [stdout] test result: ok. 0 passed; 0 failed; 0 ignored; 0 measured; 0 filtered out; finished in 0.00s
[INFO] [stdout] 
[INFO] [stderr]    Doc-tests voice_toolkit
[INFO] [stdout] 
[INFO] [stdout] running 11 tests
[INFO] [stdout] test src/error.rs - error::Error::Other (line 140) ... ok
[INFO] [stdout] test src/error.rs - error::Error::Io (line 119) ... ok
[INFO] [stdout] test src/error.rs - error::Error::Stt (line 81) ... ok
[INFO] [stdout] test src/error.rs - error::Error::other (line 192) ... ok
[INFO] [stdout] test src/error.rs - error::Error::Audio (line 62) ... ok
[INFO] [stdout] test src/error.rs - error (line 15) ... ok
[INFO] [stdout] test src/error.rs - error::Result (line 158) ... ok
[INFO] [stdout] test src/lib.rs - (line 47) ... FAILED
[INFO] [stdout] test src/lib.rs - (line 65) ... FAILED
[INFO] [stdout] test src/lib.rs - (line 30) ... FAILED
[INFO] [stdout] test src/lib.rs - stt_wrappers::transcribe_file_unified (line 219) ... ok
[INFO] [stdout] 
[INFO] [stdout] failures:
[INFO] [stdout] 
[INFO] [stdout] ---- src/lib.rs - (line 47) stdout ----
[INFO] [stdout] error[E0425]: cannot find function `convert_to_whisper_format` in crate `audio`
[INFO] [stdout]   --> src/lib.rs:57:12
[INFO] [stdout]    |
[INFO] [stdout] 57 |     audio::convert_to_whisper_format(input_path, output_path).await?;
[INFO] [stdout]    |            ^^^^^^^^^^^^^^^^^^^^^^^^^ not found in `audio`
[INFO] [stdout] 
[INFO] [stdout] error: aborting due to 1 previous error
[INFO] [stdout] 
[INFO] [stdout] For more information about this error, try `rustc --explain E0425`.
[INFO] [stdout] Couldn't compile the test.
[INFO] [stdout] ---- src/lib.rs - (line 65) stdout ----
[INFO] [stdout] error[E0432]: unresolved import `voice_toolkit::tts`
[INFO] [stdout]    --> src/lib.rs:67:5
[INFO] [stdout]     |
[INFO] [stdout]  67 | use voice_toolkit::tts;
[INFO] [stdout]     |     ^^^^^^^^^^^^^^^---
[INFO] [stdout]     |                    |
[INFO] [stdout]     |                    no `tts` in the root
[INFO] [stdout]     |
[INFO] [stdout] note: found an item that was configured out
[INFO] [stdout]    --> src/lib.rs:179:33
[INFO] [stdout]     |
[INFO] [stdout] 178 | #[cfg(feature = "tts")]
[INFO] [stdout]     |       --------------- the item is gated behind the `tts` feature
[INFO] [stdout] 179 | pub use rs_voice_toolkit_tts as tts;
[INFO] [stdout]     |                                 ^^^
[INFO] [stdout] 
[INFO] [stdout] error: aborting due to 1 previous error
[INFO] [stdout] 
[INFO] [stdout] For more information about this error, try `rustc --explain E0432`.
[INFO] [stdout] Couldn't compile the test.
[INFO] [stdout] ---- src/lib.rs - (line 30) stdout ----
[INFO] [stdout] Test executable failed (exit status: 1).
[INFO] [stdout] 
[INFO] [stdout] stderr:
[INFO] [stdout] Error: Stt(ModelLoadError("模型文件不存在: models/ggml-base.bin"))
[INFO] [stdout] 
[INFO] [stdout] 
[INFO] [stdout] 
[INFO] [stdout] failures:
[INFO] [stdout]     src/lib.rs - (line 30)
[INFO] [stdout]     src/lib.rs - (line 47)
[INFO] [stdout]     src/lib.rs - (line 65)
[INFO] [stdout] 
[INFO] [stdout] test result: FAILED. 8 passed; 3 failed; 0 ignored; 0 measured; 0 filtered out; finished in 3.81s
[INFO] [stdout] 
[INFO] [stdout] all doctests ran in 4.12s; merged doctests compilation took 0.31s
[INFO] [stderr] error: doctest failed, to rerun pass `--doc`
[INFO] running `Command { std: "docker" "inspect" "2e1be30be3cc04ce5da07e6df661de57393066cf31dbb8c690e47780034ae1ba", kill_on_drop: false }`
[INFO] running `Command { std: "docker" "rm" "-f" "2e1be30be3cc04ce5da07e6df661de57393066cf31dbb8c690e47780034ae1ba", kill_on_drop: false }`
[INFO] [stdout] 2e1be30be3cc04ce5da07e6df661de57393066cf31dbb8c690e47780034ae1ba
