[INFO] fetching crate vl53l1x-simple 0.2.0...
[INFO] testing vl53l1x-simple-0.2.0 against 1.100.0-beta.1 for beta-1.100-2
[INFO] extracting crate vl53l1x-simple 0.2.0 into /workspace/builds/worker-3-tc2/source
[INFO] started tweaking crates.io crate vl53l1x-simple 0.2.0
[INFO] finished tweaking crates.io crate vl53l1x-simple 0.2.0
[INFO] tweaked toml for crates.io crate vl53l1x-simple 0.2.0 written to /workspace/builds/worker-3-tc2/source/Cargo.toml
[INFO] validating manifest of crates.io crate vl53l1x-simple 0.2.0 on toolchain 1.100.0-beta.1
[INFO] running `Command { std: CARGO_HOME="/workspace/cargo-home" RUSTUP_HOME="/workspace/rustup-home" "/workspace/cargo-home/bin/cargo" "+1.100.0-beta.1" "metadata" "--manifest-path" "Cargo.toml" "--no-deps", kill_on_drop: false }`
[INFO] running `Command { std: CARGO_HOME="/workspace/cargo-home" RUSTUP_HOME="/workspace/rustup-home" "/workspace/cargo-home/bin/cargo" "+1.100.0-beta.1" "generate-lockfile" "--manifest-path" "Cargo.toml", kill_on_drop: false }`
[INFO] [stderr]     Updating crates.io index
[INFO] [stderr]      Locking 1 package to highest compatible version
[INFO] running `Command { std: CARGO_HOME="/workspace/cargo-home" RUSTUP_HOME="/workspace/rustup-home" "/workspace/cargo-home/bin/cargo" "+1.100.0-beta.1" "fetch" "--manifest-path" "Cargo.toml", kill_on_drop: false }`
[INFO] [stderr] warning: `package.homepage` is redundant with `package.repository`
[INFO] [stderr]   --> Cargo.toml:11:12
[INFO] [stderr]    |
[INFO] [stderr] 11 | homepage = "https://github.com/NZRosto/vl53l1x-simple"
[INFO] [stderr]    |            ^^^^^^^^^^^^^^^^^^^^^^^^^^^^^^^^^^^^^^^^^^^
[INFO] [stderr] ...
[INFO] [stderr] 16 | repository = "https://github.com/NZRosto/vl53l1x-simple"
[INFO] [stderr]    |              -------------------------------------------
[INFO] [stderr]    |
[INFO] [stderr]    = note: `cargo::redundant_homepage` is set to `warn` by default
[INFO] [stderr] help: consider removing `package.homepage`
[INFO] [stderr] warning: `vl53l1x-simple` (manifest) generated 1 warning
[INFO] running `Command { std: "docker" "create" "-v" "/var/lib/crater-agent-workspace/builds/worker-3-tc2/source:/opt/rustwide/workdir:ro,Z" "-v" "/var/lib/crater-agent-workspace/builds/worker-3-tc2/target:/opt/rustwide/target:rw,Z" "-v" "/var/lib/crater-agent-workspace/cargo-home:/opt/rustwide/cargo-home:ro,Z" "-v" "/var/lib/crater-agent-workspace/rustup-home:/opt/rustwide/rustup-home:ro,Z" "-m" "1610612736" "--network" "none" "ghcr.io/rust-lang/crates-build-env/linux@sha256:3111399a4047eeb3a02b7a90e478d715f38a8c6669b5c4b49d30a17385265909" "sleep" "infinity", kill_on_drop: false }`
[INFO] [stdout] 935c162647f419addfaf9ecc0876f680c1f6509f967e2594c4783d5def555190
[INFO] running `Command { std: "docker" "start" "935c162647f419addfaf9ecc0876f680c1f6509f967e2594c4783d5def555190", kill_on_drop: false }`
[INFO] running `Command { std: "docker" "inspect" "935c162647f419addfaf9ecc0876f680c1f6509f967e2594c4783d5def555190", kill_on_drop: false }`
[INFO] running `Command { std: "docker" "exec" "-e" "SOURCE_DIR=/opt/rustwide/workdir" "-e" "CARGO_HOME=/opt/rustwide/cargo-home" "-e" "RUSTUP_HOME=/opt/rustwide/rustup-home" "-e" "CARGO_TARGET_DIR=/opt/rustwide/target" "-w" "/opt/rustwide/workdir" "--user" "0:0" "935c162647f419addfaf9ecc0876f680c1f6509f967e2594c4783d5def555190" "/opt/rustwide/cargo-home/bin/cargo" "+1.100.0-beta.1" "metadata" "--no-deps" "--format-version=1", kill_on_drop: false }`
[INFO] running `Command { std: "docker" "inspect" "935c162647f419addfaf9ecc0876f680c1f6509f967e2594c4783d5def555190", kill_on_drop: false }`
[INFO] running `Command { std: "docker" "exec" "-e" "SOURCE_DIR=/opt/rustwide/workdir" "-e" "CARGO_HOME=/opt/rustwide/cargo-home" "-e" "RUSTUP_HOME=/opt/rustwide/rustup-home" "-e" "CARGO_TARGET_DIR=/opt/rustwide/target" "-e" "CARGO_INCREMENTAL=0" "-e" "RUST_BACKTRACE=full" "-e" "RUSTFLAGS=--cap-lints=warn" "-e" "RUSTDOCFLAGS=--cap-lints=warn" "-w" "/opt/rustwide/workdir" "--user" "0:0" "935c162647f419addfaf9ecc0876f680c1f6509f967e2594c4783d5def555190" "/opt/rustwide/cargo-home/bin/cargo" "+1.100.0-beta.1" "build" "--frozen" "--message-format=json", kill_on_drop: false }`
[INFO] [stderr] warning: `package.homepage` is redundant with `package.repository`
[INFO] [stderr]   --> Cargo.toml:11:12
[INFO] [stderr]    |
[INFO] [stderr] 11 | homepage = "https://github.com/NZRosto/vl53l1x-simple"
[INFO] [stderr]    |            ^^^^^^^^^^^^^^^^^^^^^^^^^^^^^^^^^^^^^^^^^^^
[INFO] [stderr] ...
[INFO] [stderr] 16 | repository = "https://github.com/NZRosto/vl53l1x-simple"
[INFO] [stderr]    |              -------------------------------------------
[INFO] [stderr]    |
[INFO] [stderr]    = note: `cargo::redundant_homepage` is set to `warn` by default
[INFO] [stderr] help: consider removing `package.homepage`
[INFO] [stderr] warning: `vl53l1x-simple` (manifest) generated 1 warning
[INFO] [stderr]    Compiling embedded-hal v1.0.0
[INFO] [stderr]    Compiling vl53l1x-simple v0.2.0 (/opt/rustwide/workdir)
[INFO] [stderr]     Finished `dev` profile [unoptimized + debuginfo] target(s) in 0.45s
[INFO] running `Command { std: "docker" "inspect" "935c162647f419addfaf9ecc0876f680c1f6509f967e2594c4783d5def555190", kill_on_drop: false }`
[INFO] running `Command { std: "docker" "exec" "-e" "SOURCE_DIR=/opt/rustwide/workdir" "-e" "CARGO_HOME=/opt/rustwide/cargo-home" "-e" "RUSTUP_HOME=/opt/rustwide/rustup-home" "-e" "CARGO_TARGET_DIR=/opt/rustwide/target" "-e" "CARGO_INCREMENTAL=0" "-e" "RUST_BACKTRACE=full" "-e" "RUSTFLAGS=--cap-lints=warn" "-e" "RUSTDOCFLAGS=--cap-lints=warn" "-w" "/opt/rustwide/workdir" "--user" "0:0" "935c162647f419addfaf9ecc0876f680c1f6509f967e2594c4783d5def555190" "/opt/rustwide/cargo-home/bin/cargo" "+1.100.0-beta.1" "test" "--frozen" "--no-run" "--message-format=json", kill_on_drop: false }`
[INFO] [stderr] warning: `package.homepage` is redundant with `package.repository`
[INFO] [stderr]   --> Cargo.toml:11:12
[INFO] [stderr]    |
[INFO] [stderr] 11 | homepage = "https://github.com/NZRosto/vl53l1x-simple"
[INFO] [stderr]    |            ^^^^^^^^^^^^^^^^^^^^^^^^^^^^^^^^^^^^^^^^^^^
[INFO] [stderr] ...
[INFO] [stderr] 16 | repository = "https://github.com/NZRosto/vl53l1x-simple"
[INFO] [stderr]    |              -------------------------------------------
[INFO] [stderr]    |
[INFO] [stderr]    = note: `cargo::redundant_homepage` is set to `warn` by default
[INFO] [stderr] help: consider removing `package.homepage`
[INFO] [stderr] warning: `vl53l1x-simple` (manifest) generated 1 warning
[INFO] [stderr]    Compiling vl53l1x-simple v0.2.0 (/opt/rustwide/workdir)
[INFO] [stderr]     Finished `test` profile [unoptimized + debuginfo] target(s) in 0.40s
[INFO] running `Command { std: "docker" "inspect" "935c162647f419addfaf9ecc0876f680c1f6509f967e2594c4783d5def555190", kill_on_drop: false }`
[INFO] running `Command { std: "docker" "exec" "-e" "SOURCE_DIR=/opt/rustwide/workdir" "-e" "CARGO_HOME=/opt/rustwide/cargo-home" "-e" "RUSTUP_HOME=/opt/rustwide/rustup-home" "-e" "CARGO_TARGET_DIR=/opt/rustwide/target" "-e" "CARGO_INCREMENTAL=0" "-e" "RUST_BACKTRACE=full" "-e" "RUSTFLAGS=--cap-lints=warn" "-e" "RUSTDOCFLAGS=--cap-lints=warn" "-w" "/opt/rustwide/workdir" "--user" "0:0" "935c162647f419addfaf9ecc0876f680c1f6509f967e2594c4783d5def555190" "/opt/rustwide/cargo-home/bin/cargo" "+1.100.0-beta.1" "test" "--frozen", kill_on_drop: false }`
[INFO] [stderr] warning: `package.homepage` is redundant with `package.repository`
[INFO] [stderr]   --> Cargo.toml:11:12
[INFO] [stderr]    |
[INFO] [stderr] 11 | homepage = "https://github.com/NZRosto/vl53l1x-simple"
[INFO] [stderr]    |            ^^^^^^^^^^^^^^^^^^^^^^^^^^^^^^^^^^^^^^^^^^^
[INFO] [stderr] ...
[INFO] [stderr] 16 | repository = "https://github.com/NZRosto/vl53l1x-simple"
[INFO] [stderr]    |              -------------------------------------------
[INFO] [stderr]    |
[INFO] [stderr]    = note: `cargo::redundant_homepage` is set to `warn` by default
[INFO] [stderr] help: consider removing `package.homepage`
[INFO] [stderr] warning: `vl53l1x-simple` (manifest) generated 1 warning
[INFO] [stderr]     Finished `test` profile [unoptimized + debuginfo] target(s) in 0.04s
[INFO] [stderr]      Running unittests src/lib.rs (/opt/rustwide/target/debug/build/vl53l1x-simple/f8a0bc9d7830cf01/out/vl53l1x_simple-f8a0bc9d7830cf01)
[INFO] [stdout] 
[INFO] [stderr]    Doc-tests vl53l1x_simple
[INFO] [stdout] running 0 tests
[INFO] [stdout] 
[INFO] [stdout] test result: ok. 0 passed; 0 failed; 0 ignored; 0 measured; 0 filtered out; finished in 0.00s
[INFO] [stdout] 
[INFO] [stdout] 
[INFO] [stdout] running 1 test
[INFO] [stdout] test src/lib.rs - (line 9) ... FAILED
[INFO] [stdout] 
[INFO] [stdout] failures:
[INFO] [stdout] 
[INFO] [stdout] ---- src/lib.rs - (line 9) stdout ----
[INFO] [stdout] error[E0425]: cannot find value `i2c` in this scope
[INFO] [stdout]   --> src/lib.rs:10:28
[INFO] [stdout]    |
[INFO] [stdout] 10 | let mut tof = Vl53l1x::new(i2c, x_shut, 0x30, &clock_source).unwrap();
[INFO] [stdout]    |                            ^^^ not found in this scope
[INFO] [stdout] 
[INFO] [stdout] error[E0425]: cannot find value `x_shut` in this scope
[INFO] [stdout]   --> src/lib.rs:10:33
[INFO] [stdout]    |
[INFO] [stdout] 10 | let mut tof = Vl53l1x::new(i2c, x_shut, 0x30, &clock_source).unwrap();
[INFO] [stdout]    |                                 ^^^^^^ not found in this scope
[INFO] [stdout] 
[INFO] [stdout] error[E0425]: cannot find value `clock_source` in this scope
[INFO] [stdout]   --> src/lib.rs:10:48
[INFO] [stdout]    |
[INFO] [stdout] 10 | let mut tof = Vl53l1x::new(i2c, x_shut, 0x30, &clock_source).unwrap();
[INFO] [stdout]    |                                                ^^^^^^^^^^^^ not found in this scope
[INFO] [stdout] 
[INFO] [stdout] error[E0433]: cannot find type `Vl53l1x` in this scope
[INFO] [stdout]   --> src/lib.rs:10:15
[INFO] [stdout]    |
[INFO] [stdout] 10 | let mut tof = Vl53l1x::new(i2c, x_shut, 0x30, &clock_source).unwrap();
[INFO] [stdout]    |               ^^^^^^^ use of undeclared type `Vl53l1x`
[INFO] [stdout] 
[INFO] [stdout] error: aborting due to 4 previous errors
[INFO] [stdout] 
[INFO] [stdout] Some errors have detailed explanations: E0425, E0433.
[INFO] [stdout] For more information about an error, try `rustc --explain E0425`.
[INFO] [stdout] Couldn't compile the test.
[INFO] [stdout] 
[INFO] [stdout] failures:
[INFO] [stdout]     src/lib.rs - (line 9)
[INFO] [stdout] 
[INFO] [stdout] test result: FAILED. 0 passed; 1 failed; 0 ignored; 0 measured; 0 filtered out; finished in 0.11s
[INFO] [stdout] 
[INFO] [stderr] error: doctest failed, to rerun pass `--doc`
[INFO] running `Command { std: "docker" "inspect" "935c162647f419addfaf9ecc0876f680c1f6509f967e2594c4783d5def555190", kill_on_drop: false }`
[INFO] running `Command { std: "docker" "rm" "-f" "935c162647f419addfaf9ecc0876f680c1f6509f967e2594c4783d5def555190", kill_on_drop: false }`
[INFO] [stdout] 935c162647f419addfaf9ecc0876f680c1f6509f967e2594c4783d5def555190
