[INFO] fetching crate vitrail-sqlite-macros 0.0.15...
[INFO] testing vitrail-sqlite-macros-0.0.15 against 1.99.0-beta.8 for beta-1.100-2
[INFO] extracting crate vitrail-sqlite-macros 0.0.15 into /workspace/builds/worker-3-tc1/source
[INFO] started tweaking crates.io crate vitrail-sqlite-macros 0.0.15
[INFO] removed 0 missing tests
[INFO] finished tweaking crates.io crate vitrail-sqlite-macros 0.0.15
[INFO] tweaked toml for crates.io crate vitrail-sqlite-macros 0.0.15 written to /workspace/builds/worker-3-tc1/source/Cargo.toml
[INFO] validating manifest of crates.io crate vitrail-sqlite-macros 0.0.15 on toolchain 1.99.0-beta.8
[INFO] running `Command { std: CARGO_HOME="/workspace/cargo-home" RUSTUP_HOME="/workspace/rustup-home" "/workspace/cargo-home/bin/cargo" "+1.99.0-beta.8" "metadata" "--manifest-path" "Cargo.toml" "--no-deps", kill_on_drop: false }`
[INFO] crate crates.io crate vitrail-sqlite-macros 0.0.15 already has a lockfile, it will not be regenerated
[INFO] running `Command { std: CARGO_HOME="/workspace/cargo-home" RUSTUP_HOME="/workspace/rustup-home" "/workspace/cargo-home/bin/cargo" "+1.99.0-beta.8" "fetch" "--manifest-path" "Cargo.toml", kill_on_drop: false }`
[INFO] [stderr]     Updating crates.io index
[INFO] [stderr]  Downloading crates ...
[INFO] [stderr]   Downloaded vitrail-sqlite-core v0.0.15
[INFO] [stderr]   Downloaded vitrail-core v0.0.15
[INFO] [stderr]   Downloaded vitrail-sqlite-dialect v0.0.15
[INFO] [stderr]   Downloaded redox_syscall v0.7.3
[INFO] [stderr]   Downloaded zerocopy-derive v0.8.47
[INFO] [stderr]   Downloaded zerocopy v0.8.47
[INFO] [stderr]   Downloaded toml_datetime v1.0.1+spec-1.1.0
[INFO] [stderr]   Downloaded vitrail-macros-core v0.0.15
[INFO] [stderr]   Downloaded toml_writer v1.0.7+spec-1.1.0
[INFO] [stderr]   Downloaded toml_parser v1.0.10+spec-1.1.0
[INFO] [stderr]   Downloaded toml v1.0.7+spec-1.1.0
[INFO] [stderr]   Downloaded winnow v1.0.0
[INFO] running `Command { std: "docker" "create" "-v" "/var/lib/crater-agent-workspace/builds/worker-3-tc1/source:/opt/rustwide/workdir:ro,Z" "-v" "/var/lib/crater-agent-workspace/builds/worker-3-tc1/target:/opt/rustwide/target:rw,Z" "-v" "/var/lib/crater-agent-workspace/cargo-home:/opt/rustwide/cargo-home:ro,Z" "-v" "/var/lib/crater-agent-workspace/rustup-home:/opt/rustwide/rustup-home:ro,Z" "-m" "1610612736" "--network" "none" "ghcr.io/rust-lang/crates-build-env/linux@sha256:3111399a4047eeb3a02b7a90e478d715f38a8c6669b5c4b49d30a17385265909" "sleep" "infinity", kill_on_drop: false }`
[INFO] [stdout] 404b9f88766d4494608a0099699bbe76738e3624652313685db1a177776a07ab
[INFO] running `Command { std: "docker" "start" "404b9f88766d4494608a0099699bbe76738e3624652313685db1a177776a07ab", kill_on_drop: false }`
[INFO] running `Command { std: "docker" "inspect" "404b9f88766d4494608a0099699bbe76738e3624652313685db1a177776a07ab", kill_on_drop: false }`
[INFO] running `Command { std: "docker" "exec" "-e" "SOURCE_DIR=/opt/rustwide/workdir" "-e" "CARGO_HOME=/opt/rustwide/cargo-home" "-e" "RUSTUP_HOME=/opt/rustwide/rustup-home" "-e" "CARGO_TARGET_DIR=/opt/rustwide/target" "-w" "/opt/rustwide/workdir" "--user" "0:0" "404b9f88766d4494608a0099699bbe76738e3624652313685db1a177776a07ab" "/opt/rustwide/cargo-home/bin/cargo" "+1.99.0-beta.8" "metadata" "--no-deps" "--format-version=1", kill_on_drop: false }`
[INFO] running `Command { std: "docker" "inspect" "404b9f88766d4494608a0099699bbe76738e3624652313685db1a177776a07ab", kill_on_drop: false }`
[INFO] running `Command { std: "docker" "exec" "-e" "SOURCE_DIR=/opt/rustwide/workdir" "-e" "CARGO_HOME=/opt/rustwide/cargo-home" "-e" "RUSTUP_HOME=/opt/rustwide/rustup-home" "-e" "CARGO_TARGET_DIR=/opt/rustwide/target" "-e" "CARGO_INCREMENTAL=0" "-e" "RUST_BACKTRACE=full" "-e" "RUSTFLAGS=--cap-lints=warn" "-e" "RUSTDOCFLAGS=--cap-lints=warn" "-w" "/opt/rustwide/workdir" "--user" "0:0" "404b9f88766d4494608a0099699bbe76738e3624652313685db1a177776a07ab" "/opt/rustwide/cargo-home/bin/cargo" "+1.99.0-beta.8" "build" "--frozen" "--message-format=json", kill_on_drop: false }`
[INFO] [stderr]    Compiling stable_deref_trait v1.2.1
[INFO] [stderr]    Compiling typenum v1.19.0
[INFO] [stderr]    Compiling smallvec v1.15.1
[INFO] [stderr]    Compiling libc v0.2.183
[INFO] [stderr]    Compiling num-traits v0.2.19
[INFO] [stderr]    Compiling serde_core v1.0.228
[INFO] [stderr]    Compiling litemap v0.8.1
[INFO] [stderr]    Compiling zerofrom v0.1.6
[INFO] [stderr]    Compiling writeable v0.6.2
[INFO] [stderr]    Compiling yoke v0.8.1
[INFO] [stderr]    Compiling pin-project-lite v0.2.17
[INFO] [stderr]    Compiling futures-core v0.3.32
[INFO] [stderr]    Compiling icu_properties_data v2.1.2
[INFO] [stderr]    Compiling icu_normalizer_data v2.1.1
[INFO] [stderr]    Compiling generic-array v0.14.7
[INFO] [stderr]    Compiling scopeguard v1.2.0
[INFO] [stderr]    Compiling crossbeam-utils v0.8.21
[INFO] [stderr]    Compiling zerovec v0.11.5
[INFO] [stderr]    Compiling zerotrie v0.2.3
[INFO] [stderr]    Compiling lock_api v0.4.14
[INFO] [stderr]    Compiling futures-sink v0.3.32
[INFO] [stderr]    Compiling memchr v2.8.0
[INFO] [stderr]    Compiling iana-time-zone v0.1.65
[INFO] [stderr]    Compiling cfg-if v1.0.4
[INFO] [stderr]    Compiling parking_lot_core v0.9.12
[INFO] [stderr]    Compiling serde v1.0.228
[INFO] [stderr]    Compiling percent-encoding v2.3.2
[INFO] [stderr]    Compiling form_urlencoded v1.2.2
[INFO] [stderr]    Compiling chrono v0.4.44
[INFO] [stderr]    Compiling tinystr v0.8.2
[INFO] [stderr]    Compiling potential_utf v0.1.4
[INFO] [stderr]    Compiling socket2 v0.6.3
[INFO] [stderr]    Compiling icu_collections v2.1.1
[INFO] [stderr]    Compiling icu_locale_core v2.1.1
[INFO] [stderr]    Compiling mio v1.1.1
[INFO] [stderr]    Compiling cc v1.2.57
[INFO] [stderr]    Compiling futures-macro v0.3.32
[INFO] [stderr]    Compiling crypto-common v0.1.7
[INFO] [stderr]    Compiling block-buffer v0.10.4
[INFO] [stderr]    Compiling bytes v1.11.1
[INFO] [stderr]    Compiling futures-io v0.3.32
[INFO] [stderr]    Compiling utf8_iter v1.0.4
[INFO] [stderr]    Compiling slab v0.4.12
[INFO] [stderr]    Compiling allocator-api2 v0.2.21
[INFO] [stderr]    Compiling futures-task v0.3.32
[INFO] [stderr]    Compiling icu_provider v2.1.1
[INFO] [stderr]    Compiling foldhash v0.1.5
[INFO] [stderr]    Compiling itoa v1.0.17
[INFO] [stderr]    Compiling icu_properties v2.1.2
[INFO] [stderr]    Compiling icu_normalizer v2.1.1
[INFO] [stderr]    Compiling tracing-core v0.1.36
[INFO] [stderr]    Compiling tokio v1.50.0
[INFO] [stderr]    Compiling futures-util v0.3.32
[INFO] [stderr]    Compiling hashbrown v0.15.5
[INFO] [stderr]    Compiling thiserror v2.0.18
[INFO] [stderr]    Compiling digest v0.10.7
[INFO] [stderr]    Compiling parking_lot v0.12.5
[INFO] [stderr]    Compiling concurrent-queue v2.5.0
[INFO] [stderr]    Compiling libsqlite3-sys v0.30.1
[INFO] [stderr]    Compiling thiserror-impl v2.0.18
[INFO] [stderr]    Compiling cpufeatures v0.2.17
[INFO] [stderr]    Compiling parking v2.2.1
[INFO] [stderr]    Compiling hashbrown v0.16.1
[INFO] [stderr]    Compiling log v0.4.29
[INFO] [stderr]    Compiling crc-catalog v2.4.0
[INFO] [stderr]    Compiling crc v3.4.0
[INFO] [stderr]    Compiling tracing v0.1.44
[INFO] [stderr]    Compiling idna_adapter v1.2.1
[INFO] [stderr]    Compiling idna v1.1.0
[INFO] [stderr]    Compiling event-listener v5.4.1
[INFO] [stderr]    Compiling zmij v1.0.21
[INFO] [stderr]    Compiling sha2 v0.10.9
[INFO] [stderr]    Compiling url v2.5.8
[INFO] [stderr]    Compiling indexmap v2.13.0
[INFO] [stderr]    Compiling either v1.15.0
[INFO] [stderr]    Compiling hashlink v0.10.0
[INFO] [stderr]    Compiling futures-intrusive v0.5.0
[INFO] [stderr]    Compiling crossbeam-queue v0.3.12
[INFO] [stderr]    Compiling spin v0.9.8
[INFO] [stderr]    Compiling base64 v0.22.1
[INFO] [stderr]    Compiling ryu v1.0.23
[INFO] [stderr]    Compiling serde_urlencoded v0.7.1
[INFO] [stderr]    Compiling vitrail-core v0.0.15
[INFO] [stderr]    Compiling serde_json v1.0.149
[INFO] [stderr]    Compiling flume v0.11.1
[INFO] [stderr]    Compiling atoi v2.0.0
[INFO] [stderr]    Compiling futures-channel v0.3.32
[INFO] [stderr]    Compiling vitrail-macros-core v0.0.15
[INFO] [stderr]    Compiling futures-executor v0.3.32
[INFO] [stderr]    Compiling vitrail-sqlite-dialect v0.0.15
[INFO] [stderr]    Compiling tokio-stream v0.1.18
[INFO] [stderr]    Compiling sqlx-core v0.8.6
[INFO] [stderr]    Compiling sqlx-sqlite v0.8.6
[INFO] [stderr]    Compiling sqlx v0.8.6
[INFO] [stderr]    Compiling vitrail-sqlite-core v0.0.15
[INFO] [stderr]    Compiling vitrail-sqlite-macros v0.0.15 (/opt/rustwide/workdir)
[INFO] [stderr]     Finished `dev` profile [unoptimized + debuginfo] target(s) in 1m 05s
[INFO] running `Command { std: "docker" "inspect" "404b9f88766d4494608a0099699bbe76738e3624652313685db1a177776a07ab", kill_on_drop: false }`
[INFO] running `Command { std: "docker" "exec" "-e" "SOURCE_DIR=/opt/rustwide/workdir" "-e" "CARGO_HOME=/opt/rustwide/cargo-home" "-e" "RUSTUP_HOME=/opt/rustwide/rustup-home" "-e" "CARGO_TARGET_DIR=/opt/rustwide/target" "-e" "CARGO_INCREMENTAL=0" "-e" "RUST_BACKTRACE=full" "-e" "RUSTFLAGS=--cap-lints=warn" "-e" "RUSTDOCFLAGS=--cap-lints=warn" "-w" "/opt/rustwide/workdir" "--user" "0:0" "404b9f88766d4494608a0099699bbe76738e3624652313685db1a177776a07ab" "/opt/rustwide/cargo-home/bin/cargo" "+1.99.0-beta.8" "test" "--frozen" "--no-run" "--message-format=json", kill_on_drop: false }`
[INFO] [stderr]    Compiling proc-macro2 v1.0.106
[INFO] [stderr]    Compiling unicode-ident v1.0.24
[INFO] [stderr]    Compiling quote v1.0.45
[INFO] [stderr]    Compiling serde_core v1.0.228
[INFO] [stderr]    Compiling num-traits v0.2.19
[INFO] [stderr]    Compiling typenum v1.19.0
[INFO] [stderr]    Compiling futures-core v0.3.32
[INFO] [stderr]    Compiling iana-time-zone v0.1.65
[INFO] [stderr]    Compiling crossbeam-utils v0.8.21
[INFO] [stderr]    Compiling futures-sink v0.3.32
[INFO] [stderr]    Compiling parking_lot_core v0.9.12
[INFO] [stderr]    Compiling mio v1.1.1
[INFO] [stderr]    Compiling socket2 v0.6.3
[INFO] [stderr]    Compiling bytes v1.11.1
[INFO] [stderr]    Compiling futures-task v0.3.32
[INFO] [stderr]    Compiling foldhash v0.1.5
[INFO] [stderr]    Compiling concurrent-queue v2.5.0
[INFO] [stderr]    Compiling chrono v0.4.44
[INFO] [stderr]    Compiling generic-array v0.14.7
[INFO] [stderr]    Compiling hashbrown v0.15.5
[INFO] [stderr]    Compiling syn v2.0.117
[INFO] [stderr]    Compiling tokio v1.50.0
[INFO] [stderr]    Compiling parking_lot v0.12.5
[INFO] [stderr]    Compiling log v0.4.29
[INFO] [stderr]    Compiling parking v2.2.1
[INFO] [stderr]    Compiling crc-catalog v2.4.0
[INFO] [stderr]    Compiling crc v3.4.0
[INFO] [stderr]    Compiling event-listener v5.4.1
[INFO] [stderr]    Compiling block-buffer v0.10.4
[INFO] [stderr]    Compiling crypto-common v0.1.7
[INFO] [stderr]    Compiling hashlink v0.10.0
[INFO] [stderr]    Compiling digest v0.10.7
[INFO] [stderr]    Compiling futures-intrusive v0.5.0
[INFO] [stderr]    Compiling libsqlite3-sys v0.30.1
[INFO] [stderr]    Compiling sha2 v0.10.9
[INFO] [stderr]    Compiling crossbeam-queue v0.3.12
[INFO] [stderr]    Compiling spin v0.9.8
[INFO] [stderr]    Compiling base64 v0.22.1
[INFO] [stderr]    Compiling flume v0.11.1
[INFO] [stderr]    Compiling atoi v2.0.0
[INFO] [stderr]    Compiling vitrail-core v0.0.15
[INFO] [stderr]    Compiling futures-channel v0.3.32
[INFO] [stderr]    Compiling winnow v1.0.0
[INFO] [stderr]    Compiling target-triple v1.0.0
[INFO] [stderr]    Compiling toml_writer v1.0.7+spec-1.1.0
[INFO] [stderr]    Compiling glob v0.3.3
[INFO] [stderr]    Compiling toml_parser v1.0.10+spec-1.1.0
[INFO] [stderr]    Compiling serde_json v1.0.149
[INFO] [stderr]    Compiling serde_spanned v1.0.4
[INFO] [stderr]    Compiling toml_datetime v1.0.1+spec-1.1.0
[INFO] [stderr]    Compiling toml v1.0.7+spec-1.1.0
[INFO] [stderr]    Compiling vitrail-sqlite-dialect v0.0.15
[INFO] [stderr]    Compiling vitrail-macros-core v0.0.15
[INFO] [stderr]    Compiling tokio-stream v0.1.18
[INFO] [stderr]    Compiling synstructure v0.13.2
[INFO] [stderr]    Compiling zerofrom-derive v0.1.6
[INFO] [stderr]    Compiling yoke-derive v0.8.1
[INFO] [stderr]    Compiling zerovec-derive v0.11.2
[INFO] [stderr]    Compiling displaydoc v0.2.5
[INFO] [stderr]    Compiling serde_derive v1.0.228
[INFO] [stderr]    Compiling futures-macro v0.3.32
[INFO] [stderr]    Compiling thiserror-impl v2.0.18
[INFO] [stderr]    Compiling futures-util v0.3.32
[INFO] [stderr]    Compiling tracing-attributes v0.1.31
[INFO] [stderr]    Compiling zerofrom v0.1.6
[INFO] [stderr]    Compiling yoke v0.8.1
[INFO] [stderr]    Compiling zerovec v0.11.5
[INFO] [stderr]    Compiling zerotrie v0.2.3
[INFO] [stderr]    Compiling tinystr v0.8.2
[INFO] [stderr]    Compiling potential_utf v0.1.4
[INFO] [stderr]    Compiling tracing v0.1.44
[INFO] [stderr]    Compiling icu_collections v2.1.1
[INFO] [stderr]    Compiling icu_locale_core v2.1.1
[INFO] [stderr]    Compiling thiserror v2.0.18
[INFO] [stderr]    Compiling icu_provider v2.1.1
[INFO] [stderr]    Compiling icu_normalizer v2.1.1
[INFO] [stderr]    Compiling icu_properties v2.1.2
[INFO] [stderr]    Compiling serde v1.0.228
[INFO] [stderr]    Compiling either v1.15.0
[INFO] [stderr]    Compiling serde_urlencoded v0.7.1
[INFO] [stderr]    Compiling trybuild v1.0.116
[INFO] [stderr]    Compiling idna_adapter v1.2.1
[INFO] [stderr]    Compiling idna v1.1.0
[INFO] [stderr]    Compiling futures-executor v0.3.32
[INFO] [stderr]    Compiling url v2.5.8
[INFO] [stderr]    Compiling sqlx-core v0.8.6
[INFO] [stderr]    Compiling sqlx-sqlite v0.8.6
[INFO] [stderr]    Compiling sqlx v0.8.6
[INFO] [stderr]    Compiling vitrail-sqlite-core v0.0.15
[INFO] [stderr]    Compiling vitrail-sqlite-macros v0.0.15 (/opt/rustwide/workdir)
[INFO] [stderr]     Finished `test` profile [unoptimized + debuginfo] target(s) in 1m 35s
[INFO] running `Command { std: "docker" "inspect" "404b9f88766d4494608a0099699bbe76738e3624652313685db1a177776a07ab", kill_on_drop: false }`
[INFO] running `Command { std: "docker" "exec" "-e" "SOURCE_DIR=/opt/rustwide/workdir" "-e" "CARGO_HOME=/opt/rustwide/cargo-home" "-e" "RUSTUP_HOME=/opt/rustwide/rustup-home" "-e" "CARGO_TARGET_DIR=/opt/rustwide/target" "-e" "CARGO_INCREMENTAL=0" "-e" "RUST_BACKTRACE=full" "-e" "RUSTFLAGS=--cap-lints=warn" "-e" "RUSTDOCFLAGS=--cap-lints=warn" "-w" "/opt/rustwide/workdir" "--user" "0:0" "404b9f88766d4494608a0099699bbe76738e3624652313685db1a177776a07ab" "/opt/rustwide/cargo-home/bin/cargo" "+1.99.0-beta.8" "test" "--frozen", kill_on_drop: false }`
[INFO] [stderr]     Finished `test` profile [unoptimized + debuginfo] target(s) in 0.21s
[INFO] [stderr]      Running unittests src/lib.rs (/opt/rustwide/target/debug/deps/vitrail_sqlite_macros-c617584e72eabab6)
[INFO] [stdout] 
[INFO] [stdout] running 1 test
[INFO] [stdout] test tests::sqlite_schema_adapter_emits_complete_operation_support ... ok
[INFO] [stdout] 
[INFO] [stdout] test result: ok. 1 passed; 0 failed; 0 ignored; 0 measured; 0 filtered out; finished in 0.08s
[INFO] [stdout] 
[INFO] [stderr]      Running tests/ui.rs (/opt/rustwide/target/debug/deps/ui-2ccae99adb0314f3)
[INFO] [stdout] 
[INFO] [stdout] running 1 test
[INFO] [stderr]    Compiling proc-macro2 v1.0.106
[INFO] [stderr]    Compiling quote v1.0.45
[INFO] [stderr]    Compiling unicode-ident v1.0.24
[INFO] [stderr]    Compiling libc v0.2.183
[INFO] [stderr]    Compiling autocfg v1.5.0
[INFO] [stderr]    Compiling typenum v1.19.0
[INFO] [stderr]    Compiling serde_core v1.0.228
[INFO] [stderr]    Compiling version_check v0.9.5
[INFO] [stderr]    Compiling icu_normalizer_data v2.1.1
[INFO] [stderr]    Compiling icu_properties_data v2.1.2
[INFO] [stderr]    Compiling crossbeam-utils v0.8.21
[INFO] [stderr]    Compiling stable_deref_trait v1.2.1
[INFO] [stderr]    Compiling parking_lot_core v0.9.12
[INFO] [stderr]    Compiling serde v1.0.228
[INFO] [stderr]    Compiling find-msvc-tools v0.1.9
[INFO] [stderr]    Compiling thiserror v2.0.18
[INFO] [stderr]    Compiling shlex v1.3.0
[INFO] [stderr]    Compiling writeable v0.6.2
[INFO] [stderr]    Compiling num-traits v0.2.19
[INFO] [stderr]    Compiling generic-array v0.14.7
[INFO] [stderr]    Compiling cc v1.2.57
[INFO] [stderr]    Compiling vcpkg v0.2.15
[INFO] [stderr]    Compiling litemap v0.8.1
[INFO] [stderr]    Compiling smallvec v1.15.1
[INFO] [stderr]    Compiling pkg-config v0.3.32
[INFO] [stderr]    Compiling syn v2.0.117
[INFO] [stderr]    Compiling zmij v1.0.21
[INFO] [stderr]    Compiling futures-core v0.3.32
[INFO] [stderr]    Compiling pin-project-lite v0.2.17
[INFO] [stderr]    Compiling scopeguard v1.2.0
[INFO] [stderr]    Compiling lock_api v0.4.14
[INFO] [stderr]    Compiling futures-sink v0.3.32
[INFO] [stderr]    Compiling memchr v2.8.0
[INFO] [stderr]    Compiling iana-time-zone v0.1.65
[INFO] [stderr]    Compiling cfg-if v1.0.4
[INFO] [stderr]    Compiling serde_json v1.0.149
[INFO] [stderr]    Compiling libsqlite3-sys v0.30.1
[INFO] [stderr]    Compiling chrono v0.4.44
[INFO] [stderr]    Compiling equivalent v1.0.2
[INFO] [stderr]    Compiling percent-encoding v2.3.2
[INFO] [stderr]    Compiling form_urlencoded v1.2.2
[INFO] [stderr]    Compiling crypto-common v0.1.7
[INFO] [stderr]    Compiling block-buffer v0.10.4
[INFO] [stderr]    Compiling socket2 v0.6.3
[INFO] [stderr]    Compiling mio v1.1.1
[INFO] [stderr]    Compiling futures-io v0.3.32
[INFO] [stderr]    Compiling utf8_iter v1.0.4
[INFO] [stderr]    Compiling allocator-api2 v0.2.21
[INFO] [stderr]    Compiling itoa v1.0.17
[INFO] [stderr]    Compiling foldhash v0.1.5
[INFO] [stderr]    Compiling bytes v1.11.1
[INFO] [stderr]    Compiling slab v0.4.12
[INFO] [stderr]    Compiling once_cell v1.21.4
[INFO] [stderr]    Compiling futures-task v0.3.32
[INFO] [stderr]    Compiling hashbrown v0.15.5
[INFO] [stderr]    Compiling digest v0.10.7
[INFO] [stderr]    Compiling tracing-core v0.1.36
[INFO] [stderr]    Compiling parking_lot v0.12.5
[INFO] [stderr]    Compiling concurrent-queue v2.5.0
[INFO] [stderr]    Compiling tokio v1.50.0
[INFO] [stderr]    Compiling parking v2.2.1
[INFO] [stderr]    Compiling hashbrown v0.16.1
[INFO] [stderr]    Compiling log v0.4.29
[INFO] [stderr]    Compiling crc-catalog v2.4.0
[INFO] [stderr]    Compiling cpufeatures v0.2.17
[INFO] [stderr]    Compiling synstructure v0.13.2
[INFO] [stderr]    Compiling sha2 v0.10.9
[INFO] [stderr]    Compiling crc v3.4.0
[INFO] [stderr]    Compiling indexmap v2.13.0
[INFO] [stderr]    Compiling event-listener v5.4.1
[INFO] [stderr]    Compiling hashlink v0.10.0
[INFO] [stderr]    Compiling futures-intrusive v0.5.0
[INFO] [stderr]    Compiling crossbeam-queue v0.3.12
[INFO] [stderr]    Compiling spin v0.9.8
[INFO] [stderr]    Compiling base64 v0.22.1
[INFO] [stderr]    Compiling heck v0.5.0
[INFO] [stderr]    Compiling ryu v1.0.23
[INFO] [stderr]    Compiling vitrail-core v0.0.15
[INFO] [stderr]    Compiling flume v0.11.1
[INFO] [stderr]    Compiling futures-channel v0.3.32
[INFO] [stdout] test ui has been running for over 60 seconds
[INFO] [stderr]    Compiling atoi v2.0.0
[INFO] [stderr]    Compiling zerofrom-derive v0.1.6
[INFO] [stderr]    Compiling yoke-derive v0.8.1
[INFO] [stderr]    Compiling zerovec-derive v0.11.2
[INFO] [stderr]    Compiling displaydoc v0.2.5
[INFO] [stderr]    Compiling serde_derive v1.0.228
[INFO] [stderr]    Compiling futures-macro v0.3.32
[INFO] [stderr]    Compiling tracing-attributes v0.1.31
[INFO] [stderr]    Compiling zerofrom v0.1.6
[INFO] [stderr]    Compiling yoke v0.8.1
[INFO] [stderr]    Compiling zerovec v0.11.5
[INFO] [stderr]    Compiling tinystr v0.8.2
[INFO] [stderr]    Compiling potential_utf v0.1.4
[INFO] [stderr]    Compiling zerotrie v0.2.3
[INFO] [stderr]    Compiling icu_locale_core v2.1.1
[INFO] [stderr]    Compiling thiserror-impl v2.0.18
[INFO] [stderr]    Compiling icu_collections v2.1.1
[INFO] [stderr]    Compiling icu_provider v2.1.1
[INFO] [stderr]    Compiling icu_normalizer v2.1.1
[INFO] [stderr]    Compiling icu_properties v2.1.2
[INFO] [stderr]    Compiling futures-util v0.3.32
[INFO] [stderr]    Compiling tracing v0.1.44
[INFO] [stderr]    Compiling tokio-stream v0.1.18
[INFO] [stderr]    Compiling idna_adapter v1.2.1
[INFO] [stderr]    Compiling idna v1.1.0
[INFO] [stderr]    Compiling url v2.5.8
[INFO] [stderr]    Compiling either v1.15.0
[INFO] [stderr]    Compiling serde_urlencoded v0.7.1
[INFO] [stderr]    Compiling sqlx-core v0.8.6
[INFO] [stderr]    Compiling futures-executor v0.3.32
[INFO] [stderr]    Compiling vitrail-sqlite-dialect v0.0.15
[INFO] [stderr]    Compiling vitrail-macros-core v0.0.15
[INFO] [stderr]    Compiling sqlx-sqlite v0.8.6
[INFO] [stderr]    Compiling sqlx v0.8.6
[INFO] [stderr]    Compiling vitrail-sqlite-core v0.0.15
[INFO] [stderr]    Compiling vitrail-sqlite-macros v0.0.15 (/opt/rustwide/workdir)
[INFO] [stderr]    Compiling vitrail-sqlite-macros-tests v0.0.0 (/opt/rustwide/target/tests/trybuild/vitrail-sqlite-macros)
[INFO] [stderr]     Finished `dev` profile [unoptimized + debuginfo] target(s) in 2m 50s
[INFO] [stderr] 
[INFO] [stderr] 
[INFO] [stderr] test tests/ui/pass/bigint.rs [should pass] ... ok
[INFO] [stderr] test tests/ui/pass/composite_unique.rs [should pass] ... ok
[INFO] [stderr] test tests/ui/pass/compound_primary_key.rs [should pass] ... ok
[INFO] [stderr] test tests/ui/pass/custom_string_rust_type.rs [should pass] ... ok
[INFO] [stderr] test tests/ui/pass/delete_helper_local_variable_capture.rs [should pass] ... ok
[INFO] [stderr] test tests/ui/pass/external_tables.rs [should pass] ... ok
[INFO] [stderr] test tests/ui/pass/filter_helper_input_variants.rs [should pass] ... ok
[INFO] [stderr] test tests/ui/pass/indexes.rs [should pass] ... ok
[INFO] [stderr] test tests/ui/pass/inferred_relations.rs [should pass] ... ok
[INFO] [stderr] test tests/ui/pass/model_primary_key_autoincrement.rs [should pass] ... ok
[INFO] [stderr] test tests/ui/pass/multiple_forward_relations.rs [should pass] ... ok
[INFO] [stderr] test tests/ui/pass/ordered_filter_derives.rs [should pass] ... ok
[INFO] [stderr] test tests/ui/pass/ordered_filter_helpers.rs [should pass] ... ok
[INFO] [stderr] test tests/ui/pass/ordered_filter_operand_types.rs [should pass] ... ok
[INFO] [stderr] test tests/ui/pass/ordered_helper_field_names.rs [should pass] ... ok
[INFO] [stderr] test tests/ui/pass/ordered_helper_operand_types.rs [should pass] ... ok
[INFO] [stderr] test tests/ui/pass/query_pagination.rs [should pass] ... ok
[INFO] [stderr] test tests/ui/pass/relation_list.rs [should pass] ... ok
[INFO] [stderr] test tests/ui/pass/supported_scalars.rs [should pass] ... ok
[INFO] [stderr] test tests/ui/pass/update_helper_local_variable_capture.rs [should pass] ... ok
[INFO] [stderr] test tests/ui/pass/valid_delete.rs [should pass] ... ok
[INFO] [stderr] test tests/ui/pass/valid_delete_helper.rs [should pass] ... ok
[INFO] [stderr] test tests/ui/pass/valid_delete_helper_not.rs [should pass] ... ok
[INFO] [stderr] test tests/ui/pass/valid_delete_not.rs [should pass] ... ok
[INFO] [stderr] test tests/ui/pass/valid_in_filters.rs [should pass] ... ok
[INFO] [stderr] test tests/ui/pass/valid_insert.rs [should pass] ... ok
[INFO] [stderr] test tests/ui/pass/valid_query.rs [should pass] ... ok
[INFO] [stderr] test tests/ui/pass/valid_query_order.rs [should pass] ... ok
[INFO] [stderr] test tests/ui/pass/valid_schema.rs [should pass] ... ok
[INFO] [stderr] test tests/ui/pass/valid_update.rs [should pass] ... ok
[INFO] [stderr] test tests/ui/pass/valid_update_helper.rs [should pass] ... ok
[INFO] [stderr] test tests/ui/pass/valid_update_helper_not.rs [should pass] ... ok
[INFO] [stderr] test tests/ui/pass/valid_update_not.rs [should pass] ... ok
[INFO] [stderr] test tests/ui/fail/ambiguous_relation_back_links.rs [should fail to compile] ... ok
[INFO] [stderr] test tests/ui/fail/autoincrement_non_primary_key.rs [should fail to compile] ... ok
[INFO] [stderr] test tests/ui/fail/bigint_autoincrement.rs [should fail to compile] ... ok
[INFO] [stderr] test tests/ui/fail/composite_index_relation_field.rs [should fail to compile] ... ok
[INFO] [stderr] test tests/ui/fail/composite_index_unknown_field.rs [should fail to compile] ... ok
[INFO] [stderr] test tests/ui/fail/composite_unique_unknown_field.rs [should fail to compile] ... ok
[INFO] [stderr] test tests/ui/fail/compound_primary_key_autoincrement.rs [should fail to compile] ... ok
[INFO] [stderr] test tests/ui/fail/compound_primary_key_mixed_id.rs [should fail to compile] ... ok
[INFO] [stderr] test tests/ui/fail/compound_primary_key_optional_field.rs [should fail to compile] ... ok
[INFO] [stderr] test tests/ui/fail/compound_primary_key_unknown_field.rs [should fail to compile] ... ok
[INFO] [stderr] test tests/ui/fail/db_uuid.rs [should fail to compile] ... ok
[INFO] [stderr] test tests/ui/fail/decimal.rs [should fail to compile] ... ok
[INFO] [stderr] test tests/ui/fail/delete_in_without_variables.rs [should fail to compile] ... ok
[INFO] [stderr] test tests/ui/fail/delete_many_unknown_model.rs [should fail to compile] ... ok
[INFO] [stderr] test tests/ui/fail/delete_not_without_variables.rs [should fail to compile] ... ok
[INFO] [stderr] test tests/ui/fail/duplicate_field.rs [should fail to compile] ... ok
[INFO] [stderr] test tests/ui/fail/duplicate_model.rs [should fail to compile] ... ok
[INFO] [stderr] test tests/ui/fail/index_on_relation_field.rs [should fail to compile] ... ok
[INFO] [stderr] test tests/ui/fail/insert_input_missing_required_field.rs [should fail to compile] ... ok
[INFO] [stderr] test tests/ui/fail/insert_input_relation_field.rs [should fail to compile] ... ok
[INFO] [stderr] test tests/ui/fail/insert_input_wrong_type.rs [should fail to compile] ... ok
[INFO] [stderr] test tests/ui/fail/insert_macro_missing_required_field.rs [should fail to compile] ... ok
[INFO] [stderr] test tests/ui/fail/insert_result_mismatched_input_model.rs [should fail to compile] ... ok
[INFO] [stderr] test tests/ui/fail/insert_result_missing_input.rs [should fail to compile] ... ok
[INFO] [stderr] test tests/ui/fail/insert_result_relation_field.rs [should fail to compile] ... mismatch
[INFO] [stderr] 
[INFO] [stderr] EXPECTED:
[INFO] [stderr] ┈┈┈┈┈┈┈┈┈┈┈┈┈┈┈┈┈┈┈┈┈┈┈┈┈┈┈┈┈┈┈┈┈┈┈┈┈┈┈┈┈┈┈┈┈┈┈┈┈┈┈┈┈┈┈┈┈┈┈┈
[INFO] [stderr] error: relation field `posts` cannot be returned from scalar insert for model `user`
[INFO] [stderr]   --> tests/ui/fail/insert_result_relation_field.rs:5:1
[INFO] [stderr]    |
[INFO] [stderr]  5 | / schema! {
[INFO] [stderr]  6 | |     name insert_schema
[INFO] [stderr]  7 | |
[INFO] [stderr]  8 | |     model user {
[INFO] [stderr] ...  |
[INFO] [stderr] 20 | | }
[INFO] [stderr]    | |_^
[INFO] [stderr] ...
[INFO] [stderr] 28 |   #[derive(InsertResult)]
[INFO] [stderr]    |            ------------ in this derive macro expansion
[INFO] [stderr]    |
[INFO] [stderr]    = note: this error originates in the macro `crate::insert_schema::__vitrail_assert_insert_result_type_insert_schema_user` which comes from the expansion of the derive macro `InsertResult` (in Nightly builds, run with -Z macro-backtrace for more info)
[INFO] [stderr] 
[INFO] [stderr] error[E0277]: the trait bound `Vec<i64>: QueryResultValue` is not satisfied
[INFO] [stderr]   --> tests/ui/fail/insert_result_relation_field.rs:33:12
[INFO] [stderr]    |
[INFO] [stderr] 33 |     posts: Vec<i64>,
[INFO] [stderr]    |            ^^^^^^^^ the trait `StringValueType` is not implemented for `Vec<i64>`
[INFO] [stderr]    |
[INFO] [stderr] help: the trait `StringValueType` is implemented for `std::string::String`
[INFO] [stderr]   --> $WORKSPACE/vitrail-sqlite-core/src/query.rs
[INFO] [stderr]    |
[INFO] [stderr]    | impl StringValueType for String {
[INFO] [stderr]    | ^^^^^^^^^^^^^^^^^^^^^^^^^^^^^^^
[INFO] [stderr]    = note: required for `Vec<i64>` to implement `QueryResultValue`
[INFO] [stderr] note: required by a bound in `vitrail_sqlite_core::row_value`
[INFO] [stderr]   --> $WORKSPACE/vitrail-sqlite-core/src/query.rs
[INFO] [stderr]    |
[INFO] [stderr]    | pub fn row_value<T>(row: &SqliteRow, alias: &str) -> Result<T, sqlx::Error>
[INFO] [stderr]    |        --------- required by a bound in this function
[INFO] [stderr]    | where
[INFO] [stderr]    |     T: QueryResultValue,
[INFO] [stderr]    |        ^^^^^^^^^^^^^^^^ required by this bound in `row_value`
[INFO] [stderr] ┈┈┈┈┈┈┈┈┈┈┈┈┈┈┈┈┈┈┈┈┈┈┈┈┈┈┈┈┈┈┈┈┈┈┈┈┈┈┈┈┈┈┈┈┈┈┈┈┈┈┈┈┈┈┈┈┈┈┈┈
[INFO] [stderr] 
[INFO] [stderr] ACTUAL OUTPUT:
[INFO] [stderr] ┈┈┈┈┈┈┈┈┈┈┈┈┈┈┈┈┈┈┈┈┈┈┈┈┈┈┈┈┈┈┈┈┈┈┈┈┈┈┈┈┈┈┈┈┈┈┈┈┈┈┈┈┈┈┈┈┈┈┈┈
[INFO] [stderr] error: relation field `posts` cannot be returned from scalar insert for model `user`
[INFO] [stderr]   --> tests/ui/fail/insert_result_relation_field.rs:5:1
[INFO] [stderr]    |
[INFO] [stderr]  5 | / schema! {
[INFO] [stderr]  6 | |     name insert_schema
[INFO] [stderr]  7 | |
[INFO] [stderr]  8 | |     model user {
[INFO] [stderr] ...  |
[INFO] [stderr] 20 | | }
[INFO] [stderr]    | |_^
[INFO] [stderr] ...
[INFO] [stderr] 28 |   #[derive(InsertResult)]
[INFO] [stderr]    |            ------------ in this derive macro expansion
[INFO] [stderr]    |
[INFO] [stderr]    = note: this error originates in the macro `crate::insert_schema::__vitrail_assert_insert_result_type_insert_schema_user` which comes from the expansion of the derive macro `InsertResult` (in Nightly builds, run with -Z macro-backtrace for more info)
[INFO] [stderr] 
[INFO] [stderr] error[E0277]: the trait bound `Vec<i64>: QueryResultValue` is not satisfied
[INFO] [stderr]   --> tests/ui/fail/insert_result_relation_field.rs:33:12
[INFO] [stderr]    |
[INFO] [stderr] 33 |     posts: Vec<i64>,
[INFO] [stderr]    |            ^^^^^^^^ the trait `StringValueType` is not implemented for `Vec<i64>`
[INFO] [stderr]    |
[INFO] [stderr] help: the trait `StringValueType` is implemented for `std::string::String`
[INFO] [stderr]   --> $CARGO/vitrail-sqlite-core-$VERSION/src/query.rs
[INFO] [stderr]    |
[INFO] [stderr]    | impl StringValueType for String {
[INFO] [stderr]    | ^^^^^^^^^^^^^^^^^^^^^^^^^^^^^^^
[INFO] [stderr]    = note: required for `Vec<i64>` to implement `QueryResultValue`
[INFO] [stderr] note: required by a bound in `vitrail_sqlite_core::row_value`
[INFO] [stderr]   --> $CARGO/vitrail-sqlite-core-$VERSION/src/query.rs
[INFO] [stderr]    |
[INFO] [stderr]    | pub fn row_value<T>(row: &SqliteRow, alias: &str) -> Result<T, sqlx::Error>
[INFO] [stderr]    |        --------- required by a bound in this function
[INFO] [stderr]    | where
[INFO] [stderr]    |     T: QueryResultValue,
[INFO] [stderr]    |        ^^^^^^^^^^^^^^^^ required by this bound in `row_value`
[INFO] [stderr] ┈┈┈┈┈┈┈┈┈┈┈┈┈┈┈┈┈┈┈┈┈┈┈┈┈┈┈┈┈┈┈┈┈┈┈┈┈┈┈┈┈┈┈┈┈┈┈┈┈┈┈┈┈┈┈┈┈┈┈┈
[INFO] [stderr] note: If the actual output is the correct output you can bless it by rerunning
[INFO] [stderr]       your test with the environment variable TRYBUILD=overwrite
[INFO] [stderr] 
[INFO] [stderr] test tests/ui/fail/invalid_default.rs [should fail to compile] ... ok
[INFO] [stderr] test tests/ui/fail/invalid_relation.rs [should fail to compile] ... ok
[INFO] [stderr] test tests/ui/fail/missing_name.rs [should fail to compile] ... ok
[INFO] [stderr] test tests/ui/fail/nested_query_without_matching_variables.rs [should fail to compile] ... ok
[INFO] [stderr] test tests/ui/fail/ordered_filter_gt_wrong_types.rs [should fail to compile] ... ok
[INFO] [stderr] test tests/ui/fail/ordered_filter_gte_wrong_types.rs [should fail to compile] ... ok
[INFO] [stderr] test tests/ui/fail/ordered_filter_invalid_syntax.rs [should fail to compile] ... ok
[INFO] [stderr] test tests/ui/fail/ordered_filter_lt_wrong_types.rs [should fail to compile] ... ok
[INFO] [stderr] test tests/ui/fail/ordered_filter_lte_wrong_types.rs [should fail to compile] ... ok
[INFO] [stderr] test tests/ui/fail/ordered_filter_missing_variables.rs [should fail to compile] ... ok
[INFO] [stderr] test tests/ui/fail/ordered_filter_relation_wrong_types.rs [should fail to compile] ... ok
[INFO] [stderr] test tests/ui/fail/ordered_filter_unknown_variables.rs [should fail to compile] ... ok
[INFO] [stderr] test tests/ui/fail/ordered_helper_gt_wrong_types.rs [should fail to compile] ... ok
[INFO] [stderr] test tests/ui/fail/ordered_helper_gte_wrong_types.rs [should fail to compile] ... ok
[INFO] [stderr] test tests/ui/fail/ordered_helper_lt_wrong_types.rs [should fail to compile] ... ok
[INFO] [stderr] test tests/ui/fail/ordered_helper_lte_wrong_types.rs [should fail to compile] ... ok
[INFO] [stderr] test tests/ui/fail/ordered_helper_malformed.rs [should fail to compile] ... ok
[INFO] [stderr] test tests/ui/fail/ordered_helper_range_wrong_types.rs [should fail to compile] ... ok
[INFO] [stderr] test tests/ui/fail/ordered_helper_relation_misuse.rs [should fail to compile] ... ok
[INFO] [stderr] test tests/ui/fail/qualified_external_table.rs [should fail to compile] ... ok
[INFO] [stderr] test tests/ui/fail/query_helper_order_by_to_many_relation.rs [should fail to compile] ... ok
[INFO] [stderr] test tests/ui/fail/query_helper_wrong_filter_type.rs [should fail to compile] ... ok
[INFO] [stderr] test tests/ui/fail/query_in_without_variables.rs [should fail to compile] ... ok
[INFO] [stderr] test tests/ui/fail/query_not_without_variables.rs [should fail to compile] ... ok
[INFO] [stderr] test tests/ui/fail/query_pagination_wrong_type.rs [should fail to compile] ... ok
[INFO] [stderr] test tests/ui/fail/query_variables_wrong_in_filter_type.rs [should fail to compile] ... ok
[INFO] [stderr] test tests/ui/fail/query_variables_wrong_scalar_filter_type.rs [should fail to compile] ... ok
[INFO] [stderr] test tests/ui/fail/query_without_variables.rs [should fail to compile] ... ok
[INFO] [stderr] test tests/ui/fail/rust_ty_non_string.rs [should fail to compile] ... ok
[INFO] [stderr] test tests/ui/fail/rust_ty_relation_field.rs [should fail to compile] ... ok
[INFO] [stderr] test tests/ui/fail/unique_relation_back_link_list.rs [should fail to compile] ... ok
[INFO] [stderr] test tests/ui/fail/unique_relation_back_link_required.rs [should fail to compile] ... ok
[INFO] [stderr] test tests/ui/fail/unknown_inferred_relation_target.rs [should fail to compile] ... ok
[INFO] [stderr] test tests/ui/fail/unknown_query_filter_field.rs [should fail to compile] ... ok
[INFO] [stderr] test tests/ui/fail/unknown_query_order_field.rs [should fail to compile] ... ok
[INFO] [stderr] test tests/ui/fail/unknown_query_variable.rs [should fail to compile] ... ok
[INFO] [stderr] test tests/ui/fail/unknown_relation_target.rs [should fail to compile] ... ok
[INFO] [stderr] test tests/ui/fail/update_data_relation_field.rs [should fail to compile] ... ok
[INFO] [stderr] test tests/ui/fail/update_data_wrong_type.rs [should fail to compile] ... ok
[INFO] [stderr] test tests/ui/fail/update_helper_relation_data_field.rs [should fail to compile] ... ok
[INFO] [stderr] test tests/ui/fail/update_helper_unknown_data_field.rs [should fail to compile] ... ok
[INFO] [stderr] test tests/ui/fail/update_helper_unknown_where_field.rs [should fail to compile] ... ok
[INFO] [stderr] test tests/ui/fail/update_helper_unsupported_operator.rs [should fail to compile] ... ok
[INFO] [stderr] test tests/ui/fail/update_in_without_variables.rs [should fail to compile] ... ok
[INFO] [stderr] test tests/ui/fail/update_many_invalid_where_path.rs [should fail to compile] ... ok
[INFO] [stderr] test tests/ui/fail/update_many_mismatched_data_model.rs [should fail to compile] ... ok
[INFO] [stderr] test tests/ui/fail/update_not_without_variables.rs [should fail to compile] ... ok
[INFO] [stderr] 
[INFO] [stderr] 
[INFO] [stdout] test ui ... FAILED
[INFO] [stdout] 
[INFO] [stdout] failures:
[INFO] [stdout] 
[INFO] [stdout] ---- ui stdout ----
[INFO] [stdout] 
[INFO] [stdout] thread 'ui' (2252) panicked at /opt/rustwide/cargo-home/registry/src/index.crates.io-1949cf8c6b5b557f/trybuild-1.0.116/src/run.rs:102:13:
[INFO] [stdout] 1 of 105 tests failed
[INFO] [stdout] stack backtrace:
[INFO] [stdout]    0:     0x632a4e780201 - std[70759c8f55707aa4]::backtrace_rs::backtrace::libunwind::trace
[INFO] [stdout]                                at /rustc/dfb0accb7f508ae8be965d8629557221c889dd98/library/std/src/../../backtrace/src/backtrace/libunwind.rs:117:9
[INFO] [stdout]    1:     0x632a4e780201 - std[70759c8f55707aa4]::backtrace_rs::backtrace::trace_unsynchronized::<std[70759c8f55707aa4]::sys::backtrace::_print_fmt::{closure#1}>
[INFO] [stdout]                                at /rustc/dfb0accb7f508ae8be965d8629557221c889dd98/library/std/src/../../backtrace/src/backtrace/mod.rs:66:14
[INFO] [stdout]    2:     0x632a4e780201 - std[70759c8f55707aa4]::sys::backtrace::_print_fmt
[INFO] [stdout]                                at /rustc/dfb0accb7f508ae8be965d8629557221c889dd98/library/std/src/sys/backtrace.rs:74:9
[INFO] [stdout]    3:     0x632a4e780201 - <<std[70759c8f55707aa4]::sys::backtrace::BacktraceLock>::print::DisplayBacktrace as core[df12db4294e9bfd3]::fmt::Display>::fmt
[INFO] [stdout]                                at /rustc/dfb0accb7f508ae8be965d8629557221c889dd98/library/std/src/sys/backtrace.rs:44:26
[INFO] [stdout]    4:     0x632a4e796aba - <core[df12db4294e9bfd3]::fmt::rt::Argument>::fmt
[INFO] [stdout]                                at /rustc/dfb0accb7f508ae8be965d8629557221c889dd98/library/core/src/fmt/rt.rs:152:76
[INFO] [stdout]    5:     0x632a4e796aba - core[df12db4294e9bfd3]::fmt::write
[INFO] [stdout]    6:     0x632a4e784d7c - core[df12db4294e9bfd3]::io::write::default_write_fmt::<alloc[2182bb758b4b3781]::vec::Vec<u8>>
[INFO] [stdout]                                at /rustc/dfb0accb7f508ae8be965d8629557221c889dd98/library/core/src/io/write.rs:402:11
[INFO] [stdout]    7:     0x632a4e784d7c - <alloc[2182bb758b4b3781]::vec::Vec<u8> as core[df12db4294e9bfd3]::io::write::Write>::write_fmt
[INFO] [stdout]                                at /rustc/dfb0accb7f508ae8be965d8629557221c889dd98/library/core/src/io/write.rs:335:13
[INFO] [stdout]    8:     0x632a4e7596e6 - <std[70759c8f55707aa4]::sys::backtrace::BacktraceLock>::print
[INFO] [stdout]                                at /rustc/dfb0accb7f508ae8be965d8629557221c889dd98/library/std/src/sys/backtrace.rs:47:9
[INFO] [stdout]    9:     0x632a4e7596e6 - std[70759c8f55707aa4]::panicking::default_hook::{closure#0}
[INFO] [stdout]                                at /rustc/dfb0accb7f508ae8be965d8629557221c889dd98/library/std/src/panicking.rs:292:27
[INFO] [stdout]   10:     0x632a4e777879 - std[70759c8f55707aa4]::panicking::default_hook
[INFO] [stdout]                                at /rustc/dfb0accb7f508ae8be965d8629557221c889dd98/library/std/src/panicking.rs:316:9
[INFO] [stdout]   11:     0x632a4e710af0 - <alloc[2182bb758b4b3781]::boxed::Box<dyn for<'a, 'b> core[df12db4294e9bfd3]::ops::function::Fn<(&'a std[70759c8f55707aa4]::panic::PanicHookInfo<'b>,), Output = ()> + core[df12db4294e9bfd3]::marker::Send + core[df12db4294e9bfd3]::marker::Sync> as core[df12db4294e9bfd3]::ops::function::Fn<(&std[70759c8f55707aa4]::panic::PanicHookInfo,)>>::call
[INFO] [stdout]                                at /rustc/dfb0accb7f508ae8be965d8629557221c889dd98/library/alloc/src/boxed.rs:2334:9
[INFO] [stdout]   12:     0x632a4e710af0 - test[9d35eded1c95d3be]::test_main_inner::<test[9d35eded1c95d3be]::test_main_static::{closure#0}>::{closure#0}
[INFO] [stdout]                                at /rustc/dfb0accb7f508ae8be965d8629557221c889dd98/library/test/src/lib.rs:155:21
[INFO] [stdout]   13:     0x632a4e777a32 - <alloc[2182bb758b4b3781]::boxed::Box<dyn for<'a, 'b> core[df12db4294e9bfd3]::ops::function::Fn<(&'a std[70759c8f55707aa4]::panic::PanicHookInfo<'b>,), Output = ()> + core[df12db4294e9bfd3]::marker::Send + core[df12db4294e9bfd3]::marker::Sync> as core[df12db4294e9bfd3]::ops::function::Fn<(&std[70759c8f55707aa4]::panic::PanicHookInfo,)>>::call
[INFO] [stdout]                                at /rustc/dfb0accb7f508ae8be965d8629557221c889dd98/library/alloc/src/boxed.rs:2334:9
[INFO] [stdout]   14:     0x632a4e777a32 - std[70759c8f55707aa4]::panicking::panic_with_hook
[INFO] [stdout]                                at /rustc/dfb0accb7f508ae8be965d8629557221c889dd98/library/std/src/panicking.rs:823:13
[INFO] [stdout]   15:     0x632a4e759792 - std[70759c8f55707aa4]::panicking::panic_handler::{closure#0}
[INFO] [stdout]                                at /rustc/dfb0accb7f508ae8be965d8629557221c889dd98/library/std/src/panicking.rs:688:13
[INFO] [stdout]   16:     0x632a4e752029 - std[70759c8f55707aa4]::sys::backtrace::__rust_end_short_backtrace::<std[70759c8f55707aa4]::panicking::panic_handler::{closure#0}, !>
[INFO] [stdout]                                at /rustc/dfb0accb7f508ae8be965d8629557221c889dd98/library/std/src/sys/backtrace.rs:182:18
[INFO] [stdout]   17:     0x632a4e75a38d - __rustc[8fa7c3cbc660c2b3]::rust_begin_unwind
[INFO] [stdout]                                at /rustc/dfb0accb7f508ae8be965d8629557221c889dd98/library/std/src/panicking.rs:679:5
[INFO] [stdout]   18:     0x632a4e7972ac - core[df12db4294e9bfd3]::panicking::panic_fmt
[INFO] [stdout]                                at /rustc/dfb0accb7f508ae8be965d8629557221c889dd98/library/core/src/panicking.rs:80:14
[INFO] [stdout]   19:     0x632a4e5b9114 - <trybuild[6bf88a11e0d2c8e1]::Runner>::run
[INFO] [stdout]                                at /opt/rustwide/cargo-home/registry/src/index.crates.io-1949cf8c6b5b557f/trybuild-1.0.116/src/run.rs:102:13
[INFO] [stdout]   20:     0x632a4e5c4a48 - <trybuild[6bf88a11e0d2c8e1]::TestCases as core[df12db4294e9bfd3]::ops::drop::Drop>::drop
[INFO] [stdout]                                at /opt/rustwide/cargo-home/registry/src/index.crates.io-1949cf8c6b5b557f/trybuild-1.0.116/src/lib.rs:342:38
[INFO] [stdout]   21:     0x632a4e4e4177 - core[df12db4294e9bfd3]::ptr::drop_glue::<trybuild[6bf88a11e0d2c8e1]::TestCases>
[INFO] [stdout]                                at /rustc/dfb0accb7f508ae8be965d8629557221c889dd98/library/core/src/ptr/mod.rs:847:1
[INFO] [stdout]   22:     0x632a4e4e439b - ui[b593dfdae2a58b20]::ui
[INFO] [stdout]                                at /opt/rustwide/workdir/tests/ui.rs:6:1
[INFO] [stdout]   23:     0x632a4e4e42d7 - ui[b593dfdae2a58b20]::ui::{closure#0}
[INFO] [stdout]                                at /opt/rustwide/workdir/tests/ui.rs:2:8
[INFO] [stdout]   24:     0x632a4e4e47f6 - <ui[b593dfdae2a58b20]::ui::{closure#0} as core[df12db4294e9bfd3]::ops::function::FnOnce<()>>::call_once
[INFO] [stdout]                                at /rustc/dfb0accb7f508ae8be965d8629557221c889dd98/library/core/src/ops/function.rs:250:5
[INFO] [stdout]   25:     0x632a4e703ddb - <fn() -> core[df12db4294e9bfd3]::result::Result<(), alloc[2182bb758b4b3781]::string::String> as core[df12db4294e9bfd3]::ops::function::FnOnce<()>>::call_once
[INFO] [stdout]                                at /rustc/dfb0accb7f508ae8be965d8629557221c889dd98/library/core/src/ops/function.rs:250:5
[INFO] [stdout]   26:     0x632a4e703ddb - test[9d35eded1c95d3be]::__rust_begin_short_backtrace::<core[df12db4294e9bfd3]::result::Result<(), alloc[2182bb758b4b3781]::string::String>, fn() -> core[df12db4294e9bfd3]::result::Result<(), alloc[2182bb758b4b3781]::string::String>>
[INFO] [stdout]                                at /rustc/dfb0accb7f508ae8be965d8629557221c889dd98/library/test/src/lib.rs:733:18
[INFO] [stdout]   27:     0x632a4e711445 - test[9d35eded1c95d3be]::run_test_in_process::{closure#0}
[INFO] [stdout]                                at /rustc/dfb0accb7f508ae8be965d8629557221c889dd98/library/test/src/lib.rs:756:74
[INFO] [stdout]   28:     0x632a4e711445 - <core[df12db4294e9bfd3]::panic::unwind_safe::AssertUnwindSafe<test[9d35eded1c95d3be]::run_test_in_process::{closure#0}> as core[df12db4294e9bfd3]::ops::function::FnOnce<()>>::call_once
[INFO] [stdout]                                at /rustc/dfb0accb7f508ae8be965d8629557221c889dd98/library/core/src/panic/unwind_safe.rs:275:9
[INFO] [stdout]   29:     0x632a4e711445 - std[70759c8f55707aa4]::panicking::catch_unwind::do_call::<core[df12db4294e9bfd3]::panic::unwind_safe::AssertUnwindSafe<test[9d35eded1c95d3be]::run_test_in_process::{closure#0}>, core[df12db4294e9bfd3]::result::Result<(), alloc[2182bb758b4b3781]::string::String>>
[INFO] [stdout]                                at /rustc/dfb0accb7f508ae8be965d8629557221c889dd98/library/std/src/panicking.rs:576:43
[INFO] [stdout]   30:     0x632a4e711445 - std[70759c8f55707aa4]::panicking::catch_unwind::<core[df12db4294e9bfd3]::result::Result<(), alloc[2182bb758b4b3781]::string::String>, core[df12db4294e9bfd3]::panic::unwind_safe::AssertUnwindSafe<test[9d35eded1c95d3be]::run_test_in_process::{closure#0}>>
[INFO] [stdout]                                at /rustc/dfb0accb7f508ae8be965d8629557221c889dd98/library/std/src/panicking.rs:544:19
[INFO] [stdout]   31:     0x632a4e711445 - std[70759c8f55707aa4]::panic::catch_unwind::<core[df12db4294e9bfd3]::panic::unwind_safe::AssertUnwindSafe<test[9d35eded1c95d3be]::run_test_in_process::{closure#0}>, core[df12db4294e9bfd3]::result::Result<(), alloc[2182bb758b4b3781]::string::String>>
[INFO] [stdout]                                at /rustc/dfb0accb7f508ae8be965d8629557221c889dd98/library/std/src/panic.rs:359:14
[INFO] [stdout]   32:     0x632a4e711445 - test[9d35eded1c95d3be]::run_test_in_process
[INFO] [stdout]                                at /rustc/dfb0accb7f508ae8be965d8629557221c889dd98/library/test/src/lib.rs:756:27
[INFO] [stdout]   33:     0x632a4e711445 - test[9d35eded1c95d3be]::run_test::{closure#0}
[INFO] [stdout]                                at /rustc/dfb0accb7f508ae8be965d8629557221c889dd98/library/test/src/lib.rs:677:43
[INFO] [stdout]   34:     0x632a4e70ad04 - test[9d35eded1c95d3be]::run_test::{closure#1}
[INFO] [stdout]                                at /rustc/dfb0accb7f508ae8be965d8629557221c889dd98/library/test/src/lib.rs:707:41
[INFO] [stdout]   35:     0x632a4e70ad04 - std[70759c8f55707aa4]::sys::backtrace::__rust_begin_short_backtrace::<test[9d35eded1c95d3be]::run_test::{closure#1}, ()>
[INFO] [stdout]                                at /rustc/dfb0accb7f508ae8be965d8629557221c889dd98/library/std/src/sys/backtrace.rs:166:18
[INFO] [stdout]   36:     0x632a4e7145a2 - std[70759c8f55707aa4]::thread::lifecycle::spawn_unchecked::<test[9d35eded1c95d3be]::run_test::{closure#1}, ()>::{closure#1}::{closure#0}
[INFO] [stdout]                                at /rustc/dfb0accb7f508ae8be965d8629557221c889dd98/library/std/src/thread/lifecycle.rs:70:13
[INFO] [stdout]   37:     0x632a4e7145a2 - <core[df12db4294e9bfd3]::panic::unwind_safe::AssertUnwindSafe<std[70759c8f55707aa4]::thread::lifecycle::spawn_unchecked<test[9d35eded1c95d3be]::run_test::{closure#1}, ()>::{closure#1}::{closure#0}> as core[df12db4294e9bfd3]::ops::function::FnOnce<()>>::call_once
[INFO] [stdout]                                at /rustc/dfb0accb7f508ae8be965d8629557221c889dd98/library/core/src/panic/unwind_safe.rs:275:9
[INFO] [stdout]   38:     0x632a4e7145a2 - std[70759c8f55707aa4]::panicking::catch_unwind::do_call::<core[df12db4294e9bfd3]::panic::unwind_safe::AssertUnwindSafe<std[70759c8f55707aa4]::thread::lifecycle::spawn_unchecked<test[9d35eded1c95d3be]::run_test::{closure#1}, ()>::{closure#1}::{closure#0}>, ()>
[INFO] [stdout]                                at /rustc/dfb0accb7f508ae8be965d8629557221c889dd98/library/std/src/panicking.rs:576:43
[INFO] [stdout]   39:     0x632a4e7145a2 - std[70759c8f55707aa4]::panicking::catch_unwind::<(), core[df12db4294e9bfd3]::panic::unwind_safe::AssertUnwindSafe<std[70759c8f55707aa4]::thread::lifecycle::spawn_unchecked<test[9d35eded1c95d3be]::run_test::{closure#1}, ()>::{closure#1}::{closure#0}>>
[INFO] [stdout]                                at /rustc/dfb0accb7f508ae8be965d8629557221c889dd98/library/std/src/panicking.rs:544:19
[INFO] [stdout]   40:     0x632a4e7145a2 - std[70759c8f55707aa4]::panic::catch_unwind::<core[df12db4294e9bfd3]::panic::unwind_safe::AssertUnwindSafe<std[70759c8f55707aa4]::thread::lifecycle::spawn_unchecked<test[9d35eded1c95d3be]::run_test::{closure#1}, ()>::{closure#1}::{closure#0}>, ()>
[INFO] [stdout]                                at /rustc/dfb0accb7f508ae8be965d8629557221c889dd98/library/std/src/panic.rs:359:14
[INFO] [stdout]   41:     0x632a4e7145a2 - std[70759c8f55707aa4]::thread::lifecycle::spawn_unchecked::<test[9d35eded1c95d3be]::run_test::{closure#1}, ()>::{closure#1}
[INFO] [stdout]                                at /rustc/dfb0accb7f508ae8be965d8629557221c889dd98/library/std/src/thread/lifecycle.rs:68:26
[INFO] [stdout]   42:     0x632a4e7145a2 - <std[70759c8f55707aa4]::thread::lifecycle::spawn_unchecked<test[9d35eded1c95d3be]::run_test::{closure#1}, ()>::{closure#1} as core[df12db4294e9bfd3]::ops::function::FnOnce<()>>::call_once::{shim:vtable#0}
[INFO] [stdout]                                at /rustc/dfb0accb7f508ae8be965d8629557221c889dd98/library/core/src/ops/function.rs:250:5
[INFO] [stdout]   43:     0x632a4e77f4b9 - <alloc[2182bb758b4b3781]::boxed::Box<dyn core[df12db4294e9bfd3]::ops::function::FnOnce<(), Output = ()> + core[df12db4294e9bfd3]::marker::Send> as core[df12db4294e9bfd3]::ops::function::FnOnce<()>>::call_once
[INFO] [stdout]                                at /rustc/dfb0accb7f508ae8be965d8629557221c889dd98/library/alloc/src/boxed.rs:2320:9
[INFO] [stdout]   44:     0x632a4e77f4b9 - <std[70759c8f55707aa4]::sys::thread::unix::Thread>::new::thread_start
[INFO] [stdout]                                at /rustc/dfb0accb7f508ae8be965d8629557221c889dd98/library/std/src/sys/thread/unix.rs:123:17
[INFO] [stdout]   45:     0x71c8fa440dfa - <unknown>
[INFO] [stdout]   46:     0x71c8fa4d43d4 - clone
[INFO] [stdout]   47:                0x0 - <unknown>
[INFO] [stdout] 
[INFO] [stdout] 
[INFO] [stdout] failures:
[INFO] [stdout]     ui
[INFO] [stdout] 
[INFO] [stdout] test result: FAILED. 0 passed; 1 failed; 0 ignored; 0 measured; 0 filtered out; finished in 351.88s
[INFO] [stdout] 
[INFO] [stderr] error: test failed, to rerun pass `--test ui`
[INFO] running `Command { std: "docker" "inspect" "404b9f88766d4494608a0099699bbe76738e3624652313685db1a177776a07ab", kill_on_drop: false }`
[INFO] running `Command { std: "docker" "rm" "-f" "404b9f88766d4494608a0099699bbe76738e3624652313685db1a177776a07ab", kill_on_drop: false }`
[INFO] [stdout] 404b9f88766d4494608a0099699bbe76738e3624652313685db1a177776a07ab
