[INFO] fetching crate vitaminc-protected 0.5.0...
[INFO] testing vitaminc-protected-0.5.0 against 1.100.0-beta.1 for beta-1.100-2
[INFO] extracting crate vitaminc-protected 0.5.0 into /workspace/builds/worker-1-tc2/source
[INFO] started tweaking crates.io crate vitaminc-protected 0.5.0
[INFO] removed 0 missing tests
[INFO] finished tweaking crates.io crate vitaminc-protected 0.5.0
[INFO] tweaked toml for crates.io crate vitaminc-protected 0.5.0 written to /workspace/builds/worker-1-tc2/source/Cargo.toml
[INFO] validating manifest of crates.io crate vitaminc-protected 0.5.0 on toolchain 1.100.0-beta.1
[INFO] running `Command { std: CARGO_HOME="/workspace/cargo-home" RUSTUP_HOME="/workspace/rustup-home" "/workspace/cargo-home/bin/cargo" "+1.100.0-beta.1" "metadata" "--manifest-path" "Cargo.toml" "--no-deps", kill_on_drop: false }`
[INFO] crate crates.io crate vitaminc-protected 0.5.0 already has a lockfile, it will not be regenerated
[INFO] running `Command { std: CARGO_HOME="/workspace/cargo-home" RUSTUP_HOME="/workspace/rustup-home" "/workspace/cargo-home/bin/cargo" "+1.100.0-beta.1" "fetch" "--manifest-path" "Cargo.toml", kill_on_drop: false }`
[INFO] running `Command { std: "docker" "create" "-v" "/var/lib/crater-agent-workspace/builds/worker-1-tc2/source:/opt/rustwide/workdir:ro,Z" "-v" "/var/lib/crater-agent-workspace/builds/worker-1-tc2/target:/opt/rustwide/target:rw,Z" "-v" "/var/lib/crater-agent-workspace/cargo-home:/opt/rustwide/cargo-home:ro,Z" "-v" "/var/lib/crater-agent-workspace/rustup-home:/opt/rustwide/rustup-home:ro,Z" "-m" "1610612736" "--network" "none" "ghcr.io/rust-lang/crates-build-env/linux@sha256:3111399a4047eeb3a02b7a90e478d715f38a8c6669b5c4b49d30a17385265909" "sleep" "infinity", kill_on_drop: false }`
[INFO] [stdout] 35aeff4eca9c95be0f0af40c5ff8e09ac0a7c505013061de5bf664ba7b9229bf
[INFO] running `Command { std: "docker" "start" "35aeff4eca9c95be0f0af40c5ff8e09ac0a7c505013061de5bf664ba7b9229bf", kill_on_drop: false }`
[INFO] running `Command { std: "docker" "inspect" "35aeff4eca9c95be0f0af40c5ff8e09ac0a7c505013061de5bf664ba7b9229bf", kill_on_drop: false }`
[INFO] running `Command { std: "docker" "exec" "-e" "SOURCE_DIR=/opt/rustwide/workdir" "-e" "CARGO_HOME=/opt/rustwide/cargo-home" "-e" "RUSTUP_HOME=/opt/rustwide/rustup-home" "-e" "CARGO_TARGET_DIR=/opt/rustwide/target" "-w" "/opt/rustwide/workdir" "--user" "0:0" "35aeff4eca9c95be0f0af40c5ff8e09ac0a7c505013061de5bf664ba7b9229bf" "/opt/rustwide/cargo-home/bin/cargo" "+1.100.0-beta.1" "metadata" "--no-deps" "--format-version=1", kill_on_drop: false }`
[INFO] running `Command { std: "docker" "inspect" "35aeff4eca9c95be0f0af40c5ff8e09ac0a7c505013061de5bf664ba7b9229bf", kill_on_drop: false }`
[INFO] running `Command { std: "docker" "exec" "-e" "SOURCE_DIR=/opt/rustwide/workdir" "-e" "CARGO_HOME=/opt/rustwide/cargo-home" "-e" "RUSTUP_HOME=/opt/rustwide/rustup-home" "-e" "CARGO_TARGET_DIR=/opt/rustwide/target" "-e" "CARGO_INCREMENTAL=0" "-e" "RUST_BACKTRACE=full" "-e" "RUSTFLAGS=--cap-lints=warn" "-e" "RUSTDOCFLAGS=--cap-lints=warn" "-w" "/opt/rustwide/workdir" "--user" "0:0" "35aeff4eca9c95be0f0af40c5ff8e09ac0a7c505013061de5bf664ba7b9229bf" "/opt/rustwide/cargo-home/bin/cargo" "+1.100.0-beta.1" "build" "--frozen" "--message-format=json", kill_on_drop: false }`
[INFO] [stderr]    Compiling typenum v1.19.0
[INFO] [stderr]    Compiling radium v0.7.0
[INFO] [stderr]    Compiling thiserror v2.0.20
[INFO] [stderr]    Compiling cmov v0.5.4
[INFO] [stderr]    Compiling tap v1.0.1
[INFO] [stderr]    Compiling funty v2.0.0
[INFO] [stderr]    Compiling vitaminc-protected v0.5.0 (/opt/rustwide/workdir)
[INFO] [stderr]    Compiling subtle v2.6.1
[INFO] [stderr]    Compiling syn v3.0.5
[INFO] [stderr]    Compiling syn v2.0.119
[INFO] [stderr]    Compiling serde_bytes v0.11.19
[INFO] [stderr]    Compiling wyz v0.5.1
[INFO] [stderr]    Compiling ctutils v0.4.2
[INFO] [stderr]    Compiling bitvec v1.1.1
[INFO] [stderr]    Compiling hybrid-array v0.4.10
[INFO] [stderr]    Compiling block-buffer v0.12.0
[INFO] [stderr]    Compiling crypto-common v0.2.1
[INFO] [stderr]    Compiling digest v0.11.2
[INFO] [stderr]    Compiling zeroize_derive v1.5.0
[INFO] [stderr]    Compiling zeroize v1.9.0
[INFO] [stderr]    Compiling thiserror-impl v2.0.20
[INFO] [stderr]    Compiling serde_derive v1.0.229
[INFO] [stderr]    Compiling vitaminc-protected-derive v0.5.0
[INFO] [stderr]    Compiling serde v1.0.229
[INFO] [stderr] warning: unused dependency `bitvec`
[INFO] [stderr]  --> Cargo.toml:1:15
[INFO] [stderr]   |
[INFO] [stderr] 1 | [dependencies.bitvec]
[INFO] [stderr]   |               ^^^^^^^
[INFO] [stderr]   |
[INFO] [stderr]   = note: `cargo::unused_dependencies` is set to `warn` by default
[INFO] [stderr] help: consider removing the dependency on `bitvec`
[INFO] [stderr] warning: `vitaminc-protected` (manifest) generated 1 warning
[INFO] [stderr]     Finished `dev` profile [unoptimized + debuginfo] target(s) in 14.23s
[INFO] running `Command { std: "docker" "inspect" "35aeff4eca9c95be0f0af40c5ff8e09ac0a7c505013061de5bf664ba7b9229bf", kill_on_drop: false }`
[INFO] running `Command { std: "docker" "exec" "-e" "SOURCE_DIR=/opt/rustwide/workdir" "-e" "CARGO_HOME=/opt/rustwide/cargo-home" "-e" "RUSTUP_HOME=/opt/rustwide/rustup-home" "-e" "CARGO_TARGET_DIR=/opt/rustwide/target" "-e" "CARGO_INCREMENTAL=0" "-e" "RUST_BACKTRACE=full" "-e" "RUSTFLAGS=--cap-lints=warn" "-e" "RUSTDOCFLAGS=--cap-lints=warn" "-w" "/opt/rustwide/workdir" "--user" "0:0" "35aeff4eca9c95be0f0af40c5ff8e09ac0a7c505013061de5bf664ba7b9229bf" "/opt/rustwide/cargo-home/bin/cargo" "+1.100.0-beta.1" "test" "--frozen" "--no-run" "--message-format=json", kill_on_drop: false }`
[INFO] [stderr]    Compiling memchr v2.8.0
[INFO] [stderr]    Compiling autocfg v1.5.0
[INFO] [stderr]    Compiling getrandom v0.4.3
[INFO] [stderr]    Compiling winnow v1.0.4
[INFO] [stderr]    Compiling rand_core v0.10.0
[INFO] [stderr]    Compiling target-tuple v1.0.2
[INFO] [stderr]    Compiling const-oid v0.10.2
[INFO] [stderr]    Compiling serde_spanned v1.1.1
[INFO] [stderr]    Compiling toml_datetime v1.1.1+spec-1.1.0
[INFO] [stderr]    Compiling serde v1.0.229
[INFO] [stderr]    Compiling toml_writer v1.1.2+spec-1.1.0
[INFO] [stderr]    Compiling itoa v1.0.17
[INFO] [stderr]    Compiling block-buffer v0.12.0
[INFO] [stderr]    Compiling serde_bytes v0.11.19
[INFO] [stderr]    Compiling glob v0.3.4
[INFO] [stderr]    Compiling quickcheck_macros v1.2.0
[INFO] [stderr]    Compiling mutants v0.0.4
[INFO] [stderr]    Compiling digest v0.11.2
[INFO] [stderr]    Compiling rand v0.10.2
[INFO] [stderr]    Compiling sha2 v0.11.0
[INFO] [stderr]    Compiling toml_parser v1.1.3+spec-1.1.0
[INFO] [stderr]    Compiling num-traits v0.2.19
[INFO] [stderr]    Compiling aho-corasick v1.1.4
[INFO] [stderr]    Compiling serde_json v1.0.151
[INFO] [stderr]    Compiling vitaminc-protected v0.5.0 (/opt/rustwide/workdir)
[INFO] [stderr]    Compiling toml v1.1.4+spec-1.1.0
[INFO] [stderr]    Compiling rmp v0.8.15
[INFO] [stderr]    Compiling rmp-serde v1.3.1
[INFO] [stderr]    Compiling regex-automata v0.4.14
[INFO] [stderr]    Compiling trybuild v1.0.121
[INFO] [stderr]    Compiling regex v1.12.3
[INFO] [stderr]    Compiling env_filter v1.0.0
[INFO] [stderr]    Compiling env_logger v0.11.9
[INFO] [stderr]    Compiling quickcheck v1.1.0
[INFO] [stderr] warning: unused dependency `bitvec`
[INFO] [stderr]  --> Cargo.toml:1:15
[INFO] [stderr]   |
[INFO] [stderr] 1 | [dependencies.bitvec]
[INFO] [stderr]   |               ^^^^^^^
[INFO] [stderr]   |
[INFO] [stderr]   = note: `cargo::unused_dependencies` is set to `warn` by default
[INFO] [stderr] help: consider removing the dependency on `bitvec`
[INFO] [stderr] warning: `vitaminc-protected` (manifest) generated 1 warning
[INFO] [stderr]     Finished `test` profile [unoptimized + debuginfo] target(s) in 16.14s
[INFO] running `Command { std: "docker" "inspect" "35aeff4eca9c95be0f0af40c5ff8e09ac0a7c505013061de5bf664ba7b9229bf", kill_on_drop: false }`
[INFO] running `Command { std: "docker" "exec" "-e" "SOURCE_DIR=/opt/rustwide/workdir" "-e" "CARGO_HOME=/opt/rustwide/cargo-home" "-e" "RUSTUP_HOME=/opt/rustwide/rustup-home" "-e" "CARGO_TARGET_DIR=/opt/rustwide/target" "-e" "CARGO_INCREMENTAL=0" "-e" "RUST_BACKTRACE=full" "-e" "RUSTFLAGS=--cap-lints=warn" "-e" "RUSTDOCFLAGS=--cap-lints=warn" "-w" "/opt/rustwide/workdir" "--user" "0:0" "35aeff4eca9c95be0f0af40c5ff8e09ac0a7c505013061de5bf664ba7b9229bf" "/opt/rustwide/cargo-home/bin/cargo" "+1.100.0-beta.1" "test" "--frozen", kill_on_drop: false }`
[INFO] [stderr] warning: unused dependency `bitvec`
[INFO] [stderr]  --> Cargo.toml:1:15
[INFO] [stderr]   |
[INFO] [stderr] 1 | [dependencies.bitvec]
[INFO] [stderr]   |               ^^^^^^^
[INFO] [stderr]   |
[INFO] [stderr]   = note: `cargo::unused_dependencies` is set to `warn` by default
[INFO] [stderr] help: consider removing the dependency on `bitvec`
[INFO] [stderr] warning: `vitaminc-protected` (manifest) generated 1 warning
[INFO] [stderr]     Finished `test` profile [unoptimized + debuginfo] target(s) in 0.08s
[INFO] [stderr]      Running unittests src/lib.rs (/opt/rustwide/target/debug/build/vitaminc-protected/929b659106588349/out/vitaminc_protected-929b659106588349)
[INFO] [stdout] 
[INFO] [stdout] running 119 tests
[INFO] [stdout] test conversions::tests::test_char_array_into_string ... ok
[INFO] [stdout] test controlled::tests::test_map_different_inner ... ok
[INFO] [stdout] test controlled::tests::test_map_adapter_different_inner ... ok
[INFO] [stdout] test controlled::tests::test_map_adapter_homogenous_inner ... ok
[INFO] [stdout] test conversions::tests::test_from_generic_array_48 ... ok
[INFO] [stdout] test digest::tests::protected_prefix_matches_sha256 ... ok
[INFO] [stdout] test digest::tests::public_input_finalizes_directly_into_public_sha256_output ... ok
[INFO] [stdout] test digest::tests::sha384_finalizes_directly_into_protected_and_public_outputs ... ok
[INFO] [stdout] test equatable::tests::ct_eq_array ... ok
[INFO] [stdout] test conversions::tests::test_from_generic_array ... ok
[INFO] [stdout] test controlled::tests::test_map_homogenous_inner ... ok
[INFO] [stdout] test equatable::tests::ct_eq_equatable_trait_impl ... ok
[INFO] [stdout] test equatable::tests::drop_zeroizes_inner ... ok
[INFO] [stdout] test equatable::tests::ct_eq_nonzero_u16 ... ok
[INFO] [stdout] test conversions::tests::test_non_zero_into_protected ... ok
[INFO] [stdout] test conversions::tests::test_string_into_protected ... ok
[INFO] [stdout] test debug::tests::zeroize_delegates_to_inner ... ok
[INFO] [stdout] test equatable::tests::ct_eq_str ... ok
[INFO] [stdout] test equatable::tests::test_inequality_u8 ... ok
[INFO] [stdout] test exportable::tests::drop_zeroizes_inner ... ok
[INFO] [stdout] test digest::tests::explicit_reset_discards_previous_input ... ok
[INFO] [stdout] test digest::tests::mixed_public_and_protected_updates_preserve_order ... ok
[INFO] [stdout] test exportable::tests::test_opaque_debug ... ok
[INFO] [stdout] test exportable::tests::test_serialize_bytes ... ok
[INFO] [stdout] test digest::tests::protected_and_public_reset_finalization_reuses_the_digest ... ok
[INFO] [stdout] test exportable::tests::test_serialize_deserialize ... ok
[INFO] [stdout] test equatable::tests::test_opaque_debug ... ok
[INFO] [stdout] test exportable::tests::test_serialize_deserialize_inner ... ok
[INFO] [stdout] test exportable::tests::test_serialize_deserialize_nested ... ok
[INFO] [stdout] test equatable::tests::test_equality_u8 ... ok
[INFO] [stdout] test digest::tests::protected_digest_state_is_zeroize_on_drop ... ok
[INFO] [stdout] test debug::tests::test_redacted_debug ... ok
[INFO] [stdout] test locked::fallback::tests::dropping_a_region_releases_it_zeroed ... ok
[INFO] [stdout] test equatable::tests::test_safe_eq_arr ... ok
[INFO] [stdout] test locked::fallback::tests::a_heap_region_has_no_lock_to_lose_or_regain ... ok
[INFO] [stdout] test equatable::tests::ct_eq_string ... ok
[INFO] [stdout] test locked::tests::a_generated_value_is_built_in_place ... ok
[INFO] [stdout] test locked::tests::a_padded_value_moves_in_clones_generates_zeroizes_and_wipes ... ok
[INFO] [stdout] test locked::tests::a_failed_allocation_zeroizes_the_input ... ok
[INFO] [stdout] test locked::fallback::tests::the_value_is_at_the_start_of_the_allocation ... ok
[INFO] [stdout] test locked::layout::tests::the_value_sits_as_close_to_the_end_as_its_alignment_allows ... ok
[INFO] [stdout] test locked::fallback::tests::a_wipe_zeroes_the_whole_allocation ... ok
[INFO] [stdout] test locked::layout::tests::the_interior_is_whole_pages_and_never_empty ... ok
[INFO] [stdout] test locked::layout::tests::the_total_is_the_interior_plus_a_guard_page_each_side ... ok
[INFO] [stdout] test locked::tests::a_failed_generation_returns_the_callers_error ... ok
[INFO] [stdout] test locked::fallback::tests::a_region_is_a_zeroed_heap_allocation_that_reports_no_lock ... ok
[INFO] [stdout] test equatable::tests::ct_eq_u8_slice ... ok
[INFO] [stdout] test locked::tests::every_error_displays_and_only_os_errors_have_a_source ... ok
[INFO] [stdout] test locked::tests::a_small_value_is_locked_when_the_limit_allows ... ok
[INFO] [stdout] test locked::tests::a_value_moved_in_reads_back ... ok
[INFO] [stdout] test locked::fallback::tests::a_zero_sized_request_still_gets_a_byte ... ok
[INFO] [stdout] test digest::tests::protected_input_finalizes_directly_into_protected_sha256_output ... ok
[INFO] [stdout] test locked::tests::debug_reveals_nothing_but_the_type_and_lock_state ... ok
[INFO] [stdout] test locked::tests::require_locked_passes_a_locked_value_through ... ok
[INFO] [stdout] test locked::tests::new_moves_without_running_drop_on_the_source ... ok
[INFO] [stdout] test equatable::tests::risky_unwrap_does_not_zeroize ... ok
[INFO] [stdout] test locked::tests::move_in_wipes_the_source_slot ... ok
[INFO] [stdout] test locked::tests::the_handle_is_a_few_words_whatever_the_value_size ... ok
[INFO] [stdout] test locked::tests::the_policy_error_names_the_policy_in_force ... ok
[INFO] [stdout] test locked::tests::what_the_value_owns_elsewhere_is_zeroized_before_it_is_dropped ... ok
[INFO] [stdout] test locked::tests::the_value_owns_its_own_drop ... ok
[INFO] [stdout] test locked::tests::relock_in_the_same_process_reports_the_known_state ... ok
[INFO] [stdout] test locked::unix::tests::a_failed_atfork_registration_is_a_degradation_naming_its_errno ... ok
[INFO] [stdout] test locked::tests::try_clone_is_a_second_region ... ok
[INFO] [stdout] test locked::tests::the_handle_is_send_and_sync ... ok
[INFO] [stdout] test locked::unix::tests::the_memlock_limit_is_the_soft_limit_when_finite ... ok
[INFO] [stdout] test locked::unix::tests::a_region_belongs_to_the_fork_generation_it_was_locked_in ... ok
[INFO] [stdout] test non_empty::tests::cow_is_as_empty_as_its_referent ... ok
[INFO] [stdout] test locked::unix::tests::a_wipe_zeroes_the_whole_interior ... ok
[INFO] [stdout] test non_empty::tests::empty_shapes_are_empty ... ok
[INFO] [stdout] test locked::unix::tests::an_alignment_of_one_page_is_the_most_the_region_offers ... ok
[INFO] [stdout] test non_empty::tests::error_is_displayable_and_stable ... ok
[INFO] [stdout] test non_empty::tests::from_static_accepts_a_non_empty_literal ... ok
[INFO] [stdout] test exportable::tests::risky_unwrap_does_not_zeroize ... ok
[INFO] [stdout] test non_empty::tests::from_static_bytes_accepts_a_non_empty_byte_string ... ok
[INFO] [stdout] test locked::tests::zeroize_clears_the_value_in_place ... ok
[INFO] [stdout] test non_empty::tests::integers_are_never_empty ... ok
[INFO] [stdout] test non_empty::tests::integers_convert_without_a_check ... ok
[INFO] [stdout] test non_empty::tests::new_checks_once_at_construction ... ok
[INFO] [stdout] test conversions::tests::test_into_protected ... ok
[INFO] [stdout] test locked::tests::update_changes_the_value_in_place ... ok
[INFO] [stdout] test locked::unix::tests::the_total_is_the_interior_plus_a_guard_page_each_side ... ok
[INFO] [stdout] test locked::tests::timing_safe_eq_compares_the_values ... ok
[INFO] [stdout] test non_empty::tests::new_succeeds_exactly_when_the_string_has_bytes ... ok
[INFO] [stdout] test non_empty::tests::nonempty_macro_accepts_any_static_constant_expression ... ok
[INFO] [stdout] test locked::tests::the_region_is_all_zero_after_the_wipe ... ok
[INFO] [stdout] test non_empty::tests::new_succeeds_exactly_when_the_bytes_are_non_empty ... ok
[INFO] [stdout] test non_empty::tests::option_is_as_empty_as_its_payload ... ok
[INFO] [stdout] test locked::tests::zero_sized_and_odd_sized_types_are_fine ... ok
[INFO] [stdout] test non_empty::tests::with_pairs_unchecked_and_nests_left ... ok
[INFO] [stdout] test protected::tests::drop_zeroizes_inner ... ok
[INFO] [stdout] test locked::unix::tests::the_value_sits_against_the_trailing_guard ... ok
[INFO] [stdout] test non_empty::tests::pair_is_empty_only_when_both_sides_are ... ok
[INFO] [stdout] test protected::tests::test_flatten ... ok
[INFO] [stdout] test non_empty::tests::with_needs_no_bound_on_the_head ... ok
[INFO] [stdout] test non_empty::tests::the_old_trait_name_still_resolves ... ok
[INFO] [stdout] test protected::tests::test_flatten_array ... ok
[INFO] [stdout] test protected::tests::test_opaque_debug ... ok
[INFO] [stdout] test non_empty::tests::references_defer_to_the_referent ... ok
[INFO] [stdout] test protected::tests::each_clone_is_wiped_independently ... ok
[INFO] [stdout] test protected::tests::flatten_and_transpose_move_without_zeroizing ... ok
[INFO] [stdout] test non_empty::tests::shapes_carrying_information_are_not_empty ... ok
[INFO] [stdout] test protected::tests::risky_unwrap_does_not_zeroize ... ok
[INFO] [stdout] test protected::tests::test_new_array ... ok
[INFO] [stdout] test non_empty::tests::with_needs_no_bound_on_the_tail ... ok
[INFO] [stdout] test timing_safe::tests::ts_ne_negates_ts_eq ... ok
[INFO] [stdout] test usage::tests::drop_wipes_through_inner_wrapper ... ok
[INFO] [stdout] test protected::tests::zeroize_wipes_array_payload ... ok
[INFO] [stdout] test usage::tests::test_usage_for_default_scope ... ok
[INFO] [stdout] test usage::tests::test_usage_for_specific_scope ... ok
[INFO] [stdout] test locked::tests::the_kernel_reports_the_region_locked_and_not_dumpable ... ok
[INFO] [stdout] test usage::tests::usage_is_zeroize_on_drop_when_inner_is ... ok
[INFO] [stdout] test protected::tests::nested_wrappers_keep_zeroizing_drop_glue ... ok
[INFO] [stdout] test protected::tests::zeroize_on_drop_is_backed_by_drop_glue ... ok
[INFO] [stdout] test locked::tests::a_panicking_destructor_still_releases_the_region_exactly_once ... ok
[INFO] [stdout] test locked::tests::a_panicking_zeroize_still_drops_the_value_and_releases_the_region ... ok
[INFO] [stdout] test non_empty::tests::from_static_panics_on_an_empty_string_at_runtime - should panic ... ok
[INFO] [stderr]      Running tests/locked_fork.rs (/opt/rustwide/target/debug/build/vitaminc-protected/6b86170d705fc3bf/out/locked_fork-6b86170d705fc3bf)
[INFO] [stdout] test locked::tests::a_panicking_zeroed_releases_the_region_without_dropping_a_value ... ok
[INFO] [stdout] test non_empty::tests::from_static_bytes_panics_on_empty_bytes_at_runtime - should panic ... ok
[INFO] [stdout] 
[INFO] [stdout] test result: ok. 119 passed; 0 failed; 0 ignored; 0 measured; 0 filtered out; finished in 0.07s
[INFO] [stdout] 
[INFO] [stdout] ok: the child saw the lock gone, took it back, and the parent kept its own
[INFO] [stderr]      Running tests/locked_process.rs (/opt/rustwide/target/debug/build/vitaminc-protected/71d8ba9f68905930/out/locked_process-71d8ba9f68905930)
[INFO] [stdout] 
[INFO] [stdout] running 6 tests
[INFO] [stdout] test child_entry ... ok
[INFO] [stdout] test the_policy_is_set_once_per_process ... ok
[INFO] [stdout] test a_refused_lock_is_reported_under_best_effort ... ok
[INFO] [stdout] test dropping_the_value_unmaps_the_interior_and_both_guards ... ok
[INFO] [stdout] test a_refused_lock_fails_the_constructor_under_strict ... ok
[INFO] [stdout] test a_write_past_the_value_faults_on_the_guard_page ... ok
[INFO] [stdout] 
[INFO] [stdout] test result: ok. 6 passed; 0 failed; 0 ignored; 0 measured; 0 filtered out; finished in 0.20s
[INFO] [stdout] 
[INFO] [stderr]      Running tests/negative_space.rs (/opt/rustwide/target/debug/build/vitaminc-protected/4d10e946179e37c8/out/negative_space-4d10e946179e37c8)
[INFO] [stdout] 
[INFO] [stdout] running 1 test
[INFO] [stderr]    Compiling proc-macro2 v1.0.107
[INFO] [stderr]    Compiling quote v1.0.47
[INFO] [stderr]    Compiling typenum v1.19.0
[INFO] [stderr]    Compiling serde_core v1.0.229
[INFO] [stderr]     Checking memchr v2.8.0
[INFO] [stderr]     Checking regex-syntax v0.8.10
[INFO] [stderr]    Compiling autocfg v1.5.0
[INFO] [stderr]    Compiling radium v0.7.0
[INFO] [stderr]    Compiling serde v1.0.229
[INFO] [stderr]     Checking cmov v0.5.4
[INFO] [stderr]    Compiling getrandom v0.4.3
[INFO] [stderr]     Checking tap v1.0.1
[INFO] [stderr]    Compiling thiserror v2.0.20
[INFO] [stderr]    Compiling zmij v1.0.21
[INFO] [stderr]     Checking log v0.4.29
[INFO] [stderr]     Checking const-oid v0.10.2
[INFO] [stderr]     Checking rand_core v0.10.0
[INFO] [stderr]     Checking wyz v0.5.1
[INFO] [stderr]    Compiling vitaminc-protected v0.5.0 (/opt/rustwide/workdir)
[INFO] [stderr]     Checking funty v2.0.0
[INFO] [stderr]     Checking ctutils v0.4.2
[INFO] [stderr]    Compiling serde_json v1.0.151
[INFO] [stderr]     Checking rand v0.10.2
[INFO] [stderr]     Checking itoa v1.0.17
[INFO] [stderr]     Checking aho-corasick v1.1.4
[INFO] [stderr]     Checking cpufeatures v0.3.0
[INFO] [stderr]     Checking subtle v2.6.1
[INFO] [stderr]    Compiling mutants v0.0.4
[INFO] [stderr]     Checking bitvec v1.1.1
[INFO] [stderr]    Compiling num-traits v0.2.19
[INFO] [stderr]     Checking regex-automata v0.4.14
[INFO] [stderr]    Compiling syn v2.0.119
[INFO] [stderr]    Compiling syn v3.0.5
[INFO] [stderr]     Checking hybrid-array v0.4.10
[INFO] [stderr]     Checking rmp v0.8.15
[INFO] [stderr]     Checking crypto-common v0.2.1
[INFO] [stderr]     Checking serde_bytes v0.11.19
[INFO] [stderr]     Checking regex v1.12.3
[INFO] [stderr]     Checking env_filter v1.0.0
[INFO] [stderr]     Checking env_logger v0.11.9
[INFO] [stderr]     Checking quickcheck v1.1.0
[INFO] [stderr]    Compiling serde_derive v1.0.229
[INFO] [stderr]    Compiling thiserror-impl v2.0.20
[INFO] [stderr]    Compiling vitaminc-protected-derive v0.5.0
[INFO] [stderr]    Compiling zeroize_derive v1.5.0
[INFO] [stderr]    Compiling quickcheck_macros v1.2.0
[INFO] [stderr]     Checking zeroize v1.9.0
[INFO] [stderr]     Checking block-buffer v0.12.0
[INFO] [stderr]     Checking digest v0.11.2
[INFO] [stderr]     Checking sha2 v0.11.0
[INFO] [stderr]     Checking rmp-serde v1.3.1
[INFO] [stderr]     Checking vitaminc-protected-tests v0.0.0 (/opt/rustwide/target/tests/trybuild/vitaminc-protected)
[INFO] [stderr]     Finished `dev` profile [unoptimized + debuginfo] target(s) in 12.46s
[INFO] [stderr] 
[INFO] [stderr] 
[INFO] [stderr] test tests/ui/negative_space/controlled_is_sealed.rs ... ok
[INFO] [stderr] test tests/ui/negative_space/equatable_has_no_deref.rs ... ok
[INFO] [stderr] test tests/ui/negative_space/equatable_is_not_copy.rs ... ok
[INFO] [stderr] test tests/ui/negative_space/exportable_has_no_deref.rs ... ok
[INFO] [stderr] test tests/ui/negative_space/exportable_is_not_copy.rs ... ok
[INFO] [stderr] test tests/ui/negative_space/protected_has_no_deref.rs ... ok
[INFO] [stderr] test tests/ui/negative_space/protected_has_no_deserialize.rs ... ok
[INFO] [stderr] test tests/ui/negative_space/protected_has_no_equality.rs ... ok
[INFO] [stderr] test tests/ui/negative_space/protected_has_no_serialize.rs ... ok
[INFO] [stderr] test tests/ui/negative_space/protected_inner_is_private.rs ... ok
[INFO] [stderr] test tests/ui/negative_space/protected_is_not_copy.rs ... ok
[INFO] [stderr] test tests/ui/negative_space/protected_ref_cannot_be_constructed.rs ... mismatch
[INFO] [stderr] 
[INFO] [stderr] EXPECTED:
[INFO] [stderr] ┈┈┈┈┈┈┈┈┈┈┈┈┈┈┈┈┈┈┈┈┈┈┈┈┈┈┈┈┈┈┈┈┈┈┈┈┈┈┈┈┈┈┈┈┈┈┈┈┈┈┈┈┈┈┈┈┈┈┈┈
[INFO] [stderr] error[E0423]: cannot initialize a tuple struct which contains private fields
[INFO] [stderr]  --> tests/ui/negative_space/protected_ref_cannot_be_constructed.rs:5:13
[INFO] [stderr]   |
[INFO] [stderr] 5 |     let _ = ProtectedRef(&bytes);
[INFO] [stderr]   |             ^^^^^^^^^^^^
[INFO] [stderr]   |
[INFO] [stderr] note: constructor is not visible here due to private fields
[INFO] [stderr]  --> src/as_protected_ref.rs
[INFO] [stderr]   |
[INFO] [stderr]   | pub struct ProtectedRef<'a, T>(pub(crate) &'a T)
[INFO] [stderr]   |                                ^^^^^^^^^^^^^^^^ private field
[INFO] [stderr] ┈┈┈┈┈┈┈┈┈┈┈┈┈┈┈┈┈┈┈┈┈┈┈┈┈┈┈┈┈┈┈┈┈┈┈┈┈┈┈┈┈┈┈┈┈┈┈┈┈┈┈┈┈┈┈┈┈┈┈┈
[INFO] [stderr] 
[INFO] [stderr] ACTUAL OUTPUT:
[INFO] [stderr] ┈┈┈┈┈┈┈┈┈┈┈┈┈┈┈┈┈┈┈┈┈┈┈┈┈┈┈┈┈┈┈┈┈┈┈┈┈┈┈┈┈┈┈┈┈┈┈┈┈┈┈┈┈┈┈┈┈┈┈┈
[INFO] [stderr] error[E0423]: cannot initialize a tuple struct which contains private fields
[INFO] [stderr]  --> tests/ui/negative_space/protected_ref_cannot_be_constructed.rs:5:13
[INFO] [stderr]   |
[INFO] [stderr] 5 |     let _ = ProtectedRef(&bytes);
[INFO] [stderr]   |             ^^^^^^^^^^^^
[INFO] [stderr]   |
[INFO] [stderr]   = note: a struct named `ProtectedRef` exists in another namespace
[INFO] [stderr] note: constructor is not visible here due to private fields
[INFO] [stderr]  --> src/as_protected_ref.rs
[INFO] [stderr]   |
[INFO] [stderr]   | pub struct ProtectedRef<'a, T>(pub(crate) &'a T)
[INFO] [stderr]   |                                ^^^^^^^^^^^^^^^^ private field
[INFO] [stderr] ┈┈┈┈┈┈┈┈┈┈┈┈┈┈┈┈┈┈┈┈┈┈┈┈┈┈┈┈┈┈┈┈┈┈┈┈┈┈┈┈┈┈┈┈┈┈┈┈┈┈┈┈┈┈┈┈┈┈┈┈
[INFO] [stderr] note: If the actual output is the correct output you can bless it by rerunning
[INFO] [stderr]       your test with the environment variable TRYBUILD=overwrite
[INFO] [stderr] 
[INFO] [stderr] test tests/ui/negative_space/usage_has_no_deref.rs ... ok
[INFO] [stderr] test tests/ui/negative_space/usage_is_not_copy.rs ... ok
[INFO] [stderr] 
[INFO] [stderr] 
[INFO] [stdout] test negative_space ... FAILED
[INFO] [stdout] 
[INFO] [stdout] failures:
[INFO] [stdout] 
[INFO] [stdout] ---- negative_space stdout ----
[INFO] [stdout] 
[INFO] [stdout] thread 'negative_space' (1244) panicked at /opt/rustwide/cargo-home/registry/src/index.crates.io-1949cf8c6b5b557f/trybuild-1.0.121/src/run.rs:103:13:
[INFO] [stdout] 1 of 14 tests failed
[INFO] [stdout] stack backtrace:
[INFO] [stdout]    0:     0x5cd737f30f01 - std[617be2ca0a6fd877]::backtrace_rs::backtrace::libunwind::trace
[INFO] [stdout]                                at /rustc/e3feeb59cd1bdd011a2bfcc0747b55125d9b8527/library/std/src/../../backtrace/src/backtrace/libunwind.rs:117:9
[INFO] [stdout]    1:     0x5cd737f30f01 - std[617be2ca0a6fd877]::backtrace_rs::backtrace::trace_unsynchronized::<std[617be2ca0a6fd877]::sys::backtrace::_print_fmt::{closure#1}>
[INFO] [stdout]                                at /rustc/e3feeb59cd1bdd011a2bfcc0747b55125d9b8527/library/std/src/../../backtrace/src/backtrace/mod.rs:66:14
[INFO] [stdout]    2:     0x5cd737f30f01 - std[617be2ca0a6fd877]::sys::backtrace::_print_fmt
[INFO] [stdout]                                at /rustc/e3feeb59cd1bdd011a2bfcc0747b55125d9b8527/library/std/src/sys/backtrace.rs:74:9
[INFO] [stdout]    3:     0x5cd737f30f01 - <<std[617be2ca0a6fd877]::sys::backtrace::BacktraceLock>::print::DisplayBacktrace as core[a373ad73a504971]::fmt::Display>::fmt
[INFO] [stdout]                                at /rustc/e3feeb59cd1bdd011a2bfcc0747b55125d9b8527/library/std/src/sys/backtrace.rs:44:26
[INFO] [stdout]    4:     0x5cd737f4734a - <core[a373ad73a504971]::fmt::rt::Argument>::fmt
[INFO] [stdout]                                at /rustc/e3feeb59cd1bdd011a2bfcc0747b55125d9b8527/library/core/src/fmt/rt.rs:152:76
[INFO] [stdout]    5:     0x5cd737f4734a - core[a373ad73a504971]::fmt::write
[INFO] [stdout]    6:     0x5cd737f3574c - core[a373ad73a504971]::io::write::default_write_fmt::<alloc[2e1b2a31b91974c5]::vec::Vec<u8>>
[INFO] [stdout]                                at /rustc/e3feeb59cd1bdd011a2bfcc0747b55125d9b8527/library/core/src/io/write.rs:402:11
[INFO] [stdout]    7:     0x5cd737f3574c - <alloc[2e1b2a31b91974c5]::vec::Vec<u8> as core[a373ad73a504971]::io::write::Write>::write_fmt
[INFO] [stdout]                                at /rustc/e3feeb59cd1bdd011a2bfcc0747b55125d9b8527/library/core/src/io/write.rs:335:13
[INFO] [stdout]    8:     0x5cd737f0a366 - <std[617be2ca0a6fd877]::sys::backtrace::BacktraceLock>::print
[INFO] [stdout]                                at /rustc/e3feeb59cd1bdd011a2bfcc0747b55125d9b8527/library/std/src/sys/backtrace.rs:47:9
[INFO] [stdout]    9:     0x5cd737f0a366 - std[617be2ca0a6fd877]::panicking::default_hook::{closure#0}
[INFO] [stdout]                                at /rustc/e3feeb59cd1bdd011a2bfcc0747b55125d9b8527/library/std/src/panicking.rs:289:27
[INFO] [stdout]   10:     0x5cd737f284a9 - std[617be2ca0a6fd877]::panicking::default_hook
[INFO] [stdout]                                at /rustc/e3feeb59cd1bdd011a2bfcc0747b55125d9b8527/library/std/src/panicking.rs:313:9
[INFO] [stdout]   11:     0x5cd737ec1ab0 - <alloc[2e1b2a31b91974c5]::boxed::Box<dyn for<'a, 'b> core[a373ad73a504971]::ops::function::Fn<(&'a std[617be2ca0a6fd877]::panic::PanicHookInfo<'b>,), Output = ()> + core[a373ad73a504971]::marker::Sync + core[a373ad73a504971]::marker::Send> as core[a373ad73a504971]::ops::function::Fn<(&std[617be2ca0a6fd877]::panic::PanicHookInfo,)>>::call
[INFO] [stdout]                                at /rustc/e3feeb59cd1bdd011a2bfcc0747b55125d9b8527/library/alloc/src/boxed.rs:2328:9
[INFO] [stdout]   12:     0x5cd737ec1ab0 - test[aada8e7e76ba119b]::test_main_inner::{closure#0}
[INFO] [stdout]                                at /rustc/e3feeb59cd1bdd011a2bfcc0747b55125d9b8527/library/test/src/lib.rs:137:21
[INFO] [stdout]   13:     0x5cd737f28662 - <alloc[2e1b2a31b91974c5]::boxed::Box<dyn for<'a, 'b> core[a373ad73a504971]::ops::function::Fn<(&'a std[617be2ca0a6fd877]::panic::PanicHookInfo<'b>,), Output = ()> + core[a373ad73a504971]::marker::Sync + core[a373ad73a504971]::marker::Send> as core[a373ad73a504971]::ops::function::Fn<(&std[617be2ca0a6fd877]::panic::PanicHookInfo,)>>::call
[INFO] [stdout]                                at /rustc/e3feeb59cd1bdd011a2bfcc0747b55125d9b8527/library/alloc/src/boxed.rs:2328:9
[INFO] [stdout]   14:     0x5cd737f28662 - std[617be2ca0a6fd877]::panicking::panic_with_hook
[INFO] [stdout]                                at /rustc/e3feeb59cd1bdd011a2bfcc0747b55125d9b8527/library/std/src/panicking.rs:819:13
[INFO] [stdout]   15:     0x5cd737f0a412 - std[617be2ca0a6fd877]::panicking::panic_handler::{closure#0}
[INFO] [stdout]                                at /rustc/e3feeb59cd1bdd011a2bfcc0747b55125d9b8527/library/std/src/panicking.rs:685:13
[INFO] [stdout]   16:     0x5cd737f02c69 - std[617be2ca0a6fd877]::sys::backtrace::__rust_end_short_backtrace::<std[617be2ca0a6fd877]::panicking::panic_handler::{closure#0}, !>
[INFO] [stdout]                                at /rustc/e3feeb59cd1bdd011a2bfcc0747b55125d9b8527/library/std/src/sys/backtrace.rs:182:18
[INFO] [stdout]   17:     0x5cd737f0b01d - __rustc[ea4f61d10b84890b]::rust_begin_unwind
[INFO] [stdout]                                at /rustc/e3feeb59cd1bdd011a2bfcc0747b55125d9b8527/library/std/src/panicking.rs:676:5
[INFO] [stdout]   18:     0x5cd737f47b3c - core[a373ad73a504971]::panicking::panic_fmt
[INFO] [stdout]                                at /rustc/e3feeb59cd1bdd011a2bfcc0747b55125d9b8527/library/core/src/panicking.rs:80:14
[INFO] [stdout]   19:     0x5cd737dbe804 - <trybuild[4b2f9b5ef1575cc3]::Runner>::run
[INFO] [stdout]                                at /opt/rustwide/cargo-home/registry/src/index.crates.io-1949cf8c6b5b557f/trybuild-1.0.121/src/run.rs:103:13
[INFO] [stdout]   20:     0x5cd737dc9ca8 - <trybuild[4b2f9b5ef1575cc3]::TestCases as core[a373ad73a504971]::ops::drop::Drop>::drop
[INFO] [stdout]                                at /opt/rustwide/cargo-home/registry/src/index.crates.io-1949cf8c6b5b557f/trybuild-1.0.121/src/lib.rs:342:38
[INFO] [stdout]   21:     0x5cd737c9b9a7 - core[a373ad73a504971]::ptr::drop_glue::<trybuild[4b2f9b5ef1575cc3]::TestCases>
[INFO] [stdout]                                at /rustc/e3feeb59cd1bdd011a2bfcc0747b55125d9b8527/library/core/src/ptr/mod.rs:848:1
[INFO] [stdout]   22:     0x5cd737c9bbb3 - negative_space[9f6729a4f22fc506]::negative_space
[INFO] [stdout]                                at /opt/rustwide/workdir/tests/negative_space.rs:9:1
[INFO] [stdout]   23:     0x5cd737c9bb07 - negative_space[9f6729a4f22fc506]::negative_space::{closure#0}
[INFO] [stdout]                                at /opt/rustwide/workdir/tests/negative_space.rs:6:20
[INFO] [stdout]   24:     0x5cd737c9c016 - <negative_space[9f6729a4f22fc506]::negative_space::{closure#0} as core[a373ad73a504971]::ops::function::FnOnce<()>>::call_once
[INFO] [stdout]                                at /rustc/e3feeb59cd1bdd011a2bfcc0747b55125d9b8527/library/core/src/ops/function.rs:250:5
[INFO] [stdout]   25:     0x5cd737eb4efb - <fn() -> core[a373ad73a504971]::result::Result<(), alloc[2e1b2a31b91974c5]::string::String> as core[a373ad73a504971]::ops::function::FnOnce<()>>::call_once
[INFO] [stdout]                                at /rustc/e3feeb59cd1bdd011a2bfcc0747b55125d9b8527/library/core/src/ops/function.rs:250:5
[INFO] [stdout]   26:     0x5cd737eb4efb - test[aada8e7e76ba119b]::__rust_begin_short_backtrace::<core[a373ad73a504971]::result::Result<(), alloc[2e1b2a31b91974c5]::string::String>, fn() -> core[a373ad73a504971]::result::Result<(), alloc[2e1b2a31b91974c5]::string::String>>
[INFO] [stdout]                                at /rustc/e3feeb59cd1bdd011a2bfcc0747b55125d9b8527/library/test/src/lib.rs:701:18
[INFO] [stdout]   27:     0x5cd737ec20d5 - test[aada8e7e76ba119b]::run_test_in_process::{closure#0}
[INFO] [stdout]                                at /rustc/e3feeb59cd1bdd011a2bfcc0747b55125d9b8527/library/test/src/lib.rs:724:74
[INFO] [stdout]   28:     0x5cd737ec20d5 - <core[a373ad73a504971]::panic::unwind_safe::AssertUnwindSafe<test[aada8e7e76ba119b]::run_test_in_process::{closure#0}> as core[a373ad73a504971]::ops::function::FnOnce<()>>::call_once
[INFO] [stdout]                                at /rustc/e3feeb59cd1bdd011a2bfcc0747b55125d9b8527/library/core/src/panic/unwind_safe.rs:275:9
[INFO] [stdout]   29:     0x5cd737ec20d5 - std[617be2ca0a6fd877]::panicking::catch_unwind::do_call::<core[a373ad73a504971]::panic::unwind_safe::AssertUnwindSafe<test[aada8e7e76ba119b]::run_test_in_process::{closure#0}>, core[a373ad73a504971]::result::Result<(), alloc[2e1b2a31b91974c5]::string::String>>
[INFO] [stdout]                                at /rustc/e3feeb59cd1bdd011a2bfcc0747b55125d9b8527/library/std/src/panicking.rs:573:43
[INFO] [stdout]   30:     0x5cd737ec20d5 - std[617be2ca0a6fd877]::panicking::catch_unwind::<core[a373ad73a504971]::result::Result<(), alloc[2e1b2a31b91974c5]::string::String>, core[a373ad73a504971]::panic::unwind_safe::AssertUnwindSafe<test[aada8e7e76ba119b]::run_test_in_process::{closure#0}>>
[INFO] [stdout]                                at /rustc/e3feeb59cd1bdd011a2bfcc0747b55125d9b8527/library/std/src/panicking.rs:541:19
[INFO] [stdout]   31:     0x5cd737ec20d5 - std[617be2ca0a6fd877]::panic::catch_unwind::<core[a373ad73a504971]::panic::unwind_safe::AssertUnwindSafe<test[aada8e7e76ba119b]::run_test_in_process::{closure#0}>, core[a373ad73a504971]::result::Result<(), alloc[2e1b2a31b91974c5]::string::String>>
[INFO] [stdout]                                at /rustc/e3feeb59cd1bdd011a2bfcc0747b55125d9b8527/library/std/src/panic.rs:359:14
[INFO] [stdout]   32:     0x5cd737ec20d5 - test[aada8e7e76ba119b]::run_test_in_process
[INFO] [stdout]                                at /rustc/e3feeb59cd1bdd011a2bfcc0747b55125d9b8527/library/test/src/lib.rs:724:27
[INFO] [stdout]   33:     0x5cd737ec20d5 - test[aada8e7e76ba119b]::run_test::{closure#0}
[INFO] [stdout]                                at /rustc/e3feeb59cd1bdd011a2bfcc0747b55125d9b8527/library/test/src/lib.rs:645:43
[INFO] [stdout]   34:     0x5cd737ebb9c4 - test[aada8e7e76ba119b]::run_test::{closure#1}
[INFO] [stdout]                                at /rustc/e3feeb59cd1bdd011a2bfcc0747b55125d9b8527/library/test/src/lib.rs:675:41
[INFO] [stdout]   35:     0x5cd737ebb9c4 - std[617be2ca0a6fd877]::sys::backtrace::__rust_begin_short_backtrace::<test[aada8e7e76ba119b]::run_test::{closure#1}, ()>
[INFO] [stdout]                                at /rustc/e3feeb59cd1bdd011a2bfcc0747b55125d9b8527/library/std/src/sys/backtrace.rs:166:18
[INFO] [stdout]   36:     0x5cd737ec5162 - std[617be2ca0a6fd877]::thread::lifecycle::spawn_unchecked::<test[aada8e7e76ba119b]::run_test::{closure#1}, ()>::{closure#1}::{closure#0}
[INFO] [stdout]                                at /rustc/e3feeb59cd1bdd011a2bfcc0747b55125d9b8527/library/std/src/thread/lifecycle.rs:70:13
[INFO] [stdout]   37:     0x5cd737ec5162 - <core[a373ad73a504971]::panic::unwind_safe::AssertUnwindSafe<std[617be2ca0a6fd877]::thread::lifecycle::spawn_unchecked<test[aada8e7e76ba119b]::run_test::{closure#1}, ()>::{closure#1}::{closure#0}> as core[a373ad73a504971]::ops::function::FnOnce<()>>::call_once
[INFO] [stdout]                                at /rustc/e3feeb59cd1bdd011a2bfcc0747b55125d9b8527/library/core/src/panic/unwind_safe.rs:275:9
[INFO] [stdout]   38:     0x5cd737ec5162 - std[617be2ca0a6fd877]::panicking::catch_unwind::do_call::<core[a373ad73a504971]::panic::unwind_safe::AssertUnwindSafe<std[617be2ca0a6fd877]::thread::lifecycle::spawn_unchecked<test[aada8e7e76ba119b]::run_test::{closure#1}, ()>::{closure#1}::{closure#0}>, ()>
[INFO] [stdout]                                at /rustc/e3feeb59cd1bdd011a2bfcc0747b55125d9b8527/library/std/src/panicking.rs:573:43
[INFO] [stdout]   39:     0x5cd737ec5162 - std[617be2ca0a6fd877]::panicking::catch_unwind::<(), core[a373ad73a504971]::panic::unwind_safe::AssertUnwindSafe<std[617be2ca0a6fd877]::thread::lifecycle::spawn_unchecked<test[aada8e7e76ba119b]::run_test::{closure#1}, ()>::{closure#1}::{closure#0}>>
[INFO] [stdout]                                at /rustc/e3feeb59cd1bdd011a2bfcc0747b55125d9b8527/library/std/src/panicking.rs:541:19
[INFO] [stdout]   40:     0x5cd737ec5162 - std[617be2ca0a6fd877]::panic::catch_unwind::<core[a373ad73a504971]::panic::unwind_safe::AssertUnwindSafe<std[617be2ca0a6fd877]::thread::lifecycle::spawn_unchecked<test[aada8e7e76ba119b]::run_test::{closure#1}, ()>::{closure#1}::{closure#0}>, ()>
[INFO] [stdout]                                at /rustc/e3feeb59cd1bdd011a2bfcc0747b55125d9b8527/library/std/src/panic.rs:359:14
[INFO] [stdout]   41:     0x5cd737ec5162 - std[617be2ca0a6fd877]::thread::lifecycle::spawn_unchecked::<test[aada8e7e76ba119b]::run_test::{closure#1}, ()>::{closure#1}
[INFO] [stdout]                                at /rustc/e3feeb59cd1bdd011a2bfcc0747b55125d9b8527/library/std/src/thread/lifecycle.rs:68:26
[INFO] [stdout]   42:     0x5cd737ec5162 - <std[617be2ca0a6fd877]::thread::lifecycle::spawn_unchecked<test[aada8e7e76ba119b]::run_test::{closure#1}, ()>::{closure#1} as core[a373ad73a504971]::ops::function::FnOnce<()>>::call_once::{shim:vtable#0}
[INFO] [stdout]                                at /rustc/e3feeb59cd1bdd011a2bfcc0747b55125d9b8527/library/core/src/ops/function.rs:250:5
[INFO] [stdout]   43:     0x5cd737f3015f - <alloc[2e1b2a31b91974c5]::boxed::Box<dyn core[a373ad73a504971]::ops::function::FnOnce<(), Output = ()> + core[a373ad73a504971]::marker::Send> as core[a373ad73a504971]::ops::function::FnOnce<()>>::call_once
[INFO] [stdout]                                at /rustc/e3feeb59cd1bdd011a2bfcc0747b55125d9b8527/library/alloc/src/boxed.rs:2314:9
[INFO] [stdout]   44:     0x5cd737f3015f - <std[617be2ca0a6fd877]::sys::thread::unix::Thread>::new::thread_start
[INFO] [stdout]                                at /rustc/e3feeb59cd1bdd011a2bfcc0747b55125d9b8527/library/std/src/sys/thread/unix.rs:127:17
[INFO] [stdout]   45:     0x7d6d5c9f7dfa - <unknown>
[INFO] [stdout]   46:     0x7d6d5ca8b3d4 - clone
[INFO] [stdout]   47:                0x0 - <unknown>
[INFO] [stdout] 
[INFO] [stdout] 
[INFO] [stdout] failures:
[INFO] [stdout]     negative_space
[INFO] [stdout] 
[INFO] [stdout] test result: FAILED. 0 passed; 1 failed; 0 ignored; 0 measured; 0 filtered out; finished in 20.65s
[INFO] [stdout] 
[INFO] [stderr] error: test failed, to rerun pass `--test negative_space`
[INFO] running `Command { std: "docker" "inspect" "35aeff4eca9c95be0f0af40c5ff8e09ac0a7c505013061de5bf664ba7b9229bf", kill_on_drop: false }`
[INFO] running `Command { std: "docker" "rm" "-f" "35aeff4eca9c95be0f0af40c5ff8e09ac0a7c505013061de5bf664ba7b9229bf", kill_on_drop: false }`
[INFO] [stdout] 35aeff4eca9c95be0f0af40c5ff8e09ac0a7c505013061de5bf664ba7b9229bf
