[INFO] fetching crate virtual-filesystem 0.2.3...
[INFO] testing virtual-filesystem-0.2.3 against 1.99.0-beta.8 for beta-1.100-2
[INFO] extracting crate virtual-filesystem 0.2.3 into /workspace/builds/worker-5-tc1/source
[INFO] started tweaking crates.io crate virtual-filesystem 0.2.3
[INFO] finished tweaking crates.io crate virtual-filesystem 0.2.3
[INFO] tweaked toml for crates.io crate virtual-filesystem 0.2.3 written to /workspace/builds/worker-5-tc1/source/Cargo.toml
[INFO] validating manifest of crates.io crate virtual-filesystem 0.2.3 on toolchain 1.99.0-beta.8
[INFO] running `Command { std: CARGO_HOME="/workspace/cargo-home" RUSTUP_HOME="/workspace/rustup-home" "/workspace/cargo-home/bin/cargo" "+1.99.0-beta.8" "metadata" "--manifest-path" "Cargo.toml" "--no-deps", kill_on_drop: false }`
[INFO] crate crates.io crate virtual-filesystem 0.2.3 already has a lockfile, it will not be regenerated
[INFO] running `Command { std: CARGO_HOME="/workspace/cargo-home" RUSTUP_HOME="/workspace/rustup-home" "/workspace/cargo-home/bin/cargo" "+1.99.0-beta.8" "fetch" "--manifest-path" "Cargo.toml", kill_on_drop: false }`
[INFO] [stderr]     Blocking waiting for file lock on package cache
[INFO] [stderr]     Updating crates.io index
[INFO] [stderr]     Blocking waiting for file lock on package cache
[INFO] [stderr]  Downloading crates ...
[INFO] [stderr]   Downloaded pkg-config v0.3.28
[INFO] [stderr]   Downloaded zstd-safe v5.0.2+zstd.1.5.2
[INFO] [stderr]   Downloaded zstd v0.11.2+zstd.1.5.2
[INFO] [stderr]   Downloaded path-slash v0.2.1
[INFO] [stderr]   Downloaded pbkdf2 v0.11.0
[INFO] [stderr]   Downloaded subtle v2.5.0
[INFO] [stderr]   Downloaded xz v0.1.0
[INFO] [stderr]   Downloaded time-core v0.1.2
[INFO] [stderr]   Downloaded version_check v0.9.4
[INFO] [stderr]   Downloaded windows-targets v0.52.0
[INFO] [stderr]   Downloaded downcast v0.11.0
[INFO] [stderr]   Downloaded sha1 v0.10.6
[INFO] [stderr]   Downloaded predicates-tree v1.0.9
[INFO] [stderr]   Downloaded termtree v0.4.1
[INFO] [stderr]   Downloaded enumflags2_derive v0.7.8
[INFO] [stderr]   Downloaded zip v0.6.6
[INFO] [stderr]   Downloaded inout v0.1.3
[INFO] [stderr]   Downloaded windows-targets v0.48.5
[INFO] [stderr]   Downloaded predicates-core v1.0.6
[INFO] [stderr]   Downloaded fragile v2.0.0
[INFO] [stderr]   Downloaded enumflags2 v0.7.8
[INFO] [stderr]   Downloaded constant_time_eq v0.1.5
[INFO] [stderr]   Downloaded xattr v1.1.1
[INFO] [stderr]   Downloaded autocfg v1.1.0
[INFO] [stderr]   Downloaded lazy_static v1.4.0
[INFO] [stderr]   Downloaded crypto-common v0.1.6
[INFO] [stderr]   Downloaded heck v0.4.1
[INFO] [stderr]   Downloaded password-hash v0.4.2
[INFO] [stderr]   Downloaded adler v1.0.2
[INFO] [stderr]   Downloaded parking_lot_core v0.9.9
[INFO] [stderr]   Downloaded normalize-path v0.2.1
[INFO] [stderr]   Downloaded anstyle v1.0.4
[INFO] [stderr]   Downloaded proc-macro-error-attr v1.0.4
[INFO] [stderr]   Downloaded cfg-if v1.0.0
[INFO] [stderr]   Downloaded predicates v3.1.0
[INFO] [stderr]   Downloaded sha2 v0.10.8
[INFO] [stderr]   Downloaded base64ct v1.6.0
[INFO] [stderr]   Downloaded filetime v0.2.23
[INFO] [stderr]   Downloaded proc-macro2 v1.0.78
[INFO] [stderr]   Downloaded deranged v0.3.11
[INFO] [stderr]   Downloaded crossbeam-utils v0.8.19
[INFO] [stderr]   Downloaded mockall v0.12.1
[INFO] [stderr]   Downloaded proc-macro-error v1.0.4
[INFO] [stderr]   Downloaded jobserver v0.1.27
[INFO] [stderr]   Downloaded quote v1.0.35
[INFO] [stderr]   Downloaded cpufeatures v0.2.12
[INFO] [stderr]   Downloaded xz2 v0.1.7
[INFO] [stderr]   Downloaded redox_syscall v0.4.1
[INFO] [stderr]   Downloaded smallvec v1.13.1
[INFO] [stderr]   Downloaded lock_api v0.4.11
[INFO] [stderr]   Downloaded either v1.9.0
[INFO] [stderr]   Downloaded unicode-ident v1.0.12
[INFO] [stderr]   Downloaded typenum v1.17.0
[INFO] [stderr]   Downloaded crc32fast v1.3.2
[INFO] [stderr]   Downloaded bzip2 v0.4.4
[INFO] [stderr]   Downloaded parking_lot v0.12.1
[INFO] [stderr]   Downloaded miniz_oxide v0.7.1
[INFO] [stderr]   Downloaded tar v0.4.40
[INFO] [stderr]   Downloaded mockall_derive v0.12.1
[INFO] [stderr]   Downloaded cc v1.0.83
[INFO] [stderr]   Downloaded serde_derive v1.0.195
[INFO] [stderr]   Downloaded flate2 v1.0.28
[INFO] [stderr]   Downloaded duplicate v1.0.0
[INFO] [stderr]   Downloaded serde v1.0.195
[INFO] [stderr]   Downloaded aes v0.8.3
[INFO] [stderr]   Downloaded itertools v0.12.0
[INFO] [stderr]   Downloaded time v0.3.31
[INFO] [stderr]   Downloaded syn v2.0.48
[INFO] [stderr]   Downloaded windows_x86_64_gnullvm v0.48.5
[INFO] [stderr]   Downloaded windows_aarch64_gnullvm v0.48.5
[INFO] [stderr]   Downloaded windows_aarch64_gnullvm v0.52.0
[INFO] [stderr]   Downloaded windows_x86_64_gnullvm v0.52.0
[INFO] [stderr]   Downloaded bzip2-sys v0.1.11+1.0.8
[INFO] [stderr]   Downloaded zstd-sys v2.0.9+zstd.1.5.5
[INFO] [stderr]   Downloaded libc v0.2.152
[INFO] [stderr]   Downloaded lzma-sys v0.1.20
[INFO] [stderr]   Downloaded windows_x86_64_gnu v0.48.5
[INFO] [stderr]   Downloaded windows_aarch64_msvc v0.52.0
[INFO] [stderr]   Downloaded windows_x86_64_msvc v0.48.5
[INFO] [stderr]   Downloaded windows_x86_64_msvc v0.52.0
[INFO] [stderr]   Downloaded windows_x86_64_gnu v0.52.0
[INFO] [stderr]   Downloaded windows_i686_gnu v0.48.5
[INFO] [stderr]   Downloaded windows_aarch64_msvc v0.48.5
[INFO] [stderr]   Downloaded windows_i686_gnu v0.52.0
[INFO] [stderr]   Downloaded windows_i686_msvc v0.48.5
[INFO] [stderr]   Downloaded windows_i686_msvc v0.52.0
[INFO] [stderr]   Downloaded windows-sys v0.52.0
[INFO] running `Command { std: "docker" "create" "-v" "/var/lib/crater-agent-workspace/builds/worker-5-tc1/source:/opt/rustwide/workdir:ro,Z" "-v" "/var/lib/crater-agent-workspace/builds/worker-5-tc1/target:/opt/rustwide/target:rw,Z" "-v" "/var/lib/crater-agent-workspace/cargo-home:/opt/rustwide/cargo-home:ro,Z" "-v" "/var/lib/crater-agent-workspace/rustup-home:/opt/rustwide/rustup-home:ro,Z" "-m" "1610612736" "--network" "none" "ghcr.io/rust-lang/crates-build-env/linux@sha256:3111399a4047eeb3a02b7a90e478d715f38a8c6669b5c4b49d30a17385265909" "sleep" "infinity", kill_on_drop: false }`
[INFO] [stdout] 3ee3cf579cbea7bfedb9d9eac627d84ed168ef85f9e5d18cc65f50970a2f980a
[INFO] running `Command { std: "docker" "start" "3ee3cf579cbea7bfedb9d9eac627d84ed168ef85f9e5d18cc65f50970a2f980a", kill_on_drop: false }`
[INFO] running `Command { std: "docker" "inspect" "3ee3cf579cbea7bfedb9d9eac627d84ed168ef85f9e5d18cc65f50970a2f980a", kill_on_drop: false }`
[INFO] running `Command { std: "docker" "exec" "-e" "SOURCE_DIR=/opt/rustwide/workdir" "-e" "CARGO_HOME=/opt/rustwide/cargo-home" "-e" "RUSTUP_HOME=/opt/rustwide/rustup-home" "-e" "CARGO_TARGET_DIR=/opt/rustwide/target" "-w" "/opt/rustwide/workdir" "--user" "0:0" "3ee3cf579cbea7bfedb9d9eac627d84ed168ef85f9e5d18cc65f50970a2f980a" "/opt/rustwide/cargo-home/bin/cargo" "+1.99.0-beta.8" "metadata" "--no-deps" "--format-version=1", kill_on_drop: false }`
[INFO] running `Command { std: "docker" "inspect" "3ee3cf579cbea7bfedb9d9eac627d84ed168ef85f9e5d18cc65f50970a2f980a", kill_on_drop: false }`
[INFO] running `Command { std: "docker" "exec" "-e" "SOURCE_DIR=/opt/rustwide/workdir" "-e" "CARGO_HOME=/opt/rustwide/cargo-home" "-e" "RUSTUP_HOME=/opt/rustwide/rustup-home" "-e" "CARGO_TARGET_DIR=/opt/rustwide/target" "-e" "CARGO_INCREMENTAL=0" "-e" "RUST_BACKTRACE=full" "-e" "RUSTFLAGS=--cap-lints=warn" "-e" "RUSTDOCFLAGS=--cap-lints=warn" "-w" "/opt/rustwide/workdir" "--user" "0:0" "3ee3cf579cbea7bfedb9d9eac627d84ed168ef85f9e5d18cc65f50970a2f980a" "/opt/rustwide/cargo-home/bin/cargo" "+1.99.0-beta.8" "build" "--frozen" "--message-format=json", kill_on_drop: false }`
[INFO] [stderr]    Compiling version_check v0.9.4
[INFO] [stderr]    Compiling libc v0.2.152
[INFO] [stderr]    Compiling typenum v1.17.0
[INFO] [stderr]    Compiling cfg-if v1.0.0
[INFO] [stderr]    Compiling proc-macro2 v1.0.78
[INFO] [stderr]    Compiling unicode-ident v1.0.12
[INFO] [stderr]    Compiling pkg-config v0.3.28
[INFO] [stderr]    Compiling subtle v2.5.0
[INFO] [stderr]    Compiling cpufeatures v0.2.12
[INFO] [stderr]    Compiling syn v1.0.109
[INFO] [stderr]    Compiling zstd-safe v5.0.2+zstd.1.5.2
[INFO] [stderr]    Compiling autocfg v1.1.0
[INFO] [stderr]    Compiling crc32fast v1.3.2
[INFO] [stderr]    Compiling parking_lot_core v0.9.9
[INFO] [stderr]    Compiling powerfmt v0.2.0
[INFO] [stderr]    Compiling rand_core v0.6.4
[INFO] [stderr]    Compiling base64ct v1.6.0
[INFO] [stderr]    Compiling adler v1.0.2
[INFO] [stderr]    Compiling predicates-core v1.0.6
[INFO] [stderr]    Compiling time-core v0.1.2
[INFO] [stderr]    Compiling miniz_oxide v0.7.1
[INFO] [stderr]    Compiling anstyle v1.0.4
[INFO] [stderr]    Compiling smallvec v1.13.1
[INFO] [stderr]    Compiling termtree v0.4.1
[INFO] [stderr]    Compiling scopeguard v1.2.0
[INFO] [stderr]    Compiling heck v0.4.1
[INFO] [stderr]    Compiling either v1.9.0
[INFO] [stderr]    Compiling deranged v0.3.11
[INFO] [stderr]    Compiling predicates-tree v1.0.9
[INFO] [stderr]    Compiling password-hash v0.4.2
[INFO] [stderr]    Compiling generic-array v0.14.7
[INFO] [stderr]    Compiling proc-macro-error-attr v1.0.4
[INFO] [stderr]    Compiling lock_api v0.4.11
[INFO] [stderr]    Compiling proc-macro-error v1.0.4
[INFO] [stderr]    Compiling predicates v3.1.0
[INFO] [stderr]    Compiling constant_time_eq v0.1.5
[INFO] [stderr]    Compiling lazy_static v1.4.0
[INFO] [stderr]    Compiling fragile v2.0.0
[INFO] [stderr]    Compiling byteorder v1.5.0
[INFO] [stderr]    Compiling downcast v0.11.0
[INFO] [stderr]    Compiling itertools v0.12.0
[INFO] [stderr]    Compiling normalize-path v0.2.1
[INFO] [stderr]    Compiling path-slash v0.2.1
[INFO] [stderr]    Compiling quote v1.0.35
[INFO] [stderr]    Compiling flate2 v1.0.28
[INFO] [stderr]    Compiling jobserver v0.1.27
[INFO] [stderr]    Compiling filetime v0.2.23
[INFO] [stderr]    Compiling xattr v1.1.1
[INFO] [stderr]    Compiling syn v2.0.48
[INFO] [stderr]    Compiling tar v0.4.40
[INFO] [stderr]    Compiling cc v1.0.83
[INFO] [stderr]    Compiling parking_lot v0.12.1
[INFO] [stderr]    Compiling duplicate v1.0.0
[INFO] [stderr]    Compiling time v0.3.31
[INFO] [stderr]    Compiling crypto-common v0.1.6
[INFO] [stderr]    Compiling block-buffer v0.10.4
[INFO] [stderr]    Compiling inout v0.1.3
[INFO] [stderr]    Compiling digest v0.10.7
[INFO] [stderr]    Compiling cipher v0.4.4
[INFO] [stderr]    Compiling zstd-sys v2.0.9+zstd.1.5.5
[INFO] [stderr]    Compiling bzip2-sys v0.1.11+1.0.8
[INFO] [stderr]    Compiling sha2 v0.10.8
[INFO] [stderr]    Compiling hmac v0.12.1
[INFO] [stderr]    Compiling sha1 v0.10.6
[INFO] [stderr]    Compiling aes v0.8.3
[INFO] [stderr]    Compiling bzip2 v0.4.4
[INFO] [stderr]    Compiling pbkdf2 v0.11.0
[INFO] [stderr]    Compiling mockall_derive v0.12.1
[INFO] [stderr]    Compiling enumflags2_derive v0.7.8
[INFO] [stderr]    Compiling enumflags2 v0.7.8
[INFO] [stderr]    Compiling mockall v0.12.1
[INFO] [stderr]    Compiling zstd v0.11.2+zstd.1.5.2
[INFO] [stderr]    Compiling zip v0.6.6
[INFO] [stderr]    Compiling virtual-filesystem v0.2.3 (/opt/rustwide/workdir)
[INFO] [stderr]     Finished `dev` profile [unoptimized + debuginfo] target(s) in 36.01s
[INFO] running `Command { std: "docker" "inspect" "3ee3cf579cbea7bfedb9d9eac627d84ed168ef85f9e5d18cc65f50970a2f980a", kill_on_drop: false }`
[INFO] running `Command { std: "docker" "exec" "-e" "SOURCE_DIR=/opt/rustwide/workdir" "-e" "CARGO_HOME=/opt/rustwide/cargo-home" "-e" "RUSTUP_HOME=/opt/rustwide/rustup-home" "-e" "CARGO_TARGET_DIR=/opt/rustwide/target" "-e" "CARGO_INCREMENTAL=0" "-e" "RUST_BACKTRACE=full" "-e" "RUSTFLAGS=--cap-lints=warn" "-e" "RUSTDOCFLAGS=--cap-lints=warn" "-w" "/opt/rustwide/workdir" "--user" "0:0" "3ee3cf579cbea7bfedb9d9eac627d84ed168ef85f9e5d18cc65f50970a2f980a" "/opt/rustwide/cargo-home/bin/cargo" "+1.99.0-beta.8" "test" "--frozen" "--no-run" "--message-format=json", kill_on_drop: false }`
[INFO] [stderr]    Compiling lzma-sys v0.1.20
[INFO] [stderr]    Compiling xz2 v0.1.7
[INFO] [stderr]    Compiling xz v0.1.0
[INFO] [stderr]    Compiling virtual-filesystem v0.2.3 (/opt/rustwide/workdir)
[INFO] [stderr]     Finished `test` profile [unoptimized + debuginfo] target(s) in 4.88s
[INFO] running `Command { std: "docker" "inspect" "3ee3cf579cbea7bfedb9d9eac627d84ed168ef85f9e5d18cc65f50970a2f980a", kill_on_drop: false }`
[INFO] running `Command { std: "docker" "exec" "-e" "SOURCE_DIR=/opt/rustwide/workdir" "-e" "CARGO_HOME=/opt/rustwide/cargo-home" "-e" "RUSTUP_HOME=/opt/rustwide/rustup-home" "-e" "CARGO_TARGET_DIR=/opt/rustwide/target" "-e" "CARGO_INCREMENTAL=0" "-e" "RUST_BACKTRACE=full" "-e" "RUSTFLAGS=--cap-lints=warn" "-e" "RUSTDOCFLAGS=--cap-lints=warn" "-w" "/opt/rustwide/workdir" "--user" "0:0" "3ee3cf579cbea7bfedb9d9eac627d84ed168ef85f9e5d18cc65f50970a2f980a" "/opt/rustwide/cargo-home/bin/cargo" "+1.99.0-beta.8" "test" "--frozen", kill_on_drop: false }`
[INFO] [stderr]     Finished `test` profile [unoptimized + debuginfo] target(s) in 0.11s
[INFO] [stderr]      Running unittests src/lib.rs (/opt/rustwide/target/debug/deps/virtual_filesystem-f35b5626d5468012)
[INFO] [stdout] 
[INFO] [stdout] running 40 tests
[INFO] [stdout] test mountable_fs::test::read_dir ... ok
[INFO] [stdout] test physical_fs::path_resolver::test::unrestricted_resolver ... ok
[INFO] [stdout] test physical_fs::test::metadata ... ok
[INFO] [stdout] test physical_fs::test::exists ... ok
[INFO] [stdout] test physical_fs::test::open_file ... ok
[INFO] [stdout] test roc_fs::test::open_file_not_found ... ok
[INFO] [stdout] test memory_fs::test::read_dir ... ok
[INFO] [stdout] test roc_fs::test::read_dir_happy_case ... ok
[INFO] [stdout] test physical_fs::test::read_dir ... ok
[INFO] [stdout] test roc_fs::test::open_file_happy_case ... ok
[INFO] [stdout] test roc_fs::test::read_dir_missing_folder ... ok
[INFO] [stdout] test roc_fs::test::read_dir_missing_folders ... ok
[INFO] [stdout] test scoped_fs::test::reads_file_inside_scope ... ok
[INFO] [stdout] test scoped_fs::test::root_resolves_to_scope_root ... ok
[INFO] [stdout] test scoped_fs::test::traversal_descend_then_escape ... ok
[INFO] [stdout] test scoped_fs::test::traversal_dotdot_chain ... ok
[INFO] [stdout] test scoped_fs::test::traversal_single_dotdot ... ok
[INFO] [stdout] test util::test::components ... ok
[INFO] [stdout] test tar_fs::test::bad_xz ... ok
[INFO] [stdout] test util::test::create_all_error ... ok
[INFO] [stdout] test mountable_fs::test::open_file ... ok
[INFO] [stdout] test tar_fs::test::single_file_xz_empty ... ok
[INFO] [stdout] test util::test::parent ... ok
[INFO] [stdout] test util::test::create_all_happy_case ... ok
[INFO] [stdout] test util::test::normalize ... ok
[INFO] [stdout] test tar_fs::test::single_file_xz_not_empty ... ok
[INFO] [stdout] test zip_fs::test::exists ... ok
[INFO] [stdout] test memory_fs::test::metadata ... ok
[INFO] [stdout] test mountable_fs::test::mount ... ok
[INFO] [stdout] test memory_fs::test::remove_file ... ok
[INFO] [stdout] test mountable_fs::test::exists ... ok
[INFO] [stdout] test zip_fs::test::metadata ... ok
[INFO] [stdout] test mountable_fs::test::metadata ... ok
[INFO] [stdout] test mountable_fs::test::double_mount ... ok
[INFO] [stdout] test zip_fs::test::read_dir ... ok
[INFO] [stdout] test memory_fs::test::create_file ... ok
[INFO] [stdout] test memory_fs::test::remove_dir ... ok
[INFO] [stdout] test zip_fs::test::open_file ... ok
[INFO] [stdout] test tar_fs::test::deep_fs_xz ... ok
[INFO] [stdout] test physical_fs::path_resolver::test::sandboxed_resolver ... FAILED
[INFO] [stdout] 
[INFO] [stdout] failures:
[INFO] [stdout] 
[INFO] [stdout] ---- physical_fs::path_resolver::test::sandboxed_resolver stdout ----
[INFO] [stdout] 
[INFO] [stdout] thread 'physical_fs::path_resolver::test::sandboxed_resolver' (1429) panicked at src/physical_fs/path_resolver.rs:61:88:
[INFO] [stdout] called `Result::unwrap()` on an `Err` value: Os { code: 2, kind: NotFound, message: "No such file or directory" }
[INFO] [stdout] stack backtrace:
[INFO] [stdout]    0:     0x5d41d9d93db1 - std[70759c8f55707aa4]::backtrace_rs::backtrace::libunwind::trace
[INFO] [stdout]                                at /rustc/dfb0accb7f508ae8be965d8629557221c889dd98/library/std/src/../../backtrace/src/backtrace/libunwind.rs:117:9
[INFO] [stdout]    1:     0x5d41d9d93db1 - std[70759c8f55707aa4]::backtrace_rs::backtrace::trace_unsynchronized::<std[70759c8f55707aa4]::sys::backtrace::_print_fmt::{closure#1}>
[INFO] [stdout]                                at /rustc/dfb0accb7f508ae8be965d8629557221c889dd98/library/std/src/../../backtrace/src/backtrace/mod.rs:66:14
[INFO] [stdout]    2:     0x5d41d9d93db1 - std[70759c8f55707aa4]::sys::backtrace::_print_fmt
[INFO] [stdout]                                at /rustc/dfb0accb7f508ae8be965d8629557221c889dd98/library/std/src/sys/backtrace.rs:74:9
[INFO] [stdout]    3:     0x5d41d9d93db1 - <<std[70759c8f55707aa4]::sys::backtrace::BacktraceLock>::print::DisplayBacktrace as core[df12db4294e9bfd3]::fmt::Display>::fmt
[INFO] [stdout]                                at /rustc/dfb0accb7f508ae8be965d8629557221c889dd98/library/std/src/sys/backtrace.rs:44:26
[INFO] [stdout]    4:     0x5d41d9da9f7a - <core[df12db4294e9bfd3]::fmt::rt::Argument>::fmt
[INFO] [stdout]                                at /rustc/dfb0accb7f508ae8be965d8629557221c889dd98/library/core/src/fmt/rt.rs:152:76
[INFO] [stdout]    5:     0x5d41d9da9f7a - core[df12db4294e9bfd3]::fmt::write
[INFO] [stdout]    6:     0x5d41d9d9892c - core[df12db4294e9bfd3]::io::write::default_write_fmt::<alloc[2182bb758b4b3781]::vec::Vec<u8>>
[INFO] [stdout]                                at /rustc/dfb0accb7f508ae8be965d8629557221c889dd98/library/core/src/io/write.rs:402:11
[INFO] [stdout]    7:     0x5d41d9d9892c - <alloc[2182bb758b4b3781]::vec::Vec<u8> as core[df12db4294e9bfd3]::io::write::Write>::write_fmt
[INFO] [stdout]                                at /rustc/dfb0accb7f508ae8be965d8629557221c889dd98/library/core/src/io/write.rs:335:13
[INFO] [stdout]    8:     0x5d41d9d6ef86 - <std[70759c8f55707aa4]::sys::backtrace::BacktraceLock>::print
[INFO] [stdout]                                at /rustc/dfb0accb7f508ae8be965d8629557221c889dd98/library/std/src/sys/backtrace.rs:47:9
[INFO] [stdout]    9:     0x5d41d9d6ef86 - std[70759c8f55707aa4]::panicking::default_hook::{closure#0}
[INFO] [stdout]                                at /rustc/dfb0accb7f508ae8be965d8629557221c889dd98/library/std/src/panicking.rs:292:27
[INFO] [stdout]   10:     0x5d41d9d8c0a9 - std[70759c8f55707aa4]::panicking::default_hook
[INFO] [stdout]                                at /rustc/dfb0accb7f508ae8be965d8629557221c889dd98/library/std/src/panicking.rs:316:9
[INFO] [stdout]   11:     0x5d41d9c311f0 - <alloc[2182bb758b4b3781]::boxed::Box<dyn for<'a, 'b> core[df12db4294e9bfd3]::ops::function::Fn<(&'a std[70759c8f55707aa4]::panic::PanicHookInfo<'b>,), Output = ()> + core[df12db4294e9bfd3]::marker::Send + core[df12db4294e9bfd3]::marker::Sync> as core[df12db4294e9bfd3]::ops::function::Fn<(&std[70759c8f55707aa4]::panic::PanicHookInfo,)>>::call
[INFO] [stdout]                                at /rustc/dfb0accb7f508ae8be965d8629557221c889dd98/library/alloc/src/boxed.rs:2334:9
[INFO] [stdout]   12:     0x5d41d9c311f0 - test[9d35eded1c95d3be]::test_main_inner::<test[9d35eded1c95d3be]::test_main_static::{closure#0}>::{closure#0}
[INFO] [stdout]                                at /rustc/dfb0accb7f508ae8be965d8629557221c889dd98/library/test/src/lib.rs:155:21
[INFO] [stdout]   13:     0x5d41d9d8c262 - <alloc[2182bb758b4b3781]::boxed::Box<dyn for<'a, 'b> core[df12db4294e9bfd3]::ops::function::Fn<(&'a std[70759c8f55707aa4]::panic::PanicHookInfo<'b>,), Output = ()> + core[df12db4294e9bfd3]::marker::Send + core[df12db4294e9bfd3]::marker::Sync> as core[df12db4294e9bfd3]::ops::function::Fn<(&std[70759c8f55707aa4]::panic::PanicHookInfo,)>>::call
[INFO] [stdout]                                at /rustc/dfb0accb7f508ae8be965d8629557221c889dd98/library/alloc/src/boxed.rs:2334:9
[INFO] [stdout]   14:     0x5d41d9d8c262 - std[70759c8f55707aa4]::panicking::panic_with_hook
[INFO] [stdout]                                at /rustc/dfb0accb7f508ae8be965d8629557221c889dd98/library/std/src/panicking.rs:823:13
[INFO] [stdout]   15:     0x5d41d9d6f032 - std[70759c8f55707aa4]::panicking::panic_handler::{closure#0}
[INFO] [stdout]                                at /rustc/dfb0accb7f508ae8be965d8629557221c889dd98/library/std/src/panicking.rs:688:13
[INFO] [stdout]   16:     0x5d41d9d67bc9 - std[70759c8f55707aa4]::sys::backtrace::__rust_end_short_backtrace::<std[70759c8f55707aa4]::panicking::panic_handler::{closure#0}, !>
[INFO] [stdout]                                at /rustc/dfb0accb7f508ae8be965d8629557221c889dd98/library/std/src/sys/backtrace.rs:182:18
[INFO] [stdout]   17:     0x5d41d9d6fc2d - __rustc[8fa7c3cbc660c2b3]::rust_begin_unwind
[INFO] [stdout]                                at /rustc/dfb0accb7f508ae8be965d8629557221c889dd98/library/std/src/panicking.rs:679:5
[INFO] [stdout]   18:     0x5d41d9daa76c - core[df12db4294e9bfd3]::panicking::panic_fmt
[INFO] [stdout]                                at /rustc/dfb0accb7f508ae8be965d8629557221c889dd98/library/core/src/panicking.rs:80:14
[INFO] [stdout]   19:     0x5d41d9daa4c2 - core[df12db4294e9bfd3]::result::unwrap_failed
[INFO] [stdout]                                at /rustc/dfb0accb7f508ae8be965d8629557221c889dd98/library/core/src/result.rs:1871:5
[INFO] [stdout]   20:     0x5d41d9bb8c93 - <core[df12db4294e9bfd3]::result::Result<std[70759c8f55707aa4]::path::PathBuf, core[df12db4294e9bfd3]::io::error::Error>>::unwrap
[INFO] [stdout]                                at /rustc/dfb0accb7f508ae8be965d8629557221c889dd98/library/core/src/result.rs:1232:23
[INFO] [stdout]   21:     0x5d41d9bb8c93 - virtual_filesystem[140a555048c82c6e]::physical_fs::path_resolver::test::sandboxed_resolver
[INFO] [stdout]                                at /opt/rustwide/workdir/src/physical_fs/path_resolver.rs:61:88
[INFO] [stdout]   22:     0x5d41d9bb7347 - virtual_filesystem[140a555048c82c6e]::physical_fs::path_resolver::test::sandboxed_resolver::{closure#0}
[INFO] [stdout]                                at /opt/rustwide/workdir/src/physical_fs/path_resolver.rs:47:28
[INFO] [stdout]   23:     0x5d41d9bb24b6 - <virtual_filesystem[140a555048c82c6e]::physical_fs::path_resolver::test::sandboxed_resolver::{closure#0} as core[df12db4294e9bfd3]::ops::function::FnOnce<()>>::call_once
[INFO] [stdout]                                at /rustc/dfb0accb7f508ae8be965d8629557221c889dd98/library/core/src/ops/function.rs:250:5
[INFO] [stdout]   24:     0x5d41d9c244db - <fn() -> core[df12db4294e9bfd3]::result::Result<(), alloc[2182bb758b4b3781]::string::String> as core[df12db4294e9bfd3]::ops::function::FnOnce<()>>::call_once
[INFO] [stdout]                                at /rustc/dfb0accb7f508ae8be965d8629557221c889dd98/library/core/src/ops/function.rs:250:5
[INFO] [stdout]   25:     0x5d41d9c244db - test[9d35eded1c95d3be]::__rust_begin_short_backtrace::<core[df12db4294e9bfd3]::result::Result<(), alloc[2182bb758b4b3781]::string::String>, fn() -> core[df12db4294e9bfd3]::result::Result<(), alloc[2182bb758b4b3781]::string::String>>
[INFO] [stdout]                                at /rustc/dfb0accb7f508ae8be965d8629557221c889dd98/library/test/src/lib.rs:733:18
[INFO] [stdout]   26:     0x5d41d9c31b45 - test[9d35eded1c95d3be]::run_test_in_process::{closure#0}
[INFO] [stdout]                                at /rustc/dfb0accb7f508ae8be965d8629557221c889dd98/library/test/src/lib.rs:756:74
[INFO] [stdout]   27:     0x5d41d9c31b45 - <core[df12db4294e9bfd3]::panic::unwind_safe::AssertUnwindSafe<test[9d35eded1c95d3be]::run_test_in_process::{closure#0}> as core[df12db4294e9bfd3]::ops::function::FnOnce<()>>::call_once
[INFO] [stdout]                                at /rustc/dfb0accb7f508ae8be965d8629557221c889dd98/library/core/src/panic/unwind_safe.rs:275:9
[INFO] [stdout]   28:     0x5d41d9c31b45 - std[70759c8f55707aa4]::panicking::catch_unwind::do_call::<core[df12db4294e9bfd3]::panic::unwind_safe::AssertUnwindSafe<test[9d35eded1c95d3be]::run_test_in_process::{closure#0}>, core[df12db4294e9bfd3]::result::Result<(), alloc[2182bb758b4b3781]::string::String>>
[INFO] [stdout]                                at /rustc/dfb0accb7f508ae8be965d8629557221c889dd98/library/std/src/panicking.rs:576:43
[INFO] [stdout]   29:     0x5d41d9c31b45 - std[70759c8f55707aa4]::panicking::catch_unwind::<core[df12db4294e9bfd3]::result::Result<(), alloc[2182bb758b4b3781]::string::String>, core[df12db4294e9bfd3]::panic::unwind_safe::AssertUnwindSafe<test[9d35eded1c95d3be]::run_test_in_process::{closure#0}>>
[INFO] [stdout]                                at /rustc/dfb0accb7f508ae8be965d8629557221c889dd98/library/std/src/panicking.rs:544:19
[INFO] [stdout]   30:     0x5d41d9c31b45 - std[70759c8f55707aa4]::panic::catch_unwind::<core[df12db4294e9bfd3]::panic::unwind_safe::AssertUnwindSafe<test[9d35eded1c95d3be]::run_test_in_process::{closure#0}>, core[df12db4294e9bfd3]::result::Result<(), alloc[2182bb758b4b3781]::string::String>>
[INFO] [stdout]                                at /rustc/dfb0accb7f508ae8be965d8629557221c889dd98/library/std/src/panic.rs:359:14
[INFO] [stdout]   31:     0x5d41d9c31b45 - test[9d35eded1c95d3be]::run_test_in_process
[INFO] [stdout]                                at /rustc/dfb0accb7f508ae8be965d8629557221c889dd98/library/test/src/lib.rs:756:27
[INFO] [stdout]   32:     0x5d41d9c31b45 - test[9d35eded1c95d3be]::run_test::{closure#0}
[INFO] [stdout]                                at /rustc/dfb0accb7f508ae8be965d8629557221c889dd98/library/test/src/lib.rs:677:43
[INFO] [stdout]   33:     0x5d41d9c2b404 - test[9d35eded1c95d3be]::run_test::{closure#1}
[INFO] [stdout]                                at /rustc/dfb0accb7f508ae8be965d8629557221c889dd98/library/test/src/lib.rs:707:41
[INFO] [stdout]   34:     0x5d41d9c2b404 - std[70759c8f55707aa4]::sys::backtrace::__rust_begin_short_backtrace::<test[9d35eded1c95d3be]::run_test::{closure#1}, ()>
[INFO] [stdout]                                at /rustc/dfb0accb7f508ae8be965d8629557221c889dd98/library/std/src/sys/backtrace.rs:166:18
[INFO] [stdout]   35:     0x5d41d9c34ca2 - std[70759c8f55707aa4]::thread::lifecycle::spawn_unchecked::<test[9d35eded1c95d3be]::run_test::{closure#1}, ()>::{closure#1}::{closure#0}
[INFO] [stdout]                                at /rustc/dfb0accb7f508ae8be965d8629557221c889dd98/library/std/src/thread/lifecycle.rs:70:13
[INFO] [stdout]   36:     0x5d41d9c34ca2 - <core[df12db4294e9bfd3]::panic::unwind_safe::AssertUnwindSafe<std[70759c8f55707aa4]::thread::lifecycle::spawn_unchecked<test[9d35eded1c95d3be]::run_test::{closure#1}, ()>::{closure#1}::{closure#0}> as core[df12db4294e9bfd3]::ops::function::FnOnce<()>>::call_once
[INFO] [stdout]                                at /rustc/dfb0accb7f508ae8be965d8629557221c889dd98/library/core/src/panic/unwind_safe.rs:275:9
[INFO] [stdout]   37:     0x5d41d9c34ca2 - std[70759c8f55707aa4]::panicking::catch_unwind::do_call::<core[df12db4294e9bfd3]::panic::unwind_safe::AssertUnwindSafe<std[70759c8f55707aa4]::thread::lifecycle::spawn_unchecked<test[9d35eded1c95d3be]::run_test::{closure#1}, ()>::{closure#1}::{closure#0}>, ()>
[INFO] [stdout]                                at /rustc/dfb0accb7f508ae8be965d8629557221c889dd98/library/std/src/panicking.rs:576:43
[INFO] [stdout]   38:     0x5d41d9c34ca2 - std[70759c8f55707aa4]::panicking::catch_unwind::<(), core[df12db4294e9bfd3]::panic::unwind_safe::AssertUnwindSafe<std[70759c8f55707aa4]::thread::lifecycle::spawn_unchecked<test[9d35eded1c95d3be]::run_test::{closure#1}, ()>::{closure#1}::{closure#0}>>
[INFO] [stdout]                                at /rustc/dfb0accb7f508ae8be965d8629557221c889dd98/library/std/src/panicking.rs:544:19
[INFO] [stdout]   39:     0x5d41d9c34ca2 - std[70759c8f55707aa4]::panic::catch_unwind::<core[df12db4294e9bfd3]::panic::unwind_safe::AssertUnwindSafe<std[70759c8f55707aa4]::thread::lifecycle::spawn_unchecked<test[9d35eded1c95d3be]::run_test::{closure#1}, ()>::{closure#1}::{closure#0}>, ()>
[INFO] [stdout]                                at /rustc/dfb0accb7f508ae8be965d8629557221c889dd98/library/std/src/panic.rs:359:14
[INFO] [stdout]   40:     0x5d41d9c34ca2 - std[70759c8f55707aa4]::thread::lifecycle::spawn_unchecked::<test[9d35eded1c95d3be]::run_test::{closure#1}, ()>::{closure#1}
[INFO] [stdout]                                at /rustc/dfb0accb7f508ae8be965d8629557221c889dd98/library/std/src/thread/lifecycle.rs:68:26
[INFO] [stdout]   41:     0x5d41d9c34ca2 - <std[70759c8f55707aa4]::thread::lifecycle::spawn_unchecked<test[9d35eded1c95d3be]::run_test::{closure#1}, ()>::{closure#1} as core[df12db4294e9bfd3]::ops::function::FnOnce<()>>::call_once::{shim:vtable#0}
[INFO] [stdout]                                at /rustc/dfb0accb7f508ae8be965d8629557221c889dd98/library/core/src/ops/function.rs:250:5
[INFO] [stdout]   42:     0x5d41d9d93689 - <alloc[2182bb758b4b3781]::boxed::Box<dyn core[df12db4294e9bfd3]::ops::function::FnOnce<(), Output = ()> + core[df12db4294e9bfd3]::marker::Send> as core[df12db4294e9bfd3]::ops::function::FnOnce<()>>::call_once
[INFO] [stdout]                                at /rustc/dfb0accb7f508ae8be965d8629557221c889dd98/library/alloc/src/boxed.rs:2320:9
[INFO] [stdout]   43:     0x5d41d9d93689 - <std[70759c8f55707aa4]::sys::thread::unix::Thread>::new::thread_start
[INFO] [stdout]                                at /rustc/dfb0accb7f508ae8be965d8629557221c889dd98/library/std/src/sys/thread/unix.rs:123:17
[INFO] [stdout]   44:     0x7b7b57519dfa - <unknown>
[INFO] [stdout]   45:     0x7b7b575ad3d4 - clone
[INFO] [stdout]   46:                0x0 - <unknown>
[INFO] [stdout] 
[INFO] [stdout] 
[INFO] [stdout] failures:
[INFO] [stdout]     physical_fs::path_resolver::test::sandboxed_resolver
[INFO] [stdout] 
[INFO] [stdout] test result: FAILED. 39 passed; 1 failed; 0 ignored; 0 measured; 0 filtered out; finished in 0.10s
[INFO] [stdout] 
[INFO] [stderr] error: test failed, to rerun pass `--lib`
[INFO] running `Command { std: "docker" "inspect" "3ee3cf579cbea7bfedb9d9eac627d84ed168ef85f9e5d18cc65f50970a2f980a", kill_on_drop: false }`
[INFO] running `Command { std: "docker" "rm" "-f" "3ee3cf579cbea7bfedb9d9eac627d84ed168ef85f9e5d18cc65f50970a2f980a", kill_on_drop: false }`
[INFO] [stdout] 3ee3cf579cbea7bfedb9d9eac627d84ed168ef85f9e5d18cc65f50970a2f980a
