[INFO] fetching crate viper-boxd 0.1.0-alpha.2...
[INFO] testing viper-boxd-0.1.0-alpha.2 against 1.99.0-beta.8 for beta-1.100-2
[INFO] extracting crate viper-boxd 0.1.0-alpha.2 into /workspace/builds/worker-6-tc1/source
[INFO] started tweaking crates.io crate viper-boxd 0.1.0-alpha.2
[INFO] removed 0 missing tests
[INFO] finished tweaking crates.io crate viper-boxd 0.1.0-alpha.2
[INFO] tweaked toml for crates.io crate viper-boxd 0.1.0-alpha.2 written to /workspace/builds/worker-6-tc1/source/Cargo.toml
[INFO] validating manifest of crates.io crate viper-boxd 0.1.0-alpha.2 on toolchain 1.99.0-beta.8
[INFO] running `Command { std: CARGO_HOME="/workspace/cargo-home" RUSTUP_HOME="/workspace/rustup-home" "/workspace/cargo-home/bin/cargo" "+1.99.0-beta.8" "metadata" "--manifest-path" "Cargo.toml" "--no-deps", kill_on_drop: false }`
[INFO] crate crates.io crate viper-boxd 0.1.0-alpha.2 already has a lockfile, it will not be regenerated
[INFO] running `Command { std: CARGO_HOME="/workspace/cargo-home" RUSTUP_HOME="/workspace/rustup-home" "/workspace/cargo-home/bin/cargo" "+1.99.0-beta.8" "fetch" "--manifest-path" "Cargo.toml", kill_on_drop: false }`
[INFO] [stderr]     Updating crates.io index
[INFO] [stderr]  Downloading crates ...
[INFO] [stderr]   Downloaded rcgen v0.13.2
[INFO] [stderr]   Downloaded jfp-box v0.4.1
[INFO] running `Command { std: "docker" "create" "-v" "/var/lib/crater-agent-workspace/builds/worker-6-tc1/source:/opt/rustwide/workdir:ro,Z" "-v" "/var/lib/crater-agent-workspace/builds/worker-6-tc1/target:/opt/rustwide/target:rw,Z" "-v" "/var/lib/crater-agent-workspace/cargo-home:/opt/rustwide/cargo-home:ro,Z" "-v" "/var/lib/crater-agent-workspace/rustup-home:/opt/rustwide/rustup-home:ro,Z" "-m" "1610612736" "--network" "none" "ghcr.io/rust-lang/crates-build-env/linux@sha256:3111399a4047eeb3a02b7a90e478d715f38a8c6669b5c4b49d30a17385265909" "sleep" "infinity", kill_on_drop: false }`
[INFO] [stdout] 56e6e1a36da49a4bf7617b47aa5ca982e04d4d4b53fc85e526ee08461ea7f64c
[INFO] running `Command { std: "docker" "start" "56e6e1a36da49a4bf7617b47aa5ca982e04d4d4b53fc85e526ee08461ea7f64c", kill_on_drop: false }`
[INFO] running `Command { std: "docker" "inspect" "56e6e1a36da49a4bf7617b47aa5ca982e04d4d4b53fc85e526ee08461ea7f64c", kill_on_drop: false }`
[INFO] running `Command { std: "docker" "exec" "-e" "SOURCE_DIR=/opt/rustwide/workdir" "-e" "CARGO_HOME=/opt/rustwide/cargo-home" "-e" "RUSTUP_HOME=/opt/rustwide/rustup-home" "-e" "CARGO_TARGET_DIR=/opt/rustwide/target" "-w" "/opt/rustwide/workdir" "--user" "0:0" "56e6e1a36da49a4bf7617b47aa5ca982e04d4d4b53fc85e526ee08461ea7f64c" "/opt/rustwide/cargo-home/bin/cargo" "+1.99.0-beta.8" "metadata" "--no-deps" "--format-version=1", kill_on_drop: false }`
[INFO] running `Command { std: "docker" "inspect" "56e6e1a36da49a4bf7617b47aa5ca982e04d4d4b53fc85e526ee08461ea7f64c", kill_on_drop: false }`
[INFO] running `Command { std: "docker" "exec" "-e" "SOURCE_DIR=/opt/rustwide/workdir" "-e" "CARGO_HOME=/opt/rustwide/cargo-home" "-e" "RUSTUP_HOME=/opt/rustwide/rustup-home" "-e" "CARGO_TARGET_DIR=/opt/rustwide/target" "-e" "CARGO_INCREMENTAL=0" "-e" "RUST_BACKTRACE=full" "-e" "RUSTFLAGS=--cap-lints=warn" "-e" "RUSTDOCFLAGS=--cap-lints=warn" "-w" "/opt/rustwide/workdir" "--user" "0:0" "56e6e1a36da49a4bf7617b47aa5ca982e04d4d4b53fc85e526ee08461ea7f64c" "/opt/rustwide/cargo-home/bin/cargo" "+1.99.0-beta.8" "build" "--frozen" "--message-format=json", kill_on_drop: false }`
[INFO] [stderr]    Compiling smallvec v1.16.0
[INFO] [stderr]    Compiling mio v1.2.3
[INFO] [stderr]    Compiling indexmap v2.14.1
[INFO] [stderr]    Compiling webpki-roots v1.0.9
[INFO] [stderr]    Compiling toml_datetime v0.6.11
[INFO] [stderr]    Compiling serde_spanned v0.6.9
[INFO] [stderr]    Compiling encoding_rs v0.8.35
[INFO] [stderr]    Compiling jfp-box v0.4.1
[INFO] [stderr]    Compiling icu_normalizer v2.3.0
[INFO] [stderr]    Compiling tokio v1.53.1
[INFO] [stderr]    Compiling idna_adapter v1.2.2
[INFO] [stderr]    Compiling idna v1.1.0
[INFO] [stderr]    Compiling toml_edit v0.22.27
[INFO] [stderr]    Compiling url v2.5.8
[INFO] [stderr]    Compiling toml v0.8.23
[INFO] [stderr]    Compiling hyper v1.11.1
[INFO] [stderr]    Compiling tokio-rustls v0.26.4
[INFO] [stderr]    Compiling tower v0.5.3
[INFO] [stderr]    Compiling hyper-util v0.1.20
[INFO] [stderr]    Compiling tower-http v0.6.11
[INFO] [stderr]    Compiling hyper-rustls v0.27.9
[INFO] [stderr]    Compiling reqwest v0.12.28
[INFO] [stderr]    Compiling viper-boxd v0.1.0-alpha.2 (/opt/rustwide/workdir)
[INFO] [stdout] warning: use of deprecated method `std::sync::atomic::Atomic::<u32>::fetch_update`: renamed to `try_update` for consistency
[INFO] [stdout]    --> src/bin/viper-research-gateway.rs:110:18
[INFO] [stdout]     |
[INFO] [stdout] 110 |                 .fetch_update(Ordering::AcqRel, Ordering::Acquire, |value| {
[INFO] [stdout]     |                  ^^^^^^^^^^^^
[INFO] [stdout]     |
[INFO] [stdout]     = note: `#[warn(deprecated)]` on by default
[INFO] [stdout] help: replace the use of the deprecated method
[INFO] [stdout]     |
[INFO] [stdout] 110 -                 .fetch_update(Ordering::AcqRel, Ordering::Acquire, |value| {
[INFO] [stdout] 110 +                 .try_update(Ordering::AcqRel, Ordering::Acquire, |value| {
[INFO] [stdout]     |
[INFO] [stdout] 
[INFO] [stdout] 
[INFO] [stdout] warning: use of deprecated method `std::sync::atomic::Atomic::<u32>::fetch_update`: renamed to `try_update` for consistency
[INFO] [stdout]    --> src/bin/viper-research-gateway.rs:138:18
[INFO] [stdout]     |
[INFO] [stdout] 138 |                 .fetch_update(Ordering::AcqRel, Ordering::Acquire, |value| {
[INFO] [stdout]     |                  ^^^^^^^^^^^^
[INFO] [stdout]     |
[INFO] [stdout] help: replace the use of the deprecated method
[INFO] [stdout]     |
[INFO] [stdout] 138 -                 .fetch_update(Ordering::AcqRel, Ordering::Acquire, |value| {
[INFO] [stdout] 138 +                 .try_update(Ordering::AcqRel, Ordering::Acquire, |value| {
[INFO] [stdout]     |
[INFO] [stdout] 
[INFO] [stdout] 
[INFO] [stdout] warning: use of deprecated method `std::sync::atomic::Atomic::<u32>::fetch_update`: renamed to `try_update` for consistency
[INFO] [stdout]    --> src/bin/viper-model-gateway.rs:146:18
[INFO] [stdout]     |
[INFO] [stdout] 146 |                 .fetch_update(Ordering::AcqRel, Ordering::Acquire, |value| {
[INFO] [stdout]     |                  ^^^^^^^^^^^^
[INFO] [stdout]     |
[INFO] [stdout]     = note: `#[warn(deprecated)]` on by default
[INFO] [stdout] help: replace the use of the deprecated method
[INFO] [stdout]     |
[INFO] [stdout] 146 -                 .fetch_update(Ordering::AcqRel, Ordering::Acquire, |value| {
[INFO] [stdout] 146 +                 .try_update(Ordering::AcqRel, Ordering::Acquire, |value| {
[INFO] [stdout]     |
[INFO] [stdout] 
[INFO] [stdout] 
[INFO] [stdout] warning: use of deprecated method `std::sync::atomic::Atomic::<u32>::fetch_update`: renamed to `try_update` for consistency
[INFO] [stdout]    --> src/bin/viper-model-gateway.rs:217:18
[INFO] [stdout]     |
[INFO] [stdout] 217 |                 .fetch_update(Ordering::AcqRel, Ordering::Acquire, |value| {
[INFO] [stdout]     |                  ^^^^^^^^^^^^
[INFO] [stdout]     |
[INFO] [stdout] help: replace the use of the deprecated method
[INFO] [stdout]     |
[INFO] [stdout] 217 -                 .fetch_update(Ordering::AcqRel, Ordering::Acquire, |value| {
[INFO] [stdout] 217 +                 .try_update(Ordering::AcqRel, Ordering::Acquire, |value| {
[INFO] [stdout]     |
[INFO] [stdout] 
[INFO] [stdout] 
[INFO] [stdout] warning: use of deprecated method `std::sync::atomic::Atomic::<u32>::fetch_update`: renamed to `try_update` for consistency
[INFO] [stdout]    --> src/bin/viper-model-gateway.rs:316:10
[INFO] [stdout]     |
[INFO] [stdout] 316 |         .fetch_update(Ordering::AcqRel, Ordering::Acquire, |value| {
[INFO] [stdout]     |          ^^^^^^^^^^^^
[INFO] [stdout]     |
[INFO] [stdout] help: replace the use of the deprecated method
[INFO] [stdout]     |
[INFO] [stdout] 316 -         .fetch_update(Ordering::AcqRel, Ordering::Acquire, |value| {
[INFO] [stdout] 316 +         .try_update(Ordering::AcqRel, Ordering::Acquire, |value| {
[INFO] [stdout]     |
[INFO] [stdout] 
[INFO] [stdout] 
[INFO] [stderr]     Finished `dev` profile [unoptimized + debuginfo] target(s) in 20.92s
[INFO] running `Command { std: "docker" "inspect" "56e6e1a36da49a4bf7617b47aa5ca982e04d4d4b53fc85e526ee08461ea7f64c", kill_on_drop: false }`
[INFO] running `Command { std: "docker" "exec" "-e" "SOURCE_DIR=/opt/rustwide/workdir" "-e" "CARGO_HOME=/opt/rustwide/cargo-home" "-e" "RUSTUP_HOME=/opt/rustwide/rustup-home" "-e" "CARGO_TARGET_DIR=/opt/rustwide/target" "-e" "CARGO_INCREMENTAL=0" "-e" "RUST_BACKTRACE=full" "-e" "RUSTFLAGS=--cap-lints=warn" "-e" "RUSTDOCFLAGS=--cap-lints=warn" "-w" "/opt/rustwide/workdir" "--user" "0:0" "56e6e1a36da49a4bf7617b47aa5ca982e04d4d4b53fc85e526ee08461ea7f64c" "/opt/rustwide/cargo-home/bin/cargo" "+1.99.0-beta.8" "test" "--frozen" "--no-run" "--message-format=json", kill_on_drop: false }`
[INFO] [stderr]    Compiling deranged v0.5.8
[INFO] [stderr]    Compiling pem v3.0.6
[INFO] [stdout] warning: use of deprecated method `std::sync::atomic::Atomic::<u32>::fetch_update`: renamed to `try_update` for consistency
[INFO] [stdout]    --> src/bin/viper-research-gateway.rs:110:18
[INFO] [stdout]     |
[INFO] [stdout] 110 |                 .fetch_update(Ordering::AcqRel, Ordering::Acquire, |value| {
[INFO] [stdout]     |                  ^^^^^^^^^^^^
[INFO] [stdout]     |
[INFO] [stdout]     = note: `#[warn(deprecated)]` on by default
[INFO] [stdout] help: replace the use of the deprecated method
[INFO] [stdout]     |
[INFO] [stdout] 110 -                 .fetch_update(Ordering::AcqRel, Ordering::Acquire, |value| {
[INFO] [stdout] 110 +                 .try_update(Ordering::AcqRel, Ordering::Acquire, |value| {
[INFO] [stdout]     |
[INFO] [stdout] 
[INFO] [stdout] 
[INFO] [stdout] warning: use of deprecated method `std::sync::atomic::Atomic::<u32>::fetch_update`: renamed to `try_update` for consistency
[INFO] [stdout]    --> src/bin/viper-research-gateway.rs:138:18
[INFO] [stdout]     |
[INFO] [stdout] 138 |                 .fetch_update(Ordering::AcqRel, Ordering::Acquire, |value| {
[INFO] [stdout]     |                  ^^^^^^^^^^^^
[INFO] [stdout]     |
[INFO] [stdout] help: replace the use of the deprecated method
[INFO] [stdout]     |
[INFO] [stdout] 138 -                 .fetch_update(Ordering::AcqRel, Ordering::Acquire, |value| {
[INFO] [stdout] 138 +                 .try_update(Ordering::AcqRel, Ordering::Acquire, |value| {
[INFO] [stdout]     |
[INFO] [stdout] 
[INFO] [stdout] 
[INFO] [stdout] warning: use of deprecated method `std::sync::atomic::Atomic::<u32>::fetch_update`: renamed to `try_update` for consistency
[INFO] [stdout]    --> src/bin/viper-model-gateway.rs:146:18
[INFO] [stdout]     |
[INFO] [stdout] 146 |                 .fetch_update(Ordering::AcqRel, Ordering::Acquire, |value| {
[INFO] [stdout]     |                  ^^^^^^^^^^^^
[INFO] [stdout]     |
[INFO] [stdout]     = note: `#[warn(deprecated)]` on by default
[INFO] [stdout] help: replace the use of the deprecated method
[INFO] [stdout]     |
[INFO] [stdout] 146 -                 .fetch_update(Ordering::AcqRel, Ordering::Acquire, |value| {
[INFO] [stdout] 146 +                 .try_update(Ordering::AcqRel, Ordering::Acquire, |value| {
[INFO] [stdout]     |
[INFO] [stdout] 
[INFO] [stdout] 
[INFO] [stdout] warning: use of deprecated method `std::sync::atomic::Atomic::<u32>::fetch_update`: renamed to `try_update` for consistency
[INFO] [stdout]    --> src/bin/viper-model-gateway.rs:217:18
[INFO] [stdout]     |
[INFO] [stdout] 217 |                 .fetch_update(Ordering::AcqRel, Ordering::Acquire, |value| {
[INFO] [stdout]     |                  ^^^^^^^^^^^^
[INFO] [stdout]     |
[INFO] [stdout] help: replace the use of the deprecated method
[INFO] [stdout]     |
[INFO] [stdout] 217 -                 .fetch_update(Ordering::AcqRel, Ordering::Acquire, |value| {
[INFO] [stdout] 217 +                 .try_update(Ordering::AcqRel, Ordering::Acquire, |value| {
[INFO] [stdout]     |
[INFO] [stdout] 
[INFO] [stdout] 
[INFO] [stdout] warning: use of deprecated method `std::sync::atomic::Atomic::<u32>::fetch_update`: renamed to `try_update` for consistency
[INFO] [stdout]    --> src/bin/viper-model-gateway.rs:316:10
[INFO] [stdout]     |
[INFO] [stdout] 316 |         .fetch_update(Ordering::AcqRel, Ordering::Acquire, |value| {
[INFO] [stdout]     |          ^^^^^^^^^^^^
[INFO] [stdout]     |
[INFO] [stdout] help: replace the use of the deprecated method
[INFO] [stdout]     |
[INFO] [stdout] 316 -         .fetch_update(Ordering::AcqRel, Ordering::Acquire, |value| {
[INFO] [stdout] 316 +         .try_update(Ordering::AcqRel, Ordering::Acquire, |value| {
[INFO] [stdout]     |
[INFO] [stdout] 
[INFO] [stdout] 
[INFO] [stderr]    Compiling time v0.3.55
[INFO] [stderr]    Compiling yasna v0.5.2
[INFO] [stderr]    Compiling rcgen v0.13.2
[INFO] [stderr]    Compiling viper-boxd v0.1.0-alpha.2 (/opt/rustwide/workdir)
[INFO] [stdout] warning: use of deprecated method `std::sync::atomic::Atomic::<u32>::fetch_update`: renamed to `try_update` for consistency
[INFO] [stdout]    --> src/bin/viper-model-gateway.rs:146:18
[INFO] [stdout]     |
[INFO] [stdout] 146 |                 .fetch_update(Ordering::AcqRel, Ordering::Acquire, |value| {
[INFO] [stdout]     |                  ^^^^^^^^^^^^
[INFO] [stdout]     |
[INFO] [stdout]     = note: `#[warn(deprecated)]` on by default
[INFO] [stdout] help: replace the use of the deprecated method
[INFO] [stdout]     |
[INFO] [stdout] 146 -                 .fetch_update(Ordering::AcqRel, Ordering::Acquire, |value| {
[INFO] [stdout] 146 +                 .try_update(Ordering::AcqRel, Ordering::Acquire, |value| {
[INFO] [stdout]     |
[INFO] [stdout] 
[INFO] [stdout] 
[INFO] [stdout] warning: use of deprecated method `std::sync::atomic::Atomic::<u32>::fetch_update`: renamed to `try_update` for consistency
[INFO] [stdout]    --> src/bin/viper-model-gateway.rs:217:18
[INFO] [stdout]     |
[INFO] [stdout] 217 |                 .fetch_update(Ordering::AcqRel, Ordering::Acquire, |value| {
[INFO] [stdout]     |                  ^^^^^^^^^^^^
[INFO] [stdout]     |
[INFO] [stdout] help: replace the use of the deprecated method
[INFO] [stdout]     |
[INFO] [stdout] 217 -                 .fetch_update(Ordering::AcqRel, Ordering::Acquire, |value| {
[INFO] [stdout] 217 +                 .try_update(Ordering::AcqRel, Ordering::Acquire, |value| {
[INFO] [stdout]     |
[INFO] [stdout] 
[INFO] [stdout] 
[INFO] [stdout] warning: use of deprecated method `std::sync::atomic::Atomic::<u32>::fetch_update`: renamed to `try_update` for consistency
[INFO] [stdout]    --> src/bin/viper-model-gateway.rs:316:10
[INFO] [stdout]     |
[INFO] [stdout] 316 |         .fetch_update(Ordering::AcqRel, Ordering::Acquire, |value| {
[INFO] [stdout]     |          ^^^^^^^^^^^^
[INFO] [stdout]     |
[INFO] [stdout] help: replace the use of the deprecated method
[INFO] [stdout]     |
[INFO] [stdout] 316 -         .fetch_update(Ordering::AcqRel, Ordering::Acquire, |value| {
[INFO] [stdout] 316 +         .try_update(Ordering::AcqRel, Ordering::Acquire, |value| {
[INFO] [stdout]     |
[INFO] [stdout] 
[INFO] [stdout] 
[INFO] [stdout] warning: use of deprecated method `std::sync::atomic::Atomic::<u32>::fetch_update`: renamed to `try_update` for consistency
[INFO] [stdout]    --> src/bin/viper-research-gateway.rs:110:18
[INFO] [stdout]     |
[INFO] [stdout] 110 |                 .fetch_update(Ordering::AcqRel, Ordering::Acquire, |value| {
[INFO] [stdout]     |                  ^^^^^^^^^^^^
[INFO] [stdout]     |
[INFO] [stdout]     = note: `#[warn(deprecated)]` on by default
[INFO] [stdout] help: replace the use of the deprecated method
[INFO] [stdout]     |
[INFO] [stdout] 110 -                 .fetch_update(Ordering::AcqRel, Ordering::Acquire, |value| {
[INFO] [stdout] 110 +                 .try_update(Ordering::AcqRel, Ordering::Acquire, |value| {
[INFO] [stdout]     |
[INFO] [stdout] 
[INFO] [stdout] 
[INFO] [stdout] warning: use of deprecated method `std::sync::atomic::Atomic::<u32>::fetch_update`: renamed to `try_update` for consistency
[INFO] [stdout]    --> src/bin/viper-research-gateway.rs:138:18
[INFO] [stdout]     |
[INFO] [stdout] 138 |                 .fetch_update(Ordering::AcqRel, Ordering::Acquire, |value| {
[INFO] [stdout]     |                  ^^^^^^^^^^^^
[INFO] [stdout]     |
[INFO] [stdout] help: replace the use of the deprecated method
[INFO] [stdout]     |
[INFO] [stdout] 138 -                 .fetch_update(Ordering::AcqRel, Ordering::Acquire, |value| {
[INFO] [stdout] 138 +                 .try_update(Ordering::AcqRel, Ordering::Acquire, |value| {
[INFO] [stdout]     |
[INFO] [stdout] 
[INFO] [stdout] 
[INFO] [stderr]     Finished `test` profile [unoptimized + debuginfo] target(s) in 7.50s
[INFO] running `Command { std: "docker" "inspect" "56e6e1a36da49a4bf7617b47aa5ca982e04d4d4b53fc85e526ee08461ea7f64c", kill_on_drop: false }`
[INFO] running `Command { std: "docker" "exec" "-e" "SOURCE_DIR=/opt/rustwide/workdir" "-e" "CARGO_HOME=/opt/rustwide/cargo-home" "-e" "RUSTUP_HOME=/opt/rustwide/rustup-home" "-e" "CARGO_TARGET_DIR=/opt/rustwide/target" "-e" "CARGO_INCREMENTAL=0" "-e" "RUST_BACKTRACE=full" "-e" "RUSTFLAGS=--cap-lints=warn" "-e" "RUSTDOCFLAGS=--cap-lints=warn" "-w" "/opt/rustwide/workdir" "--user" "0:0" "56e6e1a36da49a4bf7617b47aa5ca982e04d4d4b53fc85e526ee08461ea7f64c" "/opt/rustwide/cargo-home/bin/cargo" "+1.99.0-beta.8" "test" "--frozen", kill_on_drop: false }`
[INFO] [stderr] warning: use of deprecated method `std::sync::atomic::Atomic::<u32>::fetch_update`: renamed to `try_update` for consistency
[INFO] [stderr]    --> src/bin/viper-research-gateway.rs:110:18
[INFO] [stderr]     |
[INFO] [stderr] 110 |                 .fetch_update(Ordering::AcqRel, Ordering::Acquire, |value| {
[INFO] [stderr]     |                  ^^^^^^^^^^^^
[INFO] [stderr]     |
[INFO] [stderr]     = note: `#[warn(deprecated)]` on by default
[INFO] [stderr] help: replace the use of the deprecated method
[INFO] [stderr]     |
[INFO] [stderr] 110 -                 .fetch_update(Ordering::AcqRel, Ordering::Acquire, |value| {
[INFO] [stderr] 110 +                 .try_update(Ordering::AcqRel, Ordering::Acquire, |value| {
[INFO] [stderr]     |
[INFO] [stderr] 
[INFO] [stderr] warning: use of deprecated method `std::sync::atomic::Atomic::<u32>::fetch_update`: renamed to `try_update` for consistency
[INFO] [stderr]    --> src/bin/viper-research-gateway.rs:138:18
[INFO] [stderr]     |
[INFO] [stderr] 138 |                 .fetch_update(Ordering::AcqRel, Ordering::Acquire, |value| {
[INFO] [stderr]     |                  ^^^^^^^^^^^^
[INFO] [stderr]     |
[INFO] [stderr] help: replace the use of the deprecated method
[INFO] [stderr]     |
[INFO] [stderr] 138 -                 .fetch_update(Ordering::AcqRel, Ordering::Acquire, |value| {
[INFO] [stderr] 138 +                 .try_update(Ordering::AcqRel, Ordering::Acquire, |value| {
[INFO] [stderr]     |
[INFO] [stderr] 
[INFO] [stderr] warning: `viper-boxd` (bin "viper-research-gateway") generated 2 warnings (run `cargo fix --bin "viper-research-gateway" -p viper-boxd` to apply 2 suggestions)
[INFO] [stderr] warning: use of deprecated method `std::sync::atomic::Atomic::<u32>::fetch_update`: renamed to `try_update` for consistency
[INFO] [stderr]    --> src/bin/viper-model-gateway.rs:146:18
[INFO] [stderr]     |
[INFO] [stderr] 146 |                 .fetch_update(Ordering::AcqRel, Ordering::Acquire, |value| {
[INFO] [stderr]     |                  ^^^^^^^^^^^^
[INFO] [stderr]     |
[INFO] [stderr]     = note: `#[warn(deprecated)]` on by default
[INFO] [stderr] help: replace the use of the deprecated method
[INFO] [stderr]     |
[INFO] [stderr] 146 -                 .fetch_update(Ordering::AcqRel, Ordering::Acquire, |value| {
[INFO] [stderr] 146 +                 .try_update(Ordering::AcqRel, Ordering::Acquire, |value| {
[INFO] [stderr]     |
[INFO] [stderr] 
[INFO] [stderr] warning: use of deprecated method `std::sync::atomic::Atomic::<u32>::fetch_update`: renamed to `try_update` for consistency
[INFO] [stderr]    --> src/bin/viper-model-gateway.rs:217:18
[INFO] [stderr]     |
[INFO] [stderr] 217 |                 .fetch_update(Ordering::AcqRel, Ordering::Acquire, |value| {
[INFO] [stderr]     |                  ^^^^^^^^^^^^
[INFO] [stderr]     |
[INFO] [stderr] help: replace the use of the deprecated method
[INFO] [stderr]     |
[INFO] [stderr] 217 -                 .fetch_update(Ordering::AcqRel, Ordering::Acquire, |value| {
[INFO] [stderr] 217 +                 .try_update(Ordering::AcqRel, Ordering::Acquire, |value| {
[INFO] [stderr]     |
[INFO] [stderr] 
[INFO] [stderr] warning: use of deprecated method `std::sync::atomic::Atomic::<u32>::fetch_update`: renamed to `try_update` for consistency
[INFO] [stderr]    --> src/bin/viper-model-gateway.rs:316:10
[INFO] [stderr]     |
[INFO] [stderr] 316 |         .fetch_update(Ordering::AcqRel, Ordering::Acquire, |value| {
[INFO] [stderr]     |          ^^^^^^^^^^^^
[INFO] [stderr]     |
[INFO] [stderr] help: replace the use of the deprecated method
[INFO] [stderr]     |
[INFO] [stderr] 316 -         .fetch_update(Ordering::AcqRel, Ordering::Acquire, |value| {
[INFO] [stderr] 316 +         .try_update(Ordering::AcqRel, Ordering::Acquire, |value| {
[INFO] [stderr]     |
[INFO] [stderr] 
[INFO] [stderr] warning: `viper-boxd` (bin "viper-model-gateway") generated 3 warnings (run `cargo fix --bin "viper-model-gateway" -p viper-boxd` to apply 3 suggestions)
[INFO] [stderr] warning: `viper-boxd` (bin "viper-research-gateway" test) generated 2 warnings (2 duplicates)
[INFO] [stderr] warning: `viper-boxd` (bin "viper-model-gateway" test) generated 3 warnings (3 duplicates)
[INFO] [stderr]     Finished `test` profile [unoptimized + debuginfo] target(s) in 0.21s
[INFO] [stderr]      Running unittests src/lib.rs (/opt/rustwide/target/debug/deps/viper_boxd-fceff6cd2dbddbca)
[INFO] [stdout] 
[INFO] [stdout] running 65 tests
[INFO] [stdout] test ipc::tests::request_has_versioned_json_lines_shape ... ok
[INFO] [stdout] test ipc::tests::responses_carry_an_audit_trace_id ... ok
[INFO] [stdout] test admission::tests::sixty_requests_keep_fifty_active_and_ten_queued ... ok
[INFO] [stdout] test model_provider::tests::anthropic::maps_a_canned_successful_response_to_the_documented_shape ... ok
[INFO] [stdout] test model_provider::tests::anthropic::joins_multiple_text_blocks_and_skips_non_text_blocks ... ok
[INFO] [stdout] test model_provider::tests::anthropic::rejects_a_response_with_no_text_blocks ... ok
[INFO] [stdout] test model_provider::tests::anthropic::rejects_malformed_json_from_the_provider ... ok
[INFO] [stdout] test model_provider::tests::embed::maps_a_canned_successful_response_to_the_documented_shape ... ok
[INFO] [stdout] test model_provider::tests::embed::propagates_a_transport_failure_unchanged ... ok
[INFO] [stdout] test model_provider::tests::embed::rejects_empty_input_before_any_transport_call ... ok
[INFO] [stdout] test model_provider::tests::anthropic::rejects_empty_prompt_before_any_transport_call ... ok
[INFO] [stdout] test model_provider::tests::embed::rejects_malformed_json_from_the_provider ... ok
[INFO] [stdout] test model_provider::tests::anthropic::propagates_a_transport_failure_unchanged ... ok
[INFO] [stdout] test model_provider::tests::embed_openai_compatible::maps_a_canned_successful_response_to_the_documented_shape ... ok
[INFO] [stdout] test model_provider::tests::embed::rejects_oversized_input_before_any_transport_call ... ok
[INFO] [stdout] test ipc::tests::audit_trace_ids_are_unique_per_call ... ok
[INFO] [stdout] test model_provider::tests::embed::rejects_a_response_with_no_embeddings ... ok
[INFO] [stdout] test model_provider::tests::embed::rejects_an_empty_embedding_vector ... ok
[INFO] [stdout] test model_provider::tests::embed_openai_compatible::rejects_a_response_with_no_data ... ok
[INFO] [stdout] test model_provider::tests::maps_a_canned_successful_response_to_the_documented_shape ... ok
[INFO] [stdout] test model_provider::tests::openai_compatible::maps_a_canned_successful_response_to_the_documented_shape ... ok
[INFO] [stdout] test model_provider::tests::embed_openai_compatible::rejects_empty_input_before_any_transport_call ... ok
[INFO] [stdout] test model_provider::tests::embed_openai_compatible::rejects_malformed_json_from_the_provider ... ok
[INFO] [stdout] test ipc::tests::send_streaming_request_errors_when_the_connection_closes_before_done ... ok
[INFO] [stdout] test model_provider::tests::rejects_an_incomplete_response ... ok
[INFO] [stdout] test ipc::tests::send_streaming_request_delivers_a_mid_stream_error_as_the_final_chunk ... ok
[INFO] [stdout] test model_provider::tests::embed_openai_compatible::propagates_a_transport_failure_unchanged ... ok
[INFO] [stdout] test model_provider::tests::openai_compatible::rejects_a_response_with_no_choices ... ok
[INFO] [stdout] test model_provider::tests::openai_compatible::propagates_a_transport_failure_unchanged ... ok
[INFO] [stdout] test model_provider::tests::propagates_a_transport_failure_unchanged ... ok
[INFO] [stdout] test model_provider::tests::openai_compatible::rejects_malformed_json_from_the_provider ... ok
[INFO] [stdout] test ipc::tests::send_streaming_request_dispatches_chunks_in_order_and_stops_at_done ... ok
[INFO] [stdout] test model_provider::tests::rejects_empty_prompt_before_any_transport_call ... ok
[INFO] [stdout] test model_provider::tests::rejects_malformed_json_from_the_provider ... ok
[INFO] [stdout] test observability::tests::prometheus_contains_runtime_gauges ... ok
[INFO] [stdout] test research_fetcher::tests::rejects_private_ip_before_fetch ... ok
[INFO] [stdout] test model_provider::tests::rejects_oversized_prompt_before_any_transport_call ... ok
[INFO] [stdout] test research_fetcher::tests::rejects_policy_before_opening_network ... ok
[INFO] [stdout] test model_provider::tests::streaming::delivers_deltas_in_order_and_succeeds_on_a_done_line ... ok
[INFO] [stdout] test ipc::tests::send_request_stops_reading_at_the_line_size_cap_instead_of_growing_unbounded ... ok
[INFO] [stdout] test research_policy::tests::enforces_fetch_size ... ok
[INFO] [stdout] test model_provider::tests::streaming::rejects_empty_prompt_before_any_transport_call ... ok
[INFO] [stdout] test research_fetcher::tests::validates_success_hash_and_untrusted_evidence ... ok
[INFO] [stdout] test research_policy::tests::rejects_non_https_and_private_urls ... ok
[INFO] [stdout] test observability::tests::jsonl_event_is_parseable ... ok
[INFO] [stdout] test observability::tests::utc_timestamp_is_stable_for_epoch ... ok
[INFO] [stdout] test search_provider::tests::propagates_a_transport_failure_unchanged ... ok
[INFO] [stdout] test model_provider::tests::streaming::propagates_a_mid_stream_transport_failure ... ok
[INFO] [stdout] test search_provider::tests::maps_a_canned_successful_response_to_the_documented_shape ... ok
[INFO] [stdout] test research_policy::tests::strips_active_html_and_tags ... ok
[INFO] [stdout] test research_policy::tests::accepts_allowlisted_https_domain ... ok
[INFO] [stdout] test research_fetcher::tests::rejects_unallowlisted_host_before_dns ... ok
[INFO] [stdout] test research_policy::tests::rejects_credentials_ports_and_unknown_domains ... ok
[INFO] [stdout] test search_provider::tests::caps_results_at_the_fixed_maximum ... ok
[INFO] [stdout] test research_fetcher::tests::rejects_redirect_wrong_type_and_oversize ... ok
[INFO] [stdout] test search_provider::tests::rejects_empty_query_before_any_transport_call ... ok
[INFO] [stdout] test search_provider::tests::rejects_malformed_json_from_the_provider ... ok
[INFO] [stdout] test search_provider::tests::rejects_oversized_query_before_any_transport_call ... ok
[INFO] [stdout] test search_provider::tests::maps_missing_web_field_to_empty_results_not_an_error ... ok
[INFO] [stdout] test capabilities::tests::probe_is_explicitly_non_enforcing ... ok
[INFO] [stdout] test model_provider::tests::openai_compatible::rejects_empty_prompt_before_any_transport_call ... ok
[INFO] [stdout] test lineage::tests::broadening_child_is_rejected ... ok
[INFO] [stdout] test lineage::tests::restart_rejects_a_persisted_orphan_child ... ok
[INFO] [stdout] test lineage::tests::restart_restores_parent_child_relationship ... ok
[INFO] [stdout] test admission::tests::thousand_concurrent_admissions_do_not_exceed_capacity ... ok
[INFO] [stdout] 
[INFO] [stdout] test result: ok. 65 passed; 0 failed; 0 ignored; 0 measured; 0 filtered out; finished in 0.22s
[INFO] [stdout] 
[INFO] [stderr]      Running unittests src/main.rs (/opt/rustwide/target/debug/deps/viper_boxd-ac985839ef5b3b5d)
[INFO] [stdout] 
[INFO] [stdout] running 4 tests
[INFO] [stdout] test noop_backend::tests::cleanup_cannot_run_while_box_is_running ... ok
[INFO] [stdout] test noop_backend::tests::unknown_handles_fail_closed ... ok
[INFO] [stdout] test noop_backend::tests::rejects_duplicate_and_incomplete_requests ... ok
[INFO] [stderr]      Running unittests src/bin/viper-fs-probe.rs (/opt/rustwide/target/debug/deps/viper_fs_probe-8c90af9d840921c4)
[INFO] [stdout] test noop_backend::tests::lifecycle_is_spawn_kill_cleanup_and_is_idempotent ... ok
[INFO] [stdout] 
[INFO] [stdout] test result: ok. 4 passed; 0 failed; 0 ignored; 0 measured; 0 filtered out; finished in 0.00s
[INFO] [stdout] 
[INFO] [stdout] 
[INFO] [stdout] running 0 tests
[INFO] [stdout] 
[INFO] [stdout] test result: ok. 0 passed; 0 failed; 0 ignored; 0 measured; 0 filtered out; finished in 0.00s
[INFO] [stdout] 
[INFO] [stderr]      Running unittests src/bin/viper-gateway-mock.rs (/opt/rustwide/target/debug/deps/viper_gateway_mock-c00b7a4021cbf886)
[INFO] [stdout] 
[INFO] [stdout] running 4 tests
[INFO] [stdout] test tests::rejects_missing_fetch_url ... ok
[INFO] [stderr]      Running unittests src/bin/viper-gateway-probe.rs (/opt/rustwide/target/debug/deps/viper_gateway_probe-7eab269c9aedc7dd)
[INFO] [stdout] test tests::rejects_wrong_version ... ok
[INFO] [stdout] test tests::returns_untrusted_search_evidence ... ok
[INFO] [stdout] test tests::rejects_unknown_method ... ok
[INFO] [stdout] 
[INFO] [stdout] test result: ok. 4 passed; 0 failed; 0 ignored; 0 measured; 0 filtered out; finished in 0.00s
[INFO] [stdout] 
[INFO] [stdout] 
[INFO] [stdout] running 0 tests
[INFO] [stdout] 
[INFO] [stdout] test result: ok. 0 passed; 0 failed; 0 ignored; 0 measured; 0 filtered out; finished in 0.00s
[INFO] [stdout] 
[INFO] [stderr]      Running unittests src/bin/viper-helper.rs (/opt/rustwide/target/debug/deps/viper_helper-7818f2e55cee2246)
[INFO] [stdout] 
[INFO] [stdout] running 14 tests
[INFO] [stdout] test tests::accepts_only_declared_backend_capabilities ... ok
[INFO] [stdout] test tests::accepts_valid_cpu_and_memory_limits ... ok
[INFO] [stdout] test tests::gateway_only_rejects_a_registered_but_dead_socket ... ok
[INFO] [stdout] test tests::probe_unit_names_do_not_collide_in_one_helper_process ... ok
[INFO] [stdout] test tests::rejects_attempts_to_raise_or_disable_resource_limits ... ok
[INFO] [stdout] test tests::rejects_cpu_above_one_hundred_percent ... ok
[INFO] [stdout] test tests::rejects_network_modes_other_than_deny_and_gateway_only ... ok
[INFO] [stdout] test tests::gateway_only_resolves_a_live_registered_socket ... ok
[INFO] [stdout] test tests::rejects_non_strict_filesystem_policy ... ok
[INFO] [stdout] test tests::gateway_only_rejects_unknown_reference ... ok
[INFO] [stdout] test tests::rejects_overlong_or_control_character_box_ids ... ok
[INFO] [stdout] test tests::rejects_zero_or_excessive_memory ... ok
[INFO] [stdout] test tests::rejects_forged_systemd_handles_before_calling_systemctl ... ok
[INFO] [stdout] test tests::gateway_only_requires_at_least_one_ref ... ok
[INFO] [stdout] 
[INFO] [stdout] test result: ok. 14 passed; 0 failed; 0 ignored; 0 measured; 0 filtered out; finished in 0.01s
[INFO] [stdout] 
[INFO] [stderr]      Running unittests src/bin/viper-helper-mock.rs (/opt/rustwide/target/debug/deps/viper_helper_mock-d4fa382e9121c432)
[INFO] [stdout] 
[INFO] [stdout] running 4 tests
[INFO] [stdout] test tests::cleanup_of_an_active_box_is_rejected ... ok
[INFO] [stdout] test tests::unsupported_protocol_version_is_rejected ... ok
[INFO] [stdout] test tests::missing_enforceable_capability_fails_closed ... ok
[INFO] [stdout] test tests::unknown_handle_is_rejected_by_status_kill_and_cleanup ... ok
[INFO] [stdout] 
[INFO] [stdout] test result: ok. 4 passed; 0 failed; 0 ignored; 0 measured; 0 filtered out; finished in 0.00s
[INFO] [stdout] 
[INFO] [stderr]      Running unittests src/bin/viper-model-gateway.rs (/opt/rustwide/target/debug/deps/viper_model_gateway-de52d6b3a1ea8e87)
[INFO] [stdout] 
[INFO] [stdout] running 23 tests
[INFO] [stdout] test tests::embed_also_consumes_the_shared_request_budget ... ok
[INFO] [stdout] test tests::embed_without_config_returns_not_implemented ... ok
[INFO] [stdout] test tests::resolved_api_key_is_none_for_ollama ... ok
[INFO] [stdout] test tests::rejects_wrong_version ... ok
[INFO] [stdout] test tests::configured_embed_still_validates_input_before_any_transport_call ... ok
[INFO] [stdout] test tests::rejects_unknown_tool ... ok
[INFO] [stdout] test tests::enforces_request_budget_before_transport ... ok
[INFO] [stdout] test tests::resolved_api_key_fails_closed_without_the_env_var_set ... ok
[INFO] [stdout] test tests::stream_table_loads_for_openai ... ok
[INFO] [stdout] test tests::rejects_unsupported_provider ... ok
[INFO] [stdout] test tests::rejects_unknown_schema ... ok
[INFO] [stdout] test tests::stream_table_loads_for_anthropic ... ok
[INFO] [stdout] test tests::keyed_provider_without_api_key_env_is_rejected ... ok
[INFO] [stdout] test tests::rejects_missing_prompt ... ok
[INFO] [stdout] test tests::ollama_may_use_a_plaintext_endpoint ... ok
[INFO] [stdout] test tests::keyed_provider_with_api_key_env_loads ... ok
[INFO] [stdout] test tests::stream_table_loads_for_ollama ... ok
[INFO] [stdout] test tests::keyed_provider_with_a_plaintext_endpoint_is_rejected ... ok
[INFO] [stderr]      Running unittests src/bin/viper-network-probe.rs (/opt/rustwide/target/debug/deps/viper_network_probe-2b51468a2b88512a)
[INFO] [stdout] test tests::embed_table_is_rejected_for_anthropic ... ok
[INFO] [stdout] test tests::embed_table_loads_for_openai ... ok
[INFO] [stdout] test tests::resolved_api_key_reads_the_named_env_var ... ok
[INFO] [stdout] test tests::stream_table_rejects_idle_timeout_exceeding_max_duration ... ok
[INFO] [stdout] test tests::stream_table_rejects_zero_timeouts ... ok
[INFO] [stdout] 
[INFO] [stdout] test result: ok. 23 passed; 0 failed; 0 ignored; 0 measured; 0 filtered out; finished in 0.01s
[INFO] [stdout] 
[INFO] [stdout] 
[INFO] [stdout] running 0 tests
[INFO] [stdout] 
[INFO] [stdout] test result: ok. 0 passed; 0 failed; 0 ignored; 0 measured; 0 filtered out; finished in 0.00s
[INFO] [stdout] 
[INFO] [stderr]      Running unittests src/bin/viper-research-gateway.rs (/opt/rustwide/target/debug/deps/viper_research_gateway-faf67002802da99b)
[INFO] [stdout] 
[INFO] [stdout] running 10 tests
[INFO] [stdout] test tests::enforces_request_budget_before_transport ... ok
[INFO] [stdout] test tests::rejects_missing_url_and_unsupported_search ... ok
[INFO] [stdout] test tests::rejects_unknown_tool_and_client_options ... ok
[INFO] [stdout] test tests::search_also_consumes_the_shared_request_budget ... ok
[INFO] [stderr]      Running unittests src/bin/viper-resource-probe.rs (/opt/rustwide/target/debug/deps/viper_resource_probe-7e59e894af985f2d)
[INFO] [stdout] test tests::no_search_table_resolves_to_none ... ok
[INFO] [stdout] test tests::configured_search_reads_the_key_from_its_named_env_var ... ok
[INFO] [stdout] test tests::unsupported_search_provider_is_rejected ... ok
[INFO] [stdout] test tests::rejects_unknown_schema ... ok
[INFO] [stdout] test tests::configured_search_still_validates_the_query_before_any_transport_call ... ok
[INFO] [stdout] test tests::configured_search_without_the_env_var_set_is_rejected ... ok
[INFO] [stdout] 
[INFO] [stdout] test result: ok. 10 passed; 0 failed; 0 ignored; 0 measured; 0 filtered out; finished in 0.00s
[INFO] [stdout] 
[INFO] [stdout] 
[INFO] [stdout] running 0 tests
[INFO] [stdout] 
[INFO] [stdout] test result: ok. 0 passed; 0 failed; 0 ignored; 0 measured; 0 filtered out; finished in 0.00s
[INFO] [stdout] 
[INFO] [stderr]      Running unittests src/bin/viper-signal-probe.rs (/opt/rustwide/target/debug/deps/viper_signal_probe-6e4051b8e4b8f31f)
[INFO] [stderr]      Running tests/adversarial_inputs.rs (/opt/rustwide/target/debug/deps/adversarial_inputs-116d7fa01f79486b)
[INFO] [stdout] 
[INFO] [stdout] running 0 tests
[INFO] [stdout] 
[INFO] [stdout] test result: ok. 0 passed; 0 failed; 0 ignored; 0 measured; 0 filtered out; finished in 0.00s
[INFO] [stdout] 
[INFO] [stdout] 
[INFO] [stdout] running 8 tests
[INFO] [stdout] test gateway_that_closes_connection_is_reported_as_invalid_response ... ok
[INFO] [stdout] test gateway_response_with_wrong_field_types_is_rejected ... ok
[INFO] [stdout] test overlong_manifest_path_fails_without_panic ... ok
[INFO] [stdout] test missing_manifest_file_is_a_configuration_error ... ok
[INFO] [stdout] test corrupt_profile_toml_is_rejected_before_plan_execution ... ok
[INFO] [stdout] test manifest_with_null_newline_and_control_chars_is_rejected ... ok
[INFO] [stdout] test large_repetitive_malicious_manifest_is_rejected_without_hanging ... ok
[INFO] [stdout] test unreadable_profile_file_fails_closed ... FAILED
[INFO] [stdout] 
[INFO] [stdout] failures:
[INFO] [stdout] 
[INFO] [stdout] ---- unreadable_profile_file_fails_closed stdout ----
[INFO] [stdout] 
[INFO] [stdout] thread 'unreadable_profile_file_fails_closed' (2428) panicked at tests/adversarial_inputs.rs:143:5:
[INFO] [stdout] assertion `left == right` failed
[INFO] [stdout]   left: Some(0)
[INFO] [stdout]  right: Some(2)
[INFO] [stdout] stack backtrace:
[INFO] [stdout]    0:     0x607a922ca681 - std[70759c8f55707aa4]::backtrace_rs::backtrace::libunwind::trace
[INFO] [stdout]                                at /rustc/dfb0accb7f508ae8be965d8629557221c889dd98/library/std/src/../../backtrace/src/backtrace/libunwind.rs:117:9
[INFO] [stdout]    1:     0x607a922ca681 - std[70759c8f55707aa4]::backtrace_rs::backtrace::trace_unsynchronized::<std[70759c8f55707aa4]::sys::backtrace::_print_fmt::{closure#1}>
[INFO] [stdout]                                at /rustc/dfb0accb7f508ae8be965d8629557221c889dd98/library/std/src/../../backtrace/src/backtrace/mod.rs:66:14
[INFO] [stdout]    2:     0x607a922ca681 - std[70759c8f55707aa4]::sys::backtrace::_print_fmt
[INFO] [stdout]                                at /rustc/dfb0accb7f508ae8be965d8629557221c889dd98/library/std/src/sys/backtrace.rs:74:9
[INFO] [stdout]    3:     0x607a922ca681 - <<std[70759c8f55707aa4]::sys::backtrace::BacktraceLock>::print::DisplayBacktrace as core[df12db4294e9bfd3]::fmt::Display>::fmt
[INFO] [stdout]                                at /rustc/dfb0accb7f508ae8be965d8629557221c889dd98/library/std/src/sys/backtrace.rs:44:26
[INFO] [stdout]    4:     0x607a922dfc7a - <core[df12db4294e9bfd3]::fmt::rt::Argument>::fmt
[INFO] [stdout]                                at /rustc/dfb0accb7f508ae8be965d8629557221c889dd98/library/core/src/fmt/rt.rs:152:76
[INFO] [stdout]    5:     0x607a922dfc7a - core[df12db4294e9bfd3]::fmt::write
[INFO] [stdout]    6:     0x607a922cee6c - core[df12db4294e9bfd3]::io::write::default_write_fmt::<alloc[2182bb758b4b3781]::vec::Vec<u8>>
[INFO] [stdout]                                at /rustc/dfb0accb7f508ae8be965d8629557221c889dd98/library/core/src/io/write.rs:402:11
[INFO] [stdout]    7:     0x607a922cee6c - <alloc[2182bb758b4b3781]::vec::Vec<u8> as core[df12db4294e9bfd3]::io::write::Write>::write_fmt
[INFO] [stdout]                                at /rustc/dfb0accb7f508ae8be965d8629557221c889dd98/library/core/src/io/write.rs:335:13
[INFO] [stdout]    8:     0x607a922a4df6 - <std[70759c8f55707aa4]::sys::backtrace::BacktraceLock>::print
[INFO] [stdout]                                at /rustc/dfb0accb7f508ae8be965d8629557221c889dd98/library/std/src/sys/backtrace.rs:47:9
[INFO] [stdout]    9:     0x607a922a4df6 - std[70759c8f55707aa4]::panicking::default_hook::{closure#0}
[INFO] [stdout]                                at /rustc/dfb0accb7f508ae8be965d8629557221c889dd98/library/std/src/panicking.rs:292:27
[INFO] [stdout]   10:     0x607a922c2129 - std[70759c8f55707aa4]::panicking::default_hook
[INFO] [stdout]                                at /rustc/dfb0accb7f508ae8be965d8629557221c889dd98/library/std/src/panicking.rs:316:9
[INFO] [stdout]   11:     0x607a9220b950 - <alloc[2182bb758b4b3781]::boxed::Box<dyn for<'a, 'b> core[df12db4294e9bfd3]::ops::function::Fn<(&'a std[70759c8f55707aa4]::panic::PanicHookInfo<'b>,), Output = ()> + core[df12db4294e9bfd3]::marker::Send + core[df12db4294e9bfd3]::marker::Sync> as core[df12db4294e9bfd3]::ops::function::Fn<(&std[70759c8f55707aa4]::panic::PanicHookInfo,)>>::call
[INFO] [stdout]                                at /rustc/dfb0accb7f508ae8be965d8629557221c889dd98/library/alloc/src/boxed.rs:2334:9
[INFO] [stdout]   12:     0x607a9220b950 - test[9d35eded1c95d3be]::test_main_inner::<test[9d35eded1c95d3be]::test_main_static::{closure#0}>::{closure#0}
[INFO] [stdout]                                at /rustc/dfb0accb7f508ae8be965d8629557221c889dd98/library/test/src/lib.rs:155:21
[INFO] [stdout]   13:     0x607a922c22e2 - <alloc[2182bb758b4b3781]::boxed::Box<dyn for<'a, 'b> core[df12db4294e9bfd3]::ops::function::Fn<(&'a std[70759c8f55707aa4]::panic::PanicHookInfo<'b>,), Output = ()> + core[df12db4294e9bfd3]::marker::Send + core[df12db4294e9bfd3]::marker::Sync> as core[df12db4294e9bfd3]::ops::function::Fn<(&std[70759c8f55707aa4]::panic::PanicHookInfo,)>>::call
[INFO] [stdout]                                at /rustc/dfb0accb7f508ae8be965d8629557221c889dd98/library/alloc/src/boxed.rs:2334:9
[INFO] [stdout]   14:     0x607a922c22e2 - std[70759c8f55707aa4]::panicking::panic_with_hook
[INFO] [stdout]                                at /rustc/dfb0accb7f508ae8be965d8629557221c889dd98/library/std/src/panicking.rs:823:13
[INFO] [stdout]   15:     0x607a922a4ea2 - std[70759c8f55707aa4]::panicking::panic_handler::{closure#0}
[INFO] [stdout]                                at /rustc/dfb0accb7f508ae8be965d8629557221c889dd98/library/std/src/panicking.rs:688:13
[INFO] [stdout]   16:     0x607a9229db09 - std[70759c8f55707aa4]::sys::backtrace::__rust_end_short_backtrace::<std[70759c8f55707aa4]::panicking::panic_handler::{closure#0}, !>
[INFO] [stdout]                                at /rustc/dfb0accb7f508ae8be965d8629557221c889dd98/library/std/src/sys/backtrace.rs:182:18
[INFO] [stdout]   17:     0x607a922a5b5d - __rustc[8fa7c3cbc660c2b3]::rust_begin_unwind
[INFO] [stdout]                                at /rustc/dfb0accb7f508ae8be965d8629557221c889dd98/library/std/src/panicking.rs:679:5
[INFO] [stdout]   18:     0x607a922e046c - core[df12db4294e9bfd3]::panicking::panic_fmt
[INFO] [stdout]                                at /rustc/dfb0accb7f508ae8be965d8629557221c889dd98/library/core/src/panicking.rs:80:14
[INFO] [stdout]   19:     0x607a922e0303 - core[df12db4294e9bfd3]::panicking::assert_failed_inner
[INFO] [stdout]                                at /rustc/dfb0accb7f508ae8be965d8629557221c889dd98/library/core/src/panicking.rs:452:17
[INFO] [stdout]   20:     0x607a921f1b7e - core[df12db4294e9bfd3]::panicking::assert_failed::<core[df12db4294e9bfd3]::option::Option<i32>, core[df12db4294e9bfd3]::option::Option<i32>>
[INFO] [stdout]                                at /rustc/dfb0accb7f508ae8be965d8629557221c889dd98/library/core/src/panicking.rs:407:5
[INFO] [stdout]   21:     0x607a921f72da - adversarial_inputs[e42499d8ee2a22bb]::unreadable_profile_file_fails_closed
[INFO] [stdout]                                at /opt/rustwide/workdir/tests/adversarial_inputs.rs:143:5
[INFO] [stdout]   22:     0x607a921f64d7 - adversarial_inputs[e42499d8ee2a22bb]::unreadable_profile_file_fails_closed::{closure#0}
[INFO] [stdout]                                at /opt/rustwide/workdir/tests/adversarial_inputs.rs:132:42
[INFO] [stdout]   23:     0x607a921feac6 - <adversarial_inputs[e42499d8ee2a22bb]::unreadable_profile_file_fails_closed::{closure#0} as core[df12db4294e9bfd3]::ops::function::FnOnce<()>>::call_once
[INFO] [stdout]                                at /rustc/dfb0accb7f508ae8be965d8629557221c889dd98/library/core/src/ops/function.rs:250:5
[INFO] [stdout]   24:     0x607a921fec3b - <fn() -> core[df12db4294e9bfd3]::result::Result<(), alloc[2182bb758b4b3781]::string::String> as core[df12db4294e9bfd3]::ops::function::FnOnce<()>>::call_once
[INFO] [stdout]                                at /rustc/dfb0accb7f508ae8be965d8629557221c889dd98/library/core/src/ops/function.rs:250:5
[INFO] [stdout]   25:     0x607a921fec3b - test[9d35eded1c95d3be]::__rust_begin_short_backtrace::<core[df12db4294e9bfd3]::result::Result<(), alloc[2182bb758b4b3781]::string::String>, fn() -> core[df12db4294e9bfd3]::result::Result<(), alloc[2182bb758b4b3781]::string::String>>
[INFO] [stdout]                                at /rustc/dfb0accb7f508ae8be965d8629557221c889dd98/library/test/src/lib.rs:733:18
[INFO] [stdout]   26:     0x607a9220c2a5 - test[9d35eded1c95d3be]::run_test_in_process::{closure#0}
[INFO] [stdout]                                at /rustc/dfb0accb7f508ae8be965d8629557221c889dd98/library/test/src/lib.rs:756:74
[INFO] [stdout]   27:     0x607a9220c2a5 - <core[df12db4294e9bfd3]::panic::unwind_safe::AssertUnwindSafe<test[9d35eded1c95d3be]::run_test_in_process::{closure#0}> as core[df12db4294e9bfd3]::ops::function::FnOnce<()>>::call_once
[INFO] [stdout]                                at /rustc/dfb0accb7f508ae8be965d8629557221c889dd98/library/core/src/panic/unwind_safe.rs:275:9
[INFO] [stdout]   28:     0x607a9220c2a5 - std[70759c8f55707aa4]::panicking::catch_unwind::do_call::<core[df12db4294e9bfd3]::panic::unwind_safe::AssertUnwindSafe<test[9d35eded1c95d3be]::run_test_in_process::{closure#0}>, core[df12db4294e9bfd3]::result::Result<(), alloc[2182bb758b4b3781]::string::String>>
[INFO] [stdout]                                at /rustc/dfb0accb7f508ae8be965d8629557221c889dd98/library/std/src/panicking.rs:576:43
[INFO] [stdout]   29:     0x607a9220c2a5 - std[70759c8f55707aa4]::panicking::catch_unwind::<core[df12db4294e9bfd3]::result::Result<(), alloc[2182bb758b4b3781]::string::String>, core[df12db4294e9bfd3]::panic::unwind_safe::AssertUnwindSafe<test[9d35eded1c95d3be]::run_test_in_process::{closure#0}>>
[INFO] [stdout]                                at /rustc/dfb0accb7f508ae8be965d8629557221c889dd98/library/std/src/panicking.rs:544:19
[INFO] [stdout]   30:     0x607a9220c2a5 - std[70759c8f55707aa4]::panic::catch_unwind::<core[df12db4294e9bfd3]::panic::unwind_safe::AssertUnwindSafe<test[9d35eded1c95d3be]::run_test_in_process::{closure#0}>, core[df12db4294e9bfd3]::result::Result<(), alloc[2182bb758b4b3781]::string::String>>
[INFO] [stdout]                                at /rustc/dfb0accb7f508ae8be965d8629557221c889dd98/library/std/src/panic.rs:359:14
[INFO] [stdout]   31:     0x607a9220c2a5 - test[9d35eded1c95d3be]::run_test_in_process
[INFO] [stdout]                                at /rustc/dfb0accb7f508ae8be965d8629557221c889dd98/library/test/src/lib.rs:756:27
[INFO] [stdout]   32:     0x607a9220c2a5 - test[9d35eded1c95d3be]::run_test::{closure#0}
[INFO] [stdout]                                at /rustc/dfb0accb7f508ae8be965d8629557221c889dd98/library/test/src/lib.rs:677:43
[INFO] [stdout]   33:     0x607a92205b64 - test[9d35eded1c95d3be]::run_test::{closure#1}
[INFO] [stdout]                                at /rustc/dfb0accb7f508ae8be965d8629557221c889dd98/library/test/src/lib.rs:707:41
[INFO] [stdout]   34:     0x607a92205b64 - std[70759c8f55707aa4]::sys::backtrace::__rust_begin_short_backtrace::<test[9d35eded1c95d3be]::run_test::{closure#1}, ()>
[INFO] [stdout]                                at /rustc/dfb0accb7f508ae8be965d8629557221c889dd98/library/std/src/sys/backtrace.rs:166:18
[INFO] [stdout]   35:     0x607a9220f402 - std[70759c8f55707aa4]::thread::lifecycle::spawn_unchecked::<test[9d35eded1c95d3be]::run_test::{closure#1}, ()>::{closure#1}::{closure#0}
[INFO] [stdout]                                at /rustc/dfb0accb7f508ae8be965d8629557221c889dd98/library/std/src/thread/lifecycle.rs:70:13
[INFO] [stdout]   36:     0x607a9220f402 - <core[df12db4294e9bfd3]::panic::unwind_safe::AssertUnwindSafe<std[70759c8f55707aa4]::thread::lifecycle::spawn_unchecked<test[9d35eded1c95d3be]::run_test::{closure#1}, ()>::{closure#1}::{closure#0}> as core[df12db4294e9bfd3]::ops::function::FnOnce<()>>::call_once
[INFO] [stdout]                                at /rustc/dfb0accb7f508ae8be965d8629557221c889dd98/library/core/src/panic/unwind_safe.rs:275:9
[INFO] [stdout]   37:     0x607a9220f402 - std[70759c8f55707aa4]::panicking::catch_unwind::do_call::<core[df12db4294e9bfd3]::panic::unwind_safe::AssertUnwindSafe<std[70759c8f55707aa4]::thread::lifecycle::spawn_unchecked<test[9d35eded1c95d3be]::run_test::{closure#1}, ()>::{closure#1}::{closure#0}>, ()>
[INFO] [stdout]                                at /rustc/dfb0accb7f508ae8be965d8629557221c889dd98/library/std/src/panicking.rs:576:43
[INFO] [stdout]   38:     0x607a9220f402 - std[70759c8f55707aa4]::panicking::catch_unwind::<(), core[df12db4294e9bfd3]::panic::unwind_safe::AssertUnwindSafe<std[70759c8f55707aa4]::thread::lifecycle::spawn_unchecked<test[9d35eded1c95d3be]::run_test::{closure#1}, ()>::{closure#1}::{closure#0}>>
[INFO] [stdout]                                at /rustc/dfb0accb7f508ae8be965d8629557221c889dd98/library/std/src/panicking.rs:544:19
[INFO] [stdout]   39:     0x607a9220f402 - std[70759c8f55707aa4]::panic::catch_unwind::<core[df12db4294e9bfd3]::panic::unwind_safe::AssertUnwindSafe<std[70759c8f55707aa4]::thread::lifecycle::spawn_unchecked<test[9d35eded1c95d3be]::run_test::{closure#1}, ()>::{closure#1}::{closure#0}>, ()>
[INFO] [stdout]                                at /rustc/dfb0accb7f508ae8be965d8629557221c889dd98/library/std/src/panic.rs:359:14
[INFO] [stdout]   40:     0x607a9220f402 - std[70759c8f55707aa4]::thread::lifecycle::spawn_unchecked::<test[9d35eded1c95d3be]::run_test::{closure#1}, ()>::{closure#1}
[INFO] [stdout]                                at /rustc/dfb0accb7f508ae8be965d8629557221c889dd98/library/std/src/thread/lifecycle.rs:68:26
[INFO] [stdout]   41:     0x607a9220f402 - <std[70759c8f55707aa4]::thread::lifecycle::spawn_unchecked<test[9d35eded1c95d3be]::run_test::{closure#1}, ()>::{closure#1} as core[df12db4294e9bfd3]::ops::function::FnOnce<()>>::call_once::{shim:vtable#0}
[INFO] [stdout]                                at /rustc/dfb0accb7f508ae8be965d8629557221c889dd98/library/core/src/ops/function.rs:250:5
[INFO] [stdout]   42:     0x607a922c9d69 - <alloc[2182bb758b4b3781]::boxed::Box<dyn core[df12db4294e9bfd3]::ops::function::FnOnce<(), Output = ()> + core[df12db4294e9bfd3]::marker::Send> as core[df12db4294e9bfd3]::ops::function::FnOnce<()>>::call_once
[INFO] [stdout]                                at /rustc/dfb0accb7f508ae8be965d8629557221c889dd98/library/alloc/src/boxed.rs:2320:9
[INFO] [stdout]   43:     0x607a922c9d69 - <std[70759c8f55707aa4]::sys::thread::unix::Thread>::new::thread_start
[INFO] [stdout]                                at /rustc/dfb0accb7f508ae8be965d8629557221c889dd98/library/std/src/sys/thread/unix.rs:123:17
[INFO] [stdout]   44:     0x7b79184c1dfa - <unknown>
[INFO] [stdout]   45:     0x7b79185553d4 - clone
[INFO] [stdout]   46:                0x0 - <unknown>
[INFO] [stdout] 
[INFO] [stdout] 
[INFO] [stdout] failures:
[INFO] [stdout]     unreadable_profile_file_fails_closed
[INFO] [stdout] 
[INFO] [stdout] test result: FAILED. 7 passed; 1 failed; 0 ignored; 0 measured; 0 filtered out; finished in 5.50s
[INFO] [stdout] 
[INFO] [stderr] error: test failed, to rerun pass `--test adversarial_inputs`
[INFO] running `Command { std: "docker" "inspect" "56e6e1a36da49a4bf7617b47aa5ca982e04d4d4b53fc85e526ee08461ea7f64c", kill_on_drop: false }`
[INFO] running `Command { std: "docker" "rm" "-f" "56e6e1a36da49a4bf7617b47aa5ca982e04d4d4b53fc85e526ee08461ea7f64c", kill_on_drop: false }`
[INFO] [stdout] 56e6e1a36da49a4bf7617b47aa5ca982e04d4d4b53fc85e526ee08461ea7f64c
