[INFO] fetching crate vil_new_http 0.4.0...
[INFO] testing vil_new_http-0.4.0 against 1.99.0-beta.8 for beta-1.100-2
[INFO] extracting crate vil_new_http 0.4.0 into /workspace/builds/worker-0-tc1/source
[INFO] started tweaking crates.io crate vil_new_http 0.4.0
[INFO] removed 0 missing examples
[INFO] finished tweaking crates.io crate vil_new_http 0.4.0
[INFO] tweaked toml for crates.io crate vil_new_http 0.4.0 written to /workspace/builds/worker-0-tc1/source/Cargo.toml
[INFO] validating manifest of crates.io crate vil_new_http 0.4.0 on toolchain 1.99.0-beta.8
[INFO] running `Command { std: CARGO_HOME="/workspace/cargo-home" RUSTUP_HOME="/workspace/rustup-home" "/workspace/cargo-home/bin/cargo" "+1.99.0-beta.8" "metadata" "--manifest-path" "Cargo.toml" "--no-deps", kill_on_drop: false }`
[INFO] crate crates.io crate vil_new_http 0.4.0 already has a lockfile, it will not be regenerated
[INFO] running `Command { std: CARGO_HOME="/workspace/cargo-home" RUSTUP_HOME="/workspace/rustup-home" "/workspace/cargo-home/bin/cargo" "+1.99.0-beta.8" "fetch" "--manifest-path" "Cargo.toml", kill_on_drop: false }`
[INFO] [stderr]     Updating crates.io index
[INFO] [stderr]  Downloading crates ...
[INFO] [stderr]   Downloaded vil_registry v0.4.0
[INFO] [stderr]   Downloaded vil_types v0.4.0
[INFO] [stderr]   Downloaded vil_rt v0.4.0
[INFO] [stderr]   Downloaded vil_shm v0.4.0
[INFO] [stderr]   Downloaded vil_obs v0.4.0
[INFO] [stderr]   Downloaded vil_net v0.4.0
[INFO] [stderr]   Downloaded vil_json v0.4.0
[INFO] [stderr]   Downloaded vil_ir v0.4.0
[INFO] [stderr]   Downloaded rkyv_derive v0.8.15
[INFO] [stderr]   Downloaded sonic-number v0.1.2
[INFO] [stderr]   Downloaded vil_queue v0.4.0
[INFO] [stderr]   Downloaded sonic-simd v0.1.4
[INFO] [stderr]   Downloaded rkyv v0.8.15
[INFO] [stderr]   Downloaded vil_log v0.4.0
[INFO] [stderr]   Downloaded tower-http v0.5.2
[INFO] [stderr]   Downloaded sonic-rs v0.3.17
[INFO] [stderr]   Downloaded faststr v0.2.34
[INFO] [stderr]   Downloaded axum-macros v0.4.2
[INFO] running `Command { std: "docker" "create" "-v" "/var/lib/crater-agent-workspace/builds/worker-0-tc1/source:/opt/rustwide/workdir:ro,Z" "-v" "/var/lib/crater-agent-workspace/builds/worker-0-tc1/target:/opt/rustwide/target:rw,Z" "-v" "/var/lib/crater-agent-workspace/cargo-home:/opt/rustwide/cargo-home:ro,Z" "-v" "/var/lib/crater-agent-workspace/rustup-home:/opt/rustwide/rustup-home:ro,Z" "-m" "1610612736" "--network" "none" "ghcr.io/rust-lang/crates-build-env/linux@sha256:3111399a4047eeb3a02b7a90e478d715f38a8c6669b5c4b49d30a17385265909" "sleep" "infinity", kill_on_drop: false }`
[INFO] [stdout] 2d13f98da0df5a5622ed03f3fded1d6f4e1d5b0108e026ca6fcf7ecdf3131c35
[INFO] running `Command { std: "docker" "start" "2d13f98da0df5a5622ed03f3fded1d6f4e1d5b0108e026ca6fcf7ecdf3131c35", kill_on_drop: false }`
[INFO] running `Command { std: "docker" "inspect" "2d13f98da0df5a5622ed03f3fded1d6f4e1d5b0108e026ca6fcf7ecdf3131c35", kill_on_drop: false }`
[INFO] running `Command { std: "docker" "exec" "-e" "SOURCE_DIR=/opt/rustwide/workdir" "-e" "CARGO_HOME=/opt/rustwide/cargo-home" "-e" "RUSTUP_HOME=/opt/rustwide/rustup-home" "-e" "CARGO_TARGET_DIR=/opt/rustwide/target" "-w" "/opt/rustwide/workdir" "--user" "0:0" "2d13f98da0df5a5622ed03f3fded1d6f4e1d5b0108e026ca6fcf7ecdf3131c35" "/opt/rustwide/cargo-home/bin/cargo" "+1.99.0-beta.8" "metadata" "--no-deps" "--format-version=1", kill_on_drop: false }`
[INFO] running `Command { std: "docker" "inspect" "2d13f98da0df5a5622ed03f3fded1d6f4e1d5b0108e026ca6fcf7ecdf3131c35", kill_on_drop: false }`
[INFO] running `Command { std: "docker" "exec" "-e" "SOURCE_DIR=/opt/rustwide/workdir" "-e" "CARGO_HOME=/opt/rustwide/cargo-home" "-e" "RUSTUP_HOME=/opt/rustwide/rustup-home" "-e" "CARGO_TARGET_DIR=/opt/rustwide/target" "-e" "CARGO_INCREMENTAL=0" "-e" "RUST_BACKTRACE=full" "-e" "RUSTFLAGS=--cap-lints=warn" "-e" "RUSTDOCFLAGS=--cap-lints=warn" "-w" "/opt/rustwide/workdir" "--user" "0:0" "2d13f98da0df5a5622ed03f3fded1d6f4e1d5b0108e026ca6fcf7ecdf3131c35" "/opt/rustwide/cargo-home/bin/cargo" "+1.99.0-beta.8" "build" "--frozen" "--message-format=json", kill_on_drop: false }`
[INFO] [stderr]    Compiling libc v0.2.184
[INFO] [stderr]    Compiling bitflags v2.11.0
[INFO] [stderr]    Compiling openssl-sys v0.9.112
[INFO] [stderr]    Compiling indexmap v2.13.1
[INFO] [stderr]    Compiling futures-util v0.3.32
[INFO] [stderr]    Compiling vil_types v0.4.0
[INFO] [stderr]    Compiling openssl v0.10.76
[INFO] [stderr]    Compiling openssl-macros v0.1.1
[INFO] [stderr]    Compiling hashbrown v0.14.5
[INFO] [stderr]    Compiling native-tls v0.2.18
[INFO] [stderr]    Compiling regex-automata v0.4.14
[INFO] [stderr]    Compiling zerocopy v0.8.48
[INFO] [stderr]    Compiling openssl-probe v0.2.1
[INFO] [stderr]    Compiling rmp v0.8.15
[INFO] [stderr]    Compiling tracing-serde v0.2.0
[INFO] [stderr]    Compiling zerocopy-derive v0.8.48
[INFO] [stderr]    Compiling ref-cast-impl v1.0.25
[INFO] [stderr]    Compiling tracing-log v0.2.0
[INFO] [stderr]    Compiling simdutf8 v0.1.5
[INFO] [stderr]    Compiling chrono v0.4.44
[INFO] [stderr]    Compiling serde_urlencoded v0.7.1
[INFO] [stderr]    Compiling sonic-simd v0.1.4
[INFO] [stderr]    Compiling faststr v0.2.34
[INFO] [stderr]    Compiling rmp-serde v1.3.1
[INFO] [stderr]    Compiling sonic-number v0.1.2
[INFO] [stderr]    Compiling rustc-hash v2.1.2
[INFO] [stderr]    Compiling iri-string v0.7.12
[INFO] [stderr]    Compiling unsafe-libyaml v0.2.11
[INFO] [stderr]    Compiling url v2.5.8
[INFO] [stderr]    Compiling axum-macros v0.4.2
[INFO] [stderr]    Compiling serde_path_to_error v0.1.20
[INFO] [stderr]    Compiling ref-cast v1.0.25
[INFO] [stderr]    Compiling sonic-rs v0.3.17
[INFO] [stderr]    Compiling async-stream-impl v0.3.6
[INFO] [stderr]    Compiling matchit v0.7.3
[INFO] [stderr]    Compiling tower-http v0.5.2
[INFO] [stderr]    Compiling vil_obs v0.4.0
[INFO] [stderr]    Compiling tower v0.4.13
[INFO] [stderr]    Compiling serde_yaml v0.9.34+deprecated
[INFO] [stderr]    Compiling async-stream v0.3.6
[INFO] [stderr]    Compiling vil_json v0.4.0
[INFO] [stderr]    Compiling parking_lot_core v0.9.12
[INFO] [stderr]    Compiling errno v0.3.14
[INFO] [stderr]    Compiling mio v1.2.0
[INFO] [stderr]    Compiling socket2 v0.6.3
[INFO] [stderr]    Compiling nix v0.27.1
[INFO] [stderr]    Compiling memmap2 v0.9.10
[INFO] [stderr]    Compiling signal-hook-registry v1.4.8
[INFO] [stderr]    Compiling matchers v0.2.0
[INFO] [stderr]    Compiling socket2 v0.5.10
[INFO] [stderr]    Compiling parking_lot v0.12.5
[INFO] [stderr]    Compiling dashmap v5.5.3
[INFO] [stderr]    Compiling tracing-subscriber v0.3.23
[INFO] [stderr]    Compiling axum-core v0.4.5
[INFO] [stderr]    Compiling tokio v1.51.0
[INFO] [stderr]    Compiling vil_ir v0.4.0
[INFO] [stderr]    Compiling vil_shm v0.4.0
[INFO] [stderr]    Compiling vil_queue v0.4.0
[INFO] [stderr]    Compiling vil_registry v0.4.0
[INFO] [stderr]    Compiling tokio-util v0.7.18
[INFO] [stderr]    Compiling tower v0.5.3
[INFO] [stderr]    Compiling tokio-native-tls v0.3.1
[INFO] [stderr]    Compiling vil_log v0.4.0
[INFO] [stderr]    Compiling vil_net v0.4.0
[INFO] [stderr]    Compiling tokio-stream v0.1.18
[INFO] [stderr]    Compiling tower-http v0.6.8
[INFO] [stderr]    Compiling h2 v0.4.13
[INFO] [stderr]    Compiling vil_rt v0.4.0
[INFO] [stderr]    Compiling hyper v1.9.0
[INFO] [stderr]    Compiling hyper-util v0.1.20
[INFO] [stderr]    Compiling hyper-tls v0.6.0
[INFO] [stderr]    Compiling axum v0.7.9
[INFO] [stderr]    Compiling reqwest v0.12.28
[INFO] [stderr]    Compiling vil_new_http v0.4.0 (/opt/rustwide/workdir)
[INFO] [stderr]     Finished `dev` profile [unoptimized + debuginfo] target(s) in 44.63s
[INFO] running `Command { std: "docker" "inspect" "2d13f98da0df5a5622ed03f3fded1d6f4e1d5b0108e026ca6fcf7ecdf3131c35", kill_on_drop: false }`
[INFO] running `Command { std: "docker" "exec" "-e" "SOURCE_DIR=/opt/rustwide/workdir" "-e" "CARGO_HOME=/opt/rustwide/cargo-home" "-e" "RUSTUP_HOME=/opt/rustwide/rustup-home" "-e" "CARGO_TARGET_DIR=/opt/rustwide/target" "-e" "CARGO_INCREMENTAL=0" "-e" "RUST_BACKTRACE=full" "-e" "RUSTFLAGS=--cap-lints=warn" "-e" "RUSTDOCFLAGS=--cap-lints=warn" "-w" "/opt/rustwide/workdir" "--user" "0:0" "2d13f98da0df5a5622ed03f3fded1d6f4e1d5b0108e026ca6fcf7ecdf3131c35" "/opt/rustwide/cargo-home/bin/cargo" "+1.99.0-beta.8" "test" "--frozen" "--no-run" "--message-format=json", kill_on_drop: false }`
[INFO] [stderr]    Compiling vil_new_http v0.4.0 (/opt/rustwide/workdir)
[INFO] [stderr]     Finished `test` profile [unoptimized + debuginfo] target(s) in 3.13s
[INFO] running `Command { std: "docker" "inspect" "2d13f98da0df5a5622ed03f3fded1d6f4e1d5b0108e026ca6fcf7ecdf3131c35", kill_on_drop: false }`
[INFO] running `Command { std: "docker" "exec" "-e" "SOURCE_DIR=/opt/rustwide/workdir" "-e" "CARGO_HOME=/opt/rustwide/cargo-home" "-e" "RUSTUP_HOME=/opt/rustwide/rustup-home" "-e" "CARGO_TARGET_DIR=/opt/rustwide/target" "-e" "CARGO_INCREMENTAL=0" "-e" "RUST_BACKTRACE=full" "-e" "RUSTFLAGS=--cap-lints=warn" "-e" "RUSTDOCFLAGS=--cap-lints=warn" "-w" "/opt/rustwide/workdir" "--user" "0:0" "2d13f98da0df5a5622ed03f3fded1d6f4e1d5b0108e026ca6fcf7ecdf3131c35" "/opt/rustwide/cargo-home/bin/cargo" "+1.99.0-beta.8" "test" "--frozen", kill_on_drop: false }`
[INFO] [stderr]     Finished `test` profile [unoptimized + debuginfo] target(s) in 0.23s
[INFO] [stderr]      Running unittests src/lib.rs (/opt/rustwide/target/debug/deps/vil_new_http-5d15a28a65ec0a4a)
[INFO] [stdout] 
[INFO] [stdout] running 2 tests
[INFO] [stdout] test request::tests::test_methods ... ok
[INFO] [stdout] test request::tests::test_builder_pattern ... ok
[INFO] [stdout] 
[INFO] [stdout] test result: ok. 2 passed; 0 failed; 0 ignored; 0 measured; 0 filtered out; finished in 0.00s
[INFO] [stdout] 
[INFO] [stderr]    Doc-tests vil_new_http
[INFO] [stdout] 
[INFO] [stdout] running 3 tests
[INFO] [stdout] test src/request.rs - request::HttpRequest (line 54) ... ignored
[INFO] [stdout] test src/sink.rs - sink::HttpSinkBuilder::ensure_port_free (line 286) ... ignored
[INFO] [stdout] test src/source.rs - source::HttpSourceBuilder::transform (line 236) - compile ... FAILED
[INFO] [stdout] 
[INFO] [stdout] failures:
[INFO] [stdout] 
[INFO] [stdout] ---- src/source.rs - source::HttpSourceBuilder::transform (line 236) stdout ----
[INFO] [stdout] error[E0425]: cannot find value `builder` in this scope
[INFO] [stdout]    --> src/source.rs:237:1
[INFO] [stdout]     |
[INFO] [stdout] 237 | builder.transform(|line: &[u8]| {
[INFO] [stdout]     | ^^^^^^^ not found in this scope
[INFO] [stdout] 
[INFO] [stdout] error: aborting due to 1 previous error
[INFO] [stdout] 
[INFO] [stdout] For more information about this error, try `rustc --explain E0425`.
[INFO] [stdout] Couldn't compile the test.
[INFO] [stdout] 
[INFO] [stdout] failures:
[INFO] [stdout]     src/source.rs - source::HttpSourceBuilder::transform (line 236)
[INFO] [stdout] 
[INFO] [stdout] test result: FAILED. 0 passed; 1 failed; 2 ignored; 0 measured; 0 filtered out; finished in 0.12s
[INFO] [stdout] 
[INFO] [stderr] error: doctest failed, to rerun pass `--doc`
[INFO] running `Command { std: "docker" "inspect" "2d13f98da0df5a5622ed03f3fded1d6f4e1d5b0108e026ca6fcf7ecdf3131c35", kill_on_drop: false }`
[INFO] running `Command { std: "docker" "rm" "-f" "2d13f98da0df5a5622ed03f3fded1d6f4e1d5b0108e026ca6fcf7ecdf3131c35", kill_on_drop: false }`
[INFO] [stdout] 2d13f98da0df5a5622ed03f3fded1d6f4e1d5b0108e026ca6fcf7ecdf3131c35
