[INFO] fetching crate vika-cli 1.4.0...
[INFO] testing vika-cli-1.4.0 against 1.100.0-beta.1 for beta-1.100-2
[INFO] extracting crate vika-cli 1.4.0 into /workspace/builds/worker-5-tc2/source
[INFO] started tweaking crates.io crate vika-cli 1.4.0
[INFO] removed 0 missing tests
[INFO] finished tweaking crates.io crate vika-cli 1.4.0
[INFO] tweaked toml for crates.io crate vika-cli 1.4.0 written to /workspace/builds/worker-5-tc2/source/Cargo.toml
[INFO] validating manifest of crates.io crate vika-cli 1.4.0 on toolchain 1.100.0-beta.1
[INFO] running `Command { std: CARGO_HOME="/workspace/cargo-home" RUSTUP_HOME="/workspace/rustup-home" "/workspace/cargo-home/bin/cargo" "+1.100.0-beta.1" "metadata" "--manifest-path" "Cargo.toml" "--no-deps", kill_on_drop: false }`
[INFO] crate crates.io crate vika-cli 1.4.0 already has a lockfile, it will not be regenerated
[INFO] running `Command { std: CARGO_HOME="/workspace/cargo-home" RUSTUP_HOME="/workspace/rustup-home" "/workspace/cargo-home/bin/cargo" "+1.100.0-beta.1" "fetch" "--manifest-path" "Cargo.toml", kill_on_drop: false }`
[INFO] running `Command { std: "docker" "create" "-v" "/var/lib/crater-agent-workspace/builds/worker-5-tc2/source:/opt/rustwide/workdir:ro,Z" "-v" "/var/lib/crater-agent-workspace/builds/worker-5-tc2/target:/opt/rustwide/target:rw,Z" "-v" "/var/lib/crater-agent-workspace/cargo-home:/opt/rustwide/cargo-home:ro,Z" "-v" "/var/lib/crater-agent-workspace/rustup-home:/opt/rustwide/rustup-home:ro,Z" "-m" "1610612736" "--network" "none" "ghcr.io/rust-lang/crates-build-env/linux@sha256:3111399a4047eeb3a02b7a90e478d715f38a8c6669b5c4b49d30a17385265909" "sleep" "infinity", kill_on_drop: false }`
[INFO] [stdout] b80cd991fa39b7bfd6c9a05e53fbdd7a688510b8d795f74c091e0a977938331c
[INFO] running `Command { std: "docker" "start" "b80cd991fa39b7bfd6c9a05e53fbdd7a688510b8d795f74c091e0a977938331c", kill_on_drop: false }`
[INFO] running `Command { std: "docker" "inspect" "b80cd991fa39b7bfd6c9a05e53fbdd7a688510b8d795f74c091e0a977938331c", kill_on_drop: false }`
[INFO] running `Command { std: "docker" "exec" "-e" "SOURCE_DIR=/opt/rustwide/workdir" "-e" "CARGO_HOME=/opt/rustwide/cargo-home" "-e" "RUSTUP_HOME=/opt/rustwide/rustup-home" "-e" "CARGO_TARGET_DIR=/opt/rustwide/target" "-w" "/opt/rustwide/workdir" "--user" "0:0" "b80cd991fa39b7bfd6c9a05e53fbdd7a688510b8d795f74c091e0a977938331c" "/opt/rustwide/cargo-home/bin/cargo" "+1.100.0-beta.1" "metadata" "--no-deps" "--format-version=1", kill_on_drop: false }`
[INFO] running `Command { std: "docker" "inspect" "b80cd991fa39b7bfd6c9a05e53fbdd7a688510b8d795f74c091e0a977938331c", kill_on_drop: false }`
[INFO] running `Command { std: "docker" "exec" "-e" "SOURCE_DIR=/opt/rustwide/workdir" "-e" "CARGO_HOME=/opt/rustwide/cargo-home" "-e" "RUSTUP_HOME=/opt/rustwide/rustup-home" "-e" "CARGO_TARGET_DIR=/opt/rustwide/target" "-e" "CARGO_INCREMENTAL=0" "-e" "RUST_BACKTRACE=full" "-e" "RUSTFLAGS=--cap-lints=warn" "-e" "RUSTDOCFLAGS=--cap-lints=warn" "-w" "/opt/rustwide/workdir" "--user" "0:0" "b80cd991fa39b7bfd6c9a05e53fbdd7a688510b8d795f74c091e0a977938331c" "/opt/rustwide/cargo-home/bin/cargo" "+1.100.0-beta.1" "build" "--frozen" "--message-format=json", kill_on_drop: false }`
[INFO] [stderr]    Compiling aho-corasick v1.1.4
[INFO] [stderr]    Compiling log v0.4.28
[INFO] [stderr]    Compiling syn v2.0.110
[INFO] [stderr]    Compiling regex-syntax v0.8.8
[INFO] [stderr]    Compiling siphasher v1.0.1
[INFO] [stderr]    Compiling parking_lot_core v0.9.12
[INFO] [stderr]    Compiling cc v1.2.47
[INFO] [stderr]    Compiling socket2 v0.6.1
[INFO] [stderr]    Compiling mio v1.1.0
[INFO] [stderr]    Compiling parking_lot v0.12.5
[INFO] [stderr]    Compiling signal-hook-registry v1.4.6
[INFO] [stderr]    Compiling futures-sink v0.3.31
[INFO] [stderr]    Compiling bstr v1.12.1
[INFO] [stderr]    Compiling phf_shared v0.11.3
[INFO] [stderr]    Compiling http v1.3.1
[INFO] [stderr]    Compiling tracing-core v0.1.34
[INFO] [stderr]    Compiling regex-automata v0.4.13
[INFO] [stderr]    Compiling rand_core v0.6.4
[INFO] [stderr]    Compiling openssl-sys v0.9.111
[INFO] [stderr]    Compiling rand v0.8.5
[INFO] [stderr]    Compiling indexmap v2.12.1
[INFO] [stderr]    Compiling icu_properties_data v2.1.1
[INFO] [stderr]    Compiling crossbeam-utils v0.8.21
[INFO] [stderr]    Compiling http-body v1.0.1
[INFO] [stderr]    Compiling phf_generator v0.11.3
[INFO] [stderr]    Compiling zerocopy v0.8.28
[INFO] [stderr]    Compiling openssl v0.10.75
[INFO] [stderr]    Compiling futures-util v0.3.31
[INFO] [stderr]    Compiling phf_codegen v0.11.3
[INFO] [stderr]    Compiling phf v0.11.3
[INFO] [stderr]    Compiling native-tls v0.2.14
[INFO] [stderr]    Compiling pest v2.8.4
[INFO] [stderr]    Compiling crossbeam-epoch v0.9.18
[INFO] [stderr]    Compiling regex v1.12.2
[INFO] [stderr]    Compiling synstructure v0.13.2
[INFO] [stderr]    Compiling parse-zoneinfo v0.3.1
[INFO] [stderr]    Compiling chrono-tz-build v0.3.0
[INFO] [stderr]    Compiling futures-channel v0.3.31
[INFO] [stderr]    Compiling libm v0.2.15
[INFO] [stderr]    Compiling globset v0.4.18
[INFO] [stderr]    Compiling console v0.15.11
[INFO] [stderr]    Compiling pest_meta v2.8.4
[INFO] [stderr]    Compiling chrono-tz v0.9.0
[INFO] [stderr]    Compiling crossbeam-deque v0.8.6
[INFO] [stderr]    Compiling proc-macro-error-attr v1.0.4
[INFO] [stderr]    Compiling zerofrom-derive v0.1.6
[INFO] [stderr]    Compiling yoke-derive v0.8.1
[INFO] [stderr]    Compiling zerovec-derive v0.11.2
[INFO] [stderr]    Compiling displaydoc v0.2.5
[INFO] [stderr]    Compiling tokio-macros v2.6.0
[INFO] [stderr]    Compiling serde_derive v1.0.228
[INFO] [stderr]    Compiling tracing-attributes v0.1.30
[INFO] [stderr]    Compiling openssl-macros v0.1.1
[INFO] [stderr]    Compiling ppv-lite86 v0.2.21
[INFO] [stderr]    Compiling zerofrom v0.1.6
[INFO] [stderr]    Compiling yoke v0.8.1
[INFO] [stderr]    Compiling tokio v1.48.0
[INFO] [stderr]    Compiling syn v1.0.109
[INFO] [stderr]    Compiling zerotrie v0.2.3
[INFO] [stderr]    Compiling zerovec v0.11.5
[INFO] [stderr]    Compiling serde_json v1.0.145
[INFO] [stderr]    Compiling tinystr v0.8.2
[INFO] [stderr]    Compiling potential_utf v0.1.4
[INFO] [stderr]    Compiling icu_locale_core v2.1.1
[INFO] [stderr]    Compiling tracing v0.1.41
[INFO] [stderr]    Compiling icu_collections v2.1.1
[INFO] [stderr]    Compiling portable-atomic v1.11.1
[INFO] [stderr]    Compiling chrono v0.4.42
[INFO] [stderr]    Compiling proc-macro-error v1.0.4
[INFO] [stderr]    Compiling icu_provider v2.1.1
[INFO] [stderr]    Compiling rand_chacha v0.3.1
[INFO] [stderr]    Compiling icu_normalizer v2.1.1
[INFO] [stderr]    Compiling icu_properties v2.1.1
[INFO] [stderr]    Compiling pest_generator v2.8.4
[INFO] [stderr]    Compiling ignore v0.4.25
[INFO] [stderr]    Compiling thiserror-impl v1.0.69
[INFO] [stderr]    Compiling serde v1.0.228
[INFO] [stderr]    Compiling rust-embed-utils v8.9.0
[INFO] [stderr]    Compiling getrandom v0.3.4
[INFO] [stderr]    Compiling idna_adapter v1.2.1
[INFO] [stderr]    Compiling idna v1.1.0
[INFO] [stderr]    Compiling http-body-util v0.1.3
[INFO] [stderr]    Compiling deunicode v1.6.2
[INFO] [stderr]    Compiling clap_derive v4.5.49
[INFO] [stderr]    Compiling humansize v2.1.3
[INFO] [stderr]    Compiling slug v0.1.6
[INFO] [stderr]    Compiling tabled_derive v0.6.0
[INFO] [stderr]    Compiling tokio-util v0.7.17
[INFO] [stderr]    Compiling tokio-native-tls v0.3.1
[INFO] [stderr]    Compiling tower v0.5.2
[INFO] [stderr]    Compiling thiserror v1.0.69
[INFO] [stderr]    Compiling url v2.5.7
[INFO] [stderr]    Compiling tempfile v3.23.0
[INFO] [stderr]    Compiling clap_builder v4.5.53
[INFO] [stderr]    Compiling papergrid v0.10.0
[INFO] [stderr]    Compiling h2 v0.4.12
[INFO] [stderr]    Compiling tower-http v0.6.6
[INFO] [stderr]    Compiling serde_urlencoded v0.7.1
[INFO] [stderr]    Compiling rust-embed-impl v8.9.0
[INFO] [stderr]    Compiling pest_derive v2.8.4
[INFO] [stderr]    Compiling globwalk v0.9.1
[INFO] [stderr]    Compiling rustls-pki-types v1.13.0
[INFO] [stderr]    Compiling tracing-log v0.2.0
[INFO] [stderr]    Compiling unicode-segmentation v1.12.0
[INFO] [stderr]    Compiling number_prefix v0.4.0
[INFO] [stderr]    Compiling shell-words v1.1.0
[INFO] [stderr]    Compiling similar v2.7.0
[INFO] [stderr]    Compiling dialoguer v0.11.0
[INFO] [stderr]    Compiling clap v4.5.53
[INFO] [stderr]    Compiling tracing-subscriber v0.3.20
[INFO] [stderr]    Compiling indicatif v0.17.11
[INFO] [stderr]    Compiling insta v1.44.1
[INFO] [stderr]    Compiling serde_yaml v0.9.34+deprecated
[INFO] [stderr]    Compiling rust-embed v8.9.0
[INFO] [stderr]    Compiling tabled v0.14.0
[INFO] [stderr]    Compiling tera v1.20.1
[INFO] [stderr]    Compiling hyper v1.8.1
[INFO] [stderr]    Compiling openapiv3 v2.2.0
[INFO] [stderr]    Compiling hyper-util v0.1.18
[INFO] [stderr]    Compiling hyper-tls v0.6.0
[INFO] [stderr]    Compiling reqwest v0.12.24
[INFO] [stderr]    Compiling vika-cli v1.4.0 (/opt/rustwide/workdir)
[INFO] [stdout] warning: unused import: `tabled::Tabled`
[INFO] [stdout]  --> src/commands/generate.rs:7:5
[INFO] [stdout]   |
[INFO] [stdout] 7 | use tabled::Tabled;
[INFO] [stdout]   |     ^^^^^^^^^^^^^^
[INFO] [stdout]   |
[INFO] [stdout]   = note: `#[warn(unused_imports)]` (part of `#[warn(unused)]`) on by default
[INFO] [stdout] 
[INFO] [stdout] 
[INFO] [stderr]     Finished `dev` profile [unoptimized + debuginfo] target(s) in 2m 12s
[INFO] running `Command { std: "docker" "inspect" "b80cd991fa39b7bfd6c9a05e53fbdd7a688510b8d795f74c091e0a977938331c", kill_on_drop: false }`
[INFO] running `Command { std: "docker" "exec" "-e" "SOURCE_DIR=/opt/rustwide/workdir" "-e" "CARGO_HOME=/opt/rustwide/cargo-home" "-e" "RUSTUP_HOME=/opt/rustwide/rustup-home" "-e" "CARGO_TARGET_DIR=/opt/rustwide/target" "-e" "CARGO_INCREMENTAL=0" "-e" "RUST_BACKTRACE=full" "-e" "RUSTFLAGS=--cap-lints=warn" "-e" "RUSTDOCFLAGS=--cap-lints=warn" "-w" "/opt/rustwide/workdir" "--user" "0:0" "b80cd991fa39b7bfd6c9a05e53fbdd7a688510b8d795f74c091e0a977938331c" "/opt/rustwide/cargo-home/bin/cargo" "+1.100.0-beta.1" "test" "--frozen" "--no-run" "--message-format=json", kill_on_drop: false }`
[INFO] [stderr]    Compiling tokio v1.48.0
[INFO] [stderr]    Compiling regex-automata v0.4.13
[INFO] [stderr]    Compiling getrandom v0.3.4
[INFO] [stderr]    Compiling bstr v1.12.1
[INFO] [stderr]    Compiling predicates-core v1.0.9
[INFO] [stderr]    Compiling float-cmp v0.10.0
[INFO] [stderr]    Compiling async-stream-impl v0.3.6
[INFO] [stderr]    Compiling difflib v0.4.0
[INFO] [stderr]    Compiling rand_core v0.9.3
[INFO] [stderr]    Compiling tempfile v3.23.0
[INFO] [stderr]    Compiling termtree v0.5.1
[INFO] [stderr]    Compiling globset v0.4.18
[INFO] [stderr]    Compiling rand_chacha v0.9.0
[INFO] [stderr]    Compiling assert_cmd v2.1.1
[INFO] [stderr]    Compiling normalize-line-endings v0.3.0
[INFO] [stderr]    Compiling dialoguer v0.11.0
[INFO] [stderr]    Compiling async-stream v0.3.6
[INFO] [stderr]    Compiling predicates-tree v1.0.12
[INFO] [stderr]    Compiling rust-embed-utils v8.9.0
[INFO] [stderr]    Compiling rand v0.9.2
[INFO] [stderr]    Compiling assert-json-diff v2.0.2
[INFO] [stderr]    Compiling wait-timeout v0.2.1
[INFO] [stderr]    Compiling rust-embed-impl v8.9.0
[INFO] [stderr]    Compiling regex v1.12.2
[INFO] [stderr]    Compiling predicates v3.1.3
[INFO] [stderr]    Compiling ignore v0.4.25
[INFO] [stderr]    Compiling rust-embed v8.9.0
[INFO] [stderr]    Compiling globwalk v0.9.1
[INFO] [stderr]    Compiling tera v1.20.1
[INFO] [stderr]    Compiling tokio-util v0.7.17
[INFO] [stderr]    Compiling tower v0.5.2
[INFO] [stderr]    Compiling tokio-native-tls v0.3.1
[INFO] [stderr]    Compiling tokio-stream v0.1.17
[INFO] [stderr]    Compiling tower-http v0.6.6
[INFO] [stderr]    Compiling h2 v0.4.12
[INFO] [stderr]    Compiling tokio-test v0.4.4
[INFO] [stderr]    Compiling hyper v1.8.1
[INFO] [stderr]    Compiling hyper-util v0.1.18
[INFO] [stderr]    Compiling hyper-tls v0.6.0
[INFO] [stderr]    Compiling mockito v1.7.0
[INFO] [stderr]    Compiling reqwest v0.12.24
[INFO] [stderr]    Compiling vika-cli v1.4.0 (/opt/rustwide/workdir)
[INFO] [stdout] warning: unused import: `tabled::Tabled`
[INFO] [stdout]  --> src/commands/generate.rs:7:5
[INFO] [stdout]   |
[INFO] [stdout] 7 | use tabled::Tabled;
[INFO] [stdout]   |     ^^^^^^^^^^^^^^
[INFO] [stdout]   |
[INFO] [stdout]   = note: `#[warn(unused_imports)]` (part of `#[warn(unused)]`) on by default
[INFO] [stdout] 
[INFO] [stdout] 
[INFO] [stdout] warning: unused import: `tabled::Tabled`
[INFO] [stdout]  --> src/commands/generate.rs:7:5
[INFO] [stdout]   |
[INFO] [stdout] 7 | use tabled::Tabled;
[INFO] [stdout]   |     ^^^^^^^^^^^^^^
[INFO] [stdout]   |
[INFO] [stdout]   = note: `#[warn(unused_imports)]` (part of `#[warn(unused)]`) on by default
[INFO] [stdout] 
[INFO] [stdout] 
[INFO] [stderr]     Finished `test` profile [unoptimized + debuginfo] target(s) in 1m 42s
[INFO] running `Command { std: "docker" "inspect" "b80cd991fa39b7bfd6c9a05e53fbdd7a688510b8d795f74c091e0a977938331c", kill_on_drop: false }`
[INFO] running `Command { std: "docker" "exec" "-e" "SOURCE_DIR=/opt/rustwide/workdir" "-e" "CARGO_HOME=/opt/rustwide/cargo-home" "-e" "RUSTUP_HOME=/opt/rustwide/rustup-home" "-e" "CARGO_TARGET_DIR=/opt/rustwide/target" "-e" "CARGO_INCREMENTAL=0" "-e" "RUST_BACKTRACE=full" "-e" "RUSTFLAGS=--cap-lints=warn" "-e" "RUSTDOCFLAGS=--cap-lints=warn" "-w" "/opt/rustwide/workdir" "--user" "0:0" "b80cd991fa39b7bfd6c9a05e53fbdd7a688510b8d795f74c091e0a977938331c" "/opt/rustwide/cargo-home/bin/cargo" "+1.100.0-beta.1" "test" "--frozen", kill_on_drop: false }`
[INFO] [stderr] warning: unused import: `tabled::Tabled`
[INFO] [stderr]  --> src/commands/generate.rs:7:5
[INFO] [stderr]   |
[INFO] [stderr] 7 | use tabled::Tabled;
[INFO] [stderr]   |     ^^^^^^^^^^^^^^
[INFO] [stderr]   |
[INFO] [stderr]   = note: `#[warn(unused_imports)]` (part of `#[warn(unused)]`) on by default
[INFO] [stderr] 
[INFO] [stderr] warning: `vika-cli` (lib) generated 1 warning (run `cargo fix --lib -p vika-cli` to apply 1 suggestion)
[INFO] [stderr] warning: `vika-cli` (lib test) generated 1 warning (1 duplicate)
[INFO] [stderr]     Finished `test` profile [unoptimized + debuginfo] target(s) in 0.54s
[INFO] [stderr]      Running unittests src/lib.rs (/opt/rustwide/target/debug/build/vika-cli/f278df1bd0d692bf/out/vika_cli-f278df1bd0d692bf)
[INFO] [stdout] 
[INFO] [stdout] running 74 tests
[INFO] [stdout] test config::loader::tests::test_save_and_load_config ... ok
[INFO] [stdout] test config::loader::tests::test_save_config_with_empty_schema ... ok
[INFO] [stdout] test config::model::tests::test_config_with_base_url ... ok
[INFO] [stdout] test config::model::tests::test_config_schema_field ... ok
[INFO] [stdout] test config::model::tests::test_apis_config_default ... ok
[INFO] [stdout] test config::model::tests::test_config_deserialization ... ok
[INFO] [stdout] test config::model::tests::test_config_serialization ... ok
[INFO] [stdout] test config::loader::tests::test_load_config_not_exists ... ok
[INFO] [stdout] test config::validator::tests::test_validate_config_duplicate_spec_names ... ok
[INFO] [stdout] test config::model::tests::test_schemas_config_default ... ok
[INFO] [stdout] test config::validator::tests::test_validate_config_absolute_paths ... ok
[INFO] [stdout] test config::validator::tests::test_validate_config_empty_spec_path ... ok
[INFO] [stdout] test config::validator::tests::test_validate_config_empty_spec_name ... ok
[INFO] [stdout] test config::model::tests::test_config_with_generation_settings ... ok
[INFO] [stdout] test config::model::tests::test_spec_entry_serialization ... ok
[INFO] [stdout] test config::validator::tests::test_validate_config_invalid_style ... ok
[INFO] [stdout] test config::validator::tests::test_validate_config_empty_specs_array ... ok
[INFO] [stdout] test config::validator::tests::test_validate_config_no_spec_defined ... ok
[INFO] [stdout] test config::validator::tests::test_validate_config_invalid_spec_name ... ok
[INFO] [stdout] test config::validator::tests::test_validate_config_unsafe_apis_path ... ok
[INFO] [stdout] test config::model::tests::test_generation_config_defaults ... ok
[INFO] [stdout] test config::validator::tests::test_validate_config_valid ... ok
[INFO] [stdout] test config::validator::tests::test_validate_config_valid_multi_spec ... ok
[INFO] [stdout] test config::validator::tests::test_validate_config_valid_single_spec ... ok
[INFO] [stdout] test config::validator::tests::test_validate_safe_path_bin ... ok
[INFO] [stdout] test config::validator::tests::test_validate_safe_path_etc ... ok
[INFO] [stdout] test config::validator::tests::test_validate_safe_path_valid ... ok
[INFO] [stdout] test error::tests::test_error_context_preservation ... ok
[INFO] [stdout] test error::tests::test_error_conversion ... ok
[INFO] [stdout] test error::tests::test_config_error_display ... ok
[INFO] [stdout] test error::tests::test_file_system_error_display ... ok
[INFO] [stdout] test error::tests::test_generation_error_display ... ok
[INFO] [stdout] test error::tests::test_network_error_display ... ok
[INFO] [stdout] test error::tests::test_schema_error_display ... ok
[INFO] [stdout] test generator::utils::tests::test_sanitize_module_name ... ok
[INFO] [stdout] test generator::utils::tests::test_sanitize_property_name_with_spaces ... ok
[INFO] [stdout] test generator::utils::tests::test_to_camel_case_empty ... ok
[INFO] [stdout] test generator::utils::tests::test_to_camel_case_mixed ... ok
[INFO] [stdout] test generator::utils::tests::test_to_camel_case_simple ... ok
[INFO] [stdout] test config::model::tests::test_load_default_config ... ok
[INFO] [stdout] test config::model::tests::test_multi_spec_deserialization ... ok
[INFO] [stdout] test config::validator::tests::test_validate_config_unsafe_schemas_path ... ok
[INFO] [stdout] test config::validator::tests::test_validate_safe_path_root ... ok
[INFO] [stdout] test config::validator::tests::test_validate_safe_path_usr ... ok
[INFO] [stdout] test generator::utils::tests::test_to_camel_case_with_hyphen ... ok
[INFO] [stdout] test generator::utils::tests::test_to_pascal_case_simple ... ok
[INFO] [stdout] test generator::utils::tests::test_to_camel_case_with_underscore ... ok
[INFO] [stdout] test generator::utils::tests::test_to_pascal_case_single_word ... ok
[INFO] [stdout] test generator::utils::tests::test_to_camel_case_single_word ... ok
[INFO] [stdout] test generator::utils::tests::test_to_pascal_case_empty ... ok
[INFO] [stdout] test generator::utils::tests::test_to_pascal_case_mixed ... ok
[INFO] [stdout] test generator::utils::tests::test_sanitize_property_name_starts_with_number ... ok
[INFO] [stdout] test generator::utils::tests::test_sanitize_property_name_valid ... ok
[INFO] [stdout] test generator::utils::tests::test_to_pascal_case_with_space ... ok
[INFO] [stdout] test specs::manager::tests::test_resolve_spec_selection_single_mode ... ok
[INFO] [stdout] test specs::manager::tests::test_get_spec_by_name_single_mode ... ok
[INFO] [stdout] test specs::manager::tests::test_resolve_spec_selection_specific_spec ... ok
[INFO] [stdout] test specs::manager::tests::test_list_specs_multi_mode ... ok
[INFO] [stdout] test generator::utils::tests::test_to_pascal_case_with_hyphen ... ok
[INFO] [stdout] test templates::loader::tests::test_list_user_empty ... ok
[INFO] [stdout] test templates::registry::tests::test_template_id_all ... ok
[INFO] [stdout] test generator::utils::tests::test_to_pascal_case_with_underscore ... ok
[INFO] [stdout] test specs::manager::tests::test_resolve_spec_selection_all_specs ... ok
[INFO] [stdout] test templates::loader::tests::test_load_user_nonexistent ... ok
[INFO] [stdout] test templates::registry::tests::test_template_id_filename ... ok
[INFO] [stdout] test templates::registry::tests::test_template_id_from_str ... ok
[INFO] [stdout] test templates::registry::tests::test_template_id_name ... ok
[INFO] [stdout] test templates::loader::tests::test_list_builtin ... ok
[INFO] [stdout] test specs::manager::tests::test_get_spec_by_name_multi_mode ... ok
[INFO] [stdout] test templates::resolver::tests::test_list_templates ... ok
[INFO] [stdout] test templates::resolver::tests::test_resolve_builtin ... ok
[INFO] [stdout] test templates::resolver::tests::test_is_overridden_false ... ok
[INFO] [stdout] test templates::engine::tests::test_template_engine_new ... ok
[INFO] [stdout] test templates::engine::tests::test_template_engine_render_enum ... ok
[INFO] [stdout] 
[INFO] [stdout] test result: ok. 74 passed; 0 failed; 0 ignored; 0 measured; 0 filtered out; finished in 0.17s
[INFO] [stdout] 
[INFO] [stderr]      Running unittests src/main.rs (/opt/rustwide/target/debug/build/vika-cli/94648fc9fcf3bed0/out/vika_cli-94648fc9fcf3bed0)
[INFO] [stdout] 
[INFO] [stdout] running 0 tests
[INFO] [stdout] 
[INFO] [stdout] test result: ok. 0 passed; 0 failed; 0 ignored; 0 measured; 0 filtered out; finished in 0.00s
[INFO] [stdout] 
[INFO] [stderr]      Running tests/cache_test.rs (/opt/rustwide/target/debug/build/vika-cli/c67238dcd1cbb14b/out/cache_test-c67238dcd1cbb14b)
[INFO] [stdout] 
[INFO] [stdout] running 6 tests
[INFO] [stdout] test test_cache_and_get_spec ... ignored
[INFO] [stdout] test test_clear_cache ... ignored
[INFO] [stdout] test test_get_cached_spec_wrong_url ... ignored
[INFO] [stdout] test test_get_cached_spec_no_cache ... ok
[INFO] [stdout] test test_spec_metadata_serialization ... ok
[INFO] [stdout] test test_ensure_cache_dir ... ok
[INFO] [stderr]      Running tests/common_schemas_test.rs (/opt/rustwide/target/debug/build/vika-cli/304af309188dc856/out/common_schemas_test-304af309188dc856)
[INFO] [stdout] 
[INFO] [stdout] test result: ok. 3 passed; 0 failed; 3 ignored; 0 measured; 0 filtered out; finished in 0.01s
[INFO] [stdout] 
[INFO] [stdout] 
[INFO] [stdout] running 4 tests
[INFO] [stdout] test test_no_common_schemas_single_module ... ok
[INFO] [stdout] test test_common_schemas_three_modules ... ok
[INFO] [stdout] test test_no_common_schemas_different_schemas ... ok
[INFO] [stdout] test test_detect_common_schemas ... ok
[INFO] [stdout] 
[INFO] [stdout] test result: ok. 4 passed; 0 failed; 0 ignored; 0 measured; 0 filtered out; finished in 0.01s
[INFO] [stdout] 
[INFO] [stderr]      Running tests/conflict_detection_test.rs (/opt/rustwide/target/debug/build/vika-cli/0282e40d3cd29579/out/conflict_detection_test-0282e40d3cd29579)
[INFO] [stdout] 
[INFO] [stdout] running 1 test
[INFO] [stdout] test test_skip_unchanged_files ... FAILED
[INFO] [stdout] 
[INFO] [stdout] failures:
[INFO] [stdout] 
[INFO] [stdout] ---- test_skip_unchanged_files stdout ----
[INFO] [stdout] 
[INFO] [stdout] thread 'test_skip_unchanged_files' (3021) panicked at tests/conflict_detection_test.rs:12:42:
[INFO] [stdout] called `Result::unwrap()` on an `Err` value: FileSystem(CreateDirectoryFailed { path: ".vika-cache", source: Os { code: 30, kind: ReadOnlyFilesystem, message: "Read-only file system" } })
[INFO] [stdout] stack backtrace:
[INFO] [stdout]    0:     0x61c95dcfcbd1 - std[617be2ca0a6fd877]::backtrace_rs::backtrace::libunwind::trace
[INFO] [stdout]                                at /rustc/e3feeb59cd1bdd011a2bfcc0747b55125d9b8527/library/std/src/../../backtrace/src/backtrace/libunwind.rs:117:9
[INFO] [stdout]    1:     0x61c95dcfcbd1 - std[617be2ca0a6fd877]::backtrace_rs::backtrace::trace_unsynchronized::<std[617be2ca0a6fd877]::sys::backtrace::_print_fmt::{closure#1}>
[INFO] [stdout]                                at /rustc/e3feeb59cd1bdd011a2bfcc0747b55125d9b8527/library/std/src/../../backtrace/src/backtrace/mod.rs:66:14
[INFO] [stdout]    2:     0x61c95dcfcbd1 - std[617be2ca0a6fd877]::sys::backtrace::_print_fmt
[INFO] [stdout]                                at /rustc/e3feeb59cd1bdd011a2bfcc0747b55125d9b8527/library/std/src/sys/backtrace.rs:74:9
[INFO] [stdout]    3:     0x61c95dcfcbd1 - <<std[617be2ca0a6fd877]::sys::backtrace::BacktraceLock>::print::DisplayBacktrace as core[a373ad73a504971]::fmt::Display>::fmt
[INFO] [stdout]                                at /rustc/e3feeb59cd1bdd011a2bfcc0747b55125d9b8527/library/std/src/sys/backtrace.rs:44:26
[INFO] [stdout]    4:     0x61c95dd1169a - <core[a373ad73a504971]::fmt::rt::Argument>::fmt
[INFO] [stdout]                                at /rustc/e3feeb59cd1bdd011a2bfcc0747b55125d9b8527/library/core/src/fmt/rt.rs:152:76
[INFO] [stdout]    5:     0x61c95dd1169a - core[a373ad73a504971]::fmt::write
[INFO] [stdout]    6:     0x61c95dd010dc - core[a373ad73a504971]::io::write::default_write_fmt::<alloc[2e1b2a31b91974c5]::vec::Vec<u8>>
[INFO] [stdout]                                at /rustc/e3feeb59cd1bdd011a2bfcc0747b55125d9b8527/library/core/src/io/write.rs:402:11
[INFO] [stdout]    7:     0x61c95dd010dc - <alloc[2e1b2a31b91974c5]::vec::Vec<u8> as core[a373ad73a504971]::io::write::Write>::write_fmt
[INFO] [stdout]                                at /rustc/e3feeb59cd1bdd011a2bfcc0747b55125d9b8527/library/core/src/io/write.rs:335:13
[INFO] [stdout]    8:     0x61c95dcd63e6 - <std[617be2ca0a6fd877]::sys::backtrace::BacktraceLock>::print
[INFO] [stdout]                                at /rustc/e3feeb59cd1bdd011a2bfcc0747b55125d9b8527/library/std/src/sys/backtrace.rs:47:9
[INFO] [stdout]    9:     0x61c95dcd63e6 - std[617be2ca0a6fd877]::panicking::default_hook::{closure#0}
[INFO] [stdout]                                at /rustc/e3feeb59cd1bdd011a2bfcc0747b55125d9b8527/library/std/src/panicking.rs:289:27
[INFO] [stdout]   10:     0x61c95dcf3939 - std[617be2ca0a6fd877]::panicking::default_hook
[INFO] [stdout]                                at /rustc/e3feeb59cd1bdd011a2bfcc0747b55125d9b8527/library/std/src/panicking.rs:313:9
[INFO] [stdout]   11:     0x61c95dc371e0 - <alloc[2e1b2a31b91974c5]::boxed::Box<dyn for<'a, 'b> core[a373ad73a504971]::ops::function::Fn<(&'a std[617be2ca0a6fd877]::panic::PanicHookInfo<'b>,), Output = ()> + core[a373ad73a504971]::marker::Sync + core[a373ad73a504971]::marker::Send> as core[a373ad73a504971]::ops::function::Fn<(&std[617be2ca0a6fd877]::panic::PanicHookInfo,)>>::call
[INFO] [stdout]                                at /rustc/e3feeb59cd1bdd011a2bfcc0747b55125d9b8527/library/alloc/src/boxed.rs:2328:9
[INFO] [stdout]   12:     0x61c95dc371e0 - test[aada8e7e76ba119b]::test_main_inner::{closure#0}
[INFO] [stdout]                                at /rustc/e3feeb59cd1bdd011a2bfcc0747b55125d9b8527/library/test/src/lib.rs:137:21
[INFO] [stdout]   13:     0x61c95dcf3af2 - <alloc[2e1b2a31b91974c5]::boxed::Box<dyn for<'a, 'b> core[a373ad73a504971]::ops::function::Fn<(&'a std[617be2ca0a6fd877]::panic::PanicHookInfo<'b>,), Output = ()> + core[a373ad73a504971]::marker::Sync + core[a373ad73a504971]::marker::Send> as core[a373ad73a504971]::ops::function::Fn<(&std[617be2ca0a6fd877]::panic::PanicHookInfo,)>>::call
[INFO] [stdout]                                at /rustc/e3feeb59cd1bdd011a2bfcc0747b55125d9b8527/library/alloc/src/boxed.rs:2328:9
[INFO] [stdout]   14:     0x61c95dcf3af2 - std[617be2ca0a6fd877]::panicking::panic_with_hook
[INFO] [stdout]                                at /rustc/e3feeb59cd1bdd011a2bfcc0747b55125d9b8527/library/std/src/panicking.rs:819:13
[INFO] [stdout]   15:     0x61c95dcd6492 - std[617be2ca0a6fd877]::panicking::panic_handler::{closure#0}
[INFO] [stdout]                                at /rustc/e3feeb59cd1bdd011a2bfcc0747b55125d9b8527/library/std/src/panicking.rs:685:13
[INFO] [stdout]   16:     0x61c95dcceef9 - std[617be2ca0a6fd877]::sys::backtrace::__rust_end_short_backtrace::<std[617be2ca0a6fd877]::panicking::panic_handler::{closure#0}, !>
[INFO] [stdout]                                at /rustc/e3feeb59cd1bdd011a2bfcc0747b55125d9b8527/library/std/src/sys/backtrace.rs:182:18
[INFO] [stdout]   17:     0x61c95dcd709d - __rustc[ea4f61d10b84890b]::rust_begin_unwind
[INFO] [stdout]                                at /rustc/e3feeb59cd1bdd011a2bfcc0747b55125d9b8527/library/std/src/panicking.rs:676:5
[INFO] [stdout]   18:     0x61c95dd11e8c - core[a373ad73a504971]::panicking::panic_fmt
[INFO] [stdout]                                at /rustc/e3feeb59cd1bdd011a2bfcc0747b55125d9b8527/library/core/src/panicking.rs:80:14
[INFO] [stdout]   19:     0x61c95dd11be2 - core[a373ad73a504971]::result::unwrap_failed
[INFO] [stdout]                                at /rustc/e3feeb59cd1bdd011a2bfcc0747b55125d9b8527/library/core/src/result.rs:1870:5
[INFO] [stdout]   20:     0x61c95dc28f4d - <core[a373ad73a504971]::result::Result<(), vika_cli[38321b2dda7b3c95]::error::VikaError>>::unwrap
[INFO] [stdout]                                at /rustc/e3feeb59cd1bdd011a2bfcc0747b55125d9b8527/library/core/src/result.rs:1232:23
[INFO] [stdout]   21:     0x61c95dc28f4d - conflict_detection_test[17d567f8e678ac67]::test_skip_unchanged_files
[INFO] [stdout]                                at /opt/rustwide/workdir/tests/conflict_detection_test.rs:12:42
[INFO] [stdout]   22:     0x61c95dc28bd7 - conflict_detection_test[17d567f8e678ac67]::test_skip_unchanged_files::{closure#0}
[INFO] [stdout]                                at /opt/rustwide/workdir/tests/conflict_detection_test.rs:5:31
[INFO] [stdout]   23:     0x61c95dc2a5d6 - <conflict_detection_test[17d567f8e678ac67]::test_skip_unchanged_files::{closure#0} as core[a373ad73a504971]::ops::function::FnOnce<()>>::call_once
[INFO] [stdout]                                at /rustc/e3feeb59cd1bdd011a2bfcc0747b55125d9b8527/library/core/src/ops/function.rs:250:5
[INFO] [stdout]   24:     0x61c95dc2a62b - <fn() -> core[a373ad73a504971]::result::Result<(), alloc[2e1b2a31b91974c5]::string::String> as core[a373ad73a504971]::ops::function::FnOnce<()>>::call_once
[INFO] [stdout]                                at /rustc/e3feeb59cd1bdd011a2bfcc0747b55125d9b8527/library/core/src/ops/function.rs:250:5
[INFO] [stdout]   25:     0x61c95dc2a62b - test[aada8e7e76ba119b]::__rust_begin_short_backtrace::<core[a373ad73a504971]::result::Result<(), alloc[2e1b2a31b91974c5]::string::String>, fn() -> core[a373ad73a504971]::result::Result<(), alloc[2e1b2a31b91974c5]::string::String>>
[INFO] [stdout]                                at /rustc/e3feeb59cd1bdd011a2bfcc0747b55125d9b8527/library/test/src/lib.rs:701:18
[INFO] [stdout]   26:     0x61c95dc37805 - test[aada8e7e76ba119b]::run_test_in_process::{closure#0}
[INFO] [stdout]                                at /rustc/e3feeb59cd1bdd011a2bfcc0747b55125d9b8527/library/test/src/lib.rs:724:74
[INFO] [stdout]   27:     0x61c95dc37805 - <core[a373ad73a504971]::panic::unwind_safe::AssertUnwindSafe<test[aada8e7e76ba119b]::run_test_in_process::{closure#0}> as core[a373ad73a504971]::ops::function::FnOnce<()>>::call_once
[INFO] [stdout]                                at /rustc/e3feeb59cd1bdd011a2bfcc0747b55125d9b8527/library/core/src/panic/unwind_safe.rs:275:9
[INFO] [stdout]   28:     0x61c95dc37805 - std[617be2ca0a6fd877]::panicking::catch_unwind::do_call::<core[a373ad73a504971]::panic::unwind_safe::AssertUnwindSafe<test[aada8e7e76ba119b]::run_test_in_process::{closure#0}>, core[a373ad73a504971]::result::Result<(), alloc[2e1b2a31b91974c5]::string::String>>
[INFO] [stdout]                                at /rustc/e3feeb59cd1bdd011a2bfcc0747b55125d9b8527/library/std/src/panicking.rs:573:43
[INFO] [stdout]   29:     0x61c95dc37805 - std[617be2ca0a6fd877]::panicking::catch_unwind::<core[a373ad73a504971]::result::Result<(), alloc[2e1b2a31b91974c5]::string::String>, core[a373ad73a504971]::panic::unwind_safe::AssertUnwindSafe<test[aada8e7e76ba119b]::run_test_in_process::{closure#0}>>
[INFO] [stdout]                                at /rustc/e3feeb59cd1bdd011a2bfcc0747b55125d9b8527/library/std/src/panicking.rs:541:19
[INFO] [stdout]   30:     0x61c95dc37805 - std[617be2ca0a6fd877]::panic::catch_unwind::<core[a373ad73a504971]::panic::unwind_safe::AssertUnwindSafe<test[aada8e7e76ba119b]::run_test_in_process::{closure#0}>, core[a373ad73a504971]::result::Result<(), alloc[2e1b2a31b91974c5]::string::String>>
[INFO] [stdout]                                at /rustc/e3feeb59cd1bdd011a2bfcc0747b55125d9b8527/library/std/src/panic.rs:359:14
[INFO] [stdout]   31:     0x61c95dc37805 - test[aada8e7e76ba119b]::run_test_in_process
[INFO] [stdout]                                at /rustc/e3feeb59cd1bdd011a2bfcc0747b55125d9b8527/library/test/src/lib.rs:724:27
[INFO] [stdout]   32:     0x61c95dc37805 - test[aada8e7e76ba119b]::run_test::{closure#0}
[INFO] [stdout]                                at /rustc/e3feeb59cd1bdd011a2bfcc0747b55125d9b8527/library/test/src/lib.rs:645:43
[INFO] [stdout]   33:     0x61c95dc310f4 - test[aada8e7e76ba119b]::run_test::{closure#1}
[INFO] [stdout]                                at /rustc/e3feeb59cd1bdd011a2bfcc0747b55125d9b8527/library/test/src/lib.rs:675:41
[INFO] [stdout]   34:     0x61c95dc310f4 - std[617be2ca0a6fd877]::sys::backtrace::__rust_begin_short_backtrace::<test[aada8e7e76ba119b]::run_test::{closure#1}, ()>
[INFO] [stdout]                                at /rustc/e3feeb59cd1bdd011a2bfcc0747b55125d9b8527/library/std/src/sys/backtrace.rs:166:18
[INFO] [stdout]   35:     0x61c95dc3a892 - std[617be2ca0a6fd877]::thread::lifecycle::spawn_unchecked::<test[aada8e7e76ba119b]::run_test::{closure#1}, ()>::{closure#1}::{closure#0}
[INFO] [stdout]                                at /rustc/e3feeb59cd1bdd011a2bfcc0747b55125d9b8527/library/std/src/thread/lifecycle.rs:70:13
[INFO] [stdout]   36:     0x61c95dc3a892 - <core[a373ad73a504971]::panic::unwind_safe::AssertUnwindSafe<std[617be2ca0a6fd877]::thread::lifecycle::spawn_unchecked<test[aada8e7e76ba119b]::run_test::{closure#1}, ()>::{closure#1}::{closure#0}> as core[a373ad73a504971]::ops::function::FnOnce<()>>::call_once
[INFO] [stdout]                                at /rustc/e3feeb59cd1bdd011a2bfcc0747b55125d9b8527/library/core/src/panic/unwind_safe.rs:275:9
[INFO] [stdout]   37:     0x61c95dc3a892 - std[617be2ca0a6fd877]::panicking::catch_unwind::do_call::<core[a373ad73a504971]::panic::unwind_safe::AssertUnwindSafe<std[617be2ca0a6fd877]::thread::lifecycle::spawn_unchecked<test[aada8e7e76ba119b]::run_test::{closure#1}, ()>::{closure#1}::{closure#0}>, ()>
[INFO] [stdout]                                at /rustc/e3feeb59cd1bdd011a2bfcc0747b55125d9b8527/library/std/src/panicking.rs:573:43
[INFO] [stdout]   38:     0x61c95dc3a892 - std[617be2ca0a6fd877]::panicking::catch_unwind::<(), core[a373ad73a504971]::panic::unwind_safe::AssertUnwindSafe<std[617be2ca0a6fd877]::thread::lifecycle::spawn_unchecked<test[aada8e7e76ba119b]::run_test::{closure#1}, ()>::{closure#1}::{closure#0}>>
[INFO] [stdout]                                at /rustc/e3feeb59cd1bdd011a2bfcc0747b55125d9b8527/library/std/src/panicking.rs:541:19
[INFO] [stdout]   39:     0x61c95dc3a892 - std[617be2ca0a6fd877]::panic::catch_unwind::<core[a373ad73a504971]::panic::unwind_safe::AssertUnwindSafe<std[617be2ca0a6fd877]::thread::lifecycle::spawn_unchecked<test[aada8e7e76ba119b]::run_test::{closure#1}, ()>::{closure#1}::{closure#0}>, ()>
[INFO] [stdout]                                at /rustc/e3feeb59cd1bdd011a2bfcc0747b55125d9b8527/library/std/src/panic.rs:359:14
[INFO] [stdout]   40:     0x61c95dc3a892 - std[617be2ca0a6fd877]::thread::lifecycle::spawn_unchecked::<test[aada8e7e76ba119b]::run_test::{closure#1}, ()>::{closure#1}
[INFO] [stdout]                                at /rustc/e3feeb59cd1bdd011a2bfcc0747b55125d9b8527/library/std/src/thread/lifecycle.rs:68:26
[INFO] [stdout]   41:     0x61c95dc3a892 - <std[617be2ca0a6fd877]::thread::lifecycle::spawn_unchecked<test[aada8e7e76ba119b]::run_test::{closure#1}, ()>::{closure#1} as core[a373ad73a504971]::ops::function::FnOnce<()>>::call_once::{shim:vtable#0}
[INFO] [stdout]                                at /rustc/e3feeb59cd1bdd011a2bfcc0747b55125d9b8527/library/core/src/ops/function.rs:250:5
[INFO] [stdout]   42:     0x61c95dcfbe2f - <alloc[2e1b2a31b91974c5]::boxed::Box<dyn core[a373ad73a504971]::ops::function::FnOnce<(), Output = ()> + core[a373ad73a504971]::marker::Send> as core[a373ad73a504971]::ops::function::FnOnce<()>>::call_once
[INFO] [stdout]                                at /rustc/e3feeb59cd1bdd011a2bfcc0747b55125d9b8527/library/alloc/src/boxed.rs:2314:9
[INFO] [stdout]   43:     0x61c95dcfbe2f - <std[617be2ca0a6fd877]::sys::thread::unix::Thread>::new::thread_start
[INFO] [stdout]                                at /rustc/e3feeb59cd1bdd011a2bfcc0747b55125d9b8527/library/std/src/sys/thread/unix.rs:127:17
[INFO] [stdout]   44:     0x7fe7ce58adfa - <unknown>
[INFO] [stdout]   45:     0x7fe7ce61e3d4 - clone
[INFO] [stdout]   46:                0x0 - <unknown>
[INFO] [stdout] 
[INFO] [stdout] 
[INFO] [stdout] failures:
[INFO] [stdout]     test_skip_unchanged_files
[INFO] [stdout] 
[INFO] [stdout] test result: FAILED. 0 passed; 1 failed; 0 ignored; 0 measured; 0 filtered out; finished in 0.43s
[INFO] [stdout] 
[INFO] [stderr] error: test failed, to rerun pass `--test conflict_detection_test`
[INFO] running `Command { std: "docker" "inspect" "b80cd991fa39b7bfd6c9a05e53fbdd7a688510b8d795f74c091e0a977938331c", kill_on_drop: false }`
[INFO] running `Command { std: "docker" "rm" "-f" "b80cd991fa39b7bfd6c9a05e53fbdd7a688510b8d795f74c091e0a977938331c", kill_on_drop: false }`
[INFO] [stdout] b80cd991fa39b7bfd6c9a05e53fbdd7a688510b8d795f74c091e0a977938331c
