[INFO] fetching crate videre-api 0.52.0...
[INFO] testing videre-api-0.52.0 against 1.100.0-beta.1 for beta-1.100-2
[INFO] extracting crate videre-api 0.52.0 into /workspace/builds/worker-6-tc2/source
[INFO] started tweaking crates.io crate videre-api 0.52.0
[INFO] removed 0 missing tests
[INFO] finished tweaking crates.io crate videre-api 0.52.0
[INFO] tweaked toml for crates.io crate videre-api 0.52.0 written to /workspace/builds/worker-6-tc2/source/Cargo.toml
[INFO] validating manifest of crates.io crate videre-api 0.52.0 on toolchain 1.100.0-beta.1
[INFO] running `Command { std: CARGO_HOME="/workspace/cargo-home" RUSTUP_HOME="/workspace/rustup-home" "/workspace/cargo-home/bin/cargo" "+1.100.0-beta.1" "metadata" "--manifest-path" "Cargo.toml" "--no-deps", kill_on_drop: false }`
[INFO] crate crates.io crate videre-api 0.52.0 already has a lockfile, it will not be regenerated
[INFO] running `Command { std: CARGO_HOME="/workspace/cargo-home" RUSTUP_HOME="/workspace/rustup-home" "/workspace/cargo-home/bin/cargo" "+1.100.0-beta.1" "fetch" "--manifest-path" "Cargo.toml", kill_on_drop: false }`
[INFO] running `Command { std: "docker" "create" "-v" "/var/lib/crater-agent-workspace/builds/worker-6-tc2/source:/opt/rustwide/workdir:ro,Z" "-v" "/var/lib/crater-agent-workspace/builds/worker-6-tc2/target:/opt/rustwide/target:rw,Z" "-v" "/var/lib/crater-agent-workspace/cargo-home:/opt/rustwide/cargo-home:ro,Z" "-v" "/var/lib/crater-agent-workspace/rustup-home:/opt/rustwide/rustup-home:ro,Z" "-m" "1610612736" "--network" "none" "ghcr.io/rust-lang/crates-build-env/linux@sha256:3111399a4047eeb3a02b7a90e478d715f38a8c6669b5c4b49d30a17385265909" "sleep" "infinity", kill_on_drop: false }`
[INFO] [stdout] f2190ef7883b1bbeb5b5482689a02ad74d63e2e6fb54dec12cf2d5683b4cef85
[INFO] running `Command { std: "docker" "start" "f2190ef7883b1bbeb5b5482689a02ad74d63e2e6fb54dec12cf2d5683b4cef85", kill_on_drop: false }`
[INFO] running `Command { std: "docker" "inspect" "f2190ef7883b1bbeb5b5482689a02ad74d63e2e6fb54dec12cf2d5683b4cef85", kill_on_drop: false }`
[INFO] running `Command { std: "docker" "exec" "-e" "SOURCE_DIR=/opt/rustwide/workdir" "-e" "CARGO_HOME=/opt/rustwide/cargo-home" "-e" "RUSTUP_HOME=/opt/rustwide/rustup-home" "-e" "CARGO_TARGET_DIR=/opt/rustwide/target" "-w" "/opt/rustwide/workdir" "--user" "0:0" "f2190ef7883b1bbeb5b5482689a02ad74d63e2e6fb54dec12cf2d5683b4cef85" "/opt/rustwide/cargo-home/bin/cargo" "+1.100.0-beta.1" "metadata" "--no-deps" "--format-version=1", kill_on_drop: false }`
[INFO] running `Command { std: "docker" "inspect" "f2190ef7883b1bbeb5b5482689a02ad74d63e2e6fb54dec12cf2d5683b4cef85", kill_on_drop: false }`
[INFO] running `Command { std: "docker" "exec" "-e" "SOURCE_DIR=/opt/rustwide/workdir" "-e" "CARGO_HOME=/opt/rustwide/cargo-home" "-e" "RUSTUP_HOME=/opt/rustwide/rustup-home" "-e" "CARGO_TARGET_DIR=/opt/rustwide/target" "-e" "CARGO_INCREMENTAL=0" "-e" "RUST_BACKTRACE=full" "-e" "RUSTFLAGS=--cap-lints=warn" "-e" "RUSTDOCFLAGS=--cap-lints=warn" "-w" "/opt/rustwide/workdir" "--user" "0:0" "f2190ef7883b1bbeb5b5482689a02ad74d63e2e6fb54dec12cf2d5683b4cef85" "/opt/rustwide/cargo-home/bin/cargo" "+1.100.0-beta.1" "build" "--frozen" "--message-format=json", kill_on_drop: false }`
[INFO] [stderr]    Compiling find-msvc-tools v0.1.11
[INFO] [stderr]    Compiling serde_core v1.0.229
[INFO] [stderr]    Compiling log v0.4.34
[INFO] [stderr]    Compiling zerocopy v0.8.56
[INFO] [stderr]    Compiling crc32fast v1.5.1
[INFO] [stderr]    Compiling syn v2.0.119
[INFO] [stderr]    Compiling tracing-core v0.1.36
[INFO] [stderr]    Compiling memchr v2.8.3
[INFO] [stderr]    Compiling cc v1.4.4
[INFO] [stderr]    Compiling zeroize v1.9.0
[INFO] [stderr]    Compiling hashbrown v0.17.1
[INFO] [stderr]    Compiling flate2 v1.1.9
[INFO] [stderr]    Compiling rustls-pki-types v1.15.1
[INFO] [stderr]    Compiling syn v3.0.4
[INFO] [stderr]    Compiling doc-comment v0.3.4
[INFO] [stderr]    Compiling fixed v1.31.0
[INFO] [stderr]    Compiling lazy_static v1.5.0
[INFO] [stderr]    Compiling vcpkg v0.2.15
[INFO] [stderr]    Compiling pkg-config v0.3.34
[INFO] [stderr]    Compiling serde v1.0.229
[INFO] [stderr]    Compiling httparse v1.10.1
[INFO] [stderr]    Compiling bytemuck v1.25.2
[INFO] [stderr]    Compiling smallvec v1.15.2
[INFO] [stderr]    Compiling nix v0.31.3
[INFO] [stderr]    Compiling sharded-slab v0.1.7
[INFO] [stderr]    Compiling tracing-log v0.2.0
[INFO] [stderr]    Compiling thread_local v1.1.10
[INFO] [stderr]    Compiling portable-atomic v1.15.0
[INFO] [stderr]    Compiling getrandom v0.4.3
[INFO] [stderr]    Compiling typenum v1.20.1
[INFO] [stderr]    Compiling ring v0.17.14
[INFO] [stderr]    Compiling generator v0.8.9
[INFO] [stderr]    Compiling libsqlite3-sys v0.38.2
[INFO] [stderr]    Compiling rustix v1.1.4
[INFO] [stderr]    Compiling rustls v0.23.45
[INFO] [stderr]    Compiling serde_json v1.0.151
[INFO] [stderr]    Compiling zune-core v0.5.3
[INFO] [stderr]    Compiling either v1.18.0
[INFO] [stderr]    Compiling nu-ansi-term v0.50.3
[INFO] [stderr]    Compiling az v1.3.0
[INFO] [stderr]    Compiling zune-jpeg v0.5.15
[INFO] [stderr]    Compiling tracing-subscriber v0.3.23
[INFO] [stderr]    Compiling itertools v0.13.0
[INFO] [stderr]    Compiling http v1.5.0
[INFO] [stderr]    Compiling serde_derive v1.0.229
[INFO] [stderr]    Compiling blake3 v1.8.7
[INFO] [stderr]    Compiling csv-core v0.1.13
[INFO] [stderr]    Compiling ordered-float v4.6.0
[INFO] [stderr]    Compiling matrixmultiply v0.3.11
[INFO] [stderr]    Compiling sorted-vec v0.8.11
[INFO] [stderr]    Compiling base64 v0.23.1
[INFO] [stderr]    Compiling init_with v1.1.0
[INFO] [stderr]    Compiling ubyte v0.10.4
[INFO] [stderr]    Compiling elapsed v0.1.2
[INFO] [stderr]    Compiling winnow v1.0.4
[INFO] [stderr]    Compiling divrem v1.0.0
[INFO] [stderr]    Compiling indexmap v2.14.0
[INFO] [stderr]    Compiling ureq-proto v0.6.1
[INFO] [stderr]    Compiling toml_parser v1.1.3+spec-1.1.0
[INFO] [stderr]    Compiling console v0.16.6
[INFO] [stderr]    Compiling zerocopy-derive v0.8.56
[INFO] [stderr]    Compiling tracing-attributes v0.1.31
[INFO] [stderr]    Compiling rustls-webpki v0.103.15
[INFO] [stderr]    Compiling csv v1.4.0
[INFO] [stderr]    Compiling png v0.18.1
[INFO] [stderr]    Compiling tracing v0.1.44
[INFO] [stderr]    Compiling serde_spanned v1.1.1
[INFO] [stderr]    Compiling toml_datetime v1.1.1+spec-1.1.0
[INFO] [stderr]    Compiling hashlink v0.12.1
[INFO] [stderr]    Compiling webpki-roots v1.0.9
[INFO] [stderr]    Compiling unit-prefix v0.5.2
[INFO] [stderr]    Compiling rawpointer v0.2.1
[INFO] [stderr]    Compiling constant_time_eq v0.4.2
[INFO] [stderr]    Compiling toml_writer v1.1.2+spec-1.1.0
[INFO] [stderr]    Compiling fallible-streaming-iterator v0.1.9
[INFO] [stderr]    Compiling arrayvec v0.7.8
[INFO] [stderr]    Compiling fallible-iterator v0.3.0
[INFO] [stderr]    Compiling utf8-zero v0.8.1
[INFO] [stderr]    Compiling toml v1.1.6+spec-1.1.0
[INFO] [stderr]    Compiling tempfile v3.27.0
[INFO] [stderr]    Compiling chrono v0.4.45
[INFO] [stderr]    Compiling indicatif v0.18.6
[INFO] [stderr]    Compiling ctrlc v3.5.2
[INFO] [stderr]    Compiling ureq v3.4.0
[INFO] [stderr]    Compiling half v2.7.1
[INFO] [stderr]    Compiling tiff v0.11.3
[INFO] [stderr]    Compiling image v0.25.10
[INFO] [stderr]    Compiling rusqlite v0.40.2
[INFO] [stderr]    Compiling kiddo v4.2.1
[INFO] [stderr]    Compiling reverse_geocoder v4.1.1
[INFO] [stderr]    Compiling videre-core v0.52.0
[INFO] [stderr]    Compiling videre-api v0.52.0 (/opt/rustwide/workdir)
[INFO] [stderr]     Finished `dev` profile [unoptimized + debuginfo] target(s) in 1m 57s
[INFO] running `Command { std: "docker" "inspect" "f2190ef7883b1bbeb5b5482689a02ad74d63e2e6fb54dec12cf2d5683b4cef85", kill_on_drop: false }`
[INFO] running `Command { std: "docker" "exec" "-e" "SOURCE_DIR=/opt/rustwide/workdir" "-e" "CARGO_HOME=/opt/rustwide/cargo-home" "-e" "RUSTUP_HOME=/opt/rustwide/rustup-home" "-e" "CARGO_TARGET_DIR=/opt/rustwide/target" "-e" "CARGO_INCREMENTAL=0" "-e" "RUST_BACKTRACE=full" "-e" "RUSTFLAGS=--cap-lints=warn" "-e" "RUSTDOCFLAGS=--cap-lints=warn" "-w" "/opt/rustwide/workdir" "--user" "0:0" "f2190ef7883b1bbeb5b5482689a02ad74d63e2e6fb54dec12cf2d5683b4cef85" "/opt/rustwide/cargo-home/bin/cargo" "+1.100.0-beta.1" "test" "--frozen" "--no-run" "--message-format=json", kill_on_drop: false }`
[INFO] [stderr]    Compiling videre-api v0.52.0 (/opt/rustwide/workdir)
[INFO] [stderr]     Finished `test` profile [unoptimized + debuginfo] target(s) in 5.16s
[INFO] running `Command { std: "docker" "inspect" "f2190ef7883b1bbeb5b5482689a02ad74d63e2e6fb54dec12cf2d5683b4cef85", kill_on_drop: false }`
[INFO] running `Command { std: "docker" "exec" "-e" "SOURCE_DIR=/opt/rustwide/workdir" "-e" "CARGO_HOME=/opt/rustwide/cargo-home" "-e" "RUSTUP_HOME=/opt/rustwide/rustup-home" "-e" "CARGO_TARGET_DIR=/opt/rustwide/target" "-e" "CARGO_INCREMENTAL=0" "-e" "RUST_BACKTRACE=full" "-e" "RUSTFLAGS=--cap-lints=warn" "-e" "RUSTDOCFLAGS=--cap-lints=warn" "-w" "/opt/rustwide/workdir" "--user" "0:0" "f2190ef7883b1bbeb5b5482689a02ad74d63e2e6fb54dec12cf2d5683b4cef85" "/opt/rustwide/cargo-home/bin/cargo" "+1.100.0-beta.1" "test" "--frozen", kill_on_drop: false }`
[INFO] [stderr]     Finished `test` profile [unoptimized + debuginfo] target(s) in 0.18s
[INFO] [stderr]      Running unittests src/lib.rs (/opt/rustwide/target/debug/build/videre-api/90e4b620f875fe30/out/videre_api-90e4b620f875fe30)
[INFO] [stdout] 
[INFO] [stdout] running 95 tests
[INFO] [stdout] test error::tests::from_rusqlite_error_wraps_as_db_variant ... ok
[INFO] [stdout] test error::tests::conflict_variant_has_a_display_message ... ok
[INFO] [stdout] test error::tests::from_anyhow_error_wraps_message_as_other_variant ... ok
[INFO] [stdout] test error::tests::display_for_db_variant_includes_the_underlying_error ... ok
[INFO] [stdout] test error::tests::display_matches_each_variant ... ok
[INFO] [stdout] test faces::identity_tests::delete_person_accepts_any_form_of_the_name ... ok
[INFO] [stdout] test faces::identity_tests::person_detail_reports_the_display_name ... ok
[INFO] [stdout] test faces::identity_tests::assign_stores_the_identity_and_records_the_display_name ... ok
[INFO] [stdout] test faces::identity_tests::assigning_an_existing_name_in_another_case_joins_that_person ... ok
[INFO] [stdout] test faces::identity_tests::assign_rejects_a_name_with_no_usable_identity ... ok
[INFO] [stdout] test faces::identity_tests::set_full_name_accepts_any_form_of_the_identity ... ok
[INFO] [stdout] test faces::never_run_tests::a_library_that_never_ran_detection_is_empty_not_an_error ... ok
[INFO] [stdout] test faces::identity_tests::person_detail_falls_back_when_there_is_no_people_row ... ok
[INFO] [stdout] test faces::identity_tests::person_detail_resolves_every_form_of_the_name ... ok
[INFO] [stdout] test faces::never_run_tests::deleting_a_person_supersedes_questions_and_advances_once ... ok
[INFO] [stdout] test faces::never_run_tests::refresh_creates_question_tables_for_a_first_training_cycle ... ok
[INFO] [stdout] test faces::never_run_tests::faces_moved_out_of_the_question_cluster_conflict ... ok
[INFO] [stdout] test faces::never_run_tests::no_teaches_negative_without_labeling ... ok
[INFO] [stdout] test faces::never_run_tests::skip_only_changes_delivery_state ... ok
[INFO] [stdout] test faces::identity_tests::set_full_name_changes_only_the_display_name ... ok
[INFO] [stdout] test faces::identity_tests::set_primary_accepts_any_form_of_the_name ... ok
[INFO] [stdout] test faces::identity_tests::set_full_name_rejects_an_empty_display_name ... ok
[INFO] [stdout] test faces::identity_tests::set_full_name_on_a_missing_person_is_not_found ... ok
[INFO] [stdout] test faces::never_run_tests::yes_confirms_the_target_and_teaches_positive_membership ... ok
[INFO] [stdout] test faces::never_run_tests::yes_cannot_label_without_evidence ... ok
[INFO] [stdout] test faces::tests::assign_a_missing_face_is_not_found ... ok
[INFO] [stdout] test faces::never_run_tests::the_journal_reports_availability_without_rewriting_history ... ok
[INFO] [stdout] test faces::tests::assign_is_atomic_when_one_face_is_missing ... ok
[INFO] [stdout] test faces::tests::assign_detaches_the_face_from_its_cluster ... ok
[INFO] [stdout] test faces::tests::assign_commit_failure_rolls_back_and_closes_the_transaction ... ok
[INFO] [stdout] test faces::tests::assign_rejects_empty_face_ids ... ok
[INFO] [stdout] test faces::never_run_tests::stale_answers_conflict_without_partial_writes ... ok
[INFO] [stdout] test faces::tests::assign_labels_and_confirms ... ok
[INFO] [stdout] test faces::tests::assign_rejects_empty_label ... ok
[INFO] [stdout] test faces::tests::cluster_detail_lists_faces ... ok
[INFO] [stdout] test faces::tests::cluster_detail_never_shows_labeled_faces ... ok
[INFO] [stdout] test faces::tests::delete_person_returns_faces_to_the_unassigned_pool_and_reopens_regrouping ... ok
[INFO] [stdout] test faces::tests::delete_person_missing_is_idempotent_success ... ok
[INFO] [stdout] test faces::tests::faces_list_splits_people_clusters_singletons ... ok
[INFO] [stdout] test faces::tests::deleting_a_missing_person_leaves_the_regrouping_gate_alone ... ok
[INFO] [stdout] test faces::tests::learning::a_large_cluster_has_a_deterministic_per_action_membership_cap ... ok
[INFO] [stdout] test faces::tests::dissolve_cluster_missing_is_not_found ... ok
[INFO] [stdout] test faces::tests::learning::a_stale_state_never_reports_the_waiting_ask_as_an_error ... ok
[INFO] [stdout] test faces::tests::dissolve_cluster_nulls_cluster_id ... ok
[INFO] [stdout] test faces::tests::learning::commit_failure_rolls_back_faces_events_and_generation ... ok
[INFO] [stdout] test faces::tests::learning::a_partial_cluster_is_rejected_with_the_counts ... ok
[INFO] [stdout] test faces::tests::learning::assigning_to_a_face_less_person_keeps_only_supported_evidence ... ok
[INFO] [stdout] test faces::tests::learning::a_repeated_face_is_rejected_with_a_reason ... ok
[INFO] [stdout] test faces::tests::learning::a_named_face_is_rejected_with_a_reason ... ok
[INFO] [stdout] test faces::tests::learning::event_insert_failure_rolls_back_the_visible_assignment_and_generation ... ok
[INFO] [stdout] test faces::tests::learning::deleting_a_person_invalidates_identity_evidence_without_a_negative_event ... ok
[INFO] [stdout] test faces::tests::learning::deleting_a_person_without_learning_evidence_keeps_generation_current ... ok
[INFO] [stdout] test faces::tests::learning::new_person_collision_uses_existing_person_support ... ok
[INFO] [stdout] test faces::tests::learning::learning_corrections_use_pre_action_state_without_pairwise_dissolve_labels ... ok
[INFO] [stdout] test faces::tests::detail_pages_list_a_face_once_when_its_photo_has_two_paths ... ok
[INFO] [stdout] test faces::tests::learning::the_summary_names_rejected_candidates_and_the_gate_they_missed ... ok
[INFO] [stdout] test faces::tests::learning::malformed_or_mixed_prestate_rolls_back_without_learning ... ok
[INFO] [stdout] test faces::tests::learning::the_summary_names_the_active_profile ... ok
[INFO] [stdout] test faces::tests::learning::the_summary_says_learning_is_not_used_before_any_profile ... ok
[INFO] [stdout] test faces::tests::learning::following_the_waiting_ask_starts_a_new_run_and_one_face_does_not ... ok
[INFO] [stdout] test faces::tests::learning::unsupported_last_face_removals_still_apply_without_fabricated_evidence ... ok
[INFO] [stdout] test faces::tests::learning::with_learning_off_the_same_requests_are_rejected ... ok
[INFO] [stdout] test faces::tests::learning::learning_assignments_emit_expected_positive_evidence_once_per_action ... ok
[INFO] [stdout] test faces::tests::person_detail_marks_primary ... ok
[INFO] [stdout] test faces::tests::remove_face_missing_is_not_found ... ok
[INFO] [stdout] test faces::tests::renaming_only_the_spelling_keeps_the_identity ... ok
[INFO] [stdout] test faces::tests::remove_face_unassigns_everything ... ok
[INFO] [stdout] test faces::tests::set_primary_face_of_another_person_is_not_found_and_rolls_back ... ok
[INFO] [stdout] test faces::never_run_tests::v2_library_enforces_keys_through_the_public_paths ... ok
[INFO] [stdout] test faces::tests::stale_generation_cannot_insert_or_promote_a_profile ... ok
[INFO] [stdout] test faces::tests::set_primary_is_exclusive_per_person ... ok
[INFO] [stdout] test images::tests::a_corrupt_cached_original_is_skipped_not_fatal ... ok
[INFO] [stdout] test faces::tests::set_primary_missing_face_is_not_found ... ok
[INFO] [stdout] test faces::tests::learning::with_learning_off_mutations_write_the_same_faces_and_record_nothing ... ok
[INFO] [stdout] test images::tests::face_lookup_unknown_id_is_not_found ... ok
[INFO] [stdout] test faces::tests::the_list_comes_back_in_the_same_order_every_time ... ok
[INFO] [stdout] test images::tests::face_lookup_does_not_touch_the_filesystem ... ok
[INFO] [stdout] test images::tests::mime_types_cover_gallery_image_and_video_extensions ... ok
[INFO] [stdout] test images::tests::a_face_crop_is_square_and_thumbnail_sized ... ok
[INFO] [stdout] test images::tests::a_face_crop_clamps_to_the_image_bounds ... ok
[INFO] [stdout] test images::tests::original_lookup_unknown_id_is_not_found ... ok
[INFO] [stdout] test images::tests::a_face_thumbnail_is_cropped_from_the_upright_image ... FAILED
[INFO] [stdout] test label::tests::keeps_zwj_emoji_sequences ... ok
[INFO] [stdout] test label::tests::strips_bidi_override ... ok
[INFO] [stdout] test label::tests::strips_control_chars ... ok
[INFO] [stdout] test images::tests::malformed_face_bbox_is_not_found_before_image_io ... ok
[INFO] [stdout] test images::tests::original_bytes_preserve_plain_file_contents_and_choose_mime ... ok
[INFO] [stdout] test images::tests::missing_original_file_is_not_found ... ok
[INFO] [stdout] test images::tests::face_thumbnail_cache_is_returned_without_reading_the_source ... ok
[INFO] [stdout] test stats::tests::library_stats_returns_totals_from_an_empty_db ... ok
[INFO] [stdout] test label::tests::trims_collapses_and_caps ... ok
[INFO] [stdout] test images::tests::a_degenerate_bbox_still_produces_a_thumbnail ... ok
[INFO] [stdout] test images::tests::unknown_face_id_is_not_found ... ok
[INFO] [stdout] test pipeline_status::tests::pipeline_status_reports_all_tracked_commands_never_run ... ok
[INFO] [stdout] test images::tests::a_cached_original_feeds_the_face_crop_without_quicklook ... ok
[INFO] [stdout] 
[INFO] [stdout] failures:
[INFO] [stdout] 
[INFO] [stdout] ---- images::tests::a_face_thumbnail_is_cropped_from_the_upright_image stdout ----
[INFO] [stdout] 
[INFO] [stdout] thread 'images::tests::a_face_thumbnail_is_cropped_from_the_upright_image' (1816) panicked at src/images.rs:359:18:
[INFO] [stdout] called `Result::unwrap()` on an `Err` value: IoError(Os { code: 2, kind: NotFound, message: "No such file or directory" })
[INFO] [stdout] stack backtrace:
[INFO] [stdout]    0:     0x60352fe008c1 - std[617be2ca0a6fd877]::backtrace_rs::backtrace::libunwind::trace
[INFO] [stdout]                                at /rustc/e3feeb59cd1bdd011a2bfcc0747b55125d9b8527/library/std/src/../../backtrace/src/backtrace/libunwind.rs:117:9
[INFO] [stdout]    1:     0x60352fe008c1 - std[617be2ca0a6fd877]::backtrace_rs::backtrace::trace_unsynchronized::<std[617be2ca0a6fd877]::sys::backtrace::_print_fmt::{closure#1}>
[INFO] [stdout]                                at /rustc/e3feeb59cd1bdd011a2bfcc0747b55125d9b8527/library/std/src/../../backtrace/src/backtrace/mod.rs:66:14
[INFO] [stdout]    2:     0x60352fe008c1 - std[617be2ca0a6fd877]::sys::backtrace::_print_fmt
[INFO] [stdout]                                at /rustc/e3feeb59cd1bdd011a2bfcc0747b55125d9b8527/library/std/src/sys/backtrace.rs:74:9
[INFO] [stdout]    3:     0x60352fe008c1 - <<std[617be2ca0a6fd877]::sys::backtrace::BacktraceLock>::print::DisplayBacktrace as core[a373ad73a504971]::fmt::Display>::fmt
[INFO] [stdout]                                at /rustc/e3feeb59cd1bdd011a2bfcc0747b55125d9b8527/library/std/src/sys/backtrace.rs:44:26
[INFO] [stdout]    4:     0x60352fe18c1a - <core[a373ad73a504971]::fmt::rt::Argument>::fmt
[INFO] [stdout]                                at /rustc/e3feeb59cd1bdd011a2bfcc0747b55125d9b8527/library/core/src/fmt/rt.rs:152:76
[INFO] [stdout]    5:     0x60352fe18c1a - core[a373ad73a504971]::fmt::write
[INFO] [stdout]    6:     0x60352fe053bc - core[a373ad73a504971]::io::write::default_write_fmt::<alloc[2e1b2a31b91974c5]::vec::Vec<u8>>
[INFO] [stdout]                                at /rustc/e3feeb59cd1bdd011a2bfcc0747b55125d9b8527/library/core/src/io/write.rs:402:11
[INFO] [stdout]    7:     0x60352fe053bc - <alloc[2e1b2a31b91974c5]::vec::Vec<u8> as core[a373ad73a504971]::io::write::Write>::write_fmt
[INFO] [stdout]                                at /rustc/e3feeb59cd1bdd011a2bfcc0747b55125d9b8527/library/core/src/io/write.rs:335:13
[INFO] [stdout]    8:     0x60352fdd9676 - <std[617be2ca0a6fd877]::sys::backtrace::BacktraceLock>::print
[INFO] [stdout]                                at /rustc/e3feeb59cd1bdd011a2bfcc0747b55125d9b8527/library/std/src/sys/backtrace.rs:47:9
[INFO] [stdout]    9:     0x60352fdd9676 - std[617be2ca0a6fd877]::panicking::default_hook::{closure#0}
[INFO] [stdout]                                at /rustc/e3feeb59cd1bdd011a2bfcc0747b55125d9b8527/library/std/src/panicking.rs:289:27
[INFO] [stdout]   10:     0x60352fdf7699 - std[617be2ca0a6fd877]::panicking::default_hook
[INFO] [stdout]                                at /rustc/e3feeb59cd1bdd011a2bfcc0747b55125d9b8527/library/std/src/panicking.rs:313:9
[INFO] [stdout]   11:     0x60352f51add0 - <alloc[2e1b2a31b91974c5]::boxed::Box<dyn for<'a, 'b> core[a373ad73a504971]::ops::function::Fn<(&'a std[617be2ca0a6fd877]::panic::PanicHookInfo<'b>,), Output = ()> + core[a373ad73a504971]::marker::Sync + core[a373ad73a504971]::marker::Send> as core[a373ad73a504971]::ops::function::Fn<(&std[617be2ca0a6fd877]::panic::PanicHookInfo,)>>::call
[INFO] [stdout]                                at /rustc/e3feeb59cd1bdd011a2bfcc0747b55125d9b8527/library/alloc/src/boxed.rs:2328:9
[INFO] [stdout]   12:     0x60352f51add0 - test[aada8e7e76ba119b]::test_main_inner::{closure#0}
[INFO] [stdout]                                at /rustc/e3feeb59cd1bdd011a2bfcc0747b55125d9b8527/library/test/src/lib.rs:137:21
[INFO] [stdout]   13:     0x60352fdf7852 - <alloc[2e1b2a31b91974c5]::boxed::Box<dyn for<'a, 'b> core[a373ad73a504971]::ops::function::Fn<(&'a std[617be2ca0a6fd877]::panic::PanicHookInfo<'b>,), Output = ()> + core[a373ad73a504971]::marker::Sync + core[a373ad73a504971]::marker::Send> as core[a373ad73a504971]::ops::function::Fn<(&std[617be2ca0a6fd877]::panic::PanicHookInfo,)>>::call
[INFO] [stdout]                                at /rustc/e3feeb59cd1bdd011a2bfcc0747b55125d9b8527/library/alloc/src/boxed.rs:2328:9
[INFO] [stdout]   14:     0x60352fdf7852 - std[617be2ca0a6fd877]::panicking::panic_with_hook
[INFO] [stdout]                                at /rustc/e3feeb59cd1bdd011a2bfcc0747b55125d9b8527/library/std/src/panicking.rs:819:13
[INFO] [stdout]   15:     0x60352fdd9722 - std[617be2ca0a6fd877]::panicking::panic_handler::{closure#0}
[INFO] [stdout]                                at /rustc/e3feeb59cd1bdd011a2bfcc0747b55125d9b8527/library/std/src/panicking.rs:685:13
[INFO] [stdout]   16:     0x60352fdd1a89 - std[617be2ca0a6fd877]::sys::backtrace::__rust_end_short_backtrace::<std[617be2ca0a6fd877]::panicking::panic_handler::{closure#0}, !>
[INFO] [stdout]                                at /rustc/e3feeb59cd1bdd011a2bfcc0747b55125d9b8527/library/std/src/sys/backtrace.rs:182:18
[INFO] [stdout]   17:     0x60352fdda61d - __rustc[ea4f61d10b84890b]::rust_begin_unwind
[INFO] [stdout]                                at /rustc/e3feeb59cd1bdd011a2bfcc0747b55125d9b8527/library/std/src/panicking.rs:676:5
[INFO] [stdout]   18:     0x60352fe1943c - core[a373ad73a504971]::panicking::panic_fmt
[INFO] [stdout]                                at /rustc/e3feeb59cd1bdd011a2bfcc0747b55125d9b8527/library/core/src/panicking.rs:80:14
[INFO] [stdout]   19:     0x60352fe19192 - core[a373ad73a504971]::result::unwrap_failed
[INFO] [stdout]                                at /rustc/e3feeb59cd1bdd011a2bfcc0747b55125d9b8527/library/core/src/result.rs:1870:5
[INFO] [stdout]   20:     0x60352f46e5b9 - <core[a373ad73a504971]::result::Result<(image[7086b759803b69db]::images::dynimage::DynamicImage, image[7086b759803b69db]::metadata::Orientation), image[7086b759803b69db]::error::ImageError>>::unwrap
[INFO] [stdout]                                at /rustc/e3feeb59cd1bdd011a2bfcc0747b55125d9b8527/library/core/src/result.rs:1232:23
[INFO] [stdout]   21:     0x60352f46e5b9 - videre_api[3e5e826000d90077]::images::tests::a_face_thumbnail_is_cropped_from_the_upright_image
[INFO] [stdout]                                at /opt/rustwide/workdir/src/images.rs:359:18
[INFO] [stdout]   22:     0x60352f464b57 - videre_api[3e5e826000d90077]::images::tests::a_face_thumbnail_is_cropped_from_the_upright_image::{closure#0}
[INFO] [stdout]                                at /opt/rustwide/workdir/src/images.rs:334:60
[INFO] [stdout]   23:     0x60352f50da36 - <videre_api[3e5e826000d90077]::images::tests::a_face_thumbnail_is_cropped_from_the_upright_image::{closure#0} as core[a373ad73a504971]::ops::function::FnOnce<()>>::call_once
[INFO] [stdout]                                at /rustc/e3feeb59cd1bdd011a2bfcc0747b55125d9b8527/library/core/src/ops/function.rs:250:5
[INFO] [stdout]   24:     0x60352f50e21b - <fn() -> core[a373ad73a504971]::result::Result<(), alloc[2e1b2a31b91974c5]::string::String> as core[a373ad73a504971]::ops::function::FnOnce<()>>::call_once
[INFO] [stdout]                                at /rustc/e3feeb59cd1bdd011a2bfcc0747b55125d9b8527/library/core/src/ops/function.rs:250:5
[INFO] [stdout]   25:     0x60352f50e21b - test[aada8e7e76ba119b]::__rust_begin_short_backtrace::<core[a373ad73a504971]::result::Result<(), alloc[2e1b2a31b91974c5]::string::String>, fn() -> core[a373ad73a504971]::result::Result<(), alloc[2e1b2a31b91974c5]::string::String>>
[INFO] [stdout]                                at /rustc/e3feeb59cd1bdd011a2bfcc0747b55125d9b8527/library/test/src/lib.rs:701:18
[INFO] [stdout]   26:     0x60352f51b3f5 - test[aada8e7e76ba119b]::run_test_in_process::{closure#0}
[INFO] [stdout]                                at /rustc/e3feeb59cd1bdd011a2bfcc0747b55125d9b8527/library/test/src/lib.rs:724:74
[INFO] [stdout]   27:     0x60352f51b3f5 - <core[a373ad73a504971]::panic::unwind_safe::AssertUnwindSafe<test[aada8e7e76ba119b]::run_test_in_process::{closure#0}> as core[a373ad73a504971]::ops::function::FnOnce<()>>::call_once
[INFO] [stdout]                                at /rustc/e3feeb59cd1bdd011a2bfcc0747b55125d9b8527/library/core/src/panic/unwind_safe.rs:275:9
[INFO] [stdout]   28:     0x60352f51b3f5 - std[617be2ca0a6fd877]::panicking::catch_unwind::do_call::<core[a373ad73a504971]::panic::unwind_safe::AssertUnwindSafe<test[aada8e7e76ba119b]::run_test_in_process::{closure#0}>, core[a373ad73a504971]::result::Result<(), alloc[2e1b2a31b91974c5]::string::String>>
[INFO] [stdout]                                at /rustc/e3feeb59cd1bdd011a2bfcc0747b55125d9b8527/library/std/src/panicking.rs:573:43
[INFO] [stdout]   29:     0x60352f51b3f5 - std[617be2ca0a6fd877]::panicking::catch_unwind::<core[a373ad73a504971]::result::Result<(), alloc[2e1b2a31b91974c5]::string::String>, core[a373ad73a504971]::panic::unwind_safe::AssertUnwindSafe<test[aada8e7e76ba119b]::run_test_in_process::{closure#0}>>
[INFO] [stdout]                                at /rustc/e3feeb59cd1bdd011a2bfcc0747b55125d9b8527/library/std/src/panicking.rs:541:19
[INFO] [stdout]   30:     0x60352f51b3f5 - std[617be2ca0a6fd877]::panic::catch_unwind::<core[a373ad73a504971]::panic::unwind_safe::AssertUnwindSafe<test[aada8e7e76ba119b]::run_test_in_process::{closure#0}>, core[a373ad73a504971]::result::Result<(), alloc[2e1b2a31b91974c5]::string::String>>
[INFO] [stdout]                                at /rustc/e3feeb59cd1bdd011a2bfcc0747b55125d9b8527/library/std/src/panic.rs:359:14
[INFO] [stdout]   31:     0x60352f51b3f5 - test[aada8e7e76ba119b]::run_test_in_process
[INFO] [stdout]                                at /rustc/e3feeb59cd1bdd011a2bfcc0747b55125d9b8527/library/test/src/lib.rs:724:27
[INFO] [stdout]   32:     0x60352f51b3f5 - test[aada8e7e76ba119b]::run_test::{closure#0}
[INFO] [stdout]                                at /rustc/e3feeb59cd1bdd011a2bfcc0747b55125d9b8527/library/test/src/lib.rs:645:43
[INFO] [stdout]   33:     0x60352f514ce4 - test[aada8e7e76ba119b]::run_test::{closure#1}
[INFO] [stdout]                                at /rustc/e3feeb59cd1bdd011a2bfcc0747b55125d9b8527/library/test/src/lib.rs:675:41
[INFO] [stdout]   34:     0x60352f514ce4 - std[617be2ca0a6fd877]::sys::backtrace::__rust_begin_short_backtrace::<test[aada8e7e76ba119b]::run_test::{closure#1}, ()>
[INFO] [stdout]                                at /rustc/e3feeb59cd1bdd011a2bfcc0747b55125d9b8527/library/std/src/sys/backtrace.rs:166:18
[INFO] [stdout]   35:     0x60352f51e482 - std[617be2ca0a6fd877]::thread::lifecycle::spawn_unchecked::<test[aada8e7e76ba119b]::run_test::{closure#1}, ()>::{closure#1}::{closure#0}
[INFO] [stdout]                                at /rustc/e3feeb59cd1bdd011a2bfcc0747b55125d9b8527/library/std/src/thread/lifecycle.rs:70:13
[INFO] [stdout]   36:     0x60352f51e482 - <core[a373ad73a504971]::panic::unwind_safe::AssertUnwindSafe<std[617be2ca0a6fd877]::thread::lifecycle::spawn_unchecked<test[aada8e7e76ba119b]::run_test::{closure#1}, ()>::{closure#1}::{closure#0}> as core[a373ad73a504971]::ops::function::FnOnce<()>>::call_once
[INFO] [stdout]                                at /rustc/e3feeb59cd1bdd011a2bfcc0747b55125d9b8527/library/core/src/panic/unwind_safe.rs:275:9
[INFO] [stdout]   37:     0x60352f51e482 - std[617be2ca0a6fd877]::panicking::catch_unwind::do_call::<core[a373ad73a504971]::panic::unwind_safe::AssertUnwindSafe<std[617be2ca0a6fd877]::thread::lifecycle::spawn_unchecked<test[aada8e7e76ba119b]::run_test::{closure#1}, ()>::{closure#1}::{closure#0}>, ()>
[INFO] [stdout]                                at /rustc/e3feeb59cd1bdd011a2bfcc0747b55125d9b8527/library/std/src/panicking.rs:573:43
[INFO] [stdout]   38:     0x60352f51e482 - std[617be2ca0a6fd877]::panicking::catch_unwind::<(), core[a373ad73a504971]::panic::unwind_safe::AssertUnwindSafe<std[617be2ca0a6fd877]::thread::lifecycle::spawn_unchecked<test[aada8e7e76ba119b]::run_test::{closure#1}, ()>::{closure#1}::{closure#0}>>
[INFO] [stdout]                                at /rustc/e3feeb59cd1bdd011a2bfcc0747b55125d9b8527/library/std/src/panicking.rs:541:19
[INFO] [stdout]   39:     0x60352f51e482 - std[617be2ca0a6fd877]::panic::catch_unwind::<core[a373ad73a504971]::panic::unwind_safe::AssertUnwindSafe<std[617be2ca0a6fd877]::thread::lifecycle::spawn_unchecked<test[aada8e7e76ba119b]::run_test::{closure#1}, ()>::{closure#1}::{closure#0}>, ()>
[INFO] [stdout]                                at /rustc/e3feeb59cd1bdd011a2bfcc0747b55125d9b8527/library/std/src/panic.rs:359:14
[INFO] [stdout]   40:     0x60352f51e482 - std[617be2ca0a6fd877]::thread::lifecycle::spawn_unchecked::<test[aada8e7e76ba119b]::run_test::{closure#1}, ()>::{closure#1}
[INFO] [stdout]                                at /rustc/e3feeb59cd1bdd011a2bfcc0747b55125d9b8527/library/std/src/thread/lifecycle.rs:68:26
[INFO] [stdout]   41:     0x60352f51e482 - <std[617be2ca0a6fd877]::thread::lifecycle::spawn_unchecked<test[aada8e7e76ba119b]::run_test::{closure#1}, ()>::{closure#1} as core[a373ad73a504971]::ops::function::FnOnce<()>>::call_once::{shim:vtable#0}
[INFO] [stdout]                                at /rustc/e3feeb59cd1bdd011a2bfcc0747b55125d9b8527/library/core/src/ops/function.rs:250:5
[INFO] [stdout]   42:     0x60352fdff89f - <alloc[2e1b2a31b91974c5]::boxed::Box<dyn core[a373ad73a504971]::ops::function::FnOnce<(), Output = ()> + core[a373ad73a504971]::marker::Send> as core[a373ad73a504971]::ops::function::FnOnce<()>>::call_once
[INFO] [stdout]                                at /rustc/e3feeb59cd1bdd011a2bfcc0747b55125d9b8527/library/alloc/src/boxed.rs:2314:9
[INFO] [stdout]   43:     0x60352fdff89f - <std[617be2ca0a6fd877]::sys::thread::unix::Thread>::new::thread_start
[INFO] [stdout]                                at /rustc/e3feeb59cd1bdd011a2bfcc0747b55125d9b8527/library/std/src/sys/thread/unix.rs:127:17
[INFO] [stdout]   44:     0x7b792203ddfa - <unknown>
[INFO] [stdout]   45:     0x7b79220d13d4 - clone
[INFO] [stdout]   46:                0x0 - <unknown>
[INFO] [stdout] 
[INFO] [stdout] 
[INFO] [stdout] failures:
[INFO] [stdout]     images::tests::a_face_thumbnail_is_cropped_from_the_upright_image
[INFO] [stdout] 
[INFO] [stdout] test result: FAILED. 94 passed; 1 failed; 0 ignored; 0 measured; 0 filtered out; finished in 0.86s
[INFO] [stdout] 
[INFO] [stderr] error: test failed, to rerun pass `--lib`
[INFO] running `Command { std: "docker" "inspect" "f2190ef7883b1bbeb5b5482689a02ad74d63e2e6fb54dec12cf2d5683b4cef85", kill_on_drop: false }`
[INFO] running `Command { std: "docker" "rm" "-f" "f2190ef7883b1bbeb5b5482689a02ad74d63e2e6fb54dec12cf2d5683b4cef85", kill_on_drop: false }`
[INFO] [stdout] f2190ef7883b1bbeb5b5482689a02ad74d63e2e6fb54dec12cf2d5683b4cef85
