[INFO] fetching crate vfs-kit 0.2.0...
[INFO] testing vfs-kit-0.2.0 against 1.100.0-beta.1 for beta-1.100-2
[INFO] extracting crate vfs-kit 0.2.0 into /workspace/builds/worker-2-tc2/source
[INFO] started tweaking crates.io crate vfs-kit 0.2.0
[INFO] removed 0 missing examples
[INFO] finished tweaking crates.io crate vfs-kit 0.2.0
[INFO] tweaked toml for crates.io crate vfs-kit 0.2.0 written to /workspace/builds/worker-2-tc2/source/Cargo.toml
[INFO] validating manifest of crates.io crate vfs-kit 0.2.0 on toolchain 1.100.0-beta.1
[INFO] running `Command { std: CARGO_HOME="/workspace/cargo-home" RUSTUP_HOME="/workspace/rustup-home" "/workspace/cargo-home/bin/cargo" "+1.100.0-beta.1" "metadata" "--manifest-path" "Cargo.toml" "--no-deps", kill_on_drop: false }`
[INFO] crate crates.io crate vfs-kit 0.2.0 already has a lockfile, it will not be regenerated
[INFO] running `Command { std: CARGO_HOME="/workspace/cargo-home" RUSTUP_HOME="/workspace/rustup-home" "/workspace/cargo-home/bin/cargo" "+1.100.0-beta.1" "fetch" "--manifest-path" "Cargo.toml", kill_on_drop: false }`
[INFO] [stderr] warning: `package.homepage` is redundant with `package.repository`
[INFO] [stderr]   --> Cargo.toml:28:12
[INFO] [stderr]    |
[INFO] [stderr] 28 | homepage = "https://github.com/dvshapkin/vfs-kit"
[INFO] [stderr]    |            ^^^^^^^^^^^^^^^^^^^^^^^^^^^^^^^^^^^^^^
[INFO] [stderr] ...
[INFO] [stderr] 33 | repository = "https://github.com/dvshapkin/vfs-kit"
[INFO] [stderr]    |              --------------------------------------
[INFO] [stderr]    |
[INFO] [stderr]    = note: `cargo::redundant_homepage` is set to `warn` by default
[INFO] [stderr] help: consider removing `package.homepage`
[INFO] [stderr] warning: `vfs-kit` (manifest) generated 1 warning
[INFO] running `Command { std: "docker" "create" "-v" "/var/lib/crater-agent-workspace/builds/worker-2-tc2/source:/opt/rustwide/workdir:ro,Z" "-v" "/var/lib/crater-agent-workspace/builds/worker-2-tc2/target:/opt/rustwide/target:rw,Z" "-v" "/var/lib/crater-agent-workspace/cargo-home:/opt/rustwide/cargo-home:ro,Z" "-v" "/var/lib/crater-agent-workspace/rustup-home:/opt/rustwide/rustup-home:ro,Z" "-m" "1610612736" "--network" "none" "ghcr.io/rust-lang/crates-build-env/linux@sha256:3111399a4047eeb3a02b7a90e478d715f38a8c6669b5c4b49d30a17385265909" "sleep" "infinity", kill_on_drop: false }`
[INFO] [stdout] ef8c2225d1ff54bff694b3b266af0af7710d3a1d3532193a17098c084c1d38b7
[INFO] running `Command { std: "docker" "start" "ef8c2225d1ff54bff694b3b266af0af7710d3a1d3532193a17098c084c1d38b7", kill_on_drop: false }`
[INFO] running `Command { std: "docker" "inspect" "ef8c2225d1ff54bff694b3b266af0af7710d3a1d3532193a17098c084c1d38b7", kill_on_drop: false }`
[INFO] running `Command { std: "docker" "exec" "-e" "SOURCE_DIR=/opt/rustwide/workdir" "-e" "CARGO_HOME=/opt/rustwide/cargo-home" "-e" "RUSTUP_HOME=/opt/rustwide/rustup-home" "-e" "CARGO_TARGET_DIR=/opt/rustwide/target" "-w" "/opt/rustwide/workdir" "--user" "0:0" "ef8c2225d1ff54bff694b3b266af0af7710d3a1d3532193a17098c084c1d38b7" "/opt/rustwide/cargo-home/bin/cargo" "+1.100.0-beta.1" "metadata" "--no-deps" "--format-version=1", kill_on_drop: false }`
[INFO] running `Command { std: "docker" "inspect" "ef8c2225d1ff54bff694b3b266af0af7710d3a1d3532193a17098c084c1d38b7", kill_on_drop: false }`
[INFO] running `Command { std: "docker" "exec" "-e" "SOURCE_DIR=/opt/rustwide/workdir" "-e" "CARGO_HOME=/opt/rustwide/cargo-home" "-e" "RUSTUP_HOME=/opt/rustwide/rustup-home" "-e" "CARGO_TARGET_DIR=/opt/rustwide/target" "-e" "CARGO_INCREMENTAL=0" "-e" "RUST_BACKTRACE=full" "-e" "RUSTFLAGS=--cap-lints=warn" "-e" "RUSTDOCFLAGS=--cap-lints=warn" "-w" "/opt/rustwide/workdir" "--user" "0:0" "ef8c2225d1ff54bff694b3b266af0af7710d3a1d3532193a17098c084c1d38b7" "/opt/rustwide/cargo-home/bin/cargo" "+1.100.0-beta.1" "build" "--frozen" "--message-format=json", kill_on_drop: false }`
[INFO] [stderr] warning: `package.homepage` is redundant with `package.repository`
[INFO] [stderr]   --> Cargo.toml:28:12
[INFO] [stderr]    |
[INFO] [stderr] 28 | homepage = "https://github.com/dvshapkin/vfs-kit"
[INFO] [stderr]    |            ^^^^^^^^^^^^^^^^^^^^^^^^^^^^^^^^^^^^^^
[INFO] [stderr] ...
[INFO] [stderr] 33 | repository = "https://github.com/dvshapkin/vfs-kit"
[INFO] [stderr]    |              --------------------------------------
[INFO] [stderr]    |
[INFO] [stderr]    = note: `cargo::redundant_homepage` is set to `warn` by default
[INFO] [stderr] help: consider removing `package.homepage`
[INFO] [stderr] warning: `vfs-kit` (manifest) generated 1 warning
[INFO] [stderr]    Compiling vfs-kit v0.2.0 (/opt/rustwide/workdir)
[INFO] [stderr]     Finished `dev` profile [unoptimized + debuginfo] target(s) in 0.50s
[INFO] running `Command { std: "docker" "inspect" "ef8c2225d1ff54bff694b3b266af0af7710d3a1d3532193a17098c084c1d38b7", kill_on_drop: false }`
[INFO] running `Command { std: "docker" "exec" "-e" "SOURCE_DIR=/opt/rustwide/workdir" "-e" "CARGO_HOME=/opt/rustwide/cargo-home" "-e" "RUSTUP_HOME=/opt/rustwide/rustup-home" "-e" "CARGO_TARGET_DIR=/opt/rustwide/target" "-e" "CARGO_INCREMENTAL=0" "-e" "RUST_BACKTRACE=full" "-e" "RUSTFLAGS=--cap-lints=warn" "-e" "RUSTDOCFLAGS=--cap-lints=warn" "-w" "/opt/rustwide/workdir" "--user" "0:0" "ef8c2225d1ff54bff694b3b266af0af7710d3a1d3532193a17098c084c1d38b7" "/opt/rustwide/cargo-home/bin/cargo" "+1.100.0-beta.1" "test" "--frozen" "--no-run" "--message-format=json", kill_on_drop: false }`
[INFO] [stderr] warning: `package.homepage` is redundant with `package.repository`
[INFO] [stderr]   --> Cargo.toml:28:12
[INFO] [stderr]    |
[INFO] [stderr] 28 | homepage = "https://github.com/dvshapkin/vfs-kit"
[INFO] [stderr]    |            ^^^^^^^^^^^^^^^^^^^^^^^^^^^^^^^^^^^^^^
[INFO] [stderr] ...
[INFO] [stderr] 33 | repository = "https://github.com/dvshapkin/vfs-kit"
[INFO] [stderr]    |              --------------------------------------
[INFO] [stderr]    |
[INFO] [stderr]    = note: `cargo::redundant_homepage` is set to `warn` by default
[INFO] [stderr] help: consider removing `package.homepage`
[INFO] [stderr] warning: `vfs-kit` (manifest) generated 1 warning
[INFO] [stderr]    Compiling rand v0.4.6
[INFO] [stderr]    Compiling remove_dir_all v0.5.3
[INFO] [stderr]    Compiling tempdir v0.3.7
[INFO] [stderr]    Compiling vfs-kit v0.2.0 (/opt/rustwide/workdir)
[INFO] [stderr]     Finished `test` profile [unoptimized + debuginfo] target(s) in 2.48s
[INFO] running `Command { std: "docker" "inspect" "ef8c2225d1ff54bff694b3b266af0af7710d3a1d3532193a17098c084c1d38b7", kill_on_drop: false }`
[INFO] running `Command { std: "docker" "exec" "-e" "SOURCE_DIR=/opt/rustwide/workdir" "-e" "CARGO_HOME=/opt/rustwide/cargo-home" "-e" "RUSTUP_HOME=/opt/rustwide/rustup-home" "-e" "CARGO_TARGET_DIR=/opt/rustwide/target" "-e" "CARGO_INCREMENTAL=0" "-e" "RUST_BACKTRACE=full" "-e" "RUSTFLAGS=--cap-lints=warn" "-e" "RUSTDOCFLAGS=--cap-lints=warn" "-w" "/opt/rustwide/workdir" "--user" "0:0" "ef8c2225d1ff54bff694b3b266af0af7710d3a1d3532193a17098c084c1d38b7" "/opt/rustwide/cargo-home/bin/cargo" "+1.100.0-beta.1" "test" "--frozen", kill_on_drop: false }`
[INFO] [stderr] warning: `package.homepage` is redundant with `package.repository`
[INFO] [stderr]   --> Cargo.toml:28:12
[INFO] [stderr]    |
[INFO] [stderr] 28 | homepage = "https://github.com/dvshapkin/vfs-kit"
[INFO] [stderr]    |            ^^^^^^^^^^^^^^^^^^^^^^^^^^^^^^^^^^^^^^
[INFO] [stderr] ...
[INFO] [stderr] 33 | repository = "https://github.com/dvshapkin/vfs-kit"
[INFO] [stderr]    |              --------------------------------------
[INFO] [stderr]    |
[INFO] [stderr]    = note: `cargo::redundant_homepage` is set to `warn` by default
[INFO] [stderr] help: consider removing `package.homepage`
[INFO] [stderr] warning: `vfs-kit` (manifest) generated 1 warning
[INFO] [stderr]     Finished `test` profile [unoptimized + debuginfo] target(s) in 0.02s
[INFO] [stderr]      Running unittests src/lib.rs (/opt/rustwide/target/debug/build/vfs-kit/28981c64a5d46aa8/out/vfs_kit-28981c64a5d46aa8)
[INFO] [stdout] 
[INFO] [stdout] running 262 tests
[INFO] [stdout] test vfs::dir_fs::tests::add::test_add_already_tracked_path ... ok
[INFO] [stdout] test vfs::dir_fs::tests::add::test_add_and_auto_cleanup ... ok
[INFO] [stdout] test vfs::dir_fs::tests::add::test_add_directory_with_files ... ok
[INFO] [stdout] test vfs::dir_fs::tests::add::test_add_existing_directory ... ok
[INFO] [stdout] test vfs::dir_fs::tests::append::test_append_empty_content ... ok
[INFO] [stdout] test vfs::dir_fs::tests::add::test_add_empty_directory ... ok
[INFO] [stdout] test vfs::dir_fs::tests::append::test_append_to_empty_file ... ok
[INFO] [stdout] test vfs::dir_fs::tests::add::test_add_single_file_no_recursion ... ok
[INFO] [stdout] test vfs::dir_fs::tests::add::test_add_existing_file ... ok
[INFO] [stdout] test vfs::dir_fs::tests::append::test_append_to_directory ... ok
[INFO] [stdout] test vfs::dir_fs::tests::add::test_add_relative_path ... ok
[INFO] [stdout] test vfs::dir_fs::tests::cd::test_cd_to_absolute_path ... ok
[INFO] [stdout] test vfs::dir_fs::tests::append::test_append_unicode_path ... ok
[INFO] [stdout] test vfs::dir_fs::tests::append::test_append_to_existing_file ... ok
[INFO] [stdout] test vfs::dir_fs::tests::cd::test_cd_extreme_cases ... ok
[INFO] [stdout] test vfs::dir_fs::tests::add::test_add_unicode_path ... ok
[INFO] [stdout] test vfs::dir_fs::tests::append::test_concurrent_append_safety ... ok
[INFO] [stdout] test vfs::dir_fs::tests::cleanup::test_cleanup_ignores_is_auto_clean ... ok
[INFO] [stdout] test vfs::dir_fs::tests::cleanup::test_cleanup_preserves_root_and_parents ... ok
[INFO] [stdout] test vfs::dir_fs::tests::append::test_append_relative_path ... ok
[INFO] [stdout] test vfs::dir_fs::tests::add::test_add_nested_directories ... ok
[INFO] [stdout] test vfs::dir_fs::tests::creations::test_cwd_defaults_to_root ... ok
[INFO] [stdout] test vfs::dir_fs::tests::cd::test_cd_with_relative_path ... ok
[INFO] [stdout] test vfs::dir_fs::tests::cleanup::test_cleanup_empty_entries ... ok
[INFO] [stdout] test vfs::dir_fs::tests::creations::test_new_is_auto_clean_default ... ok
[INFO] [stdout] test vfs::dir_fs::tests::creations::test_root_returns_correct_path ... ok
[INFO] [stdout] test vfs::dir_fs::tests::creations::test_new_nested_nonexistent_path ... ok
[INFO] [stdout] test vfs::dir_fs::tests::drop::test_drop_empty_created_root_parents ... ok
[INFO] [stdout] test vfs::dir_fs::tests::drop::test_drop_nested_directories_removed ... ok
[INFO] [stdout] test vfs::dir_fs::tests::creations::test_new_nonexistent_path_created ... ok
[INFO] [stdout] test vfs::dir_fs::tests::drop::test_drop_handles_nested_entries ... ok
[INFO] [stdout] test vfs::dir_fs::tests::drop::test_drop_only_removes_created_parents ... ok
[INFO] [stdout] test vfs::dir_fs::tests::creations::test_new_absolute_path_existing ... ok
[INFO] [stdout] test vfs::dir_fs::tests::drop::test_drop_ignores_non_entries ... ok
[INFO] [stdout] test vfs::dir_fs::tests::creations::test_new_normalize_path ... ok
[INFO] [stdout] test vfs::dir_fs::tests::creations::test_new_special_characters ... ok
[INFO] [stdout] test vfs::dir_fs::tests::drop::test_drop_with_empty_entries ... ok
[INFO] [stdout] test vfs::dir_fs::tests::drop::test_drop_removes_entries_created_by_mkfile ... ok
[INFO] [stdout] test vfs::dir_fs::tests::exists::test_exists_empty_path ... ok
[INFO] [stdout] test vfs::dir_fs::tests::drop::test_drop_with_is_auto_clean_false ... ok
[INFO] [stdout] test vfs::dir_fs::tests::forget::test_forget_after_add_and_remove ... ok
[INFO] [stdout] test vfs::dir_fs::tests::exists::test_exists_cwd ... ok
[INFO] [stdout] test vfs::dir_fs::tests::forget::test_forget_existing_directory ... ok
[INFO] [stdout] test vfs::dir_fs::tests::drop::test_drop_removes_entries_created_by_mkdir ... ok
[INFO] [stdout] test vfs::dir_fs::tests::forget::test_forget_nested_path ... ok
[INFO] [stdout] test vfs::dir_fs::tests::forget::test_forget_relative_path ... ok
[INFO] [stdout] test vfs::dir_fs::tests::forget::test_forget_existing_file ... ok
[INFO] [stdout] test vfs::dir_fs::tests::forget::test_forget_parent_after_child ... ok
[INFO] [stdout] test vfs::dir_fs::tests::forget::test_forget_unicode_path ... ok
[INFO] [stdout] test vfs::dir_fs::tests::add::test_add_nonexistent_path ... ok
[INFO] [stdout] test vfs::dir_fs::tests::is_dir_file::test_is_dir_existing_directory ... ok
[INFO] [stdout] test vfs::dir_fs::tests::append::test_append_permission_denied ... FAILED
[INFO] [stdout] test vfs::dir_fs::tests::append::test_append_nonexistent_file ... ok
[INFO] [stdout] test vfs::dir_fs::tests::cd::test_cd_file_path_error ... ok
[INFO] [stdout] test vfs::dir_fs::tests::creations::test_new_root_is_file ... ok
[INFO] [stdout] test vfs::dir_fs::tests::forget::test_forget_root_directory ... ok
[INFO] [stdout] test vfs::dir_fs::tests::is_dir_file::test_is_file_directory_path ... ok
[INFO] [stdout] test vfs::dir_fs::tests::forget::test_forget_nonexistent_path ... ok
[INFO] [stdout] test vfs::dir_fs::tests::creations::test_new_empty_path ... ok
[INFO] [stdout] test vfs::dir_fs::tests::forget::test_forget_case_sensitivity_unix ... ok
[INFO] [stdout] test vfs::dir_fs::tests::is_dir_file::test_relative_paths_resolution ... ok
[INFO] [stdout] test vfs::dir_fs::tests::is_dir_file::test_is_dir_and_is_file_on_same_dir ... ok
[INFO] [stdout] test vfs::dir_fs::tests::creations::test_new_permission_denied ... FAILED
[INFO] [stdout] test vfs::dir_fs::tests::is_dir_file::test_is_dir_and_is_file_on_same_file ... ok
[INFO] [stdout] test vfs::dir_fs::tests::is_dir_file::test_is_file_nonexistent_path ... ok
[INFO] [stdout] test vfs::dir_fs::tests::is_dir_file::test_is_file_existing_file ... ok
[INFO] [stdout] test vfs::dir_fs::tests::is_dir_file::test_root_directory_checks ... ok
[INFO] [stdout] test vfs::dir_fs::tests::drop::test_drop_removes_created_directories ... ok
[INFO] [stdout] test vfs::dir_fs::tests::ls::test_ls_empty_cwd ... ok
[INFO] [stdout] test vfs::dir_fs::tests::ls::test_ls_empty_directory_returns_empty ... ok
[INFO] [stdout] test vfs::dir_fs::tests::ls::test_ls_directories_and_files_mixed ... ok
[INFO] [stdout] test vfs::dir_fs::tests::ls::test_ls_nested_files_excluded ... ok
[INFO] [stdout] test vfs::dir_fs::tests::ls::test_ls_multiple_items_in_directory ... ok
[INFO] [stdout] test vfs::dir_fs::tests::ls::test_ls_nonexistent_path_returns_error ... ok
[INFO] [stdout] test vfs::dir_fs::tests::ls::test_ls_relative_path_resolution ... ok
[INFO] [stdout] test vfs::dir_fs::tests::ls::test_ls_single_file_in_cwd ... ok
[INFO] [stdout] test vfs::dir_fs::tests::ls::test_ls_root_directory_listing ... ok
[INFO] [stdout] test vfs::dir_fs::tests::mkdir::test_mkdir_already_exists ... ok
[INFO] [stdout] test vfs::dir_fs::tests::mkdir::test_mkdir_create_single_dir ... ok
[INFO] [stdout] test vfs::dir_fs::tests::ls::test_ls_unicode_path_support ... ok
[INFO] [stdout] test vfs::dir_fs::tests::mkdir::test_mkdir_invalid_path ... ok
[INFO] [stdout] test vfs::dir_fs::tests::mkdir_all::test_mkdir_all_absolute_vs_relative ... ok
[INFO] [stdout] test vfs::dir_fs::tests::mkdir_all::test_mkdir_all_existing_parent ... ok
[INFO] [stdout] test vfs::dir_fs::tests::mkdir::test_mkdir_relative_path ... ok
[INFO] [stdout] test vfs::dir_fs::tests::mkdir_all::test_mkdir_all_single_dir ... ok
[INFO] [stdout] test vfs::dir_fs::tests::mkdir_all::test_mkdir_all_trailing_slash ... ok
[INFO] [stdout] test vfs::dir_fs::tests::mkdir_all::test_mkdir_all_permissions_error ... FAILED
[INFO] [stdout] test vfs::dir_fs::tests::mkdir_all::test_mkdir_all_file_in_path ... ok
[INFO] [stdout] test vfs::dir_fs::tests::mkdir_all::test_mkdir_all_simple_creation ... ok
[INFO] [stdout] test vfs::dir_fs::tests::mkfile::test_mkfile_empty_content ... ok
[INFO] [stdout] test vfs::dir_fs::tests::mkdir_all::test_mkdir_all_target_exists ... ok
[INFO] [stdout] test vfs::dir_fs::tests::mkdir_all::test_mkdir_all_nested_existing ... ok
[INFO] [stdout] test vfs::dir_fs::tests::mkdir::test_mkdir_nested_path ... ok
[INFO] [stdout] test vfs::dir_fs::tests::mkdir_all::test_mkdir_all_unicode_paths ... ok
[INFO] [stdout] test vfs::dir_fs::tests::mkfile::test_mkfile_file_already_exists ... ok
[INFO] [stdout] test vfs::dir_fs::tests::mkdir_all::test_mkdir_all_root_path ... ok
[INFO] [stdout] test vfs::dir_fs::tests::mkfile::test_mkfile_in_subdirectory ... ok
[INFO] [stdout] test vfs::dir_fs::tests::exists::test_exists_root ... ok
[INFO] [stdout] test vfs::dir_fs::tests::mkdir_all::test_mkdir_all_invalid_path ... FAILED
[INFO] [stdout] test vfs::dir_fs::tests::mkfile::test_mkfile_invalid_path_components ... ok
[INFO] [stdout] test vfs::dir_fs::tests::mkfile::test_mkfile_normalize_path ... ok
[INFO] [stdout] test vfs::dir_fs::tests::mkfile::test_mkfile_parent_does_not_exist ... ok
[INFO] [stdout] test vfs::dir_fs::tests::is_dir_file::test_is_dir_file_path ... ok
[INFO] [stdout] test vfs::dir_fs::tests::mkfile::test_mkfile_relative_path ... ok
[INFO] [stdout] test vfs::dir_fs::tests::mkfile::test_mkfile_root_directory ... ok
[INFO] [stdout] test vfs::dir_fs::tests::mkfile::test_mkfile_simple_creation ... ok
[INFO] [stdout] test vfs::dir_fs::tests::mkfile::test_mkfile_unicode_filename ... ok
[INFO] [stdout] test vfs::dir_fs::tests::mkfile::test_mkfile_with_content ... ok
[INFO] [stdout] test vfs::dir_fs::tests::is_dir_file::test_is_dir_nonexistent_path ... ok
[INFO] [stdout] test vfs::dir_fs::tests::normalize::test_normalize_path ... ok
[INFO] [stdout] test vfs::dir_fs::tests::read::test_read_directory_as_file ... ok
[INFO] [stdout] test vfs::dir_fs::tests::read::test_read_existing_file ... ok
[INFO] [stdout] test vfs::dir_fs::tests::read::test_read_nonexistent_file ... ok
[INFO] [stdout] test vfs::dir_fs::tests::read::test_read_empty_file ... ok
[INFO] [stdout] test vfs::dir_fs::tests::read::test_read_permission_denied ... FAILED
[INFO] [stdout] test vfs::dir_fs::tests::read::test_read_root_file ... ok
[INFO] [stdout] test vfs::dir_fs::tests::read::test_read_relative_path ... ok
[INFO] [stdout] test vfs::dir_fs::tests::rm::test_rm_symlink_file ... ok
[INFO] [stdout] test vfs::dir_fs::tests::tree::test_tree_current_directory_empty ... ok
[INFO] [stdout] test vfs::dir_fs::tests::rm::test_rm_directory_recursive ... ok
[INFO] [stdout] test vfs::dir_fs::tests::rm::test_rm_file_success ... ok
[INFO] [stdout] test vfs::dir_fs::tests::rm::test_rm_empty_string_path ... ok
[INFO] [stdout] test vfs::dir_fs::tests::rm::test_rm_relative_path ... ok
[INFO] [stdout] test vfs::dir_fs::tests::rm::test_rm_unicode_path ... ok
[INFO] [stdout] test vfs::dir_fs::tests::tree::test_tree_file_in_subdirectory ... ok
[INFO] [stdout] test vfs::dir_fs::tests::tree::test_tree_single_file_in_cwd ... ok
[INFO] [stdout] test vfs::dir_fs::tests::tree::test_tree_no_root_inclusion ... ok
[INFO] [stdout] test vfs::dir_fs::tests::rm::test_rm_permission_denied ... FAILED
[INFO] [stdout] test vfs::dir_fs::tests::tree::test_tree_nonexistent_path_error ... ok
[INFO] [stdout] test vfs::dir_fs::tests::tree::test_tree_specific_directory_empty ... ok
[INFO] [stdout] test vfs::dir_fs::tests::tree::test_tree_order_independence ... ok
[INFO] [stdout] test vfs::dir_fs::tests::tree::test_tree_relative_path ... ok
[INFO] [stdout] test vfs::dir_fs::tests::rm::test_rm_nonexistent_path ... ok
[INFO] [stdout] test vfs::dir_fs::tests::read::test_read_unicode_path ... ok
[INFO] [stdout] test vfs::dir_fs::tests::rm::test_rm_after_cd ... ok
[INFO] [stdout] test vfs::dir_fs::tests::rm::test_rm_not_existed_on_host ... ok
[INFO] [stdout] test vfs::dir_fs::tests::rm::test_rm_root_directory ... ok
[INFO] [stdout] test vfs::dir_fs::tests::rm::test_rm_trailing_slash ... ok
[INFO] [stdout] test vfs::dir_fs::tests::tree::test_tree_unicode_paths ... ok
[INFO] [stdout] test vfs::dir_fs::tests::tree::test_tree_nested_structure ... ok
[INFO] [stdout] test vfs::dir_fs::tests::write::test_write_empty_content ... ok
[INFO] [stdout] test vfs::map_fs::tests::cd::test_cd_same_directory ... ok
[INFO] [stdout] test vfs::map_fs::tests::cd::test_cd_root_directory ... ok
[INFO] [stdout] test vfs::map_fs::tests::cd::test_cd_absolute_path_success ... ok
[INFO] [stdout] test vfs::map_fs::tests::cleanup::test_cleanup_empty_vfs ... ok
[INFO] [stdout] test vfs::map_fs::tests::cd::test_cd_nonexistent_path_error ... ok
[INFO] [stdout] test vfs::map_fs::tests::cd::test_cd_deep_nested_path ... ok
[INFO] [stdout] test vfs::dir_fs::tests::write::test_write_to_nonexistent_file ... ok
[INFO] [stdout] test vfs::map_fs::tests::cleanup::test_cleanup_after_partial_removal ... ok
[INFO] [stdout] test vfs::map_fs::tests::cd::test_cd_file_path_error ... ok
[INFO] [stdout] test vfs::map_fs::tests::cd::test_cd_relative_path_success ... ok
[INFO] [stdout] test vfs::map_fs::tests::cd::test_cd_with_trailing_slash ... ok
[INFO] [stdout] test vfs::dir_fs::tests::write::test_write_existing_file_overwrite ... ok
[INFO] [stdout] test vfs::dir_fs::tests::write::test_write_relative_path ... ok
[INFO] [stdout] test vfs::dir_fs::tests::write::test_write_to_directory_path ... ok
[INFO] [stdout] test vfs::map_fs::tests::cleanup::test_cleanup_idempotent ... ok
[INFO] [stdout] test vfs::map_fs::tests::cleanup::test_cleanup_preserves_root ... ok
[INFO] [stdout] test vfs::map_fs::tests::cleanup::test_cleanup_removes_all_entries ... ok
[INFO] [stdout] test vfs::map_fs::tests::cleanup::test_cleanup_with_nested_structure ... ok
[INFO] [stdout] test vfs::map_fs::tests::creations::test_new_map_fs ... ok
[INFO] [stdout] test vfs::map_fs::tests::exists::test_exists_absolute_path_file ... ok
[INFO] [stdout] test vfs::map_fs::tests::exists::test_exists_absolute_path_directory ... ok
[INFO] [stdout] test vfs::map_fs::tests::exists::test_exists_case_sensitivity ... ok
[INFO] [stdout] test vfs::map_fs::tests::cleanup::test_cleanup_returns_true_always ... ok
[INFO] [stdout] test vfs::map_fs::tests::exists::test_exists_relative_path_nested ... ok
[INFO] [stdout] test vfs::map_fs::tests::exists::test_exists_root_directory ... ok
[INFO] [stdout] test vfs::map_fs::tests::exists::test_exists_relative_path_from_root ... ok
[INFO] [stdout] test vfs::map_fs::tests::exists::test_exists_partial_path ... ok
[INFO] [stdout] test vfs::map_fs::tests::is_dir_file::test_is_dir_and_is_file_on_same_directory ... ok
[INFO] [stdout] test vfs::map_fs::tests::exists::test_exists_nonexistent_file ... ok
[INFO] [stdout] test vfs::map_fs::tests::exists::test_exists_with_trailing_slash ... ok
[INFO] [stdout] test vfs::map_fs::tests::is_dir_file::test_is_dir_and_is_file_on_same_file ... ok
[INFO] [stdout] test vfs::map_fs::tests::is_dir_file::test_is_dir_double_dot_path ... ok
[INFO] [stdout] test vfs::map_fs::tests::is_dir_file::test_is_dir_dot_path ... ok
[INFO] [stdout] test vfs::map_fs::tests::exists::test_exists_dot_path ... ok
[INFO] [stdout] test vfs::map_fs::tests::is_dir_file::test_is_dir_existing_directory_absolute ... ok
[INFO] [stdout] test vfs::map_fs::tests::is_dir_file::test_is_dir_file_path ... ok
[INFO] [stdout] test vfs::map_fs::tests::is_dir_file::test_is_file_directory_path ... ok
[INFO] [stdout] test vfs::map_fs::tests::exists::test_exists_empty_string ... ok
[INFO] [stdout] test vfs::map_fs::tests::is_dir_file::test_is_file_nonexistent_path ... ok
[INFO] [stdout] test vfs::map_fs::tests::is_dir_file::test_is_file_with_trailing_slash ... ok
[INFO] [stdout] test vfs::map_fs::tests::exists::test_exists_nonexistent_directory ... ok
[INFO] [stdout] test vfs::map_fs::tests::is_dir_file::test_is_dir_with_trailing_slash ... ok
[INFO] [stdout] test vfs::map_fs::tests::exists::test_exists_double_dot_path ... ok
[INFO] [stdout] test vfs::map_fs::tests::is_dir_file::test_is_dir_nonexistent_path ... ok
[INFO] [stdout] test vfs::map_fs::tests::is_dir_file::test_is_file_existing_file_relative ... ok
[INFO] [stdout] test vfs::map_fs::tests::ls::test_ls_double_dot_path ... ok
[INFO] [stdout] test vfs::map_fs::tests::is_dir_file::test_is_dir_existing_directory_relative ... ok
[INFO] [stdout] test vfs::dir_fs::tests::write::test_write_new_file ... ok
[INFO] [stdout] test vfs::map_fs::tests::is_dir_file::test_is_file_dot_path ... ok
[INFO] [stdout] test vfs::map_fs::tests::is_dir_file::test_is_file_existing_file_absolute ... ok
[INFO] [stdout] test vfs::map_fs::tests::ls::test_ls_dot_path ... ok
[INFO] [stdout] test vfs::map_fs::tests::ls::test_ls_empty_directory ... ok
[INFO] [stdout] test vfs::map_fs::tests::ls::test_ls_file_path ... ok
[INFO] [stdout] test vfs::map_fs::tests::ls::test_ls_nonexistent_path ... ok
[INFO] [stdout] test vfs::map_fs::tests::ls::test_ls_relative_path_from_root ... ok
[INFO] [stdout] test vfs::map_fs::tests::ls::test_ls_iterator_lazy_evaluation ... ok
[INFO] [stdout] test vfs::map_fs::tests::ls::test_ls_root_directory ... ok
[INFO] [stdout] test vfs::map_fs::tests::ls::test_ls_home_directory ... ok
[INFO] [stdout] test vfs::map_fs::tests::cd::test_cd_sequential_changes ... ok
[INFO] [stdout] test vfs::map_fs::tests::ls::test_ls_relative_path_nested ... ok
[INFO] [stdout] test vfs::map_fs::tests::ls::test_ls_user_directory ... ok
[INFO] [stdout] test vfs::map_fs::tests::ls::test_ls_with_trailing_slash ... ok
[INFO] [stdout] test vfs::map_fs::tests::mkdir_mkfile::test_mkdir_and_mkfile_combination ... ok
[INFO] [stdout] test vfs::map_fs::tests::mkdir_mkfile::test_mkdir_root_path ... ok
[INFO] [stdout] test vfs::map_fs::tests::mkdir_mkfile::test_mkdir_simple_directory ... ok
[INFO] [stdout] test vfs::map_fs::tests::mkdir_mkfile::test_mkdir_empty_path ... ok
[INFO] [stdout] test vfs::map_fs::tests::mkdir_mkfile::test_mkdir_nested_directories ... ok
[INFO] [stdout] test vfs::map_fs::tests::mkdir_mkfile::test_mkdir_with_trailing_slash ... ok
[INFO] [stdout] test vfs::map_fs::tests::mkdir_mkfile::test_mkfile_existing_file ... ok
[INFO] [stdout] test vfs::map_fs::tests::mkdir_mkfile::test_mkfile_empty_content ... ok
[INFO] [stdout] test vfs::map_fs::tests::mkdir_mkfile::test_mkfile_relative_path ... ok
[INFO] [stdout] test vfs::map_fs::tests::mkdir_mkfile::test_mkfile_in_nested_directory ... ok
[INFO] [stdout] test vfs::map_fs::tests::read_write_append::test_read_directory_as_file ... ok
[INFO] [stdout] test vfs::map_fs::tests::read_write_append::test_read_empty_file ... ok
[INFO] [stdout] test vfs::map_fs::tests::mkdir_mkfile::test_mkdir_existing_path ... ok
[INFO] [stdout] test vfs::map_fs::tests::read_write_append::test_append_empty_slice ... ok
[INFO] [stdout] test vfs::map_fs::tests::read_write_append::test_append_binary_data ... ok
[INFO] [stdout] test vfs::map_fs::tests::mkdir_mkfile::test_mkdir_case_sensitivity ... ok
[INFO] [stdout] test vfs::map_fs::tests::mkdir_mkfile::test_mkfile_to_existing_directory ... ok
[INFO] [stdout] test vfs::map_fs::tests::read_write_append::test_append_directory_as_file ... ok
[INFO] [stdout] test vfs::map_fs::tests::read_write_append::test_read_after_write_and_append ... ok
[INFO] [stdout] test vfs::map_fs::tests::mkdir_mkfile::test_mkfile_simple_file ... ok
[INFO] [stdout] test vfs::map_fs::tests::mkdir_mkfile::test_mkfile_with_trailing_slash ... ok
[INFO] [stdout] test vfs::map_fs::tests::read_write_append::test_append_to_file ... ok
[INFO] [stdout] test vfs::map_fs::tests::read_write_append::test_append_nonexistent_file ... ok
[INFO] [stdout] test vfs::map_fs::tests::read_write_append::test_read_binary_file ... ok
[INFO] [stdout] test vfs::map_fs::tests::read_write_append::test_read_existing_file ... ok
[INFO] [stdout] test vfs::map_fs::tests::read_write_append::test_read_nonexistent_file ... ok
[INFO] [stdout] test vfs::map_fs::tests::read_write_append::test_write_and_append_sequence ... ok
[INFO] [stdout] test vfs::map_fs::tests::read_write_append::test_write_empty_content ... ok
[INFO] [stdout] test vfs::map_fs::tests::read_write_append::test_write_binary_content ... ok
[INFO] [stdout] test vfs::map_fs::tests::read_write_append::test_write_directory_as_file ... ok
[INFO] [stdout] test vfs::map_fs::tests::read_write_append::test_write_existing_file ... ok
[INFO] [stdout] test vfs::map_fs::tests::read_write_append::test_write_nonexistent_file ... ok
[INFO] [stdout] test vfs::map_fs::tests::rm::test_rm_case_sensitivity ... ok
[INFO] [stdout] test vfs::map_fs::tests::rm::test_rm_directory_recursive ... ok
[INFO] [stdout] test vfs::map_fs::tests::rm::test_rm_dot_path ... ok
[INFO] [stdout] test vfs::map_fs::tests::rm::test_rm_empty_path ... ok
[INFO] [stdout] test vfs::map_fs::tests::rm::test_rm_file ... ok
[INFO] [stdout] test vfs::map_fs::tests::rm::test_rm_root_directory ... ok
[INFO] [stdout] test vfs::map_fs::tests::tree::test_tree_double_dot_path ... ok
[INFO] [stdout] test vfs::map_fs::tests::tree::test_tree_relative_path_from_root ... ok
[INFO] [stdout] test vfs::map_fs::tests::tree::test_tree_empty_directory ... ok
[INFO] [stdout] test vfs::map_fs::tests::rm::test_rm_idempotent ... ok
[INFO] [stdout] test vfs::map_fs::tests::tree::test_tree_dot_path ... ok
[INFO] [stdout] test vfs::map_fs::tests::rm::test_rm_nonexistent_path ... ok
[INFO] [stdout] test vfs::map_fs::tests::tree::test_tree_nonexistent_path ... ok
[INFO] [stdout] test vfs::map_fs::tests::rm::test_rm_relative_path_from_root ... ok
[INFO] [stdout] test vfs::map_fs::tests::rm::test_rm_with_trailing_slash ... ok
[INFO] [stdout] test vfs::map_fs::tests::tree::test_tree_iterator_lazy_evaluation ... ok
[INFO] [stdout] test vfs::map_fs::tests::tree::test_tree_case_sensitivity ... ok
[INFO] [stdout] test vfs::map_fs::tests::tree::test_tree_file_path ... ok
[INFO] [stdout] test vfs::map_fs::tests::rm::test_rm_single_file_in_dir ... ok
[INFO] [stdout] test vfs::map_fs::tests::tree::test_tree_root ... ok
[INFO] [stdout] test vfs::map_fs::tests::tree::test_tree_home_directory ... ok
[INFO] [stdout] test vfs::map_fs::tests::tree::test_tree_single_entry ... ok
[INFO] [stdout] test vfs::map_fs::tests::tree::test_tree_with_trailing_slash ... ok
[INFO] [stdout] test vfs::map_fs::tests::tree::test_tree_relative_path_nested ... ok
[INFO] [stdout] test vfs::map_fs::tests::tree::test_tree_user_directory ... ok
[INFO] [stdout] test vfs::map_fs::tests::rm::test_rm_relative_path_nested ... ok
[INFO] [stdout] test vfs::map_fs::tests::rm::test_rm_double_dot_path ... ok
[INFO] [stdout] 
[INFO] [stdout] failures:
[INFO] [stdout] 
[INFO] [stdout] ---- vfs::dir_fs::tests::append::test_append_permission_denied stdout ----
[INFO] [stdout] 
[INFO] [stdout] thread 'vfs::dir_fs::tests::append::test_append_permission_denied' (221) panicked at src/vfs/dir_fs.rs:2386:17:
[INFO] [stdout] assertion failed: result.is_err()
[INFO] [stdout] stack backtrace:
[INFO] [stdout]    0:     0x5b07f6efc6b1 - std[617be2ca0a6fd877]::backtrace_rs::backtrace::libunwind::trace
[INFO] [stdout]                                at /rustc/e3feeb59cd1bdd011a2bfcc0747b55125d9b8527/library/std/src/../../backtrace/src/backtrace/libunwind.rs:117:9
[INFO] [stdout]    1:     0x5b07f6efc6b1 - std[617be2ca0a6fd877]::backtrace_rs::backtrace::trace_unsynchronized::<std[617be2ca0a6fd877]::sys::backtrace::_print_fmt::{closure#1}>
[INFO] [stdout]                                at /rustc/e3feeb59cd1bdd011a2bfcc0747b55125d9b8527/library/std/src/../../backtrace/src/backtrace/mod.rs:66:14
[INFO] [stdout]    2:     0x5b07f6efc6b1 - std[617be2ca0a6fd877]::sys::backtrace::_print_fmt
[INFO] [stdout]                                at /rustc/e3feeb59cd1bdd011a2bfcc0747b55125d9b8527/library/std/src/sys/backtrace.rs:74:9
[INFO] [stdout]    3:     0x5b07f6efc6b1 - <<std[617be2ca0a6fd877]::sys::backtrace::BacktraceLock>::print::DisplayBacktrace as core[a373ad73a504971]::fmt::Display>::fmt
[INFO] [stdout]                                at /rustc/e3feeb59cd1bdd011a2bfcc0747b55125d9b8527/library/std/src/sys/backtrace.rs:44:26
[INFO] [stdout]    4:     0x5b07f6f110da - <core[a373ad73a504971]::fmt::rt::Argument>::fmt
[INFO] [stdout]                                at /rustc/e3feeb59cd1bdd011a2bfcc0747b55125d9b8527/library/core/src/fmt/rt.rs:152:76
[INFO] [stdout]    5:     0x5b07f6f110da - core[a373ad73a504971]::fmt::write
[INFO] [stdout]    6:     0x5b07f6f011ac - core[a373ad73a504971]::io::write::default_write_fmt::<alloc[2e1b2a31b91974c5]::vec::Vec<u8>>
[INFO] [stdout]                                at /rustc/e3feeb59cd1bdd011a2bfcc0747b55125d9b8527/library/core/src/io/write.rs:402:11
[INFO] [stdout]    7:     0x5b07f6f011ac - <alloc[2e1b2a31b91974c5]::vec::Vec<u8> as core[a373ad73a504971]::io::write::Write>::write_fmt
[INFO] [stdout]                                at /rustc/e3feeb59cd1bdd011a2bfcc0747b55125d9b8527/library/core/src/io/write.rs:335:13
[INFO] [stdout]    8:     0x5b07f6ed5bc6 - <std[617be2ca0a6fd877]::sys::backtrace::BacktraceLock>::print
[INFO] [stdout]                                at /rustc/e3feeb59cd1bdd011a2bfcc0747b55125d9b8527/library/std/src/sys/backtrace.rs:47:9
[INFO] [stdout]    9:     0x5b07f6ed5bc6 - std[617be2ca0a6fd877]::panicking::default_hook::{closure#0}
[INFO] [stdout]                                at /rustc/e3feeb59cd1bdd011a2bfcc0747b55125d9b8527/library/std/src/panicking.rs:289:27
[INFO] [stdout]   10:     0x5b07f6ef37e9 - std[617be2ca0a6fd877]::panicking::default_hook
[INFO] [stdout]                                at /rustc/e3feeb59cd1bdd011a2bfcc0747b55125d9b8527/library/std/src/panicking.rs:313:9
[INFO] [stdout]   11:     0x5b07f6e767c0 - <alloc[2e1b2a31b91974c5]::boxed::Box<dyn for<'a, 'b> core[a373ad73a504971]::ops::function::Fn<(&'a std[617be2ca0a6fd877]::panic::PanicHookInfo<'b>,), Output = ()> + core[a373ad73a504971]::marker::Sync + core[a373ad73a504971]::marker::Send> as core[a373ad73a504971]::ops::function::Fn<(&std[617be2ca0a6fd877]::panic::PanicHookInfo,)>>::call
[INFO] [stdout]                                at /rustc/e3feeb59cd1bdd011a2bfcc0747b55125d9b8527/library/alloc/src/boxed.rs:2328:9
[INFO] [stdout]   12:     0x5b07f6e767c0 - test[aada8e7e76ba119b]::test_main_inner::{closure#0}
[INFO] [stdout]                                at /rustc/e3feeb59cd1bdd011a2bfcc0747b55125d9b8527/library/test/src/lib.rs:137:21
[INFO] [stdout]   13:     0x5b07f6ef39a2 - <alloc[2e1b2a31b91974c5]::boxed::Box<dyn for<'a, 'b> core[a373ad73a504971]::ops::function::Fn<(&'a std[617be2ca0a6fd877]::panic::PanicHookInfo<'b>,), Output = ()> + core[a373ad73a504971]::marker::Sync + core[a373ad73a504971]::marker::Send> as core[a373ad73a504971]::ops::function::Fn<(&std[617be2ca0a6fd877]::panic::PanicHookInfo,)>>::call
[INFO] [stdout]                                at /rustc/e3feeb59cd1bdd011a2bfcc0747b55125d9b8527/library/alloc/src/boxed.rs:2328:9
[INFO] [stdout]   14:     0x5b07f6ef39a2 - std[617be2ca0a6fd877]::panicking::panic_with_hook
[INFO] [stdout]                                at /rustc/e3feeb59cd1bdd011a2bfcc0747b55125d9b8527/library/std/src/panicking.rs:819:13
[INFO] [stdout]   15:     0x5b07f6ed5ca4 - std[617be2ca0a6fd877]::panicking::panic_handler::{closure#0}
[INFO] [stdout]                                at /rustc/e3feeb59cd1bdd011a2bfcc0747b55125d9b8527/library/std/src/panicking.rs:678:13
[INFO] [stdout]   16:     0x5b07f6ece019 - std[617be2ca0a6fd877]::sys::backtrace::__rust_end_short_backtrace::<std[617be2ca0a6fd877]::panicking::panic_handler::{closure#0}, !>
[INFO] [stdout]                                at /rustc/e3feeb59cd1bdd011a2bfcc0747b55125d9b8527/library/std/src/sys/backtrace.rs:182:18
[INFO] [stdout]   17:     0x5b07f6ed6b3d - __rustc[ea4f61d10b84890b]::rust_begin_unwind
[INFO] [stdout]                                at /rustc/e3feeb59cd1bdd011a2bfcc0747b55125d9b8527/library/std/src/panicking.rs:676:5
[INFO] [stdout]   18:     0x5b07f6f1186c - core[a373ad73a504971]::panicking::panic_fmt
[INFO] [stdout]                                at /rustc/e3feeb59cd1bdd011a2bfcc0747b55125d9b8527/library/core/src/panicking.rs:80:14
[INFO] [stdout]   19:     0x5b07f6f11832 - core[a373ad73a504971]::panicking::panic
[INFO] [stdout]                                at /rustc/e3feeb59cd1bdd011a2bfcc0747b55125d9b8527/library/core/src/panicking.rs:150:5
[INFO] [stdout]   20:     0x5b07f6e2143d - vfs_kit[1a7449d0d1152fb4]::vfs::dir_fs::tests::append::test_append_permission_denied
[INFO] [stdout]                                at /opt/rustwide/workdir/src/vfs/dir_fs.rs:2386:17
[INFO] [stdout]   21:     0x5b07f6e19f57 - vfs_kit[1a7449d0d1152fb4]::vfs::dir_fs::tests::append::test_append_permission_denied::{closure#0}
[INFO] [stdout]                                at /opt/rustwide/workdir/src/vfs/dir_fs.rs:2371:47
[INFO] [stdout]   22:     0x5b07f6e37506 - <vfs_kit[1a7449d0d1152fb4]::vfs::dir_fs::tests::append::test_append_permission_denied::{closure#0} as core[a373ad73a504971]::ops::function::FnOnce<()>>::call_once
[INFO] [stdout]                                at /rustc/e3feeb59cd1bdd011a2bfcc0747b55125d9b8527/library/core/src/ops/function.rs:250:5
[INFO] [stdout]   23:     0x5b07f6e69c0b - <fn() -> core[a373ad73a504971]::result::Result<(), alloc[2e1b2a31b91974c5]::string::String> as core[a373ad73a504971]::ops::function::FnOnce<()>>::call_once
[INFO] [stdout]                                at /rustc/e3feeb59cd1bdd011a2bfcc0747b55125d9b8527/library/core/src/ops/function.rs:250:5
[INFO] [stdout]   24:     0x5b07f6e69c0b - test[aada8e7e76ba119b]::__rust_begin_short_backtrace::<core[a373ad73a504971]::result::Result<(), alloc[2e1b2a31b91974c5]::string::String>, fn() -> core[a373ad73a504971]::result::Result<(), alloc[2e1b2a31b91974c5]::string::String>>
[INFO] [stdout]                                at /rustc/e3feeb59cd1bdd011a2bfcc0747b55125d9b8527/library/test/src/lib.rs:701:18
[INFO] [stdout]   25:     0x5b07f6e76de5 - test[aada8e7e76ba119b]::run_test_in_process::{closure#0}
[INFO] [stdout]                                at /rustc/e3feeb59cd1bdd011a2bfcc0747b55125d9b8527/library/test/src/lib.rs:724:74
[INFO] [stdout]   26:     0x5b07f6e76de5 - <core[a373ad73a504971]::panic::unwind_safe::AssertUnwindSafe<test[aada8e7e76ba119b]::run_test_in_process::{closure#0}> as core[a373ad73a504971]::ops::function::FnOnce<()>>::call_once
[INFO] [stdout]                                at /rustc/e3feeb59cd1bdd011a2bfcc0747b55125d9b8527/library/core/src/panic/unwind_safe.rs:275:9
[INFO] [stdout]   27:     0x5b07f6e76de5 - std[617be2ca0a6fd877]::panicking::catch_unwind::do_call::<core[a373ad73a504971]::panic::unwind_safe::AssertUnwindSafe<test[aada8e7e76ba119b]::run_test_in_process::{closure#0}>, core[a373ad73a504971]::result::Result<(), alloc[2e1b2a31b91974c5]::string::String>>
[INFO] [stdout]                                at /rustc/e3feeb59cd1bdd011a2bfcc0747b55125d9b8527/library/std/src/panicking.rs:573:43
[INFO] [stdout]   28:     0x5b07f6e76de5 - std[617be2ca0a6fd877]::panicking::catch_unwind::<core[a373ad73a504971]::result::Result<(), alloc[2e1b2a31b91974c5]::string::String>, core[a373ad73a504971]::panic::unwind_safe::AssertUnwindSafe<test[aada8e7e76ba119b]::run_test_in_process::{closure#0}>>
[INFO] [stdout]                                at /rustc/e3feeb59cd1bdd011a2bfcc0747b55125d9b8527/library/std/src/panicking.rs:541:19
[INFO] [stdout]   29:     0x5b07f6e76de5 - std[617be2ca0a6fd877]::panic::catch_unwind::<core[a373ad73a504971]::panic::unwind_safe::AssertUnwindSafe<test[aada8e7e76ba119b]::run_test_in_process::{closure#0}>, core[a373ad73a504971]::result::Result<(), alloc[2e1b2a31b91974c5]::string::String>>
[INFO] [stdout]                                at /rustc/e3feeb59cd1bdd011a2bfcc0747b55125d9b8527/library/std/src/panic.rs:359:14
[INFO] [stdout]   30:     0x5b07f6e76de5 - test[aada8e7e76ba119b]::run_test_in_process
[INFO] [stdout]                                at /rustc/e3feeb59cd1bdd011a2bfcc0747b55125d9b8527/library/test/src/lib.rs:724:27
[INFO] [stdout]   31:     0x5b07f6e76de5 - test[aada8e7e76ba119b]::run_test::{closure#0}
[INFO] [stdout]                                at /rustc/e3feeb59cd1bdd011a2bfcc0747b55125d9b8527/library/test/src/lib.rs:645:43
[INFO] [stdout]   32:     0x5b07f6e706d4 - test[aada8e7e76ba119b]::run_test::{closure#1}
[INFO] [stdout]                                at /rustc/e3feeb59cd1bdd011a2bfcc0747b55125d9b8527/library/test/src/lib.rs:675:41
[INFO] [stdout]   33:     0x5b07f6e706d4 - std[617be2ca0a6fd877]::sys::backtrace::__rust_begin_short_backtrace::<test[aada8e7e76ba119b]::run_test::{closure#1}, ()>
[INFO] [stdout]                                at /rustc/e3feeb59cd1bdd011a2bfcc0747b55125d9b8527/library/std/src/sys/backtrace.rs:166:18
[INFO] [stdout]   34:     0x5b07f6e79e72 - std[617be2ca0a6fd877]::thread::lifecycle::spawn_unchecked::<test[aada8e7e76ba119b]::run_test::{closure#1}, ()>::{closure#1}::{closure#0}
[INFO] [stdout]                                at /rustc/e3feeb59cd1bdd011a2bfcc0747b55125d9b8527/library/std/src/thread/lifecycle.rs:70:13
[INFO] [stdout]   35:     0x5b07f6e79e72 - <core[a373ad73a504971]::panic::unwind_safe::AssertUnwindSafe<std[617be2ca0a6fd877]::thread::lifecycle::spawn_unchecked<test[aada8e7e76ba119b]::run_test::{closure#1}, ()>::{closure#1}::{closure#0}> as core[a373ad73a504971]::ops::function::FnOnce<()>>::call_once
[INFO] [stdout]                                at /rustc/e3feeb59cd1bdd011a2bfcc0747b55125d9b8527/library/core/src/panic/unwind_safe.rs:275:9
[INFO] [stdout]   36:     0x5b07f6e79e72 - std[617be2ca0a6fd877]::panicking::catch_unwind::do_call::<core[a373ad73a504971]::panic::unwind_safe::AssertUnwindSafe<std[617be2ca0a6fd877]::thread::lifecycle::spawn_unchecked<test[aada8e7e76ba119b]::run_test::{closure#1}, ()>::{closure#1}::{closure#0}>, ()>
[INFO] [stdout]                                at /rustc/e3feeb59cd1bdd011a2bfcc0747b55125d9b8527/library/std/src/panicking.rs:573:43
[INFO] [stdout]   37:     0x5b07f6e79e72 - std[617be2ca0a6fd877]::panicking::catch_unwind::<(), core[a373ad73a504971]::panic::unwind_safe::AssertUnwindSafe<std[617be2ca0a6fd877]::thread::lifecycle::spawn_unchecked<test[aada8e7e76ba119b]::run_test::{closure#1}, ()>::{closure#1}::{closure#0}>>
[INFO] [stdout]                                at /rustc/e3feeb59cd1bdd011a2bfcc0747b55125d9b8527/library/std/src/panicking.rs:541:19
[INFO] [stdout]   38:     0x5b07f6e79e72 - std[617be2ca0a6fd877]::panic::catch_unwind::<core[a373ad73a504971]::panic::unwind_safe::AssertUnwindSafe<std[617be2ca0a6fd877]::thread::lifecycle::spawn_unchecked<test[aada8e7e76ba119b]::run_test::{closure#1}, ()>::{closure#1}::{closure#0}>, ()>
[INFO] [stdout]                                at /rustc/e3feeb59cd1bdd011a2bfcc0747b55125d9b8527/library/std/src/panic.rs:359:14
[INFO] [stdout]   39:     0x5b07f6e79e72 - std[617be2ca0a6fd877]::thread::lifecycle::spawn_unchecked::<test[aada8e7e76ba119b]::run_test::{closure#1}, ()>::{closure#1}
[INFO] [stdout]                                at /rustc/e3feeb59cd1bdd011a2bfcc0747b55125d9b8527/library/std/src/thread/lifecycle.rs:68:26
[INFO] [stdout]   40:     0x5b07f6e79e72 - <std[617be2ca0a6fd877]::thread::lifecycle::spawn_unchecked<test[aada8e7e76ba119b]::run_test::{closure#1}, ()>::{closure#1} as core[a373ad73a504971]::ops::function::FnOnce<()>>::call_once::{shim:vtable#0}
[INFO] [stdout]                                at /rustc/e3feeb59cd1bdd011a2bfcc0747b55125d9b8527/library/core/src/ops/function.rs:250:5
[INFO] [stdout]   41:     0x5b07f6efb6bf - <alloc[2e1b2a31b91974c5]::boxed::Box<dyn core[a373ad73a504971]::ops::function::FnOnce<(), Output = ()> + core[a373ad73a504971]::marker::Send> as core[a373ad73a504971]::ops::function::FnOnce<()>>::call_once
[INFO] [stdout]                                at /rustc/e3feeb59cd1bdd011a2bfcc0747b55125d9b8527/library/alloc/src/boxed.rs:2314:9
[INFO] [stdout]   42:     0x5b07f6efb6bf - <std[617be2ca0a6fd877]::sys::thread::unix::Thread>::new::thread_start
[INFO] [stdout]                                at /rustc/e3feeb59cd1bdd011a2bfcc0747b55125d9b8527/library/std/src/sys/thread/unix.rs:127:17
[INFO] [stdout]   43:     0x7369668dedfa - <unknown>
[INFO] [stdout]   44:     0x7369669723d4 - clone
[INFO] [stdout]   45:                0x0 - <unknown>
[INFO] [stdout] 
[INFO] [stdout] ---- vfs::dir_fs::tests::creations::test_new_permission_denied stdout ----
[INFO] [stdout] 
[INFO] [stdout] thread 'vfs::dir_fs::tests::creations::test_new_permission_denied' (242) panicked at src/vfs/dir_fs.rs:774:17:
[INFO] [stdout] assertion failed: result.is_err()
[INFO] [stdout] stack backtrace:
[INFO] [stdout]    0:     0x5b07f6efc6b1 - std[617be2ca0a6fd877]::backtrace_rs::backtrace::libunwind::trace
[INFO] [stdout]                                at /rustc/e3feeb59cd1bdd011a2bfcc0747b55125d9b8527/library/std/src/../../backtrace/src/backtrace/libunwind.rs:117:9
[INFO] [stdout]    1:     0x5b07f6efc6b1 - std[617be2ca0a6fd877]::backtrace_rs::backtrace::trace_unsynchronized::<std[617be2ca0a6fd877]::sys::backtrace::_print_fmt::{closure#1}>
[INFO] [stdout]                                at /rustc/e3feeb59cd1bdd011a2bfcc0747b55125d9b8527/library/std/src/../../backtrace/src/backtrace/mod.rs:66:14
[INFO] [stdout]    2:     0x5b07f6efc6b1 - std[617be2ca0a6fd877]::sys::backtrace::_print_fmt
[INFO] [stdout]                                at /rustc/e3feeb59cd1bdd011a2bfcc0747b55125d9b8527/library/std/src/sys/backtrace.rs:74:9
[INFO] [stdout]    3:     0x5b07f6efc6b1 - <<std[617be2ca0a6fd877]::sys::backtrace::BacktraceLock>::print::DisplayBacktrace as core[a373ad73a504971]::fmt::Display>::fmt
[INFO] [stdout]                                at /rustc/e3feeb59cd1bdd011a2bfcc0747b55125d9b8527/library/std/src/sys/backtrace.rs:44:26
[INFO] [stdout]    4:     0x5b07f6f110da - <core[a373ad73a504971]::fmt::rt::Argument>::fmt
[INFO] [stdout]                                at /rustc/e3feeb59cd1bdd011a2bfcc0747b55125d9b8527/library/core/src/fmt/rt.rs:152:76
[INFO] [stdout]    5:     0x5b07f6f110da - core[a373ad73a504971]::fmt::write
[INFO] [stdout]    6:     0x5b07f6f011ac - core[a373ad73a504971]::io::write::default_write_fmt::<alloc[2e1b2a31b91974c5]::vec::Vec<u8>>
[INFO] [stdout]                                at /rustc/e3feeb59cd1bdd011a2bfcc0747b55125d9b8527/library/core/src/io/write.rs:402:11
[INFO] [stdout]    7:     0x5b07f6f011ac - <alloc[2e1b2a31b91974c5]::vec::Vec<u8> as core[a373ad73a504971]::io::write::Write>::write_fmt
[INFO] [stdout]                                at /rustc/e3feeb59cd1bdd011a2bfcc0747b55125d9b8527/library/core/src/io/write.rs:335:13
[INFO] [stdout]    8:     0x5b07f6ed5bc6 - <std[617be2ca0a6fd877]::sys::backtrace::BacktraceLock>::print
[INFO] [stdout]                                at /rustc/e3feeb59cd1bdd011a2bfcc0747b55125d9b8527/library/std/src/sys/backtrace.rs:47:9
[INFO] [stdout]    9:     0x5b07f6ed5bc6 - std[617be2ca0a6fd877]::panicking::default_hook::{closure#0}
[INFO] [stdout]                                at /rustc/e3feeb59cd1bdd011a2bfcc0747b55125d9b8527/library/std/src/panicking.rs:289:27
[INFO] [stdout]   10:     0x5b07f6ef37e9 - std[617be2ca0a6fd877]::panicking::default_hook
[INFO] [stdout]                                at /rustc/e3feeb59cd1bdd011a2bfcc0747b55125d9b8527/library/std/src/panicking.rs:313:9
[INFO] [stdout]   11:     0x5b07f6e767c0 - <alloc[2e1b2a31b91974c5]::boxed::Box<dyn for<'a, 'b> core[a373ad73a504971]::ops::function::Fn<(&'a std[617be2ca0a6fd877]::panic::PanicHookInfo<'b>,), Output = ()> + core[a373ad73a504971]::marker::Sync + core[a373ad73a504971]::marker::Send> as core[a373ad73a504971]::ops::function::Fn<(&std[617be2ca0a6fd877]::panic::PanicHookInfo,)>>::call
[INFO] [stdout]                                at /rustc/e3feeb59cd1bdd011a2bfcc0747b55125d9b8527/library/alloc/src/boxed.rs:2328:9
[INFO] [stdout]   12:     0x5b07f6e767c0 - test[aada8e7e76ba119b]::test_main_inner::{closure#0}
[INFO] [stdout]                                at /rustc/e3feeb59cd1bdd011a2bfcc0747b55125d9b8527/library/test/src/lib.rs:137:21
[INFO] [stdout]   13:     0x5b07f6ef39a2 - <alloc[2e1b2a31b91974c5]::boxed::Box<dyn for<'a, 'b> core[a373ad73a504971]::ops::function::Fn<(&'a std[617be2ca0a6fd877]::panic::PanicHookInfo<'b>,), Output = ()> + core[a373ad73a504971]::marker::Sync + core[a373ad73a504971]::marker::Send> as core[a373ad73a504971]::ops::function::Fn<(&std[617be2ca0a6fd877]::panic::PanicHookInfo,)>>::call
[INFO] [stdout]                                at /rustc/e3feeb59cd1bdd011a2bfcc0747b55125d9b8527/library/alloc/src/boxed.rs:2328:9
[INFO] [stdout]   14:     0x5b07f6ef39a2 - std[617be2ca0a6fd877]::panicking::panic_with_hook
[INFO] [stdout]                                at /rustc/e3feeb59cd1bdd011a2bfcc0747b55125d9b8527/library/std/src/panicking.rs:819:13
[INFO] [stdout]   15:     0x5b07f6ed5ca4 - std[617be2ca0a6fd877]::panicking::panic_handler::{closure#0}
[INFO] [stdout]                                at /rustc/e3feeb59cd1bdd011a2bfcc0747b55125d9b8527/library/std/src/panicking.rs:678:13
[INFO] [stdout]   16:     0x5b07f6ece019 - std[617be2ca0a6fd877]::sys::backtrace::__rust_end_short_backtrace::<std[617be2ca0a6fd877]::panicking::panic_handler::{closure#0}, !>
[INFO] [stdout]                                at /rustc/e3feeb59cd1bdd011a2bfcc0747b55125d9b8527/library/std/src/sys/backtrace.rs:182:18
[INFO] [stdout]   17:     0x5b07f6ed6b3d - __rustc[ea4f61d10b84890b]::rust_begin_unwind
[INFO] [stdout]                                at /rustc/e3feeb59cd1bdd011a2bfcc0747b55125d9b8527/library/std/src/panicking.rs:676:5
[INFO] [stdout]   18:     0x5b07f6f1186c - core[a373ad73a504971]::panicking::panic_fmt
[INFO] [stdout]                                at /rustc/e3feeb59cd1bdd011a2bfcc0747b55125d9b8527/library/core/src/panicking.rs:80:14
[INFO] [stdout]   19:     0x5b07f6f11832 - core[a373ad73a504971]::panicking::panic
[INFO] [stdout]                                at /rustc/e3feeb59cd1bdd011a2bfcc0747b55125d9b8527/library/core/src/panicking.rs:150:5
[INFO] [stdout]   20:     0x5b07f6e55d62 - vfs_kit[1a7449d0d1152fb4]::vfs::dir_fs::tests::creations::test_new_permission_denied
[INFO] [stdout]                                at /opt/rustwide/workdir/src/vfs/dir_fs.rs:774:17
[INFO] [stdout]   21:     0x5b07f6e50247 - vfs_kit[1a7449d0d1152fb4]::vfs::dir_fs::tests::creations::test_new_permission_denied::{closure#0}
[INFO] [stdout]                                at /opt/rustwide/workdir/src/vfs/dir_fs.rs:761:40
[INFO] [stdout]   22:     0x5b07f6e37926 - <vfs_kit[1a7449d0d1152fb4]::vfs::dir_fs::tests::creations::test_new_permission_denied::{closure#0} as core[a373ad73a504971]::ops::function::FnOnce<()>>::call_once
[INFO] [stdout]                                at /rustc/e3feeb59cd1bdd011a2bfcc0747b55125d9b8527/library/core/src/ops/function.rs:250:5
[INFO] [stdout]   23:     0x5b07f6e69c0b - <fn() -> core[a373ad73a504971]::result::Result<(), alloc[2e1b2a31b91974c5]::string::String> as core[a373ad73a504971]::ops::function::FnOnce<()>>::call_once
[INFO] [stdout]                                at /rustc/e3feeb59cd1bdd011a2bfcc0747b55125d9b8527/library/core/src/ops/function.rs:250:5
[INFO] [stdout]   24:     0x5b07f6e69c0b - test[aada8e7e76ba119b]::__rust_begin_short_backtrace::<core[a373ad73a504971]::result::Result<(), alloc[2e1b2a31b91974c5]::string::String>, fn() -> core[a373ad73a504971]::result::Result<(), alloc[2e1b2a31b91974c5]::string::String>>
[INFO] [stdout]                                at /rustc/e3feeb59cd1bdd011a2bfcc0747b55125d9b8527/library/test/src/lib.rs:701:18
[INFO] [stdout]   25:     0x5b07f6e76de5 - test[aada8e7e76ba119b]::run_test_in_process::{closure#0}
[INFO] [stdout]                                at /rustc/e3feeb59cd1bdd011a2bfcc0747b55125d9b8527/library/test/src/lib.rs:724:74
[INFO] [stdout]   26:     0x5b07f6e76de5 - <core[a373ad73a504971]::panic::unwind_safe::AssertUnwindSafe<test[aada8e7e76ba119b]::run_test_in_process::{closure#0}> as core[a373ad73a504971]::ops::function::FnOnce<()>>::call_once
[INFO] [stdout]                                at /rustc/e3feeb59cd1bdd011a2bfcc0747b55125d9b8527/library/core/src/panic/unwind_safe.rs:275:9
[INFO] [stdout]   27:     0x5b07f6e76de5 - std[617be2ca0a6fd877]::panicking::catch_unwind::do_call::<core[a373ad73a504971]::panic::unwind_safe::AssertUnwindSafe<test[aada8e7e76ba119b]::run_test_in_process::{closure#0}>, core[a373ad73a504971]::result::Result<(), alloc[2e1b2a31b91974c5]::string::String>>
[INFO] [stdout]                                at /rustc/e3feeb59cd1bdd011a2bfcc0747b55125d9b8527/library/std/src/panicking.rs:573:43
[INFO] [stdout]   28:     0x5b07f6e76de5 - std[617be2ca0a6fd877]::panicking::catch_unwind::<core[a373ad73a504971]::result::Result<(), alloc[2e1b2a31b91974c5]::string::String>, core[a373ad73a504971]::panic::unwind_safe::AssertUnwindSafe<test[aada8e7e76ba119b]::run_test_in_process::{closure#0}>>
[INFO] [stdout]                                at /rustc/e3feeb59cd1bdd011a2bfcc0747b55125d9b8527/library/std/src/panicking.rs:541:19
[INFO] [stdout]   29:     0x5b07f6e76de5 - std[617be2ca0a6fd877]::panic::catch_unwind::<core[a373ad73a504971]::panic::unwind_safe::AssertUnwindSafe<test[aada8e7e76ba119b]::run_test_in_process::{closure#0}>, core[a373ad73a504971]::result::Result<(), alloc[2e1b2a31b91974c5]::string::String>>
[INFO] [stdout]                                at /rustc/e3feeb59cd1bdd011a2bfcc0747b55125d9b8527/library/std/src/panic.rs:359:14
[INFO] [stdout]   30:     0x5b07f6e76de5 - test[aada8e7e76ba119b]::run_test_in_process
[INFO] [stdout]                                at /rustc/e3feeb59cd1bdd011a2bfcc0747b55125d9b8527/library/test/src/lib.rs:724:27
[INFO] [stdout]   31:     0x5b07f6e76de5 - test[aada8e7e76ba119b]::run_test::{closure#0}
[INFO] [stdout]                                at /rustc/e3feeb59cd1bdd011a2bfcc0747b55125d9b8527/library/test/src/lib.rs:645:43
[INFO] [stdout]   32:     0x5b07f6e706d4 - test[aada8e7e76ba119b]::run_test::{closure#1}
[INFO] [stdout]                                at /rustc/e3feeb59cd1bdd011a2bfcc0747b55125d9b8527/library/test/src/lib.rs:675:41
[INFO] [stdout]   33:     0x5b07f6e706d4 - std[617be2ca0a6fd877]::sys::backtrace::__rust_begin_short_backtrace::<test[aada8e7e76ba119b]::run_test::{closure#1}, ()>
[INFO] [stdout]                                at /rustc/e3feeb59cd1bdd011a2bfcc0747b55125d9b8527/library/std/src/sys/backtrace.rs:166:18
[INFO] [stdout]   34:     0x5b07f6e79e72 - std[617be2ca0a6fd877]::thread::lifecycle::spawn_unchecked::<test[aada8e7e76ba119b]::run_test::{closure#1}, ()>::{closure#1}::{closure#0}
[INFO] [stdout]                                at /rustc/e3feeb59cd1bdd011a2bfcc0747b55125d9b8527/library/std/src/thread/lifecycle.rs:70:13
[INFO] [stdout]   35:     0x5b07f6e79e72 - <core[a373ad73a504971]::panic::unwind_safe::AssertUnwindSafe<std[617be2ca0a6fd877]::thread::lifecycle::spawn_unchecked<test[aada8e7e76ba119b]::run_test::{closure#1}, ()>::{closure#1}::{closure#0}> as core[a373ad73a504971]::ops::function::FnOnce<()>>::call_once
[INFO] [stdout]                                at /rustc/e3feeb59cd1bdd011a2bfcc0747b55125d9b8527/library/core/src/panic/unwind_safe.rs:275:9
[INFO] [stdout]   36:     0x5b07f6e79e72 - std[617be2ca0a6fd877]::panicking::catch_unwind::do_call::<core[a373ad73a504971]::panic::unwind_safe::AssertUnwindSafe<std[617be2ca0a6fd877]::thread::lifecycle::spawn_unchecked<test[aada8e7e76ba119b]::run_test::{closure#1}, ()>::{closure#1}::{closure#0}>, ()>
[INFO] [stdout]                                at /rustc/e3feeb59cd1bdd011a2bfcc0747b55125d9b8527/library/std/src/panicking.rs:573:43
[INFO] [stdout]   37:     0x5b07f6e79e72 - std[617be2ca0a6fd877]::panicking::catch_unwind::<(), core[a373ad73a504971]::panic::unwind_safe::AssertUnwindSafe<std[617be2ca0a6fd877]::thread::lifecycle::spawn_unchecked<test[aada8e7e76ba119b]::run_test::{closure#1}, ()>::{closure#1}::{closure#0}>>
[INFO] [stdout]                                at /rustc/e3feeb59cd1bdd011a2bfcc0747b55125d9b8527/library/std/src/panicking.rs:541:19
[INFO] [stdout]   38:     0x5b07f6e79e72 - std[617be2ca0a6fd877]::panic::catch_unwind::<core[a373ad73a504971]::panic::unwind_safe::AssertUnwindSafe<std[617be2ca0a6fd877]::thread::lifecycle::spawn_unchecked<test[aada8e7e76ba119b]::run_test::{closure#1}, ()>::{closure#1}::{closure#0}>, ()>
[INFO] [stdout]                                at /rustc/e3feeb59cd1bdd011a2bfcc0747b55125d9b8527/library/std/src/panic.rs:359:14
[INFO] [stdout]   39:     0x5b07f6e79e72 - std[617be2ca0a6fd877]::thread::lifecycle::spawn_unchecked::<test[aada8e7e76ba119b]::run_test::{closure#1}, ()>::{closure#1}
[INFO] [stdout]                                at /rustc/e3feeb59cd1bdd011a2bfcc0747b55125d9b8527/library/std/src/thread/lifecycle.rs:68:26
[INFO] [stdout]   40:     0x5b07f6e79e72 - <std[617be2ca0a6fd877]::thread::lifecycle::spawn_unchecked<test[aada8e7e76ba119b]::run_test::{closure#1}, ()>::{closure#1} as core[a373ad73a504971]::ops::function::FnOnce<()>>::call_once::{shim:vtable#0}
[INFO] [stdout]                                at /rustc/e3feeb59cd1bdd011a2bfcc0747b55125d9b8527/library/core/src/ops/function.rs:250:5
[INFO] [stdout]   41:     0x5b07f6efb6bf - <alloc[2e1b2a31b91974c5]::boxed::Box<dyn core[a373ad73a504971]::ops::function::FnOnce<(), Output = ()> + core[a373ad73a504971]::marker::Send> as core[a373ad73a504971]::ops::function::FnOnce<()>>::call_once
[INFO] [stdout]                                at /rustc/e3feeb59cd1bdd011a2bfcc0747b55125d9b8527/library/alloc/src/boxed.rs:2314:9
[INFO] [stdout]   42:     0x5b07f6efb6bf - <std[617be2ca0a6fd877]::sys::thread::unix::Thread>::new::thread_start
[INFO] [stdout]                                at /rustc/e3feeb59cd1bdd011a2bfcc0747b55125d9b8527/library/std/src/sys/thread/unix.rs:127:17
[INFO] [stdout]   43:     0x7369668dedfa - <unknown>
[INFO] [stdout]   44:     0x7369669723d4 - clone
[INFO] [stdout]   45:                0x0 - <unknown>
[INFO] [stdout] 
[INFO] [stdout] ---- vfs::dir_fs::tests::mkdir_all::test_mkdir_all_permissions_error stdout ----
[INFO] [stdout] 
[INFO] [stdout] thread 'vfs::dir_fs::tests::mkdir_all::test_mkdir_all_permissions_error' (299) panicked at src/vfs/dir_fs.rs:1684:17:
[INFO] [stdout] assertion failed: result.is_err()
[INFO] [stdout] stack backtrace:
[INFO] [stdout]    0:     0x5b07f6efc6b1 - std[617be2ca0a6fd877]::backtrace_rs::backtrace::libunwind::trace
[INFO] [stdout]                                at /rustc/e3feeb59cd1bdd011a2bfcc0747b55125d9b8527/library/std/src/../../backtrace/src/backtrace/libunwind.rs:117:9
[INFO] [stdout]    1:     0x5b07f6efc6b1 - std[617be2ca0a6fd877]::backtrace_rs::backtrace::trace_unsynchronized::<std[617be2ca0a6fd877]::sys::backtrace::_print_fmt::{closure#1}>
[INFO] [stdout]                                at /rustc/e3feeb59cd1bdd011a2bfcc0747b55125d9b8527/library/std/src/../../backtrace/src/backtrace/mod.rs:66:14
[INFO] [stdout]    2:     0x5b07f6efc6b1 - std[617be2ca0a6fd877]::sys::backtrace::_print_fmt
[INFO] [stdout]                                at /rustc/e3feeb59cd1bdd011a2bfcc0747b55125d9b8527/library/std/src/sys/backtrace.rs:74:9
[INFO] [stdout]    3:     0x5b07f6efc6b1 - <<std[617be2ca0a6fd877]::sys::backtrace::BacktraceLock>::print::DisplayBacktrace as core[a373ad73a504971]::fmt::Display>::fmt
[INFO] [stdout]                                at /rustc/e3feeb59cd1bdd011a2bfcc0747b55125d9b8527/library/std/src/sys/backtrace.rs:44:26
[INFO] [stdout]    4:     0x5b07f6f110da - <core[a373ad73a504971]::fmt::rt::Argument>::fmt
[INFO] [stdout]                                at /rustc/e3feeb59cd1bdd011a2bfcc0747b55125d9b8527/library/core/src/fmt/rt.rs:152:76
[INFO] [stdout]    5:     0x5b07f6f110da - core[a373ad73a504971]::fmt::write
[INFO] [stdout]    6:     0x5b07f6f011ac - core[a373ad73a504971]::io::write::default_write_fmt::<alloc[2e1b2a31b91974c5]::vec::Vec<u8>>
[INFO] [stdout]                                at /rustc/e3feeb59cd1bdd011a2bfcc0747b55125d9b8527/library/core/src/io/write.rs:402:11
[INFO] [stdout]    7:     0x5b07f6f011ac - <alloc[2e1b2a31b91974c5]::vec::Vec<u8> as core[a373ad73a504971]::io::write::Write>::write_fmt
[INFO] [stdout]                                at /rustc/e3feeb59cd1bdd011a2bfcc0747b55125d9b8527/library/core/src/io/write.rs:335:13
[INFO] [stdout]    8:     0x5b07f6ed5bc6 - <std[617be2ca0a6fd877]::sys::backtrace::BacktraceLock>::print
[INFO] [stdout]                                at /rustc/e3feeb59cd1bdd011a2bfcc0747b55125d9b8527/library/std/src/sys/backtrace.rs:47:9
[INFO] [stdout]    9:     0x5b07f6ed5bc6 - std[617be2ca0a6fd877]::panicking::default_hook::{closure#0}
[INFO] [stdout]                                at /rustc/e3feeb59cd1bdd011a2bfcc0747b55125d9b8527/library/std/src/panicking.rs:289:27
[INFO] [stdout]   10:     0x5b07f6ef37e9 - std[617be2ca0a6fd877]::panicking::default_hook
[INFO] [stdout]                                at /rustc/e3feeb59cd1bdd011a2bfcc0747b55125d9b8527/library/std/src/panicking.rs:313:9
[INFO] [stdout]   11:     0x5b07f6e767c0 - <alloc[2e1b2a31b91974c5]::boxed::Box<dyn for<'a, 'b> core[a373ad73a504971]::ops::function::Fn<(&'a std[617be2ca0a6fd877]::panic::PanicHookInfo<'b>,), Output = ()> + core[a373ad73a504971]::marker::Sync + core[a373ad73a504971]::marker::Send> as core[a373ad73a504971]::ops::function::Fn<(&std[617be2ca0a6fd877]::panic::PanicHookInfo,)>>::call
[INFO] [stdout]                                at /rustc/e3feeb59cd1bdd011a2bfcc0747b55125d9b8527/library/alloc/src/boxed.rs:2328:9
[INFO] [stdout]   12:     0x5b07f6e767c0 - test[aada8e7e76ba119b]::test_main_inner::{closure#0}
[INFO] [stdout]                                at /rustc/e3feeb59cd1bdd011a2bfcc0747b55125d9b8527/library/test/src/lib.rs:137:21
[INFO] [stdout]   13:     0x5b07f6ef39a2 - <alloc[2e1b2a31b91974c5]::boxed::Box<dyn for<'a, 'b> core[a373ad73a504971]::ops::function::Fn<(&'a std[617be2ca0a6fd877]::panic::PanicHookInfo<'b>,), Output = ()> + core[a373ad73a504971]::marker::Sync + core[a373ad73a504971]::marker::Send> as core[a373ad73a504971]::ops::function::Fn<(&std[617be2ca0a6fd877]::panic::PanicHookInfo,)>>::call
[INFO] [stdout]                                at /rustc/e3feeb59cd1bdd011a2bfcc0747b55125d9b8527/library/alloc/src/boxed.rs:2328:9
[INFO] [stdout]   14:     0x5b07f6ef39a2 - std[617be2ca0a6fd877]::panicking::panic_with_hook
[INFO] [stdout]                                at /rustc/e3feeb59cd1bdd011a2bfcc0747b55125d9b8527/library/std/src/panicking.rs:819:13
[INFO] [stdout]   15:     0x5b07f6ed5ca4 - std[617be2ca0a6fd877]::panicking::panic_handler::{closure#0}
[INFO] [stdout]                                at /rustc/e3feeb59cd1bdd011a2bfcc0747b55125d9b8527/library/std/src/panicking.rs:678:13
[INFO] [stdout]   16:     0x5b07f6ece019 - std[617be2ca0a6fd877]::sys::backtrace::__rust_end_short_backtrace::<std[617be2ca0a6fd877]::panicking::panic_handler::{closure#0}, !>
[INFO] [stdout]                                at /rustc/e3feeb59cd1bdd011a2bfcc0747b55125d9b8527/library/std/src/sys/backtrace.rs:182:18
[INFO] [stdout]   17:     0x5b07f6ed6b3d - __rustc[ea4f61d10b84890b]::rust_begin_unwind
[INFO] [stdout]                                at /rustc/e3feeb59cd1bdd011a2bfcc0747b55125d9b8527/library/std/src/panicking.rs:676:5
[INFO] [stdout]   18:     0x5b07f6f1186c - core[a373ad73a504971]::panicking::panic_fmt
[INFO] [stdout]                                at /rustc/e3feeb59cd1bdd011a2bfcc0747b55125d9b8527/library/core/src/panicking.rs:80:14
[INFO] [stdout]   19:     0x5b07f6f11832 - core[a373ad73a504971]::panicking::panic
[INFO] [stdout]                                at /rustc/e3feeb59cd1bdd011a2bfcc0747b55125d9b8527/library/core/src/panicking.rs:150:5
[INFO] [stdout]   20:     0x5b07f6e083a4 - vfs_kit[1a7449d0d1152fb4]::vfs::dir_fs::tests::mkdir_all::test_mkdir_all_permissions_error
[INFO] [stdout]                                at /opt/rustwide/workdir/src/vfs/dir_fs.rs:1684:17
[INFO] [stdout]   21:     0x5b07f6e00d17 - vfs_kit[1a7449d0d1152fb4]::vfs::dir_fs::tests::mkdir_all::test_mkdir_all_permissions_error::{closure#0}
[INFO] [stdout]                                at /opt/rustwide/workdir/src/vfs/dir_fs.rs:1671:46
[INFO] [stdout]   22:     0x5b07f6e37b46 - <vfs_kit[1a7449d0d1152fb4]::vfs::dir_fs::tests::mkdir_all::test_mkdir_all_permissions_error::{closure#0} as core[a373ad73a504971]::ops::function::FnOnce<()>>::call_once
[INFO] [stdout]                                at /rustc/e3feeb59cd1bdd011a2bfcc0747b55125d9b8527/library/core/src/ops/function.rs:250:5
[INFO] [stdout]   23:     0x5b07f6e69c0b - <fn() -> core[a373ad73a504971]::result::Result<(), alloc[2e1b2a31b91974c5]::string::String> as core[a373ad73a504971]::ops::function::FnOnce<()>>::call_once
[INFO] [stdout]                                at /rustc/e3feeb59cd1bdd011a2bfcc0747b55125d9b8527/library/core/src/ops/function.rs:250:5
[INFO] [stdout]   24:     0x5b07f6e69c0b - test[aada8e7e76ba119b]::__rust_begin_short_backtrace::<core[a373ad73a504971]::result::Result<(), alloc[2e1b2a31b91974c5]::string::String>, fn() -> core[a373ad73a504971]::result::Result<(), alloc[2e1b2a31b91974c5]::string::String>>
[INFO] [stdout]                                at /rustc/e3feeb59cd1bdd011a2bfcc0747b55125d9b8527/library/test/src/lib.rs:701:18
[INFO] [stdout]   25:     0x5b07f6e76de5 - test[aada8e7e76ba119b]::run_test_in_process::{closure#0}
[INFO] [stdout]                                at /rustc/e3feeb59cd1bdd011a2bfcc0747b55125d9b8527/library/test/src/lib.rs:724:74
[INFO] [stdout]   26:     0x5b07f6e76de5 - <core[a373ad73a504971]::panic::unwind_safe::AssertUnwindSafe<test[aada8e7e76ba119b]::run_test_in_process::{closure#0}> as core[a373ad73a504971]::ops::function::FnOnce<()>>::call_once
[INFO] [stdout]                                at /rustc/e3feeb59cd1bdd011a2bfcc0747b55125d9b8527/library/core/src/panic/unwind_safe.rs:275:9
[INFO] [stdout]   27:     0x5b07f6e76de5 - std[617be2ca0a6fd877]::panicking::catch_unwind::do_call::<core[a373ad73a504971]::panic::unwind_safe::AssertUnwindSafe<test[aada8e7e76ba119b]::run_test_in_process::{closure#0}>, core[a373ad73a504971]::result::Result<(), alloc[2e1b2a31b91974c5]::string::String>>
[INFO] [stdout]                                at /rustc/e3feeb59cd1bdd011a2bfcc0747b55125d9b8527/library/std/src/panicking.rs:573:43
[INFO] [stdout]   28:     0x5b07f6e76de5 - std[617be2ca0a6fd877]::panicking::catch_unwind::<core[a373ad73a504971]::result::Result<(), alloc[2e1b2a31b91974c5]::string::String>, core[a373ad73a504971]::panic::unwind_safe::AssertUnwindSafe<test[aada8e7e76ba119b]::run_test_in_process::{closure#0}>>
[INFO] [stdout]                                at /rustc/e3feeb59cd1bdd011a2bfcc0747b55125d9b8527/library/std/src/panicking.rs:541:19
[INFO] [stdout]   29:     0x5b07f6e76de5 - std[617be2ca0a6fd877]::panic::catch_unwind::<core[a373ad73a504971]::panic::unwind_safe::AssertUnwindSafe<test[aada8e7e76ba119b]::run_test_in_process::{closure#0}>, core[a373ad73a504971]::result::Result<(), alloc[2e1b2a31b91974c5]::string::String>>
[INFO] [stdout]                                at /rustc/e3feeb59cd1bdd011a2bfcc0747b55125d9b8527/library/std/src/panic.rs:359:14
[INFO] [stdout]   30:     0x5b07f6e76de5 - test[aada8e7e76ba119b]::run_test_in_process
[INFO] [stdout]                                at /rustc/e3feeb59cd1bdd011a2bfcc0747b55125d9b8527/library/test/src/lib.rs:724:27
[INFO] [stdout]   31:     0x5b07f6e76de5 - test[aada8e7e76ba119b]::run_test::{closure#0}
[INFO] [stdout]                                at /rustc/e3feeb59cd1bdd011a2bfcc0747b55125d9b8527/library/test/src/lib.rs:645:43
[INFO] [stdout]   32:     0x5b07f6e706d4 - test[aada8e7e76ba119b]::run_test::{closure#1}
[INFO] [stdout]                                at /rustc/e3feeb59cd1bdd011a2bfcc0747b55125d9b8527/library/test/src/lib.rs:675:41
[INFO] [stdout]   33:     0x5b07f6e706d4 - std[617be2ca0a6fd877]::sys::backtrace::__rust_begin_short_backtrace::<test[aada8e7e76ba119b]::run_test::{closure#1}, ()>
[INFO] [stdout]                                at /rustc/e3feeb59cd1bdd011a2bfcc0747b55125d9b8527/library/std/src/sys/backtrace.rs:166:18
[INFO] [stdout]   34:     0x5b07f6e79e72 - std[617be2ca0a6fd877]::thread::lifecycle::spawn_unchecked::<test[aada8e7e76ba119b]::run_test::{closure#1}, ()>::{closure#1}::{closure#0}
[INFO] [stdout]                                at /rustc/e3feeb59cd1bdd011a2bfcc0747b55125d9b8527/library/std/src/thread/lifecycle.rs:70:13
[INFO] [stdout]   35:     0x5b07f6e79e72 - <core[a373ad73a504971]::panic::unwind_safe::AssertUnwindSafe<std[617be2ca0a6fd877]::thread::lifecycle::spawn_unchecked<test[aada8e7e76ba119b]::run_test::{closure#1}, ()>::{closure#1}::{closure#0}> as core[a373ad73a504971]::ops::function::FnOnce<()>>::call_once
[INFO] [stdout]                                at /rustc/e3feeb59cd1bdd011a2bfcc0747b55125d9b8527/library/core/src/panic/unwind_safe.rs:275:9
[INFO] [stdout]   36:     0x5b07f6e79e72 - std[617be2ca0a6fd877]::panicking::catch_unwind::do_call::<core[a373ad73a504971]::panic::unwind_safe::AssertUnwindSafe<std[617be2ca0a6fd877]::thread::lifecycle::spawn_unchecked<test[aada8e7e76ba119b]::run_test::{closure#1}, ()>::{closure#1}::{closure#0}>, ()>
[INFO] [stdout]                                at /rustc/e3feeb59cd1bdd011a2bfcc0747b55125d9b8527/library/std/src/panicking.rs:573:43
[INFO] [stdout]   37:     0x5b07f6e79e72 - std[617be2ca0a6fd877]::panicking::catch_unwind::<(), core[a373ad73a504971]::panic::unwind_safe::AssertUnwindSafe<std[617be2ca0a6fd877]::thread::lifecycle::spawn_unchecked<test[aada8e7e76ba119b]::run_test::{closure#1}, ()>::{closure#1}::{closure#0}>>
[INFO] [stdout]                                at /rustc/e3feeb59cd1bdd011a2bfcc0747b55125d9b8527/library/std/src/panicking.rs:541:19
[INFO] [stdout]   38:     0x5b07f6e79e72 - std[617be2ca0a6fd877]::panic::catch_unwind::<core[a373ad73a504971]::panic::unwind_safe::AssertUnwindSafe<std[617be2ca0a6fd877]::thread::lifecycle::spawn_unchecked<test[aada8e7e76ba119b]::run_test::{closure#1}, ()>::{closure#1}::{closure#0}>, ()>
[INFO] [stdout]                                at /rustc/e3feeb59cd1bdd011a2bfcc0747b55125d9b8527/library/std/src/panic.rs:359:14
[INFO] [stdout]   39:     0x5b07f6e79e72 - std[617be2ca0a6fd877]::thread::lifecycle::spawn_unchecked::<test[aada8e7e76ba119b]::run_test::{closure#1}, ()>::{closure#1}
[INFO] [stdout]                                at /rustc/e3feeb59cd1bdd011a2bfcc0747b55125d9b8527/library/std/src/thread/lifecycle.rs:68:26
[INFO] [stdout]   40:     0x5b07f6e79e72 - <std[617be2ca0a6fd877]::thread::lifecycle::spawn_unchecked<test[aada8e7e76ba119b]::run_test::{closure#1}, ()>::{closure#1} as core[a373ad73a504971]::ops::function::FnOnce<()>>::call_once::{shim:vtable#0}
[INFO] [stdout]                                at /rustc/e3feeb59cd1bdd011a2bfcc0747b55125d9b8527/library/core/src/ops/function.rs:250:5
[INFO] [stdout]   41:     0x5b07f6efb6bf - <alloc[2e1b2a31b91974c5]::boxed::Box<dyn core[a373ad73a504971]::ops::function::FnOnce<(), Output = ()> + core[a373ad73a504971]::marker::Send> as core[a373ad73a504971]::ops::function::FnOnce<()>>::call_once
[INFO] [stdout]                                at /rustc/e3feeb59cd1bdd011a2bfcc0747b55125d9b8527/library/alloc/src/boxed.rs:2314:9
[INFO] [stdout]   42:     0x5b07f6efb6bf - <std[617be2ca0a6fd877]::sys::thread::unix::Thread>::new::thread_start
[INFO] [stdout]                                at /rustc/e3feeb59cd1bdd011a2bfcc0747b55125d9b8527/library/std/src/sys/thread/unix.rs:127:17
[INFO] [stdout]   43:     0x7369668dedfa - <unknown>
[INFO] [stdout]   44:     0x7369669723d4 - clone
[INFO] [stdout]   45:                0x0 - <unknown>
[INFO] [stdout] 
[INFO] [stdout] ---- vfs::dir_fs::tests::mkdir_all::test_mkdir_all_invalid_path stdout ----
[INFO] [stdout] 
[INFO] [stdout] thread 'vfs::dir_fs::tests::mkdir_all::test_mkdir_all_invalid_path' (297) panicked at src/vfs/dir_fs.rs:1632:17:
[INFO] [stdout] assertion failed: result.is_err()
[INFO] [stdout] stack backtrace:
[INFO] [stdout]    0:     0x5b07f6efc6b1 - std[617be2ca0a6fd877]::backtrace_rs::backtrace::libunwind::trace
[INFO] [stdout]                                at /rustc/e3feeb59cd1bdd011a2bfcc0747b55125d9b8527/library/std/src/../../backtrace/src/backtrace/libunwind.rs:117:9
[INFO] [stdout]    1:     0x5b07f6efc6b1 - std[617be2ca0a6fd877]::backtrace_rs::backtrace::trace_unsynchronized::<std[617be2ca0a6fd877]::sys::backtrace::_print_fmt::{closure#1}>
[INFO] [stdout]                                at /rustc/e3feeb59cd1bdd011a2bfcc0747b55125d9b8527/library/std/src/../../backtrace/src/backtrace/mod.rs:66:14
[INFO] [stdout]    2:     0x5b07f6efc6b1 - std[617be2ca0a6fd877]::sys::backtrace::_print_fmt
[INFO] [stdout]                                at /rustc/e3feeb59cd1bdd011a2bfcc0747b55125d9b8527/library/std/src/sys/backtrace.rs:74:9
[INFO] [stdout]    3:     0x5b07f6efc6b1 - <<std[617be2ca0a6fd877]::sys::backtrace::BacktraceLock>::print::DisplayBacktrace as core[a373ad73a504971]::fmt::Display>::fmt
[INFO] [stdout]                                at /rustc/e3feeb59cd1bdd011a2bfcc0747b55125d9b8527/library/std/src/sys/backtrace.rs:44:26
[INFO] [stdout]    4:     0x5b07f6f110da - <core[a373ad73a504971]::fmt::rt::Argument>::fmt
[INFO] [stdout]                                at /rustc/e3feeb59cd1bdd011a2bfcc0747b55125d9b8527/library/core/src/fmt/rt.rs:152:76
[INFO] [stdout]    5:     0x5b07f6f110da - core[a373ad73a504971]::fmt::write
[INFO] [stdout]    6:     0x5b07f6f011ac - core[a373ad73a504971]::io::write::default_write_fmt::<alloc[2e1b2a31b91974c5]::vec::Vec<u8>>
[INFO] [stdout]                                at /rustc/e3feeb59cd1bdd011a2bfcc0747b55125d9b8527/library/core/src/io/write.rs:402:11
[INFO] [stdout]    7:     0x5b07f6f011ac - <alloc[2e1b2a31b91974c5]::vec::Vec<u8> as core[a373ad73a504971]::io::write::Write>::write_fmt
[INFO] [stdout]                                at /rustc/e3feeb59cd1bdd011a2bfcc0747b55125d9b8527/library/core/src/io/write.rs:335:13
[INFO] [stdout]    8:     0x5b07f6ed5bc6 - <std[617be2ca0a6fd877]::sys::backtrace::BacktraceLock>::print
[INFO] [stdout]                                at /rustc/e3feeb59cd1bdd011a2bfcc0747b55125d9b8527/library/std/src/sys/backtrace.rs:47:9
[INFO] [stdout]    9:     0x5b07f6ed5bc6 - std[617be2ca0a6fd877]::panicking::default_hook::{closure#0}
[INFO] [stdout]                                at /rustc/e3feeb59cd1bdd011a2bfcc0747b55125d9b8527/library/std/src/panicking.rs:289:27
[INFO] [stdout]   10:     0x5b07f6ef37e9 - std[617be2ca0a6fd877]::panicking::default_hook
[INFO] [stdout]                                at /rustc/e3feeb59cd1bdd011a2bfcc0747b55125d9b8527/library/std/src/panicking.rs:313:9
[INFO] [stdout]   11:     0x5b07f6e767c0 - <alloc[2e1b2a31b91974c5]::boxed::Box<dyn for<'a, 'b> core[a373ad73a504971]::ops::function::Fn<(&'a std[617be2ca0a6fd877]::panic::PanicHookInfo<'b>,), Output = ()> + core[a373ad73a504971]::marker::Sync + core[a373ad73a504971]::marker::Send> as core[a373ad73a504971]::ops::function::Fn<(&std[617be2ca0a6fd877]::panic::PanicHookInfo,)>>::call
[INFO] [stdout]                                at /rustc/e3feeb59cd1bdd011a2bfcc0747b55125d9b8527/library/alloc/src/boxed.rs:2328:9
[INFO] [stdout]   12:     0x5b07f6e767c0 - test[aada8e7e76ba119b]::test_main_inner::{closure#0}
[INFO] [stdout]                                at /rustc/e3feeb59cd1bdd011a2bfcc0747b55125d9b8527/library/test/src/lib.rs:137:21
[INFO] [stdout]   13:     0x5b07f6ef39a2 - <alloc[2e1b2a31b91974c5]::boxed::Box<dyn for<'a, 'b> core[a373ad73a504971]::ops::function::Fn<(&'a std[617be2ca0a6fd877]::panic::PanicHookInfo<'b>,), Output = ()> + core[a373ad73a504971]::marker::Sync + core[a373ad73a504971]::marker::Send> as core[a373ad73a504971]::ops::function::Fn<(&std[617be2ca0a6fd877]::panic::PanicHookInfo,)>>::call
[INFO] [stdout]                                at /rustc/e3feeb59cd1bdd011a2bfcc0747b55125d9b8527/library/alloc/src/boxed.rs:2328:9
[INFO] [stdout]   14:     0x5b07f6ef39a2 - std[617be2ca0a6fd877]::panicking::panic_with_hook
[INFO] [stdout]                                at /rustc/e3feeb59cd1bdd011a2bfcc0747b55125d9b8527/library/std/src/panicking.rs:819:13
[INFO] [stdout]   15:     0x5b07f6ed5ca4 - std[617be2ca0a6fd877]::panicking::panic_handler::{closure#0}
[INFO] [stdout]                                at /rustc/e3feeb59cd1bdd011a2bfcc0747b55125d9b8527/library/std/src/panicking.rs:678:13
[INFO] [stdout]   16:     0x5b07f6ece019 - std[617be2ca0a6fd877]::sys::backtrace::__rust_end_short_backtrace::<std[617be2ca0a6fd877]::panicking::panic_handler::{closure#0}, !>
[INFO] [stdout]                                at /rustc/e3feeb59cd1bdd011a2bfcc0747b55125d9b8527/library/std/src/sys/backtrace.rs:182:18
[INFO] [stdout]   17:     0x5b07f6ed6b3d - __rustc[ea4f61d10b84890b]::rust_begin_unwind
[INFO] [stdout]                                at /rustc/e3feeb59cd1bdd011a2bfcc0747b55125d9b8527/library/std/src/panicking.rs:676:5
[INFO] [stdout]   18:     0x5b07f6f1186c - core[a373ad73a504971]::panicking::panic_fmt
[INFO] [stdout]                                at /rustc/e3feeb59cd1bdd011a2bfcc0747b55125d9b8527/library/core/src/panicking.rs:80:14
[INFO] [stdout]   19:     0x5b07f6f11832 - core[a373ad73a504971]::panicking::panic
[INFO] [stdout]                                at /rustc/e3feeb59cd1bdd011a2bfcc0747b55125d9b8527/library/core/src/panicking.rs:150:5
[INFO] [stdout]   20:     0x5b07f6e06305 - vfs_kit[1a7449d0d1152fb4]::vfs::dir_fs::tests::mkdir_all::test_mkdir_all_invalid_path
[INFO] [stdout]                                at /opt/rustwide/workdir/src/vfs/dir_fs.rs:1632:17
[INFO] [stdout]   21:     0x5b07f6e00bc7 - vfs_kit[1a7449d0d1152fb4]::vfs::dir_fs::tests::mkdir_all::test_mkdir_all_invalid_path::{closure#0}
[INFO] [stdout]                                at /opt/rustwide/workdir/src/vfs/dir_fs.rs:1624:41
[INFO] [stdout]   22:     0x5b07f6e37a66 - <vfs_kit[1a7449d0d1152fb4]::vfs::dir_fs::tests::mkdir_all::test_mkdir_all_invalid_path::{closure#0} as core[a373ad73a504971]::ops::function::FnOnce<()>>::call_once
[INFO] [stdout]                                at /rustc/e3feeb59cd1bdd011a2bfcc0747b55125d9b8527/library/core/src/ops/function.rs:250:5
[INFO] [stdout]   23:     0x5b07f6e69c0b - <fn() -> core[a373ad73a504971]::result::Result<(), alloc[2e1b2a31b91974c5]::string::String> as core[a373ad73a504971]::ops::function::FnOnce<()>>::call_once
[INFO] [stdout]                                at /rustc/e3feeb59cd1bdd011a2bfcc0747b55125d9b8527/library/core/src/ops/function.rs:250:5
[INFO] [stdout]   24:     0x5b07f6e69c0b - test[aada8e7e76ba119b]::__rust_begin_short_backtrace::<core[a373ad73a504971]::result::Result<(), alloc[2e1b2a31b91974c5]::string::String>, fn() -> core[a373ad73a504971]::result::Result<(), alloc[2e1b2a31b91974c5]::string::String>>
[INFO] [stdout]                                at /rustc/e3feeb59cd1bdd011a2bfcc0747b55125d9b8527/library/test/src/lib.rs:701:18
[INFO] [stdout]   25:     0x5b07f6e76de5 - test[aada8e7e76ba119b]::run_test_in_process::{closure#0}
[INFO] [stdout]                                at /rustc/e3feeb59cd1bdd011a2bfcc0747b55125d9b8527/library/test/src/lib.rs:724:74
[INFO] [stdout]   26:     0x5b07f6e76de5 - <core[a373ad73a504971]::panic::unwind_safe::AssertUnwindSafe<test[aada8e7e76ba119b]::run_test_in_process::{closure#0}> as core[a373ad73a504971]::ops::function::FnOnce<()>>::call_once
[INFO] [stdout]                                at /rustc/e3feeb59cd1bdd011a2bfcc0747b55125d9b8527/library/core/src/panic/unwind_safe.rs:275:9
[INFO] [stdout]   27:     0x5b07f6e76de5 - std[617be2ca0a6fd877]::panicking::catch_unwind::do_call::<core[a373ad73a504971]::panic::unwind_safe::AssertUnwindSafe<test[aada8e7e76ba119b]::run_test_in_process::{closure#0}>, core[a373ad73a504971]::result::Result<(), alloc[2e1b2a31b91974c5]::string::String>>
[INFO] [stdout]                                at /rustc/e3feeb59cd1bdd011a2bfcc0747b55125d9b8527/library/std/src/panicking.rs:573:43
[INFO] [stdout]   28:     0x5b07f6e76de5 - std[617be2ca0a6fd877]::panicking::catch_unwind::<core[a373ad73a504971]::result::Result<(), alloc[2e1b2a31b91974c5]::string::String>, core[a373ad73a504971]::panic::unwind_safe::AssertUnwindSafe<test[aada8e7e76ba119b]::run_test_in_process::{closure#0}>>
[INFO] [stdout]                                at /rustc/e3feeb59cd1bdd011a2bfcc0747b55125d9b8527/library/std/src/panicking.rs:541:19
[INFO] [stdout]   29:     0x5b07f6e76de5 - std[617be2ca0a6fd877]::panic::catch_unwind::<core[a373ad73a504971]::panic::unwind_safe::AssertUnwindSafe<test[aada8e7e76ba119b]::run_test_in_process::{closure#0}>, core[a373ad73a504971]::result::Result<(), alloc[2e1b2a31b91974c5]::string::String>>
[INFO] [stdout]                                at /rustc/e3feeb59cd1bdd011a2bfcc0747b55125d9b8527/library/std/src/panic.rs:359:14
[INFO] [stdout]   30:     0x5b07f6e76de5 - test[aada8e7e76ba119b]::run_test_in_process
[INFO] [stdout]                                at /rustc/e3feeb59cd1bdd011a2bfcc0747b55125d9b8527/library/test/src/lib.rs:724:27
[INFO] [stdout]   31:     0x5b07f6e76de5 - test[aada8e7e76ba119b]::run_test::{closure#0}
[INFO] [stdout]                                at /rustc/e3feeb59cd1bdd011a2bfcc0747b55125d9b8527/library/test/src/lib.rs:645:43
[INFO] [stdout]   32:     0x5b07f6e706d4 - test[aada8e7e76ba119b]::run_test::{closure#1}
[INFO] [stdout]                                at /rustc/e3feeb59cd1bdd011a2bfcc0747b55125d9b8527/library/test/src/lib.rs:675:41
[INFO] [stdout]   33:     0x5b07f6e706d4 - std[617be2ca0a6fd877]::sys::backtrace::__rust_begin_short_backtrace::<test[aada8e7e76ba119b]::run_test::{closure#1}, ()>
[INFO] [stdout]                                at /rustc/e3feeb59cd1bdd011a2bfcc0747b55125d9b8527/library/std/src/sys/backtrace.rs:166:18
[INFO] [stdout]   34:     0x5b07f6e79e72 - std[617be2ca0a6fd877]::thread::lifecycle::spawn_unchecked::<test[aada8e7e76ba119b]::run_test::{closure#1}, ()>::{closure#1}::{closure#0}
[INFO] [stdout]                                at /rustc/e3feeb59cd1bdd011a2bfcc0747b55125d9b8527/library/std/src/thread/lifecycle.rs:70:13
[INFO] [stdout]   35:     0x5b07f6e79e72 - <core[a373ad73a504971]::panic::unwind_safe::AssertUnwindSafe<std[617be2ca0a6fd877]::thread::lifecycle::spawn_unchecked<test[aada8e7e76ba119b]::run_test::{closure#1}, ()>::{closure#1}::{closure#0}> as core[a373ad73a504971]::ops::function::FnOnce<()>>::call_once
[INFO] [stdout]                                at /rustc/e3feeb59cd1bdd011a2bfcc0747b55125d9b8527/library/core/src/panic/unwind_safe.rs:275:9
[INFO] [stdout]   36:     0x5b07f6e79e72 - std[617be2ca0a6fd877]::panicking::catch_unwind::do_call::<core[a373ad73a504971]::panic::unwind_safe::AssertUnwindSafe<std[617be2ca0a6fd877]::thread::lifecycle::spawn_unchecked<test[aada8e7e76ba119b]::run_test::{closure#1}, ()>::{closure#1}::{closure#0}>, ()>
[INFO] [stdout]                                at /rustc/e3feeb59cd1bdd011a2bfcc0747b55125d9b8527/library/std/src/panicking.rs:573:43
[INFO] [stdout]   37:     0x5b07f6e79e72 - std[617be2ca0a6fd877]::panicking::catch_unwind::<(), core[a373ad73a504971]::panic::unwind_safe::AssertUnwindSafe<std[617be2ca0a6fd877]::thread::lifecycle::spawn_unchecked<test[aada8e7e76ba119b]::run_test::{closure#1}, ()>::{closure#1}::{closure#0}>>
[INFO] [stdout]                                at /rustc/e3feeb59cd1bdd011a2bfcc0747b55125d9b8527/library/std/src/panicking.rs:541:19
[INFO] [stdout]   38:     0x5b07f6e79e72 - std[617be2ca0a6fd877]::panic::catch_unwind::<core[a373ad73a504971]::panic::unwind_safe::AssertUnwindSafe<std[617be2ca0a6fd877]::thread::lifecycle::spawn_unchecked<test[aada8e7e76ba119b]::run_test::{closure#1}, ()>::{closure#1}::{closure#0}>, ()>
[INFO] [stdout]                                at /rustc/e3feeb59cd1bdd011a2bfcc0747b55125d9b8527/library/std/src/panic.rs:359:14
[INFO] [stdout]   39:     0x5b07f6e79e72 - std[617be2ca0a6fd877]::thread::lifecycle::spawn_unchecked::<test[aada8e7e76ba119b]::run_test::{closure#1}, ()>::{closure#1}
[INFO] [stdout]                                at /rustc/e3feeb59cd1bdd011a2bfcc0747b55125d9b8527/library/std/src/thread/lifecycle.rs:68:26
[INFO] [stdout]   40:     0x5b07f6e79e72 - <std[617be2ca0a6fd877]::thread::lifecycle::spawn_unchecked<test[aada8e7e76ba119b]::run_test::{closure#1}, ()>::{closure#1} as core[a373ad73a504971]::ops::function::FnOnce<()>>::call_once::{shim:vtable#0}
[INFO] [stdout]                                at /rustc/e3feeb59cd1bdd011a2bfcc0747b55125d9b8527/library/core/src/ops/function.rs:250:5
[INFO] [stdout]   41:     0x5b07f6efb6bf - <alloc[2e1b2a31b91974c5]::boxed::Box<dyn core[a373ad73a504971]::ops::function::FnOnce<(), Output = ()> + core[a373ad73a504971]::marker::Send> as core[a373ad73a504971]::ops::function::FnOnce<()>>::call_once
[INFO] [stdout]                                at /rustc/e3feeb59cd1bdd011a2bfcc0747b55125d9b8527/library/alloc/src/boxed.rs:2314:9
[INFO] [stdout]   42:     0x5b07f6efb6bf - <std[617be2ca0a6fd877]::sys::thread::unix::Thread>::new::thread_start
[INFO] [stdout]                                at /rustc/e3feeb59cd1bdd011a2bfcc0747b55125d9b8527/library/std/src/sys/thread/unix.rs:127:17
[INFO] [stdout]   43:     0x7369668dedfa - <unknown>
[INFO] [stdout]   44:     0x7369669723d4 - clone
[INFO] [stdout]   45:                0x0 - <unknown>
[INFO] [stdout] 
[INFO] [stdout] ---- vfs::dir_fs::tests::read::test_read_permission_denied stdout ----
[INFO] [stdout] 
[INFO] [stdout] thread 'vfs::dir_fs::tests::read::test_read_permission_denied' (322) panicked at src/vfs/dir_fs.rs:2105:17:
[INFO] [stdout] assertion failed: result.is_err()
[INFO] [stdout] stack backtrace:
[INFO] [stdout]    0:     0x5b07f6efc6b1 - std[617be2ca0a6fd877]::backtrace_rs::backtrace::libunwind::trace
[INFO] [stdout]                                at /rustc/e3feeb59cd1bdd011a2bfcc0747b55125d9b8527/library/std/src/../../backtrace/src/backtrace/libunwind.rs:117:9
[INFO] [stdout]    1:     0x5b07f6efc6b1 - std[617be2ca0a6fd877]::backtrace_rs::backtrace::trace_unsynchronized::<std[617be2ca0a6fd877]::sys::backtrace::_print_fmt::{closure#1}>
[INFO] [stdout]                                at /rustc/e3feeb59cd1bdd011a2bfcc0747b55125d9b8527/library/std/src/../../backtrace/src/backtrace/mod.rs:66:14
[INFO] [stdout]    2:     0x5b07f6efc6b1 - std[617be2ca0a6fd877]::sys::backtrace::_print_fmt
[INFO] [stdout]                                at /rustc/e3feeb59cd1bdd011a2bfcc0747b55125d9b8527/library/std/src/sys/backtrace.rs:74:9
[INFO] [stdout]    3:     0x5b07f6efc6b1 - <<std[617be2ca0a6fd877]::sys::backtrace::BacktraceLock>::print::DisplayBacktrace as core[a373ad73a504971]::fmt::Display>::fmt
[INFO] [stdout]                                at /rustc/e3feeb59cd1bdd011a2bfcc0747b55125d9b8527/library/std/src/sys/backtrace.rs:44:26
[INFO] [stdout]    4:     0x5b07f6f110da - <core[a373ad73a504971]::fmt::rt::Argument>::fmt
[INFO] [stdout]                                at /rustc/e3feeb59cd1bdd011a2bfcc0747b55125d9b8527/library/core/src/fmt/rt.rs:152:76
[INFO] [stdout]    5:     0x5b07f6f110da - core[a373ad73a504971]::fmt::write
[INFO] [stdout]    6:     0x5b07f6f011ac - core[a373ad73a504971]::io::write::default_write_fmt::<alloc[2e1b2a31b91974c5]::vec::Vec<u8>>
[INFO] [stdout]                                at /rustc/e3feeb59cd1bdd011a2bfcc0747b55125d9b8527/library/core/src/io/write.rs:402:11
[INFO] [stdout]    7:     0x5b07f6f011ac - <alloc[2e1b2a31b91974c5]::vec::Vec<u8> as core[a373ad73a504971]::io::write::Write>::write_fmt
[INFO] [stdout]                                at /rustc/e3feeb59cd1bdd011a2bfcc0747b55125d9b8527/library/core/src/io/write.rs:335:13
[INFO] [stdout]    8:     0x5b07f6ed5bc6 - <std[617be2ca0a6fd877]::sys::backtrace::BacktraceLock>::print
[INFO] [stdout]                                at /rustc/e3feeb59cd1bdd011a2bfcc0747b55125d9b8527/library/std/src/sys/backtrace.rs:47:9
[INFO] [stdout]    9:     0x5b07f6ed5bc6 - std[617be2ca0a6fd877]::panicking::default_hook::{closure#0}
[INFO] [stdout]                                at /rustc/e3feeb59cd1bdd011a2bfcc0747b55125d9b8527/library/std/src/panicking.rs:289:27
[INFO] [stdout]   10:     0x5b07f6ef37e9 - std[617be2ca0a6fd877]::panicking::default_hook
[INFO] [stdout]                                at /rustc/e3feeb59cd1bdd011a2bfcc0747b55125d9b8527/library/std/src/panicking.rs:313:9
[INFO] [stdout]   11:     0x5b07f6e767c0 - <alloc[2e1b2a31b91974c5]::boxed::Box<dyn for<'a, 'b> core[a373ad73a504971]::ops::function::Fn<(&'a std[617be2ca0a6fd877]::panic::PanicHookInfo<'b>,), Output = ()> + core[a373ad73a504971]::marker::Sync + core[a373ad73a504971]::marker::Send> as core[a373ad73a504971]::ops::function::Fn<(&std[617be2ca0a6fd877]::panic::PanicHookInfo,)>>::call
[INFO] [stdout]                                at /rustc/e3feeb59cd1bdd011a2bfcc0747b55125d9b8527/library/alloc/src/boxed.rs:2328:9
[INFO] [stdout]   12:     0x5b07f6e767c0 - test[aada8e7e76ba119b]::test_main_inner::{closure#0}
[INFO] [stdout]                                at /rustc/e3feeb59cd1bdd011a2bfcc0747b55125d9b8527/library/test/src/lib.rs:137:21
[INFO] [stdout]   13:     0x5b07f6ef39a2 - <alloc[2e1b2a31b91974c5]::boxed::Box<dyn for<'a, 'b> core[a373ad73a504971]::ops::function::Fn<(&'a std[617be2ca0a6fd877]::panic::PanicHookInfo<'b>,), Output = ()> + core[a373ad73a504971]::marker::Sync + core[a373ad73a504971]::marker::Send> as core[a373ad73a504971]::ops::function::Fn<(&std[617be2ca0a6fd877]::panic::PanicHookInfo,)>>::call
[INFO] [stdout]                                at /rustc/e3feeb59cd1bdd011a2bfcc0747b55125d9b8527/library/alloc/src/boxed.rs:2328:9
[INFO] [stdout]   14:     0x5b07f6ef39a2 - std[617be2ca0a6fd877]::panicking::panic_with_hook
[INFO] [stdout]                                at /rustc/e3feeb59cd1bdd011a2bfcc0747b55125d9b8527/library/std/src/panicking.rs:819:13
[INFO] [stdout]   15:     0x5b07f6ed5ca4 - std[617be2ca0a6fd877]::panicking::panic_handler::{closure#0}
[INFO] [stdout]                                at /rustc/e3feeb59cd1bdd011a2bfcc0747b55125d9b8527/library/std/src/panicking.rs:678:13
[INFO] [stdout]   16:     0x5b07f6ece019 - std[617be2ca0a6fd877]::sys::backtrace::__rust_end_short_backtrace::<std[617be2ca0a6fd877]::panicking::panic_handler::{closure#0}, !>
[INFO] [stdout]                                at /rustc/e3feeb59cd1bdd011a2bfcc0747b55125d9b8527/library/std/src/sys/backtrace.rs:182:18
[INFO] [stdout]   17:     0x5b07f6ed6b3d - __rustc[ea4f61d10b84890b]::rust_begin_unwind
[INFO] [stdout]                                at /rustc/e3feeb59cd1bdd011a2bfcc0747b55125d9b8527/library/std/src/panicking.rs:676:5
[INFO] [stdout]   18:     0x5b07f6f1186c - core[a373ad73a504971]::panicking::panic_fmt
[INFO] [stdout]                                at /rustc/e3feeb59cd1bdd011a2bfcc0747b55125d9b8527/library/core/src/panicking.rs:80:14
[INFO] [stdout]   19:     0x5b07f6f11832 - core[a373ad73a504971]::panicking::panic
[INFO] [stdout]                                at /rustc/e3feeb59cd1bdd011a2bfcc0747b55125d9b8527/library/core/src/panicking.rs:150:5
[INFO] [stdout]   20:     0x5b07f6e265d6 - vfs_kit[1a7449d0d1152fb4]::vfs::dir_fs::tests::read::test_read_permission_denied
[INFO] [stdout]                                at /opt/rustwide/workdir/src/vfs/dir_fs.rs:2105:17
[INFO] [stdout]   21:     0x5b07f6e22ce7 - vfs_kit[1a7449d0d1152fb4]::vfs::dir_fs::tests::read::test_read_permission_denied::{closure#0}
[INFO] [stdout]                                at /opt/rustwide/workdir/src/vfs/dir_fs.rs:2090:45
[INFO] [stdout]   22:     0x5b07f6e37166 - <vfs_kit[1a7449d0d1152fb4]::vfs::dir_fs::tests::read::test_read_permission_denied::{closure#0} as core[a373ad73a504971]::ops::function::FnOnce<()>>::call_once
[INFO] [stdout]                                at /rustc/e3feeb59cd1bdd011a2bfcc0747b55125d9b8527/library/core/src/ops/function.rs:250:5
[INFO] [stdout]   23:     0x5b07f6e69c0b - <fn() -> core[a373ad73a504971]::result::Result<(), alloc[2e1b2a31b91974c5]::string::String> as core[a373ad73a504971]::ops::function::FnOnce<()>>::call_once
[INFO] [stdout]                                at /rustc/e3feeb59cd1bdd011a2bfcc0747b55125d9b8527/library/core/src/ops/function.rs:250:5
[INFO] [stdout]   24:     0x5b07f6e69c0b - test[aada8e7e76ba119b]::__rust_begin_short_backtrace::<core[a373ad73a504971]::result::Result<(), alloc[2e1b2a31b91974c5]::string::String>, fn() -> core[a373ad73a504971]::result::Result<(), alloc[2e1b2a31b91974c5]::string::String>>
[INFO] [stdout]                                at /rustc/e3feeb59cd1bdd011a2bfcc0747b55125d9b8527/library/test/src/lib.rs:701:18
[INFO] [stdout]   25:     0x5b07f6e76de5 - test[aada8e7e76ba119b]::run_test_in_process::{closure#0}
[INFO] [stdout]                                at /rustc/e3feeb59cd1bdd011a2bfcc0747b55125d9b8527/library/test/src/lib.rs:724:74
[INFO] [stdout]   26:     0x5b07f6e76de5 - <core[a373ad73a504971]::panic::unwind_safe::AssertUnwindSafe<test[aada8e7e76ba119b]::run_test_in_process::{closure#0}> as core[a373ad73a504971]::ops::function::FnOnce<()>>::call_once
[INFO] [stdout]                                at /rustc/e3feeb59cd1bdd011a2bfcc0747b55125d9b8527/library/core/src/panic/unwind_safe.rs:275:9
[INFO] [stdout]   27:     0x5b07f6e76de5 - std[617be2ca0a6fd877]::panicking::catch_unwind::do_call::<core[a373ad73a504971]::panic::unwind_safe::AssertUnwindSafe<test[aada8e7e76ba119b]::run_test_in_process::{closure#0}>, core[a373ad73a504971]::result::Result<(), alloc[2e1b2a31b91974c5]::string::String>>
[INFO] [stdout]                                at /rustc/e3feeb59cd1bdd011a2bfcc0747b55125d9b8527/library/std/src/panicking.rs:573:43
[INFO] [stdout]   28:     0x5b07f6e76de5 - std[617be2ca0a6fd877]::panicking::catch_unwind::<core[a373ad73a504971]::result::Result<(), alloc[2e1b2a31b91974c5]::string::String>, core[a373ad73a504971]::panic::unwind_safe::AssertUnwindSafe<test[aada8e7e76ba119b]::run_test_in_process::{closure#0}>>
[INFO] [stdout]                                at /rustc/e3feeb59cd1bdd011a2bfcc0747b55125d9b8527/library/std/src/panicking.rs:541:19
[INFO] [stdout]   29:     0x5b07f6e76de5 - std[617be2ca0a6fd877]::panic::catch_unwind::<core[a373ad73a504971]::panic::unwind_safe::AssertUnwindSafe<test[aada8e7e76ba119b]::run_test_in_process::{closure#0}>, core[a373ad73a504971]::result::Result<(), alloc[2e1b2a31b91974c5]::string::String>>
[INFO] [stdout]                                at /rustc/e3feeb59cd1bdd011a2bfcc0747b55125d9b8527/library/std/src/panic.rs:359:14
[INFO] [stdout]   30:     0x5b07f6e76de5 - test[aada8e7e76ba119b]::run_test_in_process
[INFO] [stdout]                                at /rustc/e3feeb59cd1bdd011a2bfcc0747b55125d9b8527/library/test/src/lib.rs:724:27
[INFO] [stdout]   31:     0x5b07f6e76de5 - test[aada8e7e76ba119b]::run_test::{closure#0}
[INFO] [stdout]                                at /rustc/e3feeb59cd1bdd011a2bfcc0747b55125d9b8527/library/test/src/lib.rs:645:43
[INFO] [stdout]   32:     0x5b07f6e706d4 - test[aada8e7e76ba119b]::run_test::{closure#1}
[INFO] [stdout]                                at /rustc/e3feeb59cd1bdd011a2bfcc0747b55125d9b8527/library/test/src/lib.rs:675:41
[INFO] [stdout]   33:     0x5b07f6e706d4 - std[617be2ca0a6fd877]::sys::backtrace::__rust_begin_short_backtrace::<test[aada8e7e76ba119b]::run_test::{closure#1}, ()>
[INFO] [stdout]                                at /rustc/e3feeb59cd1bdd011a2bfcc0747b55125d9b8527/library/std/src/sys/backtrace.rs:166:18
[INFO] [stdout]   34:     0x5b07f6e79e72 - std[617be2ca0a6fd877]::thread::lifecycle::spawn_unchecked::<test[aada8e7e76ba119b]::run_test::{closure#1}, ()>::{closure#1}::{closure#0}
[INFO] [stdout]                                at /rustc/e3feeb59cd1bdd011a2bfcc0747b55125d9b8527/library/std/src/thread/lifecycle.rs:70:13
[INFO] [stdout]   35:     0x5b07f6e79e72 - <core[a373ad73a504971]::panic::unwind_safe::AssertUnwindSafe<std[617be2ca0a6fd877]::thread::lifecycle::spawn_unchecked<test[aada8e7e76ba119b]::run_test::{closure#1}, ()>::{closure#1}::{closure#0}> as core[a373ad73a504971]::ops::function::FnOnce<()>>::call_once
[INFO] [stdout]                                at /rustc/e3feeb59cd1bdd011a2bfcc0747b55125d9b8527/library/core/src/panic/unwind_safe.rs:275:9
[INFO] [stdout]   36:     0x5b07f6e79e72 - std[617be2ca0a6fd877]::panicking::catch_unwind::do_call::<core[a373ad73a504971]::panic::unwind_safe::AssertUnwindSafe<std[617be2ca0a6fd877]::thread::lifecycle::spawn_unchecked<test[aada8e7e76ba119b]::run_test::{closure#1}, ()>::{closure#1}::{closure#0}>, ()>
[INFO] [stdout]                                at /rustc/e3feeb59cd1bdd011a2bfcc0747b55125d9b8527/library/std/src/panicking.rs:573:43
[INFO] [stdout]   37:     0x5b07f6e79e72 - std[617be2ca0a6fd877]::panicking::catch_unwind::<(), core[a373ad73a504971]::panic::unwind_safe::AssertUnwindSafe<std[617be2ca0a6fd877]::thread::lifecycle::spawn_unchecked<test[aada8e7e76ba119b]::run_test::{closure#1}, ()>::{closure#1}::{closure#0}>>
[INFO] [stdout]                                at /rustc/e3feeb59cd1bdd011a2bfcc0747b55125d9b8527/library/std/src/panicking.rs:541:19
[INFO] [stdout]   38:     0x5b07f6e79e72 - std[617be2ca0a6fd877]::panic::catch_unwind::<core[a373ad73a504971]::panic::unwind_safe::AssertUnwindSafe<std[617be2ca0a6fd877]::thread::lifecycle::spawn_unchecked<test[aada8e7e76ba119b]::run_test::{closure#1}, ()>::{closure#1}::{closure#0}>, ()>
[INFO] [stdout]                                at /rustc/e3feeb59cd1bdd011a2bfcc0747b55125d9b8527/library/std/src/panic.rs:359:14
[INFO] [stdout]   39:     0x5b07f6e79e72 - std[617be2ca0a6fd877]::thread::lifecycle::spawn_unchecked::<test[aada8e7e76ba119b]::run_test::{closure#1}, ()>::{closure#1}
[INFO] [stdout]                                at /rustc/e3feeb59cd1bdd011a2bfcc0747b55125d9b8527/library/std/src/thread/lifecycle.rs:68:26
[INFO] [stdout]   40:     0x5b07f6e79e72 - <std[617be2ca0a6fd877]::thread::lifecycle::spawn_unchecked<test[aada8e7e76ba119b]::run_test::{closure#1}, ()>::{closure#1} as core[a373ad73a504971]::ops::function::FnOnce<()>>::call_once::{shim:vtable#0}
[INFO] [stdout]                                at /rustc/e3feeb59cd1bdd011a2bfcc0747b55125d9b8527/library/core/src/ops/function.rs:250:5
[INFO] [stdout]   41:     0x5b07f6efb6bf - <alloc[2e1b2a31b91974c5]::boxed::Box<dyn core[a373ad73a504971]::ops::function::FnOnce<(), Output = ()> + core[a373ad73a504971]::marker::Send> as core[a373ad73a504971]::ops::function::FnOnce<()>>::call_once
[INFO] [stdout]                                at /rustc/e3feeb59cd1bdd011a2bfcc0747b55125d9b8527/library/alloc/src/boxed.rs:2314:9
[INFO] [stdout]   42:     0x5b07f6efb6bf - <std[617be2ca0a6fd877]::sys::thread::unix::Thread>::new::thread_start
[INFO] [stdout]                                at /rustc/e3feeb59cd1bdd011a2bfcc0747b55125d9b8527/library/std/src/sys/thread/unix.rs:127:17
[INFO] [stdout]   43:     0x7369668dedfa - <unknown>
[INFO] [stdout]   44:     0x7369669723d4 - clone
[INFO] [stdout]   45:                0x0 - <unknown>
[INFO] [stdout] 
[INFO] [stdout] ---- vfs::dir_fs::tests::rm::test_rm_permission_denied stdout ----
[INFO] [stdout] 
[INFO] [stdout] thread 'vfs::dir_fs::tests::rm::test_rm_permission_denied' (332) panicked at src/vfs/dir_fs.rs:2968:17:
[INFO] [stdout] assertion failed: result.is_err()
[INFO] [stdout] stack backtrace:
[INFO] [stdout]    0:     0x5b07f6efc6b1 - std[617be2ca0a6fd877]::backtrace_rs::backtrace::libunwind::trace
[INFO] [stdout]                                at /rustc/e3feeb59cd1bdd011a2bfcc0747b55125d9b8527/library/std/src/../../backtrace/src/backtrace/libunwind.rs:117:9
[INFO] [stdout]    1:     0x5b07f6efc6b1 - std[617be2ca0a6fd877]::backtrace_rs::backtrace::trace_unsynchronized::<std[617be2ca0a6fd877]::sys::backtrace::_print_fmt::{closure#1}>
[INFO] [stdout]                                at /rustc/e3feeb59cd1bdd011a2bfcc0747b55125d9b8527/library/std/src/../../backtrace/src/backtrace/mod.rs:66:14
[INFO] [stdout]    2:     0x5b07f6efc6b1 - std[617be2ca0a6fd877]::sys::backtrace::_print_fmt
[INFO] [stdout]                                at /rustc/e3feeb59cd1bdd011a2bfcc0747b55125d9b8527/library/std/src/sys/backtrace.rs:74:9
[INFO] [stdout]    3:     0x5b07f6efc6b1 - <<std[617be2ca0a6fd877]::sys::backtrace::BacktraceLock>::print::DisplayBacktrace as core[a373ad73a504971]::fmt::Display>::fmt
[INFO] [stdout]                                at /rustc/e3feeb59cd1bdd011a2bfcc0747b55125d9b8527/library/std/src/sys/backtrace.rs:44:26
[INFO] [stdout]    4:     0x5b07f6f110da - <core[a373ad73a504971]::fmt::rt::Argument>::fmt
[INFO] [stdout]                                at /rustc/e3feeb59cd1bdd011a2bfcc0747b55125d9b8527/library/core/src/fmt/rt.rs:152:76
[INFO] [stdout]    5:     0x5b07f6f110da - core[a373ad73a504971]::fmt::write
[INFO] [stdout]    6:     0x5b07f6f011ac - core[a373ad73a504971]::io::write::default_write_fmt::<alloc[2e1b2a31b91974c5]::vec::Vec<u8>>
[INFO] [stdout]                                at /rustc/e3feeb59cd1bdd011a2bfcc0747b55125d9b8527/library/core/src/io/write.rs:402:11
[INFO] [stdout]    7:     0x5b07f6f011ac - <alloc[2e1b2a31b91974c5]::vec::Vec<u8> as core[a373ad73a504971]::io::write::Write>::write_fmt
[INFO] [stdout]                                at /rustc/e3feeb59cd1bdd011a2bfcc0747b55125d9b8527/library/core/src/io/write.rs:335:13
[INFO] [stdout]    8:     0x5b07f6ed5bc6 - <std[617be2ca0a6fd877]::sys::backtrace::BacktraceLock>::print
[INFO] [stdout]                                at /rustc/e3feeb59cd1bdd011a2bfcc0747b55125d9b8527/library/std/src/sys/backtrace.rs:47:9
[INFO] [stdout]    9:     0x5b07f6ed5bc6 - std[617be2ca0a6fd877]::panicking::default_hook::{closure#0}
[INFO] [stdout]                                at /rustc/e3feeb59cd1bdd011a2bfcc0747b55125d9b8527/library/std/src/panicking.rs:289:27
[INFO] [stdout]   10:     0x5b07f6ef37e9 - std[617be2ca0a6fd877]::panicking::default_hook
[INFO] [stdout]                                at /rustc/e3feeb59cd1bdd011a2bfcc0747b55125d9b8527/library/std/src/panicking.rs:313:9
[INFO] [stdout]   11:     0x5b07f6e767c0 - <alloc[2e1b2a31b91974c5]::boxed::Box<dyn for<'a, 'b> core[a373ad73a504971]::ops::function::Fn<(&'a std[617be2ca0a6fd877]::panic::PanicHookInfo<'b>,), Output = ()> + core[a373ad73a504971]::marker::Sync + core[a373ad73a504971]::marker::Send> as core[a373ad73a504971]::ops::function::Fn<(&std[617be2ca0a6fd877]::panic::PanicHookInfo,)>>::call
[INFO] [stdout]                                at /rustc/e3feeb59cd1bdd011a2bfcc0747b55125d9b8527/library/alloc/src/boxed.rs:2328:9
[INFO] [stdout]   12:     0x5b07f6e767c0 - test[aada8e7e76ba119b]::test_main_inner::{closure#0}
[INFO] [stdout]                                at /rustc/e3feeb59cd1bdd011a2bfcc0747b55125d9b8527/library/test/src/lib.rs:137:21
[INFO] [stdout]   13:     0x5b07f6ef39a2 - <alloc[2e1b2a31b91974c5]::boxed::Box<dyn for<'a, 'b> core[a373ad73a504971]::ops::function::Fn<(&'a std[617be2ca0a6fd877]::panic::PanicHookInfo<'b>,), Output = ()> + core[a373ad73a504971]::marker::Sync + core[a373ad73a504971]::marker::Send> as core[a373ad73a504971]::ops::function::Fn<(&std[617be2ca0a6fd877]::panic::PanicHookInfo,)>>::call
[INFO] [stdout]                                at /rustc/e3feeb59cd1bdd011a2bfcc0747b55125d9b8527/library/alloc/src/boxed.rs:2328:9
[INFO] [stdout]   14:     0x5b07f6ef39a2 - std[617be2ca0a6fd877]::panicking::panic_with_hook
[INFO] [stdout]                                at /rustc/e3feeb59cd1bdd011a2bfcc0747b55125d9b8527/library/std/src/panicking.rs:819:13
[INFO] [stdout]   15:     0x5b07f6ed5ca4 - std[617be2ca0a6fd877]::panicking::panic_handler::{closure#0}
[INFO] [stdout]                                at /rustc/e3feeb59cd1bdd011a2bfcc0747b55125d9b8527/library/std/src/panicking.rs:678:13
[INFO] [stdout]   16:     0x5b07f6ece019 - std[617be2ca0a6fd877]::sys::backtrace::__rust_end_short_backtrace::<std[617be2ca0a6fd877]::panicking::panic_handler::{closure#0}, !>
[INFO] [stdout]                                at /rustc/e3feeb59cd1bdd011a2bfcc0747b55125d9b8527/library/std/src/sys/backtrace.rs:182:18
[INFO] [stdout]   17:     0x5b07f6ed6b3d - __rustc[ea4f61d10b84890b]::rust_begin_unwind
[INFO] [stdout]                                at /rustc/e3feeb59cd1bdd011a2bfcc0747b55125d9b8527/library/std/src/panicking.rs:676:5
[INFO] [stdout]   18:     0x5b07f6f1186c - core[a373ad73a504971]::panicking::panic_fmt
[INFO] [stdout]                                at /rustc/e3feeb59cd1bdd011a2bfcc0747b55125d9b8527/library/core/src/panicking.rs:80:14
[INFO] [stdout]   19:     0x5b07f6f11832 - core[a373ad73a504971]::panicking::panic
[INFO] [stdout]                                at /rustc/e3feeb59cd1bdd011a2bfcc0747b55125d9b8527/library/core/src/panicking.rs:150:5
[INFO] [stdout]   20:     0x5b07f6e5402a - vfs_kit[1a7449d0d1152fb4]::vfs::dir_fs::tests::rm::test_rm_permission_denied
[INFO] [stdout]                                at /opt/rustwide/workdir/src/vfs/dir_fs.rs:2968:17
[INFO] [stdout]   21:     0x5b07f6e500f7 - vfs_kit[1a7449d0d1152fb4]::vfs::dir_fs::tests::rm::test_rm_permission_denied::{closure#0}
[INFO] [stdout]                                at /opt/rustwide/workdir/src/vfs/dir_fs.rs:2953:39
[INFO] [stdout]   22:     0x5b07f6e36d86 - <vfs_kit[1a7449d0d1152fb4]::vfs::dir_fs::tests::rm::test_rm_permission_denied::{closure#0} as core[a373ad73a504971]::ops::function::FnOnce<()>>::call_once
[INFO] [stdout]                                at /rustc/e3feeb59cd1bdd011a2bfcc0747b55125d9b8527/library/core/src/ops/function.rs:250:5
[INFO] [stdout]   23:     0x5b07f6e69c0b - <fn() -> core[a373ad73a504971]::result::Result<(), alloc[2e1b2a31b91974c5]::string::String> as core[a373ad73a504971]::ops::function::FnOnce<()>>::call_once
[INFO] [stdout]                                at /rustc/e3feeb59cd1bdd011a2bfcc0747b55125d9b8527/library/core/src/ops/function.rs:250:5
[INFO] [stdout]   24:     0x5b07f6e69c0b - test[aada8e7e76ba119b]::__rust_begin_short_backtrace::<core[a373ad73a504971]::result::Result<(), alloc[2e1b2a31b91974c5]::string::String>, fn() -> core[a373ad73a504971]::result::Result<(), alloc[2e1b2a31b91974c5]::string::String>>
[INFO] [stdout]                                at /rustc/e3feeb59cd1bdd011a2bfcc0747b55125d9b8527/library/test/src/lib.rs:701:18
[INFO] [stdout]   25:     0x5b07f6e76de5 - test[aada8e7e76ba119b]::run_test_in_process::{closure#0}
[INFO] [stdout]                                at /rustc/e3feeb59cd1bdd011a2bfcc0747b55125d9b8527/library/test/src/lib.rs:724:74
[INFO] [stdout]   26:     0x5b07f6e76de5 - <core[a373ad73a504971]::panic::unwind_safe::AssertUnwindSafe<test[aada8e7e76ba119b]::run_test_in_process::{closure#0}> as core[a373ad73a504971]::ops::function::FnOnce<()>>::call_once
[INFO] [stdout]                                at /rustc/e3feeb59cd1bdd011a2bfcc0747b55125d9b8527/library/core/src/panic/unwind_safe.rs:275:9
[INFO] [stdout]   27:     0x5b07f6e76de5 - std[617be2ca0a6fd877]::panicking::catch_unwind::do_call::<core[a373ad73a504971]::panic::unwind_safe::AssertUnwindSafe<test[aada8e7e76ba119b]::run_test_in_process::{closure#0}>, core[a373ad73a504971]::result::Result<(), alloc[2e1b2a31b91974c5]::string::String>>
[INFO] [stdout]                                at /rustc/e3feeb59cd1bdd011a2bfcc0747b55125d9b8527/library/std/src/panicking.rs:573:43
[INFO] [stdout]   28:     0x5b07f6e76de5 - std[617be2ca0a6fd877]::panicking::catch_unwind::<core[a373ad73a504971]::result::Result<(), alloc[2e1b2a31b91974c5]::string::String>, core[a373ad73a504971]::panic::unwind_safe::AssertUnwindSafe<test[aada8e7e76ba119b]::run_test_in_process::{closure#0}>>
[INFO] [stdout]                                at /rustc/e3feeb59cd1bdd011a2bfcc0747b55125d9b8527/library/std/src/panicking.rs:541:19
[INFO] [stdout]   29:     0x5b07f6e76de5 - std[617be2ca0a6fd877]::panic::catch_unwind::<core[a373ad73a504971]::panic::unwind_safe::AssertUnwindSafe<test[aada8e7e76ba119b]::run_test_in_process::{closure#0}>, core[a373ad73a504971]::result::Result<(), alloc[2e1b2a31b91974c5]::string::String>>
[INFO] [stdout]                                at /rustc/e3feeb59cd1bdd011a2bfcc0747b55125d9b8527/library/std/src/panic.rs:359:14
[INFO] [stdout]   30:     0x5b07f6e76de5 - test[aada8e7e76ba119b]::run_test_in_process
[INFO] [stdout]                                at /rustc/e3feeb59cd1bdd011a2bfcc0747b55125d9b8527/library/test/src/lib.rs:724:27
[INFO] [stdout]   31:     0x5b07f6e76de5 - test[aada8e7e76ba119b]::run_test::{closure#0}
[INFO] [stdout]                                at /rustc/e3feeb59cd1bdd011a2bfcc0747b55125d9b8527/library/test/src/lib.rs:645:43
[INFO] [stdout]   32:     0x5b07f6e706d4 - test[aada8e7e76ba119b]::run_test::{closure#1}
[INFO] [stdout]                                at /rustc/e3feeb59cd1bdd011a2bfcc0747b55125d9b8527/library/test/src/lib.rs:675:41
[INFO] [stdout]   33:     0x5b07f6e706d4 - std[617be2ca0a6fd877]::sys::backtrace::__rust_begin_short_backtrace::<test[aada8e7e76ba119b]::run_test::{closure#1}, ()>
[INFO] [stdout]                                at /rustc/e3feeb59cd1bdd011a2bfcc0747b55125d9b8527/library/std/src/sys/backtrace.rs:166:18
[INFO] [stdout]   34:     0x5b07f6e79e72 - std[617be2ca0a6fd877]::thread::lifecycle::spawn_unchecked::<test[aada8e7e76ba119b]::run_test::{closure#1}, ()>::{closure#1}::{closure#0}
[INFO] [stdout]                                at /rustc/e3feeb59cd1bdd011a2bfcc0747b55125d9b8527/library/std/src/thread/lifecycle.rs:70:13
[INFO] [stdout]   35:     0x5b07f6e79e72 - <core[a373ad73a504971]::panic::unwind_safe::AssertUnwindSafe<std[617be2ca0a6fd877]::thread::lifecycle::spawn_unchecked<test[aada8e7e76ba119b]::run_test::{closure#1}, ()>::{closure#1}::{closure#0}> as core[a373ad73a504971]::ops::function::FnOnce<()>>::call_once
[INFO] [stdout]                                at /rustc/e3feeb59cd1bdd011a2bfcc0747b55125d9b8527/library/core/src/panic/unwind_safe.rs:275:9
[INFO] [stdout]   36:     0x5b07f6e79e72 - std[617be2ca0a6fd877]::panicking::catch_unwind::do_call::<core[a373ad73a504971]::panic::unwind_safe::AssertUnwindSafe<std[617be2ca0a6fd877]::thread::lifecycle::spawn_unchecked<test[aada8e7e76ba119b]::run_test::{closure#1}, ()>::{closure#1}::{closure#0}>, ()>
[INFO] [stdout]                                at /rustc/e3feeb59cd1bdd011a2bfcc0747b55125d9b8527/library/std/src/panicking.rs:573:43
[INFO] [stdout]   37:     0x5b07f6e79e72 - std[617be2ca0a6fd877]::panicking::catch_unwind::<(), core[a373ad73a504971]::panic::unwind_safe::AssertUnwindSafe<std[617be2ca0a6fd877]::thread::lifecycle::spawn_unchecked<test[aada8e7e76ba119b]::run_test::{closure#1}, ()>::{closure#1}::{closure#0}>>
[INFO] [stdout]                                at /rustc/e3feeb59cd1bdd011a2bfcc0747b55125d9b8527/library/std/src/panicking.rs:541:19
[INFO] [stdout]   38:     0x5b07f6e79e72 - std[617be2ca0a6fd877]::panic::catch_unwind::<core[a373ad73a504971]::panic::unwind_safe::AssertUnwindSafe<std[617be2ca0a6fd877]::thread::lifecycle::spawn_unchecked<test[aada8e7e76ba119b]::run_test::{closure#1}, ()>::{closure#1}::{closure#0}>, ()>
[INFO] [stdout]                                at /rustc/e3feeb59cd1bdd011a2bfcc0747b55125d9b8527/library/std/src/panic.rs:359:14
[INFO] [stdout]   39:     0x5b07f6e79e72 - std[617be2ca0a6fd877]::thread::lifecycle::spawn_unchecked::<test[aada8e7e76ba119b]::run_test::{closure#1}, ()>::{closure#1}
[INFO] [stdout]                                at /rustc/e3feeb59cd1bdd011a2bfcc0747b55125d9b8527/library/std/src/thread/lifecycle.rs:68:26
[INFO] [stdout]   40:     0x5b07f6e79e72 - <std[617be2ca0a6fd877]::thread::lifecycle::spawn_unchecked<test[aada8e7e76ba119b]::run_test::{closure#1}, ()>::{closure#1} as core[a373ad73a504971]::ops::function::FnOnce<()>>::call_once::{shim:vtable#0}
[INFO] [stdout]                                at /rustc/e3feeb59cd1bdd011a2bfcc0747b55125d9b8527/library/core/src/ops/function.rs:250:5
[INFO] [stdout]   41:     0x5b07f6efb6bf - <alloc[2e1b2a31b91974c5]::boxed::Box<dyn core[a373ad73a504971]::ops::function::FnOnce<(), Output = ()> + core[a373ad73a504971]::marker::Send> as core[a373ad73a504971]::ops::function::FnOnce<()>>::call_once
[INFO] [stdout]                                at /rustc/e3feeb59cd1bdd011a2bfcc0747b55125d9b8527/library/alloc/src/boxed.rs:2314:9
[INFO] [stdout]   42:     0x5b07f6efb6bf - <std[617be2ca0a6fd877]::sys::thread::unix::Thread>::new::thread_start
[INFO] [stdout]                                at /rustc/e3feeb59cd1bdd011a2bfcc0747b55125d9b8527/library/std/src/sys/thread/unix.rs:127:17
[INFO] [stdout]   43:     0x7369668dedfa - <unknown>
[INFO] [stdout]   44:     0x7369669723d4 - clone
[INFO] [stdout]   45:                0x0 - <unknown>
[INFO] [stdout] 
[INFO] [stdout] 
[INFO] [stdout] failures:
[INFO] [stdout]     vfs::dir_fs::tests::append::test_append_permission_denied
[INFO] [stdout]     vfs::dir_fs::tests::creations::test_new_permission_denied
[INFO] [stdout]     vfs::dir_fs::tests::mkdir_all::test_mkdir_all_invalid_path
[INFO] [stdout]     vfs::dir_fs::tests::mkdir_all::test_mkdir_all_permissions_error
[INFO] [stdout]     vfs::dir_fs::tests::read::test_read_permission_denied
[INFO] [stdout]     vfs::dir_fs::tests::rm::test_rm_permission_denied
[INFO] [stdout] 
[INFO] [stdout] test result: FAILED. 256 passed; 6 failed; 0 ignored; 0 measured; 0 filtered out; finished in 0.11s
[INFO] [stdout] 
[INFO] [stderr] error: test failed, to rerun pass `--lib`
[INFO] running `Command { std: "docker" "inspect" "ef8c2225d1ff54bff694b3b266af0af7710d3a1d3532193a17098c084c1d38b7", kill_on_drop: false }`
[INFO] running `Command { std: "docker" "rm" "-f" "ef8c2225d1ff54bff694b3b266af0af7710d3a1d3532193a17098c084c1d38b7", kill_on_drop: false }`
[INFO] [stdout] ef8c2225d1ff54bff694b3b266af0af7710d3a1d3532193a17098c084c1d38b7
