[INFO] fetching crate vex-cdc 0.1.1...
[INFO] testing vex-cdc-0.1.1 against 1.99.0-beta.8 for beta-1.100-2
[INFO] extracting crate vex-cdc 0.1.1 into /workspace/builds/worker-5-tc1/source
[INFO] started tweaking crates.io crate vex-cdc 0.1.1
[INFO] finished tweaking crates.io crate vex-cdc 0.1.1
[INFO] tweaked toml for crates.io crate vex-cdc 0.1.1 written to /workspace/builds/worker-5-tc1/source/Cargo.toml
[INFO] validating manifest of crates.io crate vex-cdc 0.1.1 on toolchain 1.99.0-beta.8
[INFO] running `Command { std: CARGO_HOME="/workspace/cargo-home" RUSTUP_HOME="/workspace/rustup-home" "/workspace/cargo-home/bin/cargo" "+1.99.0-beta.8" "metadata" "--manifest-path" "Cargo.toml" "--no-deps", kill_on_drop: false }`
[INFO] crate crates.io crate vex-cdc 0.1.1 already has a lockfile, it will not be regenerated
[INFO] running `Command { std: CARGO_HOME="/workspace/cargo-home" RUSTUP_HOME="/workspace/rustup-home" "/workspace/cargo-home/bin/cargo" "+1.99.0-beta.8" "fetch" "--manifest-path" "Cargo.toml", kill_on_drop: false }`
[INFO] [stderr]  Downloading crates ...
[INFO] [stderr]   Downloaded crc v3.3.0
[INFO] running `Command { std: "docker" "create" "-v" "/var/lib/crater-agent-workspace/builds/worker-5-tc1/source:/opt/rustwide/workdir:ro,Z" "-v" "/var/lib/crater-agent-workspace/builds/worker-5-tc1/target:/opt/rustwide/target:rw,Z" "-v" "/var/lib/crater-agent-workspace/cargo-home:/opt/rustwide/cargo-home:ro,Z" "-v" "/var/lib/crater-agent-workspace/rustup-home:/opt/rustwide/rustup-home:ro,Z" "-m" "1610612736" "--network" "none" "ghcr.io/rust-lang/crates-build-env/linux@sha256:3111399a4047eeb3a02b7a90e478d715f38a8c6669b5c4b49d30a17385265909" "sleep" "infinity", kill_on_drop: false }`
[INFO] [stdout] 80aceccf95e93e6ca5d8988d54a440410f57016644714270ad1dee08a2e52407
[INFO] running `Command { std: "docker" "start" "80aceccf95e93e6ca5d8988d54a440410f57016644714270ad1dee08a2e52407", kill_on_drop: false }`
[INFO] running `Command { std: "docker" "inspect" "80aceccf95e93e6ca5d8988d54a440410f57016644714270ad1dee08a2e52407", kill_on_drop: false }`
[INFO] running `Command { std: "docker" "exec" "-e" "SOURCE_DIR=/opt/rustwide/workdir" "-e" "CARGO_HOME=/opt/rustwide/cargo-home" "-e" "RUSTUP_HOME=/opt/rustwide/rustup-home" "-e" "CARGO_TARGET_DIR=/opt/rustwide/target" "-w" "/opt/rustwide/workdir" "--user" "0:0" "80aceccf95e93e6ca5d8988d54a440410f57016644714270ad1dee08a2e52407" "/opt/rustwide/cargo-home/bin/cargo" "+1.99.0-beta.8" "metadata" "--no-deps" "--format-version=1", kill_on_drop: false }`
[INFO] running `Command { std: "docker" "inspect" "80aceccf95e93e6ca5d8988d54a440410f57016644714270ad1dee08a2e52407", kill_on_drop: false }`
[INFO] running `Command { std: "docker" "exec" "-e" "SOURCE_DIR=/opt/rustwide/workdir" "-e" "CARGO_HOME=/opt/rustwide/cargo-home" "-e" "RUSTUP_HOME=/opt/rustwide/rustup-home" "-e" "CARGO_TARGET_DIR=/opt/rustwide/target" "-e" "CARGO_INCREMENTAL=0" "-e" "RUST_BACKTRACE=full" "-e" "RUSTFLAGS=--cap-lints=warn" "-e" "RUSTDOCFLAGS=--cap-lints=warn" "-w" "/opt/rustwide/workdir" "--user" "0:0" "80aceccf95e93e6ca5d8988d54a440410f57016644714270ad1dee08a2e52407" "/opt/rustwide/cargo-home/bin/cargo" "+1.99.0-beta.8" "build" "--frozen" "--message-format=json", kill_on_drop: false }`
[INFO] [stderr]    Compiling proc-macro2 v1.0.103
[INFO] [stderr]    Compiling unicode-ident v1.0.22
[INFO] [stderr]    Compiling thiserror v2.0.17
[INFO] [stderr]    Compiling crc-catalog v2.4.0
[INFO] [stderr]    Compiling bitflags v2.10.0
[INFO] [stderr]    Compiling crc v3.3.0
[INFO] [stderr]    Compiling quote v1.0.40
[INFO] [stderr]    Compiling syn v2.0.109
[INFO] [stderr]    Compiling thiserror-impl v2.0.17
[INFO] [stderr]    Compiling vex-cdc v0.1.1 (/opt/rustwide/workdir)
[INFO] [stdout] warning: use of deprecated module `core::u8`: all constants in this module replaced by associated constants on the type
[INFO] [stdout]  --> src/cdc2/system.rs:3:11
[INFO] [stdout]   |
[INFO] [stdout] 3 | use core::u8;
[INFO] [stdout]   |           ^^
[INFO] [stdout]   |
[INFO] [stdout]   = note: `#[warn(deprecated)]` on by default
[INFO] [stdout] 
[INFO] [stdout] 
[INFO] [stderr]     Finished `dev` profile [unoptimized + debuginfo] target(s) in 6.94s
[INFO] running `Command { std: "docker" "inspect" "80aceccf95e93e6ca5d8988d54a440410f57016644714270ad1dee08a2e52407", kill_on_drop: false }`
[INFO] running `Command { std: "docker" "exec" "-e" "SOURCE_DIR=/opt/rustwide/workdir" "-e" "CARGO_HOME=/opt/rustwide/cargo-home" "-e" "RUSTUP_HOME=/opt/rustwide/rustup-home" "-e" "CARGO_TARGET_DIR=/opt/rustwide/target" "-e" "CARGO_INCREMENTAL=0" "-e" "RUST_BACKTRACE=full" "-e" "RUSTFLAGS=--cap-lints=warn" "-e" "RUSTDOCFLAGS=--cap-lints=warn" "-w" "/opt/rustwide/workdir" "--user" "0:0" "80aceccf95e93e6ca5d8988d54a440410f57016644714270ad1dee08a2e52407" "/opt/rustwide/cargo-home/bin/cargo" "+1.99.0-beta.8" "test" "--frozen" "--no-run" "--message-format=json", kill_on_drop: false }`
[INFO] [stderr]    Compiling vex-cdc v0.1.1 (/opt/rustwide/workdir)
[INFO] [stdout] warning: use of deprecated module `core::u8`: all constants in this module replaced by associated constants on the type
[INFO] [stdout]  --> src/cdc2/system.rs:3:11
[INFO] [stdout]   |
[INFO] [stdout] 3 | use core::u8;
[INFO] [stdout]   |           ^^
[INFO] [stdout]   |
[INFO] [stdout]   = note: `#[warn(deprecated)]` on by default
[INFO] [stdout] 
[INFO] [stdout] 
[INFO] [stdout] warning: use of deprecated module `core::u8`: all constants in this module replaced by associated constants on the type
[INFO] [stdout]  --> src/cdc2/system.rs:3:11
[INFO] [stdout]   |
[INFO] [stdout] 3 | use core::u8;
[INFO] [stdout]   |           ^^
[INFO] [stdout]   |
[INFO] [stdout]   = note: `#[warn(deprecated)]` on by default
[INFO] [stdout] 
[INFO] [stdout] 
[INFO] [stderr]     Finished `test` profile [unoptimized + debuginfo] target(s) in 0.65s
[INFO] running `Command { std: "docker" "inspect" "80aceccf95e93e6ca5d8988d54a440410f57016644714270ad1dee08a2e52407", kill_on_drop: false }`
[INFO] running `Command { std: "docker" "exec" "-e" "SOURCE_DIR=/opt/rustwide/workdir" "-e" "CARGO_HOME=/opt/rustwide/cargo-home" "-e" "RUSTUP_HOME=/opt/rustwide/rustup-home" "-e" "CARGO_TARGET_DIR=/opt/rustwide/target" "-e" "CARGO_INCREMENTAL=0" "-e" "RUST_BACKTRACE=full" "-e" "RUSTFLAGS=--cap-lints=warn" "-e" "RUSTDOCFLAGS=--cap-lints=warn" "-w" "/opt/rustwide/workdir" "--user" "0:0" "80aceccf95e93e6ca5d8988d54a440410f57016644714270ad1dee08a2e52407" "/opt/rustwide/cargo-home/bin/cargo" "+1.99.0-beta.8" "test" "--frozen", kill_on_drop: false }`
[INFO] [stderr] warning: use of deprecated module `core::u8`: all constants in this module replaced by associated constants on the type
[INFO] [stderr]  --> src/cdc2/system.rs:3:11
[INFO] [stderr]   |
[INFO] [stderr] 3 | use core::u8;
[INFO] [stderr]   |           ^^
[INFO] [stderr]   |
[INFO] [stderr]   = note: `#[warn(deprecated)]` on by default
[INFO] [stderr] 
[INFO] [stderr] warning: `vex-cdc` (lib) generated 1 warning
[INFO] [stderr] warning: `vex-cdc` (lib test) generated 1 warning (1 duplicate)
[INFO] [stderr]     Finished `test` profile [unoptimized + debuginfo] target(s) in 0.04s
[INFO] [stderr]      Running unittests src/lib.rs (/opt/rustwide/target/debug/deps/vex_cdc-7253ae4534a38fce)
[INFO] [stdout] 
[INFO] [stdout] running 2 tests
[INFO] [stdout] test varint::tests::thin ... ok
[INFO] [stdout] test varint::tests::wide ... ok
[INFO] [stdout] 
[INFO] [stdout] test result: ok. 2 passed; 0 failed; 0 ignored; 0 measured; 0 filtered out; finished in 0.00s
[INFO] [stdout] 
[INFO] [stderr]    Doc-tests vex_cdc
[INFO] [stdout] 
[INFO] [stdout] running 1 test
[INFO] [stdout] test src/encode.rs - encode::MessageEncoder (line 9) ... FAILED
[INFO] [stdout] 
[INFO] [stdout] failures:
[INFO] [stdout] 
[INFO] [stdout] ---- src/encode.rs - encode::MessageEncoder (line 9) stdout ----
[INFO] [stdout] error[E0433]: cannot find type `MessageEncoder` in this scope
[INFO] [stdout]   --> src/encode.rs:11:15
[INFO] [stdout]    |
[INFO] [stdout] 11 | let mut enc = MessageEncoder::new(&mut buf);
[INFO] [stdout]    |               ^^^^^^^^^^^^^^ use of undeclared type `MessageEncoder`
[INFO] [stdout] 
[INFO] [stdout] error: aborting due to 1 previous error
[INFO] [stdout] 
[INFO] [stdout] For more information about this error, try `rustc --explain E0433`.
[INFO] [stdout] Couldn't compile the test.
[INFO] [stdout] 
[INFO] [stdout] failures:
[INFO] [stdout]     src/encode.rs - encode::MessageEncoder (line 9)
[INFO] [stdout] 
[INFO] [stdout] test result: FAILED. 0 passed; 1 failed; 0 ignored; 0 measured; 0 filtered out; finished in 0.10s
[INFO] [stdout] 
[INFO] [stdout] all doctests ran in 0.21s; merged doctests compilation took 0.10s
[INFO] [stderr] error: doctest failed, to rerun pass `--doc`
[INFO] running `Command { std: "docker" "inspect" "80aceccf95e93e6ca5d8988d54a440410f57016644714270ad1dee08a2e52407", kill_on_drop: false }`
[INFO] running `Command { std: "docker" "rm" "-f" "80aceccf95e93e6ca5d8988d54a440410f57016644714270ad1dee08a2e52407", kill_on_drop: false }`
[INFO] [stdout] 80aceccf95e93e6ca5d8988d54a440410f57016644714270ad1dee08a2e52407
