[INFO] fetching crate vestige 0.4.2...
[INFO] testing vestige-0.4.2 against 1.100.0-beta.1 for beta-1.100-2
[INFO] extracting crate vestige 0.4.2 into /workspace/builds/worker-4-tc2/source
[INFO] started tweaking crates.io crate vestige 0.4.2
[INFO] removed 0 missing tests
[INFO] finished tweaking crates.io crate vestige 0.4.2
[INFO] tweaked toml for crates.io crate vestige 0.4.2 written to /workspace/builds/worker-4-tc2/source/Cargo.toml
[INFO] validating manifest of crates.io crate vestige 0.4.2 on toolchain 1.100.0-beta.1
[INFO] running `Command { std: CARGO_HOME="/workspace/cargo-home" RUSTUP_HOME="/workspace/rustup-home" "/workspace/cargo-home/bin/cargo" "+1.100.0-beta.1" "metadata" "--manifest-path" "Cargo.toml" "--no-deps", kill_on_drop: false }`
[INFO] crate crates.io crate vestige 0.4.2 already has a lockfile, it will not be regenerated
[INFO] running `Command { std: CARGO_HOME="/workspace/cargo-home" RUSTUP_HOME="/workspace/rustup-home" "/workspace/cargo-home/bin/cargo" "+1.100.0-beta.1" "fetch" "--manifest-path" "Cargo.toml", kill_on_drop: false }`
[INFO] [stderr] warning: `package.homepage` is redundant with `package.repository`
[INFO] [stderr]   --> Cargo.toml:88:12
[INFO] [stderr]    |
[INFO] [stderr] 88 | homepage = "https://github.com/conorluddy/Vestige"
[INFO] [stderr]    |            ^^^^^^^^^^^^^^^^^^^^^^^^^^^^^^^^^^^^^^^
[INFO] [stderr] ...
[INFO] [stderr] 94 | repository = "https://github.com/conorluddy/Vestige"
[INFO] [stderr]    |              ---------------------------------------
[INFO] [stderr]    |
[INFO] [stderr]    = note: `cargo::redundant_homepage` is set to `warn` by default
[INFO] [stderr] help: consider removing `package.homepage`
[INFO] [stderr] warning: `vestige` (manifest) generated 1 warning
[INFO] running `Command { std: "docker" "create" "-v" "/var/lib/crater-agent-workspace/builds/worker-4-tc2/source:/opt/rustwide/workdir:ro,Z" "-v" "/var/lib/crater-agent-workspace/builds/worker-4-tc2/target:/opt/rustwide/target:rw,Z" "-v" "/var/lib/crater-agent-workspace/cargo-home:/opt/rustwide/cargo-home:ro,Z" "-v" "/var/lib/crater-agent-workspace/rustup-home:/opt/rustwide/rustup-home:ro,Z" "-m" "1610612736" "--network" "none" "ghcr.io/rust-lang/crates-build-env/linux@sha256:3111399a4047eeb3a02b7a90e478d715f38a8c6669b5c4b49d30a17385265909" "sleep" "infinity", kill_on_drop: false }`
[INFO] [stdout] eac7c3d39753fe856f2b01c334a8e1976af458681bf98d774b05fb1a148402d1
[INFO] running `Command { std: "docker" "start" "eac7c3d39753fe856f2b01c334a8e1976af458681bf98d774b05fb1a148402d1", kill_on_drop: false }`
[INFO] running `Command { std: "docker" "inspect" "eac7c3d39753fe856f2b01c334a8e1976af458681bf98d774b05fb1a148402d1", kill_on_drop: false }`
[INFO] running `Command { std: "docker" "exec" "-e" "SOURCE_DIR=/opt/rustwide/workdir" "-e" "CARGO_HOME=/opt/rustwide/cargo-home" "-e" "RUSTUP_HOME=/opt/rustwide/rustup-home" "-e" "CARGO_TARGET_DIR=/opt/rustwide/target" "-w" "/opt/rustwide/workdir" "--user" "0:0" "eac7c3d39753fe856f2b01c334a8e1976af458681bf98d774b05fb1a148402d1" "/opt/rustwide/cargo-home/bin/cargo" "+1.100.0-beta.1" "metadata" "--no-deps" "--format-version=1", kill_on_drop: false }`
[INFO] running `Command { std: "docker" "inspect" "eac7c3d39753fe856f2b01c334a8e1976af458681bf98d774b05fb1a148402d1", kill_on_drop: false }`
[INFO] running `Command { std: "docker" "exec" "-e" "SOURCE_DIR=/opt/rustwide/workdir" "-e" "CARGO_HOME=/opt/rustwide/cargo-home" "-e" "RUSTUP_HOME=/opt/rustwide/rustup-home" "-e" "CARGO_TARGET_DIR=/opt/rustwide/target" "-e" "CARGO_INCREMENTAL=0" "-e" "RUST_BACKTRACE=full" "-e" "RUSTFLAGS=--cap-lints=warn" "-e" "RUSTDOCFLAGS=--cap-lints=warn" "-w" "/opt/rustwide/workdir" "--user" "0:0" "eac7c3d39753fe856f2b01c334a8e1976af458681bf98d774b05fb1a148402d1" "/opt/rustwide/cargo-home/bin/cargo" "+1.100.0-beta.1" "build" "--frozen" "--message-format=json", kill_on_drop: false }`
[INFO] [stderr] warning: `package.homepage` is redundant with `package.repository`
[INFO] [stderr]   --> Cargo.toml:88:12
[INFO] [stderr]    |
[INFO] [stderr] 88 | homepage = "https://github.com/conorluddy/Vestige"
[INFO] [stderr]    |            ^^^^^^^^^^^^^^^^^^^^^^^^^^^^^^^^^^^^^^^
[INFO] [stderr] ...
[INFO] [stderr] 94 | repository = "https://github.com/conorluddy/Vestige"
[INFO] [stderr]    |              ---------------------------------------
[INFO] [stderr]    |
[INFO] [stderr]    = note: `cargo::redundant_homepage` is set to `warn` by default
[INFO] [stderr] help: consider removing `package.homepage`
[INFO] [stderr] warning: `vestige` (manifest) generated 1 warning
[INFO] [stderr]    Compiling libc v0.2.186
[INFO] [stderr]    Compiling bitflags v2.11.1
[INFO] [stderr]    Compiling serde_json v1.0.149
[INFO] [stderr]    Compiling getrandom v0.3.4
[INFO] [stderr]    Compiling smallvec v1.15.1
[INFO] [stderr]    Compiling typenum v1.20.0
[INFO] [stderr]    Compiling unicode-segmentation v1.13.2
[INFO] [stderr]    Compiling syn v2.0.117
[INFO] [stderr]    Compiling time-macros v0.2.27
[INFO] [stderr]    Compiling deranged v0.5.8
[INFO] [stderr]    Compiling num_threads v0.1.7
[INFO] [stderr]    Compiling ahash v0.8.12
[INFO] [stderr]    Compiling cc v1.2.61
[INFO] [stderr]    Compiling hashbrown v0.16.1
[INFO] [stderr]    Compiling num-traits v0.2.19
[INFO] [stderr]    Compiling itertools v0.14.0
[INFO] [stderr]    Compiling castaway v0.2.4
[INFO] [stderr]    Compiling indoc v2.0.7
[INFO] [stderr]    Compiling signal-hook v0.3.18
[INFO] [stderr]    Compiling serde_core v1.0.228
[INFO] [stderr]    Compiling instability v0.3.12
[INFO] [stderr]    Compiling static_assertions v1.1.0
[INFO] [stderr]    Compiling compact_str v0.9.0
[INFO] [stderr]    Compiling futures-channel v0.3.32
[INFO] [stderr]    Compiling fallible-iterator v0.3.0
[INFO] [stderr]    Compiling hashbrown v0.14.5
[INFO] [stderr]    Compiling fallible-streaming-iterator v0.1.9
[INFO] [stderr]    Compiling rustix v1.1.4
[INFO] [stderr]    Compiling slab v0.4.12
[INFO] [stderr]    Compiling generic-array v0.14.7
[INFO] [stderr]    Compiling convert_case v0.10.0
[INFO] [stderr]    Compiling rusqlite_migration v1.3.1
[INFO] [stderr]    Compiling option-ext v0.2.0
[INFO] [stderr]    Compiling litrs v1.0.0
[INFO] [stderr]    Compiling lru v0.16.4
[INFO] [stderr]    Compiling dyn-clone v1.0.20
[INFO] [stderr]    Compiling linux-raw-sys v0.12.1
[INFO] [stderr]    Compiling line-clipping v0.3.7
[INFO] [stderr]    Compiling hashlink v0.9.1
[INFO] [stderr]    Compiling rmcp v0.16.0
[INFO] [stderr]    Compiling schemars v0.8.22
[INFO] [stderr]    Compiling anstream v1.0.0
[INFO] [stderr]    Compiling regex-automata v0.4.14
[INFO] [stderr]    Compiling pastey v0.2.2
[INFO] [stderr]    Compiling include_dir_macros v0.7.4
[INFO] [stderr]    Compiling document-features v0.2.12
[INFO] [stderr]    Compiling glob v0.3.2
[INFO] [stderr]    Compiling block-buffer v0.10.4
[INFO] [stderr]    Compiling crypto-common v0.1.7
[INFO] [stderr]    Compiling digest v0.10.7
[INFO] [stderr]    Compiling clap_builder v4.6.0
[INFO] [stderr]    Compiling unicode-truncate v2.0.1
[INFO] [stderr]    Compiling sha2 v0.10.9
[INFO] [stderr]    Compiling time v0.3.47
[INFO] [stderr]    Compiling errno v0.3.14
[INFO] [stderr]    Compiling parking_lot_core v0.9.12
[INFO] [stderr]    Compiling mio v1.2.0
[INFO] [stderr]    Compiling dirs-sys v0.4.1
[INFO] [stderr]    Compiling rand_core v0.9.5
[INFO] [stderr]    Compiling signal-hook-registry v1.4.8
[INFO] [stderr]    Compiling parking_lot v0.12.5
[INFO] [stderr]    Compiling directories v5.0.1
[INFO] [stderr]    Compiling include_dir v0.7.4
[INFO] [stderr]    Compiling libsqlite3-sys v0.30.1
[INFO] [stderr]    Compiling rand_chacha v0.9.0
[INFO] [stderr]    Compiling signal-hook-mio v0.2.5
[INFO] [stderr]    Compiling rand v0.9.4
[INFO] [stderr]    Compiling matchers v0.2.0
[INFO] [stderr]    Compiling darling_core v0.23.0
[INFO] [stderr]    Compiling serde_derive_internals v0.29.1
[INFO] [stderr]    Compiling serde_derive v1.0.228
[INFO] [stderr]    Compiling tracing-attributes v0.1.31
[INFO] [stderr]    Compiling thiserror-impl v2.0.18
[INFO] [stderr]    Compiling thiserror-impl v1.0.69
[INFO] [stderr]    Compiling strum_macros v0.27.2
[INFO] [stderr]    Compiling futures-macro v0.3.32
[INFO] [stderr]    Compiling ref-cast-impl v1.0.25
[INFO] [stderr]    Compiling derive_more-impl v2.1.1
[INFO] [stderr]    Compiling tokio-macros v2.7.0
[INFO] [stderr]    Compiling async-trait v0.1.89
[INFO] [stderr]    Compiling clap_derive v4.6.1
[INFO] [stderr]    Compiling tokio v1.52.1
[INFO] [stderr]    Compiling ref-cast v1.0.25
[INFO] [stderr]    Compiling futures-util v0.3.32
[INFO] [stderr]    Compiling derive_more v2.1.1
[INFO] [stderr]    Compiling crossterm v0.29.0
[INFO] [stderr]    Compiling thiserror v1.0.69
[INFO] [stderr]    Compiling schemars_derive v1.2.1
[INFO] [stderr]    Compiling schemars_derive v0.8.22
[INFO] [stderr]    Compiling thiserror v2.0.18
[INFO] [stderr]    Compiling kasuari v0.4.12
[INFO] [stderr]    Compiling darling_macro v0.23.0
[INFO] [stderr]    Compiling tracing v0.1.44
[INFO] [stderr]    Compiling darling v0.23.0
[INFO] [stderr]    Compiling clap v4.6.1
[INFO] [stderr]    Compiling rmcp-macros v0.16.0
[INFO] [stderr]    Compiling serde v1.0.228
[INFO] [stderr]    Compiling strum v0.27.2
[INFO] [stderr]    Compiling ratatui-core v0.1.0
[INFO] [stderr]    Compiling ulid v1.2.1
[INFO] [stderr]    Compiling serde_spanned v0.6.9
[INFO] [stderr]    Compiling toml_datetime v0.6.11
[INFO] [stderr]    Compiling chrono v0.4.44
[INFO] [stderr]    Compiling tracing-serde v0.2.0
[INFO] [stderr]    Compiling vestige-core v0.4.2
[INFO] [stderr]    Compiling tracing-subscriber v0.3.23
[INFO] [stderr]    Compiling toml_edit v0.22.27
[INFO] [stderr]    Compiling tokio-util v0.7.18
[INFO] [stderr]    Compiling ratatui-widgets v0.3.0
[INFO] [stderr]    Compiling ratatui-crossterm v0.1.0
[INFO] [stderr]    Compiling futures-executor v0.3.32
[INFO] [stderr]    Compiling futures v0.3.32
[INFO] [stderr]    Compiling vestige-embed v0.4.2
[INFO] [stderr]    Compiling schemars v1.2.1
[INFO] [stderr]    Compiling ratatui-macros v0.7.0
[INFO] [stderr]    Compiling ratatui v0.30.0
[INFO] [stderr]    Compiling toml v0.8.23
[INFO] [stderr]    Compiling vestige-config v0.4.2
[INFO] [stderr]    Compiling rusqlite v0.32.1
[INFO] [stderr]    Compiling vestige-store v0.4.2
[INFO] [stderr]    Compiling vestige-engine v0.4.2
[INFO] [stderr]    Compiling vestige-mcp v0.4.2
[INFO] [stderr]    Compiling vestige v0.4.2 (/opt/rustwide/workdir)
[INFO] [stderr]     Finished `dev` profile [unoptimized + debuginfo] target(s) in 55.09s
[INFO] running `Command { std: "docker" "inspect" "eac7c3d39753fe856f2b01c334a8e1976af458681bf98d774b05fb1a148402d1", kill_on_drop: false }`
[INFO] running `Command { std: "docker" "exec" "-e" "SOURCE_DIR=/opt/rustwide/workdir" "-e" "CARGO_HOME=/opt/rustwide/cargo-home" "-e" "RUSTUP_HOME=/opt/rustwide/rustup-home" "-e" "CARGO_TARGET_DIR=/opt/rustwide/target" "-e" "CARGO_INCREMENTAL=0" "-e" "RUST_BACKTRACE=full" "-e" "RUSTFLAGS=--cap-lints=warn" "-e" "RUSTDOCFLAGS=--cap-lints=warn" "-w" "/opt/rustwide/workdir" "--user" "0:0" "eac7c3d39753fe856f2b01c334a8e1976af458681bf98d774b05fb1a148402d1" "/opt/rustwide/cargo-home/bin/cargo" "+1.100.0-beta.1" "test" "--frozen" "--no-run" "--message-format=json", kill_on_drop: false }`
[INFO] [stderr] warning: `package.homepage` is redundant with `package.repository`
[INFO] [stderr]   --> Cargo.toml:88:12
[INFO] [stderr]    |
[INFO] [stderr] 88 | homepage = "https://github.com/conorluddy/Vestige"
[INFO] [stderr]    |            ^^^^^^^^^^^^^^^^^^^^^^^^^^^^^^^^^^^^^^^
[INFO] [stderr] ...
[INFO] [stderr] 94 | repository = "https://github.com/conorluddy/Vestige"
[INFO] [stderr]    |              ---------------------------------------
[INFO] [stderr]    |
[INFO] [stderr]    = note: `cargo::redundant_homepage` is set to `warn` by default
[INFO] [stderr] help: consider removing `package.homepage`
[INFO] [stderr] warning: `vestige` (manifest) generated 1 warning
[INFO] [stderr]    Compiling rustix v1.1.4
[INFO] [stderr]    Compiling getrandom v0.4.2
[INFO] [stderr]    Compiling fastrand v2.4.1
[INFO] [stderr]    Compiling crossterm v0.29.0
[INFO] [stderr]    Compiling tempfile v3.27.0
[INFO] [stderr]    Compiling ratatui-crossterm v0.1.0
[INFO] [stderr]    Compiling ratatui v0.30.0
[INFO] [stderr]    Compiling vestige v0.4.2 (/opt/rustwide/workdir)
[INFO] [stderr]     Finished `test` profile [unoptimized + debuginfo] target(s) in 8.33s
[INFO] running `Command { std: "docker" "inspect" "eac7c3d39753fe856f2b01c334a8e1976af458681bf98d774b05fb1a148402d1", kill_on_drop: false }`
[INFO] running `Command { std: "docker" "exec" "-e" "SOURCE_DIR=/opt/rustwide/workdir" "-e" "CARGO_HOME=/opt/rustwide/cargo-home" "-e" "RUSTUP_HOME=/opt/rustwide/rustup-home" "-e" "CARGO_TARGET_DIR=/opt/rustwide/target" "-e" "CARGO_INCREMENTAL=0" "-e" "RUST_BACKTRACE=full" "-e" "RUSTFLAGS=--cap-lints=warn" "-e" "RUSTDOCFLAGS=--cap-lints=warn" "-w" "/opt/rustwide/workdir" "--user" "0:0" "eac7c3d39753fe856f2b01c334a8e1976af458681bf98d774b05fb1a148402d1" "/opt/rustwide/cargo-home/bin/cargo" "+1.100.0-beta.1" "test" "--frozen", kill_on_drop: false }`
[INFO] [stderr] warning: `package.homepage` is redundant with `package.repository`
[INFO] [stderr]   --> Cargo.toml:88:12
[INFO] [stderr]    |
[INFO] [stderr] 88 | homepage = "https://github.com/conorluddy/Vestige"
[INFO] [stderr]    |            ^^^^^^^^^^^^^^^^^^^^^^^^^^^^^^^^^^^^^^^
[INFO] [stderr] ...
[INFO] [stderr] 94 | repository = "https://github.com/conorluddy/Vestige"
[INFO] [stderr]    |              ---------------------------------------
[INFO] [stderr]    |
[INFO] [stderr]    = note: `cargo::redundant_homepage` is set to `warn` by default
[INFO] [stderr] help: consider removing `package.homepage`
[INFO] [stderr] warning: `vestige` (manifest) generated 1 warning
[INFO] [stderr]     Finished `test` profile [unoptimized + debuginfo] target(s) in 0.19s
[INFO] [stderr]      Running unittests src/main.rs (/opt/rustwide/target/debug/build/vestige/d36d380a586d07e1/out/vestige-d36d380a586d07e1)
[INFO] [stdout] 
[INFO] [stdout] running 98 tests
[INFO] [stdout] test commands::browse::app::tests::close_overlay_clears_filter_focus_when_help_closed ... ok
[INFO] [stdout] test commands::browse::app::tests::close_overlay_dismisses_palette_after_modal ... ok
[INFO] [stdout] test commands::browse::app::tests::close_overlay_prefers_help_over_filter ... ok
[INFO] [stdout] test commands::browse::app::tests::close_overlay_returns_subview_to_default ... ok
[INFO] [stdout] test commands::browse::app::tests::close_overlay_prefers_filter_focus_over_subview ... ok
[INFO] [stdout] test commands::browse::app::tests::move_cursor_on_empty_is_noop ... ok
[INFO] [stdout] test commands::browse::app::tests::move_cursor_clamps_at_bounds ... ok
[INFO] [stdout] test commands::browse::app::tests::close_overlay_dismisses_modal_first ... ok
[INFO] [stdout] test commands::browse::app::tests::confirm_no_clears_modal ... ok
[INFO] [stdout] test commands::browse::app::tests::next_tab_cycles_memories_candidates_traces_memories ... ok
[INFO] [stdout] test commands::browse::app::tests::move_to_jumps_or_clamps ... ok
[INFO] [stdout] test commands::browse::app::tests::prev_tab_wraps_from_memories_to_traces ... ok
[INFO] [stdout] test commands::browse::app::tests::provenance_cache_clear_resets_all_three ... ok
[INFO] [stdout] test commands::browse::app::tests::toggle_help_flips_and_close_overlay_clears ... ok
[INFO] [stdout] test commands::browse::app::tests::quit_sets_should_quit ... ok
[INFO] [stdout] test commands::browse::input::tests::a_and_shift_r_request_candidate_mutations ... ok
[INFO] [stdout] test commands::browse::input::tests::back_tab_reverses ... ok
[INFO] [stdout] test commands::browse::input::tests::colon_opens_palette ... ok
[INFO] [stdout] test commands::browse::input::tests::ctrl_c_quits ... ok
[INFO] [stdout] test commands::browse::input::tests::esc_closes_help_when_open ... ok
[INFO] [stdout] test commands::browse::input::tests::ctrl_d_and_ctrl_u_half_page ... ok
[INFO] [stdout] test commands::browse::input::tests::f_and_r_request_mutations ... ok
[INFO] [stdout] test commands::browse::input::tests::filter_focused_chars_become_filter_input ... ok
[INFO] [stdout] test commands::browse::input::tests::g_and_shift_g_jump_top_and_bottom ... ok
[INFO] [stdout] test commands::browse::input::tests::j_and_down_move_down ... ok
[INFO] [stdout] test commands::browse::input::tests::k_and_up_move_up ... ok
[INFO] [stdout] test commands::browse::input::tests::p_requests_replay ... ok
[INFO] [stdout] test commands::browse::input::tests::modal_swallows_input_until_resolved ... ok
[INFO] [stdout] test commands::browse::input::tests::palette_text_input_dispatch ... ok
[INFO] [stdout] test commands::browse::input::tests::q_quits ... ok
[INFO] [stdout] test commands::browse::input::tests::qmark_toggles_help ... ok
[INFO] [stdout] test commands::browse::input::tests::release_events_ignored ... ok
[INFO] [stdout] test commands::browse::input::tests::prompt_modal_text_input_dispatch ... ok
[INFO] [stdout] test commands::browse::input::tests::resize_event_is_noop ... ok
[INFO] [stdout] test commands::browse::input::tests::slash_opens_filter ... ok
[INFO] [stdout] test commands::browse::input::tests::tab_advances_tab ... ok
[INFO] [stdout] test commands::browse::input::tests::tab_is_noop_when_help_open ... ok
[INFO] [stdout] test commands::browse::input::tests::w_s_t_map_to_provenance_subviews ... ok
[INFO] [stdout] test commands::browse::tabs::memories::tests::empty_state_lists_capture_commands ... ok
[INFO] [stdout] test commands::browse::tabs::memories::tests::default_detail_lists_provenance_keys_hint ... ok
[INFO] [stdout] test commands::browse::tabs::memories::tests::populated_list_shows_titles_and_kind_badges ... ok
[INFO] [stdout] test commands::browse::tabs::memories::tests::deleted_memory_styled_crossed_out ... ok
[INFO] [stdout] test commands::browse::tabs::memories::tests::default_detail_shows_every_property ... ok
[INFO] [stdout] test commands::browse::tabs::memories::tests::empty_state_under_filter_explains_no_matches ... ok
[INFO] [stdout] test commands::browse::tabs::candidates::tests::empty_state_explains_inbox ... ok
[INFO] [stdout] test commands::browse::tabs::memories::tests::sources_subview_empty_state_is_friendly ... ok
[INFO] [stdout] test commands::browse::tabs::candidates::tests::detail_pane_shows_summary_and_action_keys ... ok
[INFO] [stdout] test commands::browse::tabs::memories::tests::filter_prompt_renders_when_focused ... ok
[INFO] [stdout] test commands::browse::tabs::candidates::tests::populated_list_shows_kind_confidence_title ... ok
[INFO] [stdout] test commands::browse::tabs::memories::tests::traces_of_subview_renders_trace_rows ... ok
[INFO] [stdout] test commands::browse::tabs::traces::tests::empty_state_explains_how_to_populate ... ok
[INFO] [stdout] test commands::browse::tabs::memories::tests::sources_subview_renders_typed_receipts ... ok
[INFO] [stdout] test commands::browse::tabs::memories::tests::traces_of_empty_state_explains_population ... ok
[INFO] [stdout] test commands::browse::tabs::traces::tests::replay_diff_renders_added_removed_score_changes ... ok
[INFO] [stdout] test commands::browse::tabs::traces::tests::populated_list_shows_kind_caller_query ... ok
[INFO] [stdout] test commands::browse::tabs::memories::tests::why_subview_empty_state_is_friendly ... ok
[INFO] [stdout] test commands::browse::tabs::traces::tests::detail_renders_query_provider_results_and_replay_hint ... ok
[INFO] [stdout] test commands::browse::ui::tests::confirm_modal_renders_with_id_and_keys ... ok
[INFO] [stdout] test commands::browse::tabs::traces::tests::replay_provider_match_true_shows_no_mismatch_banner ... ok
[INFO] [stdout] test commands::browse::tabs::traces::tests::replay_mode_fallback_banner_appears_when_set ... ok
[INFO] [stdout] test commands::browse::ui::tests::active_tab_styled_differently_from_inactive ... ok
[INFO] [stdout] test commands::browse::tabs::memories::tests::why_subview_shows_loading_then_events ... ok
[INFO] [stdout] test commands::browse::ui::tests::no_color_uses_reverse_instead_of_fg_bg ... ok
[INFO] [stdout] test commands::browse::ui::tests::help_overlay_renders_when_open ... ok
[INFO] [stdout] test commands::browse::ui::tests::palette_error_mode_unknown_renders_in_red ... ok
[INFO] [stdout] test commands::browse::ui::tests::draws_tab_bar_with_counts ... ok
[INFO] [stdout] test commands::browse::ui::tests::memories_tab_renders_empty_state_when_no_items ... ok
[INFO] [stdout] test commands::browse::ui::tests::each_tab_renders_its_real_empty_state ... ok
[INFO] [stdout] test commands::browse::ui::tests::palette_error_renders_in_red ... ok
[INFO] [stdout] test skills::bundle::tests::bundled_skills_include_auto_memorise ... ok
[INFO] [stdout] test commands::browse::ui::tests::palette_renders_in_status_line ... ok
[INFO] [stdout] test commands::browse::ui::tests::status_flash_overrides_project_label ... ok
[INFO] [stdout] test commands::browse::ui::tests::restore_confirm_title_uses_correct_verb ... ok
[INFO] [stdout] test commands::browse::ui::tests::status_line_fallback_shows_arrow_form ... ok
[INFO] [stdout] test skills::bundle::tests::list_descriptions_non_empty_for_skills_with_skill_md ... ok
[INFO] [stdout] test commands::browse::ui::tests::status_line_default_mode_shows_no_suffix ... ok
[INFO] [stdout] test skills::bundle::tests::list_file_counts_positive ... ok
[INFO] [stdout] test skills::bundle::tests::parse_description_handles_quoted ... ok
[INFO] [stdout] test skills::bundle::tests::parse_description_handles_unquoted ... ok
[INFO] [stdout] test skills::bundle::tests::parse_description_missing_returns_empty ... ok
[INFO] [stdout] test skills::bundle::tests::parse_description_single_quoted_no_apostrophes ... ok
[INFO] [stdout] test skills::bundle::tests::parse_description_single_quoted_with_escaped_apostrophes ... ok
[INFO] [stdout] test commands::browse::ui::tests::status_line_semantic_mode_shows_suffix ... ok
[INFO] [stdout] test commands::browse::ui::tests::status_line_hybrid_mode_shows_suffix ... ok
[INFO] [stdout] test skills::bundle::tests::strip_yaml_quotes_collapses_double_single_quotes ... ok
[INFO] [stdout] test commands::browse::ui::tests::status_line_shows_live_counts ... ok
[INFO] [stdout] test commands::browse::ui::tests::status_line_shows_project_and_keys ... ok
[INFO] [stdout] test skills::bundle::tests::install_dry_run_writes_nothing ... ok
[INFO] [stdout] test skills::bundle::tests::install_to_tmpdir_and_idempotent ... ok
[INFO] [stdout] test skills::bundle::tests::list_returns_fifteen_skills ... FAILED
[INFO] [stdout] test skills::bundle::tests::install_drifted_without_force_leaves_file_unchanged ... ok
[INFO] [stdout] test skills::bundle::tests::install_drifted_with_force_overwrites ... ok
[INFO] [stdout] test commands::browse::tabs::memories::tests::ensure_provenance_against_real_store_round_trips ... ok
[INFO] [stdout] test commands::browse::tabs::memories::tests::reload_list_lexical_with_no_provider_returns_results ... ok
[INFO] [stdout] test commands::browse::tabs::memories::tests::reload_list_semantic_with_fake_provider_returns_results ... ok
[INFO] [stdout] test commands::browse::tabs::candidates::tests::reload_against_real_store_after_approve_drops_candidate ... ok
[INFO] [stdout] test commands::browse::tabs::memories::tests::reload_after_forget_marks_row_deleted ... ok
[INFO] [stdout] test commands::browse::tabs::traces::tests::end_to_end_replay_against_real_store ... ok
[INFO] [stdout] 
[INFO] [stdout] failures:
[INFO] [stdout] 
[INFO] [stdout] ---- skills::bundle::tests::list_returns_fifteen_skills stdout ----
[INFO] [stdout] 
[INFO] [stdout] thread 'skills::bundle::tests::list_returns_fifteen_skills' (2868) panicked at src/skills/bundle.rs:235:9:
[INFO] [stdout] assertion `left == right` failed
[INFO] [stdout]   left: 10
[INFO] [stdout]  right: 15
[INFO] [stdout] stack backtrace:
[INFO] [stdout]    0:     0x5a5afb6d6591 - std[617be2ca0a6fd877]::backtrace_rs::backtrace::libunwind::trace
[INFO] [stdout]                                at /rustc/e3feeb59cd1bdd011a2bfcc0747b55125d9b8527/library/std/src/../../backtrace/src/backtrace/libunwind.rs:117:9
[INFO] [stdout]    1:     0x5a5afb6d6591 - std[617be2ca0a6fd877]::backtrace_rs::backtrace::trace_unsynchronized::<std[617be2ca0a6fd877]::sys::backtrace::_print_fmt::{closure#1}>
[INFO] [stdout]                                at /rustc/e3feeb59cd1bdd011a2bfcc0747b55125d9b8527/library/std/src/../../backtrace/src/backtrace/mod.rs:66:14
[INFO] [stdout]    2:     0x5a5afb6d6591 - std[617be2ca0a6fd877]::sys::backtrace::_print_fmt
[INFO] [stdout]                                at /rustc/e3feeb59cd1bdd011a2bfcc0747b55125d9b8527/library/std/src/sys/backtrace.rs:74:9
[INFO] [stdout]    3:     0x5a5afb6d6591 - <<std[617be2ca0a6fd877]::sys::backtrace::BacktraceLock>::print::DisplayBacktrace as core[a373ad73a504971]::fmt::Display>::fmt
[INFO] [stdout]                                at /rustc/e3feeb59cd1bdd011a2bfcc0747b55125d9b8527/library/std/src/sys/backtrace.rs:44:26
[INFO] [stdout]    4:     0x5a5afb6ed92a - <core[a373ad73a504971]::fmt::rt::Argument>::fmt
[INFO] [stdout]                                at /rustc/e3feeb59cd1bdd011a2bfcc0747b55125d9b8527/library/core/src/fmt/rt.rs:152:76
[INFO] [stdout]    5:     0x5a5afb6ed92a - core[a373ad73a504971]::fmt::write
[INFO] [stdout]    6:     0x5a5afb6daf7c - core[a373ad73a504971]::io::write::default_write_fmt::<alloc[2e1b2a31b91974c5]::vec::Vec<u8>>
[INFO] [stdout]                                at /rustc/e3feeb59cd1bdd011a2bfcc0747b55125d9b8527/library/core/src/io/write.rs:402:11
[INFO] [stdout]    7:     0x5a5afb6daf7c - <alloc[2e1b2a31b91974c5]::vec::Vec<u8> as core[a373ad73a504971]::io::write::Write>::write_fmt
[INFO] [stdout]                                at /rustc/e3feeb59cd1bdd011a2bfcc0747b55125d9b8527/library/core/src/io/write.rs:335:13
[INFO] [stdout]    8:     0x5a5afb6b03f6 - <std[617be2ca0a6fd877]::sys::backtrace::BacktraceLock>::print
[INFO] [stdout]                                at /rustc/e3feeb59cd1bdd011a2bfcc0747b55125d9b8527/library/std/src/sys/backtrace.rs:47:9
[INFO] [stdout]    9:     0x5a5afb6b03f6 - std[617be2ca0a6fd877]::panicking::default_hook::{closure#0}
[INFO] [stdout]                                at /rustc/e3feeb59cd1bdd011a2bfcc0747b55125d9b8527/library/std/src/panicking.rs:289:27
[INFO] [stdout]   10:     0x5a5afb6cdae9 - std[617be2ca0a6fd877]::panicking::default_hook
[INFO] [stdout]                                at /rustc/e3feeb59cd1bdd011a2bfcc0747b55125d9b8527/library/std/src/panicking.rs:313:9
[INFO] [stdout]   11:     0x5a5afb2e29a0 - <alloc[2e1b2a31b91974c5]::boxed::Box<dyn for<'a, 'b> core[a373ad73a504971]::ops::function::Fn<(&'a std[617be2ca0a6fd877]::panic::PanicHookInfo<'b>,), Output = ()> + core[a373ad73a504971]::marker::Sync + core[a373ad73a504971]::marker::Send> as core[a373ad73a504971]::ops::function::Fn<(&std[617be2ca0a6fd877]::panic::PanicHookInfo,)>>::call
[INFO] [stdout]                                at /rustc/e3feeb59cd1bdd011a2bfcc0747b55125d9b8527/library/alloc/src/boxed.rs:2328:9
[INFO] [stdout]   12:     0x5a5afb2e29a0 - test[aada8e7e76ba119b]::test_main_inner::{closure#0}
[INFO] [stdout]                                at /rustc/e3feeb59cd1bdd011a2bfcc0747b55125d9b8527/library/test/src/lib.rs:137:21
[INFO] [stdout]   13:     0x5a5afb6cdca2 - <alloc[2e1b2a31b91974c5]::boxed::Box<dyn for<'a, 'b> core[a373ad73a504971]::ops::function::Fn<(&'a std[617be2ca0a6fd877]::panic::PanicHookInfo<'b>,), Output = ()> + core[a373ad73a504971]::marker::Sync + core[a373ad73a504971]::marker::Send> as core[a373ad73a504971]::ops::function::Fn<(&std[617be2ca0a6fd877]::panic::PanicHookInfo,)>>::call
[INFO] [stdout]                                at /rustc/e3feeb59cd1bdd011a2bfcc0747b55125d9b8527/library/alloc/src/boxed.rs:2328:9
[INFO] [stdout]   14:     0x5a5afb6cdca2 - std[617be2ca0a6fd877]::panicking::panic_with_hook
[INFO] [stdout]                                at /rustc/e3feeb59cd1bdd011a2bfcc0747b55125d9b8527/library/std/src/panicking.rs:819:13
[INFO] [stdout]   15:     0x5a5afb6b04a2 - std[617be2ca0a6fd877]::panicking::panic_handler::{closure#0}
[INFO] [stdout]                                at /rustc/e3feeb59cd1bdd011a2bfcc0747b55125d9b8527/library/std/src/panicking.rs:685:13
[INFO] [stdout]   16:     0x5a5afb6a8749 - std[617be2ca0a6fd877]::sys::backtrace::__rust_end_short_backtrace::<std[617be2ca0a6fd877]::panicking::panic_handler::{closure#0}, !>
[INFO] [stdout]                                at /rustc/e3feeb59cd1bdd011a2bfcc0747b55125d9b8527/library/std/src/sys/backtrace.rs:182:18
[INFO] [stdout]   17:     0x5a5afb6b13dd - __rustc[ea4f61d10b84890b]::rust_begin_unwind
[INFO] [stdout]                                at /rustc/e3feeb59cd1bdd011a2bfcc0747b55125d9b8527/library/std/src/panicking.rs:676:5
[INFO] [stdout]   18:     0x5a5afb6ee17c - core[a373ad73a504971]::panicking::panic_fmt
[INFO] [stdout]                                at /rustc/e3feeb59cd1bdd011a2bfcc0747b55125d9b8527/library/core/src/panicking.rs:80:14
[INFO] [stdout]   19:     0x5a5afb6edfe3 - core[a373ad73a504971]::panicking::assert_failed_inner
[INFO] [stdout]                                at /rustc/e3feeb59cd1bdd011a2bfcc0747b55125d9b8527/library/core/src/panicking.rs:452:17
[INFO] [stdout]   20:     0x5a5afb6e904d - core[a373ad73a504971]::panicking::assert_failed::<usize, usize>
[INFO] [stdout]                                at /rustc/e3feeb59cd1bdd011a2bfcc0747b55125d9b8527/library/core/src/panicking.rs:407:5
[INFO] [stdout]   21:     0x5a5afb2ab7b1 - vestige[5285e99e99da2e63]::skills::bundle::tests::list_returns_fifteen_skills
[INFO] [stdout]                                at /opt/rustwide/workdir/src/skills/bundle.rs:235:9
[INFO] [stdout]   22:     0x5a5afb2ab0c7 - vestige[5285e99e99da2e63]::skills::bundle::tests::list_returns_fifteen_skills::{closure#0}
[INFO] [stdout]                                at /opt/rustwide/workdir/src/skills/bundle.rs:232:37
[INFO] [stdout]   23:     0x5a5afb283ed6 - <vestige[5285e99e99da2e63]::skills::bundle::tests::list_returns_fifteen_skills::{closure#0} as core[a373ad73a504971]::ops::function::FnOnce<()>>::call_once
[INFO] [stdout]                                at /rustc/e3feeb59cd1bdd011a2bfcc0747b55125d9b8527/library/core/src/ops/function.rs:250:5
[INFO] [stdout]   24:     0x5a5afb2d5deb - <fn() -> core[a373ad73a504971]::result::Result<(), alloc[2e1b2a31b91974c5]::string::String> as core[a373ad73a504971]::ops::function::FnOnce<()>>::call_once
[INFO] [stdout]                                at /rustc/e3feeb59cd1bdd011a2bfcc0747b55125d9b8527/library/core/src/ops/function.rs:250:5
[INFO] [stdout]   25:     0x5a5afb2d5deb - test[aada8e7e76ba119b]::__rust_begin_short_backtrace::<core[a373ad73a504971]::result::Result<(), alloc[2e1b2a31b91974c5]::string::String>, fn() -> core[a373ad73a504971]::result::Result<(), alloc[2e1b2a31b91974c5]::string::String>>
[INFO] [stdout]                                at /rustc/e3feeb59cd1bdd011a2bfcc0747b55125d9b8527/library/test/src/lib.rs:701:18
[INFO] [stdout]   26:     0x5a5afb2e2fc5 - test[aada8e7e76ba119b]::run_test_in_process::{closure#0}
[INFO] [stdout]                                at /rustc/e3feeb59cd1bdd011a2bfcc0747b55125d9b8527/library/test/src/lib.rs:724:74
[INFO] [stdout]   27:     0x5a5afb2e2fc5 - <core[a373ad73a504971]::panic::unwind_safe::AssertUnwindSafe<test[aada8e7e76ba119b]::run_test_in_process::{closure#0}> as core[a373ad73a504971]::ops::function::FnOnce<()>>::call_once
[INFO] [stdout]                                at /rustc/e3feeb59cd1bdd011a2bfcc0747b55125d9b8527/library/core/src/panic/unwind_safe.rs:275:9
[INFO] [stdout]   28:     0x5a5afb2e2fc5 - std[617be2ca0a6fd877]::panicking::catch_unwind::do_call::<core[a373ad73a504971]::panic::unwind_safe::AssertUnwindSafe<test[aada8e7e76ba119b]::run_test_in_process::{closure#0}>, core[a373ad73a504971]::result::Result<(), alloc[2e1b2a31b91974c5]::string::String>>
[INFO] [stdout]                                at /rustc/e3feeb59cd1bdd011a2bfcc0747b55125d9b8527/library/std/src/panicking.rs:573:43
[INFO] [stdout]   29:     0x5a5afb2e2fc5 - std[617be2ca0a6fd877]::panicking::catch_unwind::<core[a373ad73a504971]::result::Result<(), alloc[2e1b2a31b91974c5]::string::String>, core[a373ad73a504971]::panic::unwind_safe::AssertUnwindSafe<test[aada8e7e76ba119b]::run_test_in_process::{closure#0}>>
[INFO] [stdout]                                at /rustc/e3feeb59cd1bdd011a2bfcc0747b55125d9b8527/library/std/src/panicking.rs:541:19
[INFO] [stdout]   30:     0x5a5afb2e2fc5 - std[617be2ca0a6fd877]::panic::catch_unwind::<core[a373ad73a504971]::panic::unwind_safe::AssertUnwindSafe<test[aada8e7e76ba119b]::run_test_in_process::{closure#0}>, core[a373ad73a504971]::result::Result<(), alloc[2e1b2a31b91974c5]::string::String>>
[INFO] [stdout]                                at /rustc/e3feeb59cd1bdd011a2bfcc0747b55125d9b8527/library/std/src/panic.rs:359:14
[INFO] [stdout]   31:     0x5a5afb2e2fc5 - test[aada8e7e76ba119b]::run_test_in_process
[INFO] [stdout]                                at /rustc/e3feeb59cd1bdd011a2bfcc0747b55125d9b8527/library/test/src/lib.rs:724:27
[INFO] [stdout]   32:     0x5a5afb2e2fc5 - test[aada8e7e76ba119b]::run_test::{closure#0}
[INFO] [stdout]                                at /rustc/e3feeb59cd1bdd011a2bfcc0747b55125d9b8527/library/test/src/lib.rs:645:43
[INFO] [stdout]   33:     0x5a5afb2dc8b4 - test[aada8e7e76ba119b]::run_test::{closure#1}
[INFO] [stdout]                                at /rustc/e3feeb59cd1bdd011a2bfcc0747b55125d9b8527/library/test/src/lib.rs:675:41
[INFO] [stdout]   34:     0x5a5afb2dc8b4 - std[617be2ca0a6fd877]::sys::backtrace::__rust_begin_short_backtrace::<test[aada8e7e76ba119b]::run_test::{closure#1}, ()>
[INFO] [stdout]                                at /rustc/e3feeb59cd1bdd011a2bfcc0747b55125d9b8527/library/std/src/sys/backtrace.rs:166:18
[INFO] [stdout]   35:     0x5a5afb2e6052 - std[617be2ca0a6fd877]::thread::lifecycle::spawn_unchecked::<test[aada8e7e76ba119b]::run_test::{closure#1}, ()>::{closure#1}::{closure#0}
[INFO] [stdout]                                at /rustc/e3feeb59cd1bdd011a2bfcc0747b55125d9b8527/library/std/src/thread/lifecycle.rs:70:13
[INFO] [stdout]   36:     0x5a5afb2e6052 - <core[a373ad73a504971]::panic::unwind_safe::AssertUnwindSafe<std[617be2ca0a6fd877]::thread::lifecycle::spawn_unchecked<test[aada8e7e76ba119b]::run_test::{closure#1}, ()>::{closure#1}::{closure#0}> as core[a373ad73a504971]::ops::function::FnOnce<()>>::call_once
[INFO] [stdout]                                at /rustc/e3feeb59cd1bdd011a2bfcc0747b55125d9b8527/library/core/src/panic/unwind_safe.rs:275:9
[INFO] [stdout]   37:     0x5a5afb2e6052 - std[617be2ca0a6fd877]::panicking::catch_unwind::do_call::<core[a373ad73a504971]::panic::unwind_safe::AssertUnwindSafe<std[617be2ca0a6fd877]::thread::lifecycle::spawn_unchecked<test[aada8e7e76ba119b]::run_test::{closure#1}, ()>::{closure#1}::{closure#0}>, ()>
[INFO] [stdout]                                at /rustc/e3feeb59cd1bdd011a2bfcc0747b55125d9b8527/library/std/src/panicking.rs:573:43
[INFO] [stdout]   38:     0x5a5afb2e6052 - std[617be2ca0a6fd877]::panicking::catch_unwind::<(), core[a373ad73a504971]::panic::unwind_safe::AssertUnwindSafe<std[617be2ca0a6fd877]::thread::lifecycle::spawn_unchecked<test[aada8e7e76ba119b]::run_test::{closure#1}, ()>::{closure#1}::{closure#0}>>
[INFO] [stdout]                                at /rustc/e3feeb59cd1bdd011a2bfcc0747b55125d9b8527/library/std/src/panicking.rs:541:19
[INFO] [stdout]   39:     0x5a5afb2e6052 - std[617be2ca0a6fd877]::panic::catch_unwind::<core[a373ad73a504971]::panic::unwind_safe::AssertUnwindSafe<std[617be2ca0a6fd877]::thread::lifecycle::spawn_unchecked<test[aada8e7e76ba119b]::run_test::{closure#1}, ()>::{closure#1}::{closure#0}>, ()>
[INFO] [stdout]                                at /rustc/e3feeb59cd1bdd011a2bfcc0747b55125d9b8527/library/std/src/panic.rs:359:14
[INFO] [stdout]   40:     0x5a5afb2e6052 - std[617be2ca0a6fd877]::thread::lifecycle::spawn_unchecked::<test[aada8e7e76ba119b]::run_test::{closure#1}, ()>::{closure#1}
[INFO] [stdout]                                at /rustc/e3feeb59cd1bdd011a2bfcc0747b55125d9b8527/library/std/src/thread/lifecycle.rs:68:26
[INFO] [stdout]   41:     0x5a5afb2e6052 - <std[617be2ca0a6fd877]::thread::lifecycle::spawn_unchecked<test[aada8e7e76ba119b]::run_test::{closure#1}, ()>::{closure#1} as core[a373ad73a504971]::ops::function::FnOnce<()>>::call_once::{shim:vtable#0}
[INFO] [stdout]                                at /rustc/e3feeb59cd1bdd011a2bfcc0747b55125d9b8527/library/core/src/ops/function.rs:250:5
[INFO] [stdout]   42:     0x5a5afb6d58cf - <alloc[2e1b2a31b91974c5]::boxed::Box<dyn core[a373ad73a504971]::ops::function::FnOnce<(), Output = ()> + core[a373ad73a504971]::marker::Send> as core[a373ad73a504971]::ops::function::FnOnce<()>>::call_once
[INFO] [stdout]                                at /rustc/e3feeb59cd1bdd011a2bfcc0747b55125d9b8527/library/alloc/src/boxed.rs:2314:9
[INFO] [stdout]   43:     0x5a5afb6d58cf - <std[617be2ca0a6fd877]::sys::thread::unix::Thread>::new::thread_start
[INFO] [stdout]                                at /rustc/e3feeb59cd1bdd011a2bfcc0747b55125d9b8527/library/std/src/sys/thread/unix.rs:127:17
[INFO] [stdout]   44:     0x74860eb9cdfa - <unknown>
[INFO] [stdout]   45:     0x74860ec303d4 - clone
[INFO] [stdout]   46:                0x0 - <unknown>
[INFO] [stdout] 
[INFO] [stdout] 
[INFO] [stdout] failures:
[INFO] [stdout]     skills::bundle::tests::list_returns_fifteen_skills
[INFO] [stdout] 
[INFO] [stdout] test result: FAILED. 97 passed; 1 failed; 0 ignored; 0 measured; 0 filtered out; finished in 1.08s
[INFO] [stdout] 
[INFO] [stderr] error: test failed, to rerun pass `--bin vestige`
[INFO] running `Command { std: "docker" "inspect" "eac7c3d39753fe856f2b01c334a8e1976af458681bf98d774b05fb1a148402d1", kill_on_drop: false }`
[INFO] running `Command { std: "docker" "rm" "-f" "eac7c3d39753fe856f2b01c334a8e1976af458681bf98d774b05fb1a148402d1", kill_on_drop: false }`
[INFO] [stdout] eac7c3d39753fe856f2b01c334a8e1976af458681bf98d774b05fb1a148402d1
