[INFO] fetching crate veclite 1.0.1...
[INFO] testing veclite-1.0.1 against 1.99.0-beta.8 for beta-1.100-2
[INFO] extracting crate veclite 1.0.1 into /workspace/builds/worker-2-tc1/source
[INFO] started tweaking crates.io crate veclite 1.0.1
[INFO] removed 0 missing examples
[INFO] finished tweaking crates.io crate veclite 1.0.1
[INFO] tweaked toml for crates.io crate veclite 1.0.1 written to /workspace/builds/worker-2-tc1/source/Cargo.toml
[INFO] validating manifest of crates.io crate veclite 1.0.1 on toolchain 1.99.0-beta.8
[INFO] running `Command { std: CARGO_HOME="/workspace/cargo-home" RUSTUP_HOME="/workspace/rustup-home" "/workspace/cargo-home/bin/cargo" "+1.99.0-beta.8" "metadata" "--manifest-path" "Cargo.toml" "--no-deps", kill_on_drop: false }`
[INFO] crate crates.io crate veclite 1.0.1 already has a lockfile, it will not be regenerated
[INFO] running `Command { std: CARGO_HOME="/workspace/cargo-home" RUSTUP_HOME="/workspace/rustup-home" "/workspace/cargo-home/bin/cargo" "+1.99.0-beta.8" "fetch" "--manifest-path" "Cargo.toml", kill_on_drop: false }`
[INFO] running `Command { std: "docker" "create" "-v" "/var/lib/crater-agent-workspace/builds/worker-2-tc1/source:/opt/rustwide/workdir:ro,Z" "-v" "/var/lib/crater-agent-workspace/builds/worker-2-tc1/target:/opt/rustwide/target:rw,Z" "-v" "/var/lib/crater-agent-workspace/cargo-home:/opt/rustwide/cargo-home:ro,Z" "-v" "/var/lib/crater-agent-workspace/rustup-home:/opt/rustwide/rustup-home:ro,Z" "-m" "1610612736" "--network" "none" "ghcr.io/rust-lang/crates-build-env/linux@sha256:3111399a4047eeb3a02b7a90e478d715f38a8c6669b5c4b49d30a17385265909" "sleep" "infinity", kill_on_drop: false }`
[INFO] [stdout] d2324aa524a11b5c64fb22b01bbbc93b7de344907164504bb30e87043c411064
[INFO] running `Command { std: "docker" "start" "d2324aa524a11b5c64fb22b01bbbc93b7de344907164504bb30e87043c411064", kill_on_drop: false }`
[INFO] running `Command { std: "docker" "inspect" "d2324aa524a11b5c64fb22b01bbbc93b7de344907164504bb30e87043c411064", kill_on_drop: false }`
[INFO] running `Command { std: "docker" "exec" "-e" "SOURCE_DIR=/opt/rustwide/workdir" "-e" "CARGO_HOME=/opt/rustwide/cargo-home" "-e" "RUSTUP_HOME=/opt/rustwide/rustup-home" "-e" "CARGO_TARGET_DIR=/opt/rustwide/target" "-w" "/opt/rustwide/workdir" "--user" "0:0" "d2324aa524a11b5c64fb22b01bbbc93b7de344907164504bb30e87043c411064" "/opt/rustwide/cargo-home/bin/cargo" "+1.99.0-beta.8" "metadata" "--no-deps" "--format-version=1", kill_on_drop: false }`
[INFO] running `Command { std: "docker" "inspect" "d2324aa524a11b5c64fb22b01bbbc93b7de344907164504bb30e87043c411064", kill_on_drop: false }`
[INFO] running `Command { std: "docker" "exec" "-e" "SOURCE_DIR=/opt/rustwide/workdir" "-e" "CARGO_HOME=/opt/rustwide/cargo-home" "-e" "RUSTUP_HOME=/opt/rustwide/rustup-home" "-e" "CARGO_TARGET_DIR=/opt/rustwide/target" "-e" "CARGO_INCREMENTAL=0" "-e" "RUST_BACKTRACE=full" "-e" "RUSTFLAGS=--cap-lints=warn" "-e" "RUSTDOCFLAGS=--cap-lints=warn" "-w" "/opt/rustwide/workdir" "--user" "0:0" "d2324aa524a11b5c64fb22b01bbbc93b7de344907164504bb30e87043c411064" "/opt/rustwide/cargo-home/bin/cargo" "+1.99.0-beta.8" "build" "--frozen" "--message-format=json", kill_on_drop: false }`
[INFO] [stderr]    Compiling veclite v1.0.1 (/opt/rustwide/workdir)
[INFO] [stderr]     Finished `dev` profile [unoptimized + debuginfo] target(s) in 0.10s
[INFO] running `Command { std: "docker" "inspect" "d2324aa524a11b5c64fb22b01bbbc93b7de344907164504bb30e87043c411064", kill_on_drop: false }`
[INFO] running `Command { std: "docker" "exec" "-e" "SOURCE_DIR=/opt/rustwide/workdir" "-e" "CARGO_HOME=/opt/rustwide/cargo-home" "-e" "RUSTUP_HOME=/opt/rustwide/rustup-home" "-e" "CARGO_TARGET_DIR=/opt/rustwide/target" "-e" "CARGO_INCREMENTAL=0" "-e" "RUST_BACKTRACE=full" "-e" "RUSTFLAGS=--cap-lints=warn" "-e" "RUSTDOCFLAGS=--cap-lints=warn" "-w" "/opt/rustwide/workdir" "--user" "0:0" "d2324aa524a11b5c64fb22b01bbbc93b7de344907164504bb30e87043c411064" "/opt/rustwide/cargo-home/bin/cargo" "+1.99.0-beta.8" "test" "--frozen" "--no-run" "--message-format=json", kill_on_drop: false }`
[INFO] [stderr]    Compiling veclite v1.0.1 (/opt/rustwide/workdir)
[INFO] [stderr]     Finished `test` profile [unoptimized + debuginfo] target(s) in 0.62s
[INFO] running `Command { std: "docker" "inspect" "d2324aa524a11b5c64fb22b01bbbc93b7de344907164504bb30e87043c411064", kill_on_drop: false }`
[INFO] running `Command { std: "docker" "exec" "-e" "SOURCE_DIR=/opt/rustwide/workdir" "-e" "CARGO_HOME=/opt/rustwide/cargo-home" "-e" "RUSTUP_HOME=/opt/rustwide/rustup-home" "-e" "CARGO_TARGET_DIR=/opt/rustwide/target" "-e" "CARGO_INCREMENTAL=0" "-e" "RUST_BACKTRACE=full" "-e" "RUSTFLAGS=--cap-lints=warn" "-e" "RUSTDOCFLAGS=--cap-lints=warn" "-w" "/opt/rustwide/workdir" "--user" "0:0" "d2324aa524a11b5c64fb22b01bbbc93b7de344907164504bb30e87043c411064" "/opt/rustwide/cargo-home/bin/cargo" "+1.99.0-beta.8" "test" "--frozen", kill_on_drop: false }`
[INFO] [stderr]     Finished `test` profile [unoptimized + debuginfo] target(s) in 0.04s
[INFO] [stderr]      Running unittests src/lib.rs (/opt/rustwide/target/debug/deps/veclite-34e4a22530d38deb)
[INFO] [stdout] 
[INFO] [stdout] running 0 tests
[INFO] [stdout] 
[INFO] [stdout] test result: ok. 0 passed; 0 failed; 0 ignored; 0 measured; 0 filtered out; finished in 0.00s
[INFO] [stdout] 
[INFO] [stderr]    Doc-tests veclite
[INFO] [stdout] 
[INFO] [stdout] running 7 tests
[INFO] [stdout] test src/lib.rs - Veclite<T>::prepend (line 52) ... ok
[INFO] [stdout] test src/lib.rs - vel (line 148) ... FAILED
[INFO] [stdout] test src/lib.rs - Vel (line 137) ... ok
[INFO] [stdout] test src/lib.rs - Veclite<T>::from (line 101) ... ok
[INFO] [stdout] test src/lib.rs - (line 14) ... ok
[INFO] [stdout] test src/lib.rs - Veclite<T>::new (line 40) ... ok
[INFO] [stdout] test src/lib.rs - Veclite<T>::fmt (line 68) ... ok
[INFO] [stdout] 
[INFO] [stdout] failures:
[INFO] [stdout] 
[INFO] [stdout] ---- src/lib.rs - vel (line 148) stdout ----
[INFO] [stdout] error: cannot find macro `vel` in this scope
[INFO] [stdout]    --> src/lib.rs:149:9
[INFO] [stdout]     |
[INFO] [stdout] 149 | let v = vel![1, 2, 3];
[INFO] [stdout]     |         ^^^
[INFO] [stdout]     |
[INFO] [stdout]    --> /rustc/dfb0accb7f508ae8be965d8629557221c889dd98/library/alloc/src/macros.rs:43:0
[INFO] [stdout]     |
[INFO] [stdout]     = note: similarly named macro `vec` defined here
[INFO] [stdout] help: a macro with a similar name exists
[INFO] [stdout]     |
[INFO] [stdout] 149 - let v = vel![1, 2, 3];
[INFO] [stdout] 149 + let v = vec![1, 2, 3];
[INFO] [stdout]     |
[INFO] [stdout] 
[INFO] [stdout] error: cannot find macro `vel` in this scope
[INFO] [stdout]    --> src/lib.rs:150:23
[INFO] [stdout]     |
[INFO] [stdout] 150 | let empty: Vel<i32> = vel![];
[INFO] [stdout]     |                       ^^^
[INFO] [stdout]     |
[INFO] [stdout]    --> /rustc/dfb0accb7f508ae8be965d8629557221c889dd98/library/alloc/src/macros.rs:43:0
[INFO] [stdout]     |
[INFO] [stdout]     = note: similarly named macro `vec` defined here
[INFO] [stdout] help: a macro with a similar name exists
[INFO] [stdout]     |
[INFO] [stdout] 150 - let empty: Vel<i32> = vel![];
[INFO] [stdout] 150 + let empty: Vel<i32> = vec![];
[INFO] [stdout]     |
[INFO] [stdout] 
[INFO] [stdout] error[E0425]: cannot find type `Vel` in this scope
[INFO] [stdout]    --> src/lib.rs:150:12
[INFO] [stdout]     |
[INFO] [stdout] 150 | let empty: Vel<i32> = vel![];
[INFO] [stdout]     |            ^^^
[INFO] [stdout]     |
[INFO] [stdout]    --> /rustc/dfb0accb7f508ae8be965d8629557221c889dd98/library/alloc/src/vec/mod.rs:436:0
[INFO] [stdout]     |
[INFO] [stdout]     = note: similarly named struct `Vec` defined here
[INFO] [stdout] help: a struct with a similar name exists
[INFO] [stdout]     |
[INFO] [stdout] 150 - let empty: Vel<i32> = vel![];
[INFO] [stdout] 150 + let empty: Vec<i32> = vel![];
[INFO] [stdout]     |
[INFO] [stdout] 
[INFO] [stdout] error: aborting due to 3 previous errors
[INFO] [stdout] 
[INFO] [stdout] For more information about this error, try `rustc --explain E0425`.
[INFO] [stdout] Couldn't compile the test.
[INFO] [stdout] 
[INFO] [stdout] failures:
[INFO] [stdout]     src/lib.rs - vel (line 148)
[INFO] [stdout] 
[INFO] [stdout] test result: FAILED. 6 passed; 1 failed; 0 ignored; 0 measured; 0 filtered out; finished in 0.46s
[INFO] [stdout] 
[INFO] [stderr] error: doctest failed, to rerun pass `--doc`
[INFO] running `Command { std: "docker" "inspect" "d2324aa524a11b5c64fb22b01bbbc93b7de344907164504bb30e87043c411064", kill_on_drop: false }`
[INFO] running `Command { std: "docker" "rm" "-f" "d2324aa524a11b5c64fb22b01bbbc93b7de344907164504bb30e87043c411064", kill_on_drop: false }`
[INFO] [stdout] d2324aa524a11b5c64fb22b01bbbc93b7de344907164504bb30e87043c411064
