[INFO] fetching crate vapours 0.3.0...
[INFO] testing vapours-0.3.0 against 1.100.0-beta.1 for beta-1.100-2
[INFO] extracting crate vapours 0.3.0 into /workspace/builds/worker-5-tc2/source
[INFO] started tweaking crates.io crate vapours 0.3.0
[INFO] finished tweaking crates.io crate vapours 0.3.0
[INFO] tweaked toml for crates.io crate vapours 0.3.0 written to /workspace/builds/worker-5-tc2/source/Cargo.toml
[INFO] validating manifest of crates.io crate vapours 0.3.0 on toolchain 1.100.0-beta.1
[INFO] running `Command { std: CARGO_HOME="/workspace/cargo-home" RUSTUP_HOME="/workspace/rustup-home" "/workspace/cargo-home/bin/cargo" "+1.100.0-beta.1" "metadata" "--manifest-path" "Cargo.toml" "--no-deps", kill_on_drop: false }`
[INFO] crate crates.io crate vapours 0.3.0 already has a lockfile, it will not be regenerated
[INFO] running `Command { std: CARGO_HOME="/workspace/cargo-home" RUSTUP_HOME="/workspace/rustup-home" "/workspace/cargo-home/bin/cargo" "+1.100.0-beta.1" "fetch" "--manifest-path" "Cargo.toml", kill_on_drop: false }`
[INFO] running `Command { std: "docker" "create" "-v" "/var/lib/crater-agent-workspace/builds/worker-5-tc2/source:/opt/rustwide/workdir:ro,Z" "-v" "/var/lib/crater-agent-workspace/builds/worker-5-tc2/target:/opt/rustwide/target:rw,Z" "-v" "/var/lib/crater-agent-workspace/cargo-home:/opt/rustwide/cargo-home:ro,Z" "-v" "/var/lib/crater-agent-workspace/rustup-home:/opt/rustwide/rustup-home:ro,Z" "-m" "1610612736" "--network" "none" "ghcr.io/rust-lang/crates-build-env/linux@sha256:3111399a4047eeb3a02b7a90e478d715f38a8c6669b5c4b49d30a17385265909" "sleep" "infinity", kill_on_drop: false }`
[INFO] [stdout] bc19873d9da61905a51fe94c71ee178b52845248f59728d468d6ce8a41ef60be
[INFO] running `Command { std: "docker" "start" "bc19873d9da61905a51fe94c71ee178b52845248f59728d468d6ce8a41ef60be", kill_on_drop: false }`
[INFO] running `Command { std: "docker" "inspect" "bc19873d9da61905a51fe94c71ee178b52845248f59728d468d6ce8a41ef60be", kill_on_drop: false }`
[INFO] running `Command { std: "docker" "exec" "-e" "SOURCE_DIR=/opt/rustwide/workdir" "-e" "CARGO_HOME=/opt/rustwide/cargo-home" "-e" "RUSTUP_HOME=/opt/rustwide/rustup-home" "-e" "CARGO_TARGET_DIR=/opt/rustwide/target" "-w" "/opt/rustwide/workdir" "--user" "0:0" "bc19873d9da61905a51fe94c71ee178b52845248f59728d468d6ce8a41ef60be" "/opt/rustwide/cargo-home/bin/cargo" "+1.100.0-beta.1" "metadata" "--no-deps" "--format-version=1", kill_on_drop: false }`
[INFO] running `Command { std: "docker" "inspect" "bc19873d9da61905a51fe94c71ee178b52845248f59728d468d6ce8a41ef60be", kill_on_drop: false }`
[INFO] running `Command { std: "docker" "exec" "-e" "SOURCE_DIR=/opt/rustwide/workdir" "-e" "CARGO_HOME=/opt/rustwide/cargo-home" "-e" "RUSTUP_HOME=/opt/rustwide/rustup-home" "-e" "CARGO_TARGET_DIR=/opt/rustwide/target" "-e" "CARGO_INCREMENTAL=0" "-e" "RUST_BACKTRACE=full" "-e" "RUSTFLAGS=--cap-lints=warn" "-e" "RUSTDOCFLAGS=--cap-lints=warn" "-w" "/opt/rustwide/workdir" "--user" "0:0" "bc19873d9da61905a51fe94c71ee178b52845248f59728d468d6ce8a41ef60be" "/opt/rustwide/cargo-home/bin/cargo" "+1.100.0-beta.1" "build" "--frozen" "--message-format=json", kill_on_drop: false }`
[INFO] [stderr]    Compiling prettyplease v0.3.0
[INFO] [stderr]    Compiling thiserror v2.0.20
[INFO] [stderr]    Compiling vapoursynth4-sys v0.4.1+R79
[INFO] [stderr]    Compiling unicode-width v0.1.14
[INFO] [stderr]    Compiling num-traits v0.2.19
[INFO] [stderr]    Compiling seq-macro v0.3.6
[INFO] [stderr]    Compiling syn v3.0.5
[INFO] [stderr]    Compiling miette-derive v7.6.0
[INFO] [stderr]    Compiling strum_macros v0.28.0
[INFO] [stderr]    Compiling strum v0.28.0
[INFO] [stderr]    Compiling const-str v1.1.0
[INFO] [stderr]    Compiling miette v7.6.0
[INFO] [stderr]    Compiling darling_core v0.24.1
[INFO] [stderr]    Compiling thiserror-impl v2.0.20
[INFO] [stderr]    Compiling num-derive v0.5.1
[INFO] [stderr]    Compiling darling_macro v0.24.1
[INFO] [stderr]    Compiling darling v0.24.1
[INFO] [stderr]    Compiling bon-macros v3.10.1
[INFO] [stderr]    Compiling bon v3.10.1
[INFO] [stderr]    Compiling vapoursynth4-rs v0.5.1
[INFO] [stderr]    Compiling vapours v0.3.0 (/opt/rustwide/workdir)
[INFO] [stderr]     Finished `dev` profile [unoptimized + debuginfo] target(s) in 23.55s
[INFO] running `Command { std: "docker" "inspect" "bc19873d9da61905a51fe94c71ee178b52845248f59728d468d6ce8a41ef60be", kill_on_drop: false }`
[INFO] running `Command { std: "docker" "exec" "-e" "SOURCE_DIR=/opt/rustwide/workdir" "-e" "CARGO_HOME=/opt/rustwide/cargo-home" "-e" "RUSTUP_HOME=/opt/rustwide/rustup-home" "-e" "CARGO_TARGET_DIR=/opt/rustwide/target" "-e" "CARGO_INCREMENTAL=0" "-e" "RUST_BACKTRACE=full" "-e" "RUSTFLAGS=--cap-lints=warn" "-e" "RUSTDOCFLAGS=--cap-lints=warn" "-w" "/opt/rustwide/workdir" "--user" "0:0" "bc19873d9da61905a51fe94c71ee178b52845248f59728d468d6ce8a41ef60be" "/opt/rustwide/cargo-home/bin/cargo" "+1.100.0-beta.1" "test" "--frozen" "--no-run" "--message-format=json", kill_on_drop: false }`
[INFO] [stderr]    Compiling syn v2.0.119
[INFO] [stderr]    Compiling memchr v2.8.3
[INFO] [stderr]    Compiling semver v1.0.28
[INFO] [stderr]    Compiling winnow v1.0.4
[INFO] [stderr]    Compiling toml_datetime v1.1.1+spec-1.1.0
[INFO] [stderr]    Compiling futures-core v0.3.34
[INFO] [stderr]    Compiling glob v0.3.4
[INFO] [stderr]    Compiling relative-path v1.9.3
[INFO] [stderr]    Compiling futures-task v0.3.34
[INFO] [stderr]    Compiling futures-util v0.3.34
[INFO] [stderr]    Compiling rustc_version v0.4.1
[INFO] [stderr]    Compiling futures-timer v3.0.4
[INFO] [stderr]    Compiling approx v0.5.1
[INFO] [stderr]    Compiling rstest_macros v0.27.0
[INFO] [stderr]    Compiling aho-corasick v1.1.5
[INFO] [stderr]    Compiling toml_parser v1.1.3+spec-1.1.0
[INFO] [stderr]    Compiling regex-automata v0.4.18
[INFO] [stderr]    Compiling toml_edit v0.25.13+spec-1.1.0
[INFO] [stderr]    Compiling proc-macro-crate v3.5.0
[INFO] [stderr]    Compiling regex v1.13.1
[INFO] [stderr]    Compiling miette-derive v7.6.0
[INFO] [stderr]    Compiling strum_macros v0.28.0
[INFO] [stderr]    Compiling miette v7.6.0
[INFO] [stderr]    Compiling vapours v0.3.0 (/opt/rustwide/workdir)
[INFO] [stderr]    Compiling rstest v0.27.0
[INFO] [stderr]     Finished `test` profile [unoptimized + debuginfo] target(s) in 27.59s
[INFO] running `Command { std: "docker" "inspect" "bc19873d9da61905a51fe94c71ee178b52845248f59728d468d6ce8a41ef60be", kill_on_drop: false }`
[INFO] running `Command { std: "docker" "exec" "-e" "SOURCE_DIR=/opt/rustwide/workdir" "-e" "CARGO_HOME=/opt/rustwide/cargo-home" "-e" "RUSTUP_HOME=/opt/rustwide/rustup-home" "-e" "CARGO_TARGET_DIR=/opt/rustwide/target" "-e" "CARGO_INCREMENTAL=0" "-e" "RUST_BACKTRACE=full" "-e" "RUSTFLAGS=--cap-lints=warn" "-e" "RUSTDOCFLAGS=--cap-lints=warn" "-w" "/opt/rustwide/workdir" "--user" "0:0" "bc19873d9da61905a51fe94c71ee178b52845248f59728d468d6ce8a41ef60be" "/opt/rustwide/cargo-home/bin/cargo" "+1.100.0-beta.1" "test" "--frozen", kill_on_drop: false }`
[INFO] [stderr]     Finished `test` profile [unoptimized + debuginfo] target(s) in 0.14s
[INFO] [stderr]      Running unittests src/lib.rs (/opt/rustwide/target/debug/build/vapours/16d240e0971e9672/out/vapours-16d240e0971e9672)
[INFO] [stdout] 
[INFO] [stdout] running 66 tests
[INFO] [stdout] test generic::tests::test_lowest_value_chroma::case_02 ... ok
[INFO] [stdout] test generic::tests::test_lowest_value_chroma::case_03 ... ok
[INFO] [stdout] test generic::tests::test_lowest_value_chroma::case_04 ... ok
[INFO] [stdout] test enums::tests::test_from_primitive ... ok
[INFO] [stdout] test generic::tests::test_lowest_value_chroma::case_01 ... ok
[INFO] [stdout] test generic::tests::test_lowest_value_chroma::case_05 ... ok
[INFO] [stdout] test generic::tests::test_color_family::case_2 ... ok
[INFO] [stdout] test generic::tests::test_color_family::case_1 ... ok
[INFO] [stdout] test generic::tests::test_lowest_value_chroma::case_07 ... ok
[INFO] [stdout] test generic::tests::test_lowest_value_chroma::case_06 ... ok
[INFO] [stdout] test generic::tests::test_lowest_value_defaults::case_01 ... ok
[INFO] [stdout] test generic::tests::test_lowest_value_defaults::case_02 ... ok
[INFO] [stdout] test generic::tests::test_lowest_value_defaults::case_03 ... ok
[INFO] [stdout] test generic::tests::test_lowest_value_defaults::case_04 ... ok
[INFO] [stdout] test generic::tests::test_lowest_value_defaults::case_05 ... ok
[INFO] [stdout] test generic::tests::test_lowest_value_defaults::case_06 ... ok
[INFO] [stdout] test generic::tests::test_lowest_value_defaults::case_07 ... ok
[INFO] [stdout] test generic::tests::test_lowest_value_defaults::case_08 ... ok
[INFO] [stdout] test generic::tests::test_lowest_value_defaults::case_09 ... ok
[INFO] [stdout] test generic::tests::test_lowest_value_defaults::case_10 ... ok
[INFO] [stdout] test generic::tests::test_lowest_value_defaults::case_11 ... ok
[INFO] [stdout] test generic::tests::test_color_family::case_3 ... ok
[INFO] [stdout] test generic::tests::test_lowest_value_chroma::case_11 ... ok
[INFO] [stdout] test generic::tests::test_neutral_value_defaults::case_1 ... ok
[INFO] [stdout] test generic::tests::test_neutral_value_defaults::case_3 ... ok
[INFO] [stdout] test generic::tests::test_neutral_value_defaults::case_2 ... ok
[INFO] [stdout] test generic::tests::test_neutral_value_defaults::case_4 ... ok
[INFO] [stdout] test generic::tests::test_lowest_value_chroma::case_08 ... ok
[INFO] [stdout] test generic::tests::test_lowest_value_chroma::case_09 ... ok
[INFO] [stdout] test generic::tests::test_lowest_value_chroma::case_10 ... ok
[INFO] [stdout] test generic::tests::test_peak_value_defaults::case_7 ... ok
[INFO] [stdout] test scale::tests::test_scale_value_from_10bit::case_1 ... ok
[INFO] [stdout] test generic::tests::test_peak_value_defaults::case_1 ... ok
[INFO] [stdout] test generic::tests::test_peak_value_defaults::case_2 ... ok
[INFO] [stdout] test generic::tests::test_peak_value_defaults::case_3 ... ok
[INFO] [stdout] test generic::tests::test_peak_value_defaults::case_6 ... ok
[INFO] [stdout] test scale::tests::test_scale_value_from_float::case_2 ... ok
[INFO] [stdout] test scale::tests::test_scale_value_from_float::case_3 ... ok
[INFO] [stdout] test scale::tests::test_scale_value_from_10bit::case_4 ... ok
[INFO] [stdout] test scale::tests::test_scale_value_from_float::case_1 ... ok
[INFO] [stdout] test scale::tests::test_scale_value_from_float::case_4 ... ok
[INFO] [stdout] test scale::tests::test_scale_value_from_limited::case_1 ... ok
[INFO] [stdout] test scale::tests::test_scale_value_from_limited::case_2 ... ok
[INFO] [stdout] test scale::tests::test_scale_value_from_limited::case_3 ... ok
[INFO] [stdout] test scale::tests::test_scale_value_from_limited::case_4 ... ok
[INFO] [stdout] test scale::tests::test_scale_value_no_change::case_1 ... ok
[INFO] [stdout] test scale::tests::test_scale_value_no_change::case_2 ... ok
[INFO] [stdout] test generic::tests::test_peak_value_defaults::case_4 ... ok
[INFO] [stdout] test generic::tests::test_peak_value_defaults::case_5 ... ok
[INFO] [stdout] test scale::tests::test_scale_value_no_change::case_3 ... ok
[INFO] [stdout] test scale::tests::test_scale_value_to_10bit::case_3 ... ok
[INFO] [stdout] test scale::tests::test_scale_value_to_10bit::case_4 ... ok
[INFO] [stdout] test scale::tests::test_scale_value_to_float::case_1 ... ok
[INFO] [stdout] test scale::tests::test_scale_value_to_float::case_4 ... ok
[INFO] [stdout] test scale::tests::test_scale_value_from_10bit::case_2 ... ok
[INFO] [stdout] test scale::tests::test_scale_value_to_float::case_3 ... ok
[INFO] [stdout] test scale::tests::test_scale_value_from_10bit::case_3 ... ok
[INFO] [stdout] test scale::tests::test_scale_value_to_float::case_2 ... ok
[INFO] [stdout] test scale::tests::test_scale_value_to_limited::case_4 ... ok
[INFO] [stdout] test vs_enums::tests::test_preset_video_formats ... ok
[INFO] [stdout] test scale::tests::test_scale_value_to_limited::case_2 ... ok
[INFO] [stdout] test scale::tests::test_scale_value_to_limited::case_3 ... ok
[INFO] [stdout] test scale::tests::test_scale_value_no_change::case_4 ... ok
[INFO] [stdout] test scale::tests::test_scale_value_to_10bit::case_1 ... ok
[INFO] [stdout] test scale::tests::test_scale_value_to_10bit::case_2 ... ok
[INFO] [stdout] test scale::tests::test_scale_value_to_limited::case_1 ... ok
[INFO] [stdout] 
[INFO] [stdout] test result: ok. 66 passed; 0 failed; 0 ignored; 0 measured; 0 filtered out; finished in 0.01s
[INFO] [stdout] 
[INFO] [stderr]    Doc-tests vapours
[INFO] [stdout] 
[INFO] [stdout] running 2 tests
[INFO] [stdout] test src/lib.rs - (line 31) ... FAILED
[INFO] [stdout] test src/lib.rs - (line 8) ... FAILED
[INFO] [stdout] 
[INFO] [stdout] failures:
[INFO] [stdout] 
[INFO] [stdout] ---- src/lib.rs - (line 31) stdout ----
[INFO] [stdout] error[E0425]: cannot find value `fi` in this scope
[INFO] [stdout]   --> src/lib.rs:38:17
[INFO] [stdout]    |
[INFO] [stdout] 38 | for plane in 0..fi.num_planes {
[INFO] [stdout]    |                 ^^ not found in this scope
[INFO] [stdout] 
[INFO] [stdout] error[E0425]: cannot find value `src` in this scope
[INFO] [stdout]   --> src/lib.rs:39:21
[INFO] [stdout]    |
[INFO] [stdout] 39 |     let src_slice = src.as_slice::<u8>(plane);
[INFO] [stdout]    |                     ^^^ not found in this scope
[INFO] [stdout] 
[INFO] [stdout] error[E0425]: cannot find value `dst` in this scope
[INFO] [stdout]   --> src/lib.rs:40:21
[INFO] [stdout]    |
[INFO] [stdout] 40 |     let dst_slice = dst.as_mut_slice::<u8>(plane);
[INFO] [stdout]    |                     ^^^ not found in this scope
[INFO] [stdout] 
[INFO] [stdout] error[E0425]: cannot find function `zip` in this scope
[INFO] [stdout]   --> src/lib.rs:42:35
[INFO] [stdout]    |
[INFO] [stdout] 42 |     for (src_pixel, dst_pixel) in zip(src_slice, dst_slice) {
[INFO] [stdout]    |                                   ^^^ not found in this scope
[INFO] [stdout]    |
[INFO] [stdout] help: consider importing this function
[INFO] [stdout]    |
[INFO] [stdout] 30 + use std::iter::zip;
[INFO] [stdout]    |
[INFO] [stdout] 
[INFO] [stdout] error: aborting due to 4 previous errors
[INFO] [stdout] 
[INFO] [stdout] For more information about this error, try `rustc --explain E0425`.
[INFO] [stdout] Couldn't compile the test.
[INFO] [stdout] ---- src/lib.rs - (line 8) stdout ----
[INFO] [stdout] error[E0425]: cannot find value `fi` in this scope
[INFO] [stdout]  --> src/lib.rs:9:17
[INFO] [stdout]   |
[INFO] [stdout] 9 | for plane in 0..fi.num_planes {
[INFO] [stdout]   |                 ^^ not found in this scope
[INFO] [stdout] 
[INFO] [stdout] error[E0425]: cannot find value `src` in this scope
[INFO] [stdout]   --> src/lib.rs:10:21
[INFO] [stdout]    |
[INFO] [stdout] 10 |     let mut src_p = src.plane(plane);
[INFO] [stdout]    |                     ^^^ not found in this scope
[INFO] [stdout] 
[INFO] [stdout] error[E0425]: cannot find value `src` in this scope
[INFO] [stdout]   --> src/lib.rs:11:22
[INFO] [stdout]    |
[INFO] [stdout] 11 |     let src_stride = src.stride(plane);
[INFO] [stdout]    |                      ^^^ not found in this scope
[INFO] [stdout] 
[INFO] [stdout] error[E0425]: cannot find value `dst` in this scope
[INFO] [stdout]   --> src/lib.rs:12:21
[INFO] [stdout]    |
[INFO] [stdout] 12 |     let mut dst_p = dst.plane_mut(plane);
[INFO] [stdout]    |                     ^^^ not found in this scope
[INFO] [stdout] 
[INFO] [stdout] error[E0425]: cannot find value `dst` in this scope
[INFO] [stdout]   --> src/lib.rs:13:22
[INFO] [stdout]    |
[INFO] [stdout] 13 |     let dst_stride = dst.stride(plane);
[INFO] [stdout]    |                      ^^^ not found in this scope
[INFO] [stdout] 
[INFO] [stdout] error[E0425]: cannot find value `src` in this scope
[INFO] [stdout]   --> src/lib.rs:15:13
[INFO] [stdout]    |
[INFO] [stdout] 15 |     let h = src.frame_height(plane);
[INFO] [stdout]    |             ^^^ not found in this scope
[INFO] [stdout] 
[INFO] [stdout] error[E0425]: cannot find value `src` in this scope
[INFO] [stdout]   --> src/lib.rs:16:13
[INFO] [stdout]    |
[INFO] [stdout] 16 |     let w = src.frame_width(plane);
[INFO] [stdout]    |             ^^^ not found in this scope
[INFO] [stdout] 
[INFO] [stdout] error: aborting due to 7 previous errors
[INFO] [stdout] 
[INFO] [stdout] For more information about this error, try `rustc --explain E0425`.
[INFO] [stdout] Couldn't compile the test.
[INFO] [stdout] 
[INFO] [stdout] failures:
[INFO] [stdout]     src/lib.rs - (line 31)
[INFO] [stdout]     src/lib.rs - (line 8)
[INFO] [stdout] 
[INFO] [stdout] test result: FAILED. 0 passed; 2 failed; 0 ignored; 0 measured; 0 filtered out; finished in 0.17s
[INFO] [stdout] 
[INFO] [stderr] error: doctest failed, to rerun pass `--doc`
[INFO] running `Command { std: "docker" "inspect" "bc19873d9da61905a51fe94c71ee178b52845248f59728d468d6ce8a41ef60be", kill_on_drop: false }`
[INFO] running `Command { std: "docker" "rm" "-f" "bc19873d9da61905a51fe94c71ee178b52845248f59728d468d6ce8a41ef60be", kill_on_drop: false }`
[INFO] [stdout] bc19873d9da61905a51fe94c71ee178b52845248f59728d468d6ce8a41ef60be
