[INFO] fetching crate valorant-assets-api 0.1.7...
[INFO] testing valorant-assets-api-0.1.7 against 1.99.0-beta.8 for beta-1.100-2
[INFO] extracting crate valorant-assets-api 0.1.7 into /workspace/builds/worker-7-tc1/source
[INFO] started tweaking crates.io crate valorant-assets-api 0.1.7
[INFO] removed 0 missing examples
[INFO] finished tweaking crates.io crate valorant-assets-api 0.1.7
[INFO] tweaked toml for crates.io crate valorant-assets-api 0.1.7 written to /workspace/builds/worker-7-tc1/source/Cargo.toml
[INFO] validating manifest of crates.io crate valorant-assets-api 0.1.7 on toolchain 1.99.0-beta.8
[INFO] running `Command { std: CARGO_HOME="/workspace/cargo-home" RUSTUP_HOME="/workspace/rustup-home" "/workspace/cargo-home/bin/cargo" "+1.99.0-beta.8" "metadata" "--manifest-path" "Cargo.toml" "--no-deps", kill_on_drop: false }`
[INFO] crate crates.io crate valorant-assets-api 0.1.7 already has a lockfile, it will not be regenerated
[INFO] running `Command { std: CARGO_HOME="/workspace/cargo-home" RUSTUP_HOME="/workspace/rustup-home" "/workspace/cargo-home/bin/cargo" "+1.99.0-beta.8" "fetch" "--manifest-path" "Cargo.toml", kill_on_drop: false }`
[INFO] [stderr]     Blocking waiting for file lock on package cache
[INFO] [stderr]     Updating crates.io index
[INFO] [stderr]     Blocking waiting for file lock on package cache
[INFO] [stderr]  Downloading crates ...
[INFO] [stderr]   Downloaded wasm-bindgen-macro v0.2.106
[INFO] [stderr]   Downloaded wasm-bindgen v0.2.106
[INFO] [stderr]   Downloaded unicode-ident v1.0.22
[INFO] [stderr]   Downloaded wasm-bindgen-shared v0.2.106
[INFO] [stderr]   Downloaded uuid v1.19.0
[INFO] [stderr]   Downloaded cfg-if v1.0.4
[INFO] [stderr]   Downloaded zerofrom-derive v0.1.6
[INFO] [stderr]   Downloaded yoke-derive v0.8.1
[INFO] [stderr]   Downloaded idna_adapter v1.2.1
[INFO] [stderr]   Downloaded zerofrom v0.1.6
[INFO] [stderr]   Downloaded yoke v0.8.1
[INFO] [stderr]   Downloaded quote v1.0.42
[INFO] [stderr]   Downloaded synstructure v0.13.2
[INFO] [stderr]   Downloaded displaydoc v0.2.5
[INFO] [stderr]   Downloaded http-body v1.0.1
[INFO] [stderr]   Downloaded itoa v1.0.17
[INFO] [stderr]   Downloaded rustversion v1.0.22
[INFO] [stderr]   Downloaded zerovec-derive v0.11.2
[INFO] [stderr]   Downloaded once_cell v1.21.3
[INFO] [stderr]   Downloaded windows-link v0.2.1
[INFO] [stderr]   Downloaded smallvec v1.15.1
[INFO] [stderr]   Downloaded openssl-probe v0.2.0
[INFO] [stderr]   Downloaded tokio-macros v2.6.0
[INFO] [stderr]   Downloaded rustls-platform-verifier-android v0.1.1
[INFO] [stderr]   Downloaded serde_derive v1.0.228
[INFO] [stderr]   Downloaded rustls-pki-types v1.13.2
[INFO] [stderr]   Downloaded find-msvc-tools v0.1.6
[INFO] [stderr]   Downloaded potential_utf v0.1.4
[INFO] [stderr]   Downloaded proc-macro2 v1.0.104
[INFO] [stderr]   Downloaded zerotrie v0.2.3
[INFO] [stderr]   Downloaded windows-targets v0.53.5
[INFO] [stderr]   Downloaded windows-targets v0.42.2
[INFO] [stderr]   Downloaded jni-sys v0.3.0
[INFO] [stderr]   Downloaded tinyvec_macros v0.1.1
[INFO] [stderr]   Downloaded iana-time-zone-haiku v0.1.2
[INFO] [stderr]   Downloaded system-configuration-sys v0.6.0
[INFO] [stderr]   Downloaded windows-implement v0.60.2
[INFO] [stderr]   Downloaded tinystr v0.8.2
[INFO] [stderr]   Downloaded bitflags v2.10.0
[INFO] [stderr]   Downloaded web-time v1.1.0
[INFO] [stderr]   Downloaded zmij v1.0.5
[INFO] [stderr]   Downloaded rustls-native-certs v0.8.3
[INFO] [stderr]   Downloaded wasi v0.11.1+wasi-snapshot-preview1
[INFO] [stderr]   Downloaded zeroize v1.8.2
[INFO] [stderr]   Downloaded shlex v1.3.0
[INFO] [stderr]   Downloaded cmake v0.1.57
[INFO] [stderr]   Downloaded want v0.3.1
[INFO] [stderr]   Downloaded serde_core v1.0.228
[INFO] [stderr]   Downloaded writeable v0.6.2
[INFO] [stderr]   Downloaded wasm-bindgen-futures v0.4.56
[INFO] [stderr]   Downloaded getrandom v0.2.16
[INFO] [stderr]   Downloaded core-foundation-sys v0.8.7
[INFO] [stderr]   Downloaded core-foundation v0.10.1
[INFO] [stderr]   Downloaded windows-interface v0.59.3
[INFO] [stderr]   Downloaded icu_provider v2.1.1
[INFO] [stderr]   Downloaded litemap v0.8.1
[INFO] [stderr]   Downloaded tokio-rustls v0.26.4
[INFO] [stderr]   Downloaded jobserver v0.1.34
[INFO] [stderr]   Downloaded r-efi v5.3.0
[INFO] [stderr]   Downloaded security-framework-sys v2.15.0
[INFO] [stderr]   Downloaded schannel v0.1.28
[INFO] [stderr]   Downloaded cesu8 v1.1.0
[INFO] [stderr]   Downloaded windows-strings v0.5.1
[INFO] [stderr]   Downloaded windows-result v0.4.1
[INFO] [stderr]   Downloaded wasm-bindgen-macro-support v0.2.106
[INFO] [stderr]   Downloaded js-sys v0.3.83
[INFO] [stderr]   Downloaded icu_properties v2.1.2
[INFO] [stderr]   Downloaded socket2 v0.6.1
[INFO] [stderr]   Downloaded memchr v2.7.6
[INFO] [stderr]   Downloaded getrandom v0.3.4
[INFO] [stderr]   Downloaded wit-bindgen v0.46.0
[INFO] [stderr]   Downloaded rustls-platform-verifier v0.6.2
[INFO] [stderr]   Downloaded log v0.4.29
[INFO] [stderr]   Downloaded winapi-util v0.1.11
[INFO] [stderr]   Downloaded same-file v1.0.6
[INFO] [stderr]   Downloaded lru-slab v0.1.2
[INFO] [stderr]   Downloaded bumpalo v3.19.1
[INFO] [stderr]   Downloaded serde v1.0.228
[INFO] [stderr]   Downloaded icu_normalizer v2.1.1
[INFO] [stderr]   Downloaded windows-registry v0.6.1
[INFO] [stderr]   Downloaded android_system_properties v0.1.5
[INFO] [stderr]   Downloaded icu_locale_core v2.1.1
[INFO] [stderr]   Downloaded cc v1.2.51
[INFO] [stderr]   Downloaded icu_collections v2.1.1
[INFO] [stderr]   Downloaded bytes v1.11.0
[INFO] [stderr]   Downloaded url v2.5.7
[INFO] [stderr]   Downloaded http v1.4.0
[INFO] [stderr]   Downloaded security-framework v3.5.1
[INFO] [stderr]   Downloaded thiserror-impl v1.0.69
[INFO] [stderr]   Downloaded rustc-hash v2.1.1
[INFO] [stderr]   Downloaded slab v0.4.11
[INFO] [stderr]   Downloaded rand_core v0.9.3
[INFO] [stderr]   Downloaded zerovec v0.11.5
[INFO] [stderr]   Downloaded icu_normalizer_data v2.1.1
[INFO] [stderr]   Downloaded mio v1.1.1
[INFO] [stderr]   Downloaded tower v0.5.2
[INFO] [stderr]   Downloaded rand_chacha v0.9.0
[INFO] [stderr]   Downloaded system-configuration v0.6.1
[INFO] [stderr]   Downloaded iri-string v0.7.10
[INFO] [stderr]   Downloaded rustls-webpki v0.103.8
[INFO] [stderr]   Downloaded thiserror v1.0.69
[INFO] [stderr]   Downloaded thiserror-impl v2.0.17
[INFO] [stderr]   Downloaded ppv-lite86 v0.2.21
[INFO] [stderr]   Downloaded core-foundation v0.9.4
[INFO] [stderr]   Downloaded http-body-util v0.1.3
[INFO] [stderr]   Downloaded autocfg v1.5.0
[INFO] [stderr]   Downloaded iana-time-zone v0.1.64
[INFO] [stderr]   Downloaded windows-core v0.62.2
[INFO] [stderr]   Downloaded wasip2 v1.0.1+wasi-0.2.4
[INFO] [stderr]   Downloaded serde_json v1.0.148
[INFO] [stderr]   Downloaded walkdir v2.5.0
[INFO] [stderr]   Downloaded thiserror v2.0.17
[INFO] [stderr]   Downloaded quinn-udp v0.5.14
[INFO] [stderr]   Downloaded ipnet v2.11.0
[INFO] [stderr]   Downloaded hyper-rustls v0.27.7
[INFO] [stderr]   Downloaded reqwest v0.13.1
[INFO] [stderr]   Downloaded tower-http v0.6.8
[INFO] [stderr]   Downloaded webpki-root-certs v1.0.4
[INFO] [stderr]   Downloaded icu_properties_data v2.1.2
[INFO] [stderr]   Downloaded tinyvec v1.10.0
[INFO] [stderr]   Downloaded base64 v0.22.1
[INFO] [stderr]   Downloaded num-traits v0.2.19
[INFO] [stderr]   Downloaded aws-lc-rs v1.15.2
[INFO] [stderr]   Downloaded zerocopy-derive v0.8.31
[INFO] [stderr]   Downloaded quinn v0.11.9
[INFO] [stderr]   Downloaded rand v0.9.2
[INFO] [stderr]   Downloaded indexmap v2.12.1
[INFO] [stderr]   Downloaded combine v4.6.7
[INFO] [stderr]   Downloaded hyper-util v0.1.19
[INFO] [stderr]   Downloaded jni v0.21.1
[INFO] [stderr]   Downloaded tokio-util v0.7.17
[INFO] [stderr]   Downloaded hyper v1.8.1
[INFO] [stderr]   Downloaded h2 v0.4.12
[INFO] [stderr]   Downloaded hashbrown v0.16.1
[INFO] [stderr]   Downloaded syn v2.0.112
[INFO] [stderr]   Downloaded rustls v0.23.35
[INFO] [stderr]   Downloaded windows_x86_64_gnullvm v0.42.2
[INFO] [stderr]   Downloaded chrono v0.4.42
[INFO] [stderr]   Downloaded zerocopy v0.8.31
[INFO] [stderr]   Downloaded quinn-proto v0.11.13
[INFO] [stderr]   Downloaded windows_aarch64_gnullvm v0.42.2
[INFO] [stderr]   Downloaded web-sys v0.3.83
[INFO] [stderr]   Downloaded windows_x86_64_gnullvm v0.53.1
[INFO] [stderr]   Downloaded windows_x86_64_msvc v0.42.2
[INFO] [stderr]   Downloaded windows_aarch64_gnullvm v0.53.1
[INFO] [stderr]   Downloaded windows_x86_64_gnu v0.42.2
[INFO] [stderr]   Downloaded windows_aarch64_msvc v0.42.2
[INFO] [stderr]   Downloaded windows_i686_msvc v0.42.2
[INFO] [stderr]   Downloaded tokio v1.48.0
[INFO] [stderr]   Downloaded libc v0.2.178
[INFO] [stderr]   Downloaded windows_x86_64_msvc v0.53.1
[INFO] [stderr]   Downloaded windows_aarch64_msvc v0.53.1
[INFO] [stderr]   Downloaded windows_i686_gnu v0.42.2
[INFO] [stderr]   Downloaded windows_i686_gnullvm v0.53.1
[INFO] [stderr]   Downloaded windows_x86_64_gnu v0.53.1
[INFO] [stderr]   Downloaded windows_i686_msvc v0.53.1
[INFO] [stderr]   Downloaded windows_i686_gnu v0.53.1
[INFO] [stderr]   Downloaded windows-sys v0.61.2
[INFO] [stderr]   Downloaded windows-sys v0.60.2
[INFO] [stderr]   Downloaded windows-sys v0.52.0
[INFO] [stderr]   Downloaded windows-sys v0.45.0
[INFO] [stderr]   Downloaded aws-lc-sys v0.35.0
[INFO] running `Command { std: "docker" "create" "-v" "/var/lib/crater-agent-workspace/builds/worker-7-tc1/source:/opt/rustwide/workdir:ro,Z" "-v" "/var/lib/crater-agent-workspace/builds/worker-7-tc1/target:/opt/rustwide/target:rw,Z" "-v" "/var/lib/crater-agent-workspace/cargo-home:/opt/rustwide/cargo-home:ro,Z" "-v" "/var/lib/crater-agent-workspace/rustup-home:/opt/rustwide/rustup-home:ro,Z" "-m" "1610612736" "--network" "none" "ghcr.io/rust-lang/crates-build-env/linux@sha256:3111399a4047eeb3a02b7a90e478d715f38a8c6669b5c4b49d30a17385265909" "sleep" "infinity", kill_on_drop: false }`
[INFO] [stdout] 59879d4b9554ffaef37d49e50e55863e22ccbadb9dfd4fadaff280894136a94f
[INFO] running `Command { std: "docker" "start" "59879d4b9554ffaef37d49e50e55863e22ccbadb9dfd4fadaff280894136a94f", kill_on_drop: false }`
[INFO] running `Command { std: "docker" "inspect" "59879d4b9554ffaef37d49e50e55863e22ccbadb9dfd4fadaff280894136a94f", kill_on_drop: false }`
[INFO] running `Command { std: "docker" "exec" "-e" "SOURCE_DIR=/opt/rustwide/workdir" "-e" "CARGO_HOME=/opt/rustwide/cargo-home" "-e" "RUSTUP_HOME=/opt/rustwide/rustup-home" "-e" "CARGO_TARGET_DIR=/opt/rustwide/target" "-w" "/opt/rustwide/workdir" "--user" "0:0" "59879d4b9554ffaef37d49e50e55863e22ccbadb9dfd4fadaff280894136a94f" "/opt/rustwide/cargo-home/bin/cargo" "+1.99.0-beta.8" "metadata" "--no-deps" "--format-version=1", kill_on_drop: false }`
[INFO] running `Command { std: "docker" "inspect" "59879d4b9554ffaef37d49e50e55863e22ccbadb9dfd4fadaff280894136a94f", kill_on_drop: false }`
[INFO] running `Command { std: "docker" "exec" "-e" "SOURCE_DIR=/opt/rustwide/workdir" "-e" "CARGO_HOME=/opt/rustwide/cargo-home" "-e" "RUSTUP_HOME=/opt/rustwide/rustup-home" "-e" "CARGO_TARGET_DIR=/opt/rustwide/target" "-e" "CARGO_INCREMENTAL=0" "-e" "RUST_BACKTRACE=full" "-e" "RUSTFLAGS=--cap-lints=warn" "-e" "RUSTDOCFLAGS=--cap-lints=warn" "-w" "/opt/rustwide/workdir" "--user" "0:0" "59879d4b9554ffaef37d49e50e55863e22ccbadb9dfd4fadaff280894136a94f" "/opt/rustwide/cargo-home/bin/cargo" "+1.99.0-beta.8" "build" "--frozen" "--message-format=json", kill_on_drop: false }`
[INFO] [stderr]    Compiling proc-macro2 v1.0.104
[INFO] [stderr]    Compiling quote v1.0.42
[INFO] [stderr]    Compiling libc v0.2.178
[INFO] [stderr]    Compiling unicode-ident v1.0.22
[INFO] [stderr]    Compiling find-msvc-tools v0.1.6
[INFO] [stderr]    Compiling shlex v1.3.0
[INFO] [stderr]    Compiling stable_deref_trait v1.2.1
[INFO] [stderr]    Compiling pin-project-lite v0.2.16
[INFO] [stderr]    Compiling bytes v1.11.0
[INFO] [stderr]    Compiling futures-core v0.3.31
[INFO] [stderr]    Compiling fs_extra v1.3.0
[INFO] [stderr]    Compiling dunce v1.0.5
[INFO] [stderr]    Compiling once_cell v1.21.3
[INFO] [stderr]    Compiling itoa v1.0.17
[INFO] [stderr]    Compiling aws-lc-rs v1.15.2
[INFO] [stderr]    Compiling zeroize v1.8.2
[INFO] [stderr]    Compiling litemap v0.8.1
[INFO] [stderr]    Compiling smallvec v1.15.1
[INFO] [stderr]    Compiling writeable v0.6.2
[INFO] [stderr]    Compiling serde_core v1.0.228
[INFO] [stderr]    Compiling rustls-pki-types v1.13.2
[INFO] [stderr]    Compiling icu_normalizer_data v2.1.1
[INFO] [stderr]    Compiling icu_properties_data v2.1.2
[INFO] [stderr]    Compiling pin-utils v0.1.0
[INFO] [stderr]    Compiling tracing-core v0.1.36
[INFO] [stderr]    Compiling hashbrown v0.16.1
[INFO] [stderr]    Compiling rustls v0.23.35
[INFO] [stderr]    Compiling http v1.4.0
[INFO] [stderr]    Compiling futures-task v0.3.31
[INFO] [stderr]    Compiling httparse v1.10.1
[INFO] [stderr]    Compiling equivalent v1.0.2
[INFO] [stderr]    Compiling untrusted v0.9.0
[INFO] [stderr]    Compiling syn v2.0.112
[INFO] [stderr]    Compiling futures-sink v0.3.31
[INFO] [stderr]    Compiling indexmap v2.12.1
[INFO] [stderr]    Compiling tracing v0.1.44
[INFO] [stderr]    Compiling futures-util v0.3.31
[INFO] [stderr]    Compiling jobserver v0.1.34
[INFO] [stderr]    Compiling mio v1.1.1
[INFO] [stderr]    Compiling socket2 v0.6.1
[INFO] [stderr]    Compiling cc v1.2.51
[INFO] [stderr]    Compiling tokio v1.48.0
[INFO] [stderr]    Compiling http-body v1.0.1
[INFO] [stderr]    Compiling tower-service v0.3.3
[INFO] [stderr]    Compiling percent-encoding v2.3.2
[INFO] [stderr]    Compiling slab v0.4.11
[INFO] [stderr]    Compiling serde v1.0.228
[INFO] [stderr]    Compiling atomic-waker v1.1.2
[INFO] [stderr]    Compiling try-lock v0.2.5
[INFO] [stderr]    Compiling subtle v2.6.1
[INFO] [stderr]    Compiling fnv v1.0.7
[INFO] [stderr]    Compiling want v0.3.1
[INFO] [stderr]    Compiling futures-channel v0.3.31
[INFO] [stderr]    Compiling zmij v1.0.5
[INFO] [stderr]    Compiling autocfg v1.5.0
[INFO] [stderr]    Compiling cmake v0.1.57
[INFO] [stderr]    Compiling sync_wrapper v1.0.2
[INFO] [stderr]    Compiling utf8_iter v1.0.4
[INFO] [stderr]    Compiling base64 v0.22.1
[INFO] [stderr]    Compiling num-traits v0.2.19
[INFO] [stderr]    Compiling openssl-probe v0.2.0
[INFO] [stderr]    Compiling serde_json v1.0.148
[INFO] [stderr]    Compiling ipnet v2.11.0
[INFO] [stderr]    Compiling tower-layer v0.3.3
[INFO] [stderr]    Compiling rustls-native-certs v0.8.3
[INFO] [stderr]    Compiling form_urlencoded v1.2.2
[INFO] [stderr]    Compiling cfg-if v1.0.4
[INFO] [stderr]    Compiling memchr v2.7.6
[INFO] [stderr]    Compiling log v0.4.29
[INFO] [stderr]    Compiling iri-string v0.7.10
[INFO] [stderr]    Compiling bitflags v2.10.0
[INFO] [stderr]    Compiling aws-lc-sys v0.35.0
[INFO] [stderr]    Compiling encoding_rs v0.8.35
[INFO] [stderr]    Compiling synstructure v0.13.2
[INFO] [stderr]    Compiling http-body-util v0.1.3
[INFO] [stderr]    Compiling mime v0.3.17
[INFO] [stderr]    Compiling iana-time-zone v0.1.64
[INFO] [stderr]    Compiling uuid v1.19.0
[INFO] [stderr]    Compiling zerofrom-derive v0.1.6
[INFO] [stderr]    Compiling yoke-derive v0.8.1
[INFO] [stderr]    Compiling zerovec-derive v0.11.2
[INFO] [stderr]    Compiling displaydoc v0.2.5
[INFO] [stderr]    Compiling serde_derive v1.0.228
[INFO] [stderr]    Compiling zerofrom v0.1.6
[INFO] [stderr]    Compiling yoke v0.8.1
[INFO] [stderr]    Compiling zerotrie v0.2.3
[INFO] [stderr]    Compiling zerovec v0.11.5
[INFO] [stderr]    Compiling tokio-util v0.7.17
[INFO] [stderr]    Compiling tower v0.5.2
[INFO] [stderr]    Compiling h2 v0.4.12
[INFO] [stderr]    Compiling tower-http v0.6.8
[INFO] [stderr]    Compiling tinystr v0.8.2
[INFO] [stderr]    Compiling potential_utf v0.1.4
[INFO] [stderr]    Compiling icu_locale_core v2.1.1
[INFO] [stderr]    Compiling icu_collections v2.1.1
[INFO] [stderr]    Compiling icu_provider v2.1.1
[INFO] [stderr]    Compiling icu_normalizer v2.1.1
[INFO] [stderr]    Compiling icu_properties v2.1.2
[INFO] [stderr]    Compiling idna_adapter v1.2.1
[INFO] [stderr]    Compiling chrono v0.4.42
[INFO] [stderr]    Compiling idna v1.1.0
[INFO] [stderr]    Compiling hyper v1.8.1
[INFO] [stderr]    Compiling url v2.5.7
[INFO] [stderr]    Compiling hyper-util v0.1.19
[INFO] [stderr]    Compiling rustls-webpki v0.103.8
[INFO] [stderr]    Compiling tokio-rustls v0.26.4
[INFO] [stderr]    Compiling rustls-platform-verifier v0.6.2
[INFO] [stderr]    Compiling hyper-rustls v0.27.7
[INFO] [stderr]    Compiling reqwest v0.13.1
[INFO] [stderr]    Compiling valorant-assets-api v0.1.7 (/opt/rustwide/workdir)
[INFO] [stderr]     Finished `dev` profile [unoptimized + debuginfo] target(s) in 2m 01s
[INFO] running `Command { std: "docker" "inspect" "59879d4b9554ffaef37d49e50e55863e22ccbadb9dfd4fadaff280894136a94f", kill_on_drop: false }`
[INFO] running `Command { std: "docker" "exec" "-e" "SOURCE_DIR=/opt/rustwide/workdir" "-e" "CARGO_HOME=/opt/rustwide/cargo-home" "-e" "RUSTUP_HOME=/opt/rustwide/rustup-home" "-e" "CARGO_TARGET_DIR=/opt/rustwide/target" "-e" "CARGO_INCREMENTAL=0" "-e" "RUST_BACKTRACE=full" "-e" "RUSTFLAGS=--cap-lints=warn" "-e" "RUSTDOCFLAGS=--cap-lints=warn" "-w" "/opt/rustwide/workdir" "--user" "0:0" "59879d4b9554ffaef37d49e50e55863e22ccbadb9dfd4fadaff280894136a94f" "/opt/rustwide/cargo-home/bin/cargo" "+1.99.0-beta.8" "test" "--frozen" "--no-run" "--message-format=json", kill_on_drop: false }`
[INFO] [stderr]    Compiling syn v2.0.112
[INFO] [stderr]    Compiling synstructure v0.13.2
[INFO] [stderr]    Compiling zerofrom-derive v0.1.6
[INFO] [stderr]    Compiling yoke-derive v0.8.1
[INFO] [stderr]    Compiling zerovec-derive v0.11.2
[INFO] [stderr]    Compiling displaydoc v0.2.5
[INFO] [stderr]    Compiling tokio-macros v2.6.0
[INFO] [stderr]    Compiling serde_derive v1.0.228
[INFO] [stderr]    Compiling tokio v1.48.0
[INFO] [stderr]    Compiling zerofrom v0.1.6
[INFO] [stderr]    Compiling yoke v0.8.1
[INFO] [stderr]    Compiling zerovec v0.11.5
[INFO] [stderr]    Compiling zerotrie v0.2.3
[INFO] [stderr]    Compiling tinystr v0.8.2
[INFO] [stderr]    Compiling potential_utf v0.1.4
[INFO] [stderr]    Compiling icu_collections v2.1.1
[INFO] [stderr]    Compiling icu_locale_core v2.1.1
[INFO] [stderr]    Compiling icu_provider v2.1.1
[INFO] [stderr]    Compiling icu_normalizer v2.1.1
[INFO] [stderr]    Compiling icu_properties v2.1.2
[INFO] [stderr]    Compiling serde v1.0.228
[INFO] [stderr]    Compiling chrono v0.4.42
[INFO] [stderr]    Compiling idna_adapter v1.2.1
[INFO] [stderr]    Compiling idna v1.1.0
[INFO] [stderr]    Compiling url v2.5.7
[INFO] [stderr]    Compiling tokio-util v0.7.17
[INFO] [stderr]    Compiling tokio-rustls v0.26.4
[INFO] [stderr]    Compiling tower v0.5.2
[INFO] [stderr]    Compiling tower-http v0.6.8
[INFO] [stderr]    Compiling h2 v0.4.12
[INFO] [stderr]    Compiling hyper v1.8.1
[INFO] [stderr]    Compiling hyper-util v0.1.19
[INFO] [stderr]    Compiling hyper-rustls v0.27.7
[INFO] [stderr]    Compiling reqwest v0.13.1
[INFO] [stderr]    Compiling valorant-assets-api v0.1.7 (/opt/rustwide/workdir)
[INFO] [stderr]     Finished `test` profile [unoptimized + debuginfo] target(s) in 1m 10s
[INFO] running `Command { std: "docker" "inspect" "59879d4b9554ffaef37d49e50e55863e22ccbadb9dfd4fadaff280894136a94f", kill_on_drop: false }`
[INFO] running `Command { std: "docker" "exec" "-e" "SOURCE_DIR=/opt/rustwide/workdir" "-e" "CARGO_HOME=/opt/rustwide/cargo-home" "-e" "RUSTUP_HOME=/opt/rustwide/rustup-home" "-e" "CARGO_TARGET_DIR=/opt/rustwide/target" "-e" "CARGO_INCREMENTAL=0" "-e" "RUST_BACKTRACE=full" "-e" "RUSTFLAGS=--cap-lints=warn" "-e" "RUSTDOCFLAGS=--cap-lints=warn" "-w" "/opt/rustwide/workdir" "--user" "0:0" "59879d4b9554ffaef37d49e50e55863e22ccbadb9dfd4fadaff280894136a94f" "/opt/rustwide/cargo-home/bin/cargo" "+1.99.0-beta.8" "test" "--frozen", kill_on_drop: false }`
[INFO] [stderr]     Finished `test` profile [unoptimized + debuginfo] target(s) in 0.26s
[INFO] [stderr]      Running unittests src/lib.rs (/opt/rustwide/target/debug/deps/valorant_assets_api-9dfab80b987b18df)
[INFO] [stdout] 
[INFO] [stderr]    Doc-tests valorant_assets_api
[INFO] [stdout] running 0 tests
[INFO] [stdout] 
[INFO] [stdout] test result: ok. 0 passed; 0 failed; 0 ignored; 0 measured; 0 filtered out; finished in 0.00s
[INFO] [stdout] 
[INFO] [stdout] 
[INFO] [stdout] running 1 test
[INFO] [stdout] test src/lib.rs - (line 11) ... FAILED
[INFO] [stdout] 
[INFO] [stdout] failures:
[INFO] [stdout] 
[INFO] [stdout] ---- src/lib.rs - (line 11) stdout ----
[INFO] [stdout] Test executable failed (exit status: 101).
[INFO] [stdout] 
[INFO] [stdout] stderr:
[INFO] [stdout] 
[INFO] [stdout] thread 'main' (3502) panicked at src/lib.rs:15:10:
[INFO] [stdout] Failed to get agents: reqwest::Error { kind: Request, url: "https://valorant-api.com/v1/agents?language=de-DE", source: hyper_util::client::legacy::Error(Connect, ConnectError("dns error", Custom { kind: Uncategorized, error: "failed to lookup address information: Temporary failure in name resolution" })) }
[INFO] [stdout] stack backtrace:
[INFO] [stdout]    0:     0x6490339e58f1 - std[70759c8f55707aa4]::backtrace_rs::backtrace::libunwind::trace
[INFO] [stdout]                                at /rustc/dfb0accb7f508ae8be965d8629557221c889dd98/library/std/src/../../backtrace/src/backtrace/libunwind.rs:117:9
[INFO] [stdout]    1:     0x6490339e58f1 - std[70759c8f55707aa4]::backtrace_rs::backtrace::trace_unsynchronized::<std[70759c8f55707aa4]::sys::backtrace::_print_fmt::{closure#1}>
[INFO] [stdout]                                at /rustc/dfb0accb7f508ae8be965d8629557221c889dd98/library/std/src/../../backtrace/src/backtrace/mod.rs:66:14
[INFO] [stdout]    2:     0x6490339e58f1 - std[70759c8f55707aa4]::sys::backtrace::_print_fmt
[INFO] [stdout]                                at /rustc/dfb0accb7f508ae8be965d8629557221c889dd98/library/std/src/sys/backtrace.rs:74:9
[INFO] [stdout]    3:     0x6490339e58f1 - <<std[70759c8f55707aa4]::sys::backtrace::BacktraceLock>::print::DisplayBacktrace as core[df12db4294e9bfd3]::fmt::Display>::fmt
[INFO] [stdout]                                at /rustc/dfb0accb7f508ae8be965d8629557221c889dd98/library/std/src/sys/backtrace.rs:44:26
[INFO] [stdout]    4:     0x6490339fb45a - <core[df12db4294e9bfd3]::fmt::rt::Argument>::fmt
[INFO] [stdout]                                at /rustc/dfb0accb7f508ae8be965d8629557221c889dd98/library/core/src/fmt/rt.rs:152:76
[INFO] [stdout]    5:     0x6490339fb45a - core[df12db4294e9bfd3]::fmt::write
[INFO] [stdout]    6:     0x6490339eabac - core[df12db4294e9bfd3]::io::write::default_write_fmt::<std[70759c8f55707aa4]::sys::stdio::unix::Stderr>
[INFO] [stdout]                                at /rustc/dfb0accb7f508ae8be965d8629557221c889dd98/library/core/src/io/write.rs:402:11
[INFO] [stdout]    7:     0x6490339eabac - <std[70759c8f55707aa4]::sys::stdio::unix::Stderr as core[df12db4294e9bfd3]::io::write::Write>::write_fmt
[INFO] [stdout]                                at /rustc/dfb0accb7f508ae8be965d8629557221c889dd98/library/core/src/io/write.rs:335:13
[INFO] [stdout]    8:     0x6490339c8b96 - <std[70759c8f55707aa4]::sys::backtrace::BacktraceLock>::print
[INFO] [stdout]                                at /rustc/dfb0accb7f508ae8be965d8629557221c889dd98/library/std/src/sys/backtrace.rs:47:9
[INFO] [stdout]    9:     0x6490339c8b96 - std[70759c8f55707aa4]::panicking::default_hook::{closure#0}
[INFO] [stdout]                                at /rustc/dfb0accb7f508ae8be965d8629557221c889dd98/library/std/src/panicking.rs:292:27
[INFO] [stdout]   10:     0x6490339ddd51 - std[70759c8f55707aa4]::panicking::default_hook
[INFO] [stdout]                                at /rustc/dfb0accb7f508ae8be965d8629557221c889dd98/library/std/src/panicking.rs:319:9
[INFO] [stdout]   11:     0x6490339de07b - std[70759c8f55707aa4]::panicking::panic_with_hook
[INFO] [stdout]                                at /rustc/dfb0accb7f508ae8be965d8629557221c889dd98/library/std/src/panicking.rs:815:13
[INFO] [stdout]   12:     0x6490339c8c42 - std[70759c8f55707aa4]::panicking::panic_handler::{closure#0}
[INFO] [stdout]                                at /rustc/dfb0accb7f508ae8be965d8629557221c889dd98/library/std/src/panicking.rs:688:13
[INFO] [stdout]   13:     0x6490339c1a39 - std[70759c8f55707aa4]::sys::backtrace::__rust_end_short_backtrace::<std[70759c8f55707aa4]::panicking::panic_handler::{closure#0}, !>
[INFO] [stdout]                                at /rustc/dfb0accb7f508ae8be965d8629557221c889dd98/library/std/src/sys/backtrace.rs:182:18
[INFO] [stdout]   14:     0x6490339c9a1d - __rustc[8fa7c3cbc660c2b3]::rust_begin_unwind
[INFO] [stdout]                                at /rustc/dfb0accb7f508ae8be965d8629557221c889dd98/library/std/src/panicking.rs:679:5
[INFO] [stdout]   15:     0x6490339fbc7c - core[df12db4294e9bfd3]::panicking::panic_fmt
[INFO] [stdout]                                at /rustc/dfb0accb7f508ae8be965d8629557221c889dd98/library/core/src/panicking.rs:80:14
[INFO] [stdout]   16:     0x6490339fb9d2 - core[df12db4294e9bfd3]::result::unwrap_failed
[INFO] [stdout]                                at /rustc/dfb0accb7f508ae8be965d8629557221c889dd98/library/core/src/result.rs:1871:5
[INFO] [stdout]   17:     0x64903324cde9 - <core[df12db4294e9bfd3]::result::Result<alloc[2182bb758b4b3781]::vec::Vec<valorant_assets_api[99dd43c58f3dcef2]::models::agent::Agent>, reqwest[f3efd617cefbb2f6]::error::Error>>::expect
[INFO] [stdout]   18:     0x64903324c915 - rust_out[fc2a76a7d39855e1]::main::{closure#0}
[INFO] [stdout]   19:     0x64903324a3b6 - <tokio[5ad3ec02023d2360]::runtime::park::CachedParkThread>::block_on::<rust_out[fc2a76a7d39855e1]::main::{closure#0}>::{closure#0}
[INFO] [stdout]   20:     0x6490332476f6 - <tokio[5ad3ec02023d2360]::runtime::park::CachedParkThread>::block_on::<rust_out[fc2a76a7d39855e1]::main::{closure#0}>
[INFO] [stdout]   21:     0x649033245bfb - <tokio[5ad3ec02023d2360]::runtime::context::blocking::BlockingRegionGuard>::block_on::<rust_out[fc2a76a7d39855e1]::main::{closure#0}>
[INFO] [stdout]   22:     0x649033249a0e - <tokio[5ad3ec02023d2360]::runtime::scheduler::multi_thread::MultiThread>::block_on::<rust_out[fc2a76a7d39855e1]::main::{closure#0}>::{closure#0}
[INFO] [stdout]   23:     0x64903324948f - tokio[5ad3ec02023d2360]::runtime::context::runtime::enter_runtime::<<tokio[5ad3ec02023d2360]::runtime::scheduler::multi_thread::MultiThread>::block_on<rust_out[fc2a76a7d39855e1]::main::{closure#0}>::{closure#0}, ()>
[INFO] [stdout]   24:     0x649033245c93 - <tokio[5ad3ec02023d2360]::runtime::scheduler::multi_thread::MultiThread>::block_on::<rust_out[fc2a76a7d39855e1]::main::{closure#0}>
[INFO] [stdout]   25:     0x649033245479 - <tokio[5ad3ec02023d2360]::runtime::runtime::Runtime>::block_on_inner::<rust_out[fc2a76a7d39855e1]::main::{closure#0}>
[INFO] [stdout]   26:     0x6490332456d2 - <tokio[5ad3ec02023d2360]::runtime::runtime::Runtime>::block_on::<rust_out[fc2a76a7d39855e1]::main::{closure#0}>
[INFO] [stdout]   27:     0x64903324cc5f - rust_out[fc2a76a7d39855e1]::main
[INFO] [stdout]   28:     0x64903324e343 - <fn() as core[df12db4294e9bfd3]::ops::function::FnOnce<()>>::call_once
[INFO] [stdout]   29:     0x64903324926e - std[70759c8f55707aa4]::sys::backtrace::__rust_begin_short_backtrace::<fn(), ()>
[INFO] [stdout]   30:     0x64903324b8d9 - std[70759c8f55707aa4]::rt::lang_start::<()>::{closure#0}
[INFO] [stdout]   31:     0x6490339dd4a9 - <&dyn core[df12db4294e9bfd3]::ops::function::Fn<(), Output = i32> + core[df12db4294e9bfd3]::panic::unwind_safe::RefUnwindSafe + core[df12db4294e9bfd3]::marker::Sync as core[df12db4294e9bfd3]::ops::function::FnOnce<()>>::call_once
[INFO] [stdout]                                at /rustc/dfb0accb7f508ae8be965d8629557221c889dd98/library/core/src/ops/function.rs:287:21
[INFO] [stdout]   32:     0x6490339dd4a9 - std[70759c8f55707aa4]::panicking::catch_unwind::do_call::<&dyn core[df12db4294e9bfd3]::ops::function::Fn<(), Output = i32> + core[df12db4294e9bfd3]::panic::unwind_safe::RefUnwindSafe + core[df12db4294e9bfd3]::marker::Sync, i32>
[INFO] [stdout]                                at /rustc/dfb0accb7f508ae8be965d8629557221c889dd98/library/std/src/panicking.rs:576:43
[INFO] [stdout]   33:     0x6490339dd4a9 - std[70759c8f55707aa4]::panicking::catch_unwind::<i32, &dyn core[df12db4294e9bfd3]::ops::function::Fn<(), Output = i32> + core[df12db4294e9bfd3]::panic::unwind_safe::RefUnwindSafe + core[df12db4294e9bfd3]::marker::Sync>
[INFO] [stdout]                                at /rustc/dfb0accb7f508ae8be965d8629557221c889dd98/library/std/src/panicking.rs:544:19
[INFO] [stdout]   34:     0x6490339dd4a9 - std[70759c8f55707aa4]::panic::catch_unwind::<&dyn core[df12db4294e9bfd3]::ops::function::Fn<(), Output = i32> + core[df12db4294e9bfd3]::panic::unwind_safe::RefUnwindSafe + core[df12db4294e9bfd3]::marker::Sync, i32>
[INFO] [stdout]                                at /rustc/dfb0accb7f508ae8be965d8629557221c889dd98/library/std/src/panic.rs:359:14
[INFO] [stdout]   35:     0x6490339dd4a9 - std[70759c8f55707aa4]::rt::lang_start_internal::{closure#0}
[INFO] [stdout]                                at /rustc/dfb0accb7f508ae8be965d8629557221c889dd98/library/std/src/rt.rs:175:24
[INFO] [stdout]   36:     0x6490339dd4a9 - std[70759c8f55707aa4]::panicking::catch_unwind::do_call::<std[70759c8f55707aa4]::rt::lang_start_internal::{closure#0}, isize>
[INFO] [stdout]                                at /rustc/dfb0accb7f508ae8be965d8629557221c889dd98/library/std/src/panicking.rs:576:43
[INFO] [stdout]   37:     0x6490339dd4a9 - std[70759c8f55707aa4]::panicking::catch_unwind::<isize, std[70759c8f55707aa4]::rt::lang_start_internal::{closure#0}>
[INFO] [stdout]                                at /rustc/dfb0accb7f508ae8be965d8629557221c889dd98/library/std/src/panicking.rs:544:19
[INFO] [stdout]   38:     0x6490339dd4a9 - std[70759c8f55707aa4]::panic::catch_unwind::<std[70759c8f55707aa4]::rt::lang_start_internal::{closure#0}, isize>
[INFO] [stdout]                                at /rustc/dfb0accb7f508ae8be965d8629557221c889dd98/library/std/src/panic.rs:359:14
[INFO] [stdout]   39:     0x6490339dd4a9 - std[70759c8f55707aa4]::rt::lang_start_internal
[INFO] [stdout]                                at /rustc/dfb0accb7f508ae8be965d8629557221c889dd98/library/std/src/rt.rs:171:5
[INFO] [stdout]   40:     0x649033248f11 - std[70759c8f55707aa4]::rt::lang_start::<()>
[INFO] [stdout]   41:     0x64903324e3b5 - main
[INFO] [stdout]   42:     0x7c7521d12601 - <unknown>
[INFO] [stdout]   43:     0x7c7521d12718 - __libc_start_main
[INFO] [stdout]   44:     0x6490332451e5 - _start
[INFO] [stdout]   45:                0x0 - <unknown>
[INFO] [stdout] 
[INFO] [stdout] 
[INFO] [stdout] 
[INFO] [stdout] failures:
[INFO] [stdout]     src/lib.rs - (line 11)
[INFO] [stdout] 
[INFO] [stdout] test result: FAILED. 0 passed; 1 failed; 0 ignored; 0 measured; 0 filtered out; finished in 1.18s
[INFO] [stdout] 
[INFO] [stderr] error: doctest failed, to rerun pass `--doc`
[INFO] running `Command { std: "docker" "inspect" "59879d4b9554ffaef37d49e50e55863e22ccbadb9dfd4fadaff280894136a94f", kill_on_drop: false }`
[INFO] running `Command { std: "docker" "rm" "-f" "59879d4b9554ffaef37d49e50e55863e22ccbadb9dfd4fadaff280894136a94f", kill_on_drop: false }`
[INFO] [stdout] 59879d4b9554ffaef37d49e50e55863e22ccbadb9dfd4fadaff280894136a94f
