[INFO] fetching crate utoipa-scalar 0.4.0...
[INFO] testing utoipa-scalar-0.4.0 against 1.99.0-beta.8 for beta-1.100-2
[INFO] extracting crate utoipa-scalar 0.4.0 into /workspace/builds/worker-3-tc1/source
[INFO] started tweaking crates.io crate utoipa-scalar 0.4.0
[INFO] finished tweaking crates.io crate utoipa-scalar 0.4.0
[INFO] tweaked toml for crates.io crate utoipa-scalar 0.4.0 written to /workspace/builds/worker-3-tc1/source/Cargo.toml
[INFO] validating manifest of crates.io crate utoipa-scalar 0.4.0 on toolchain 1.99.0-beta.8
[INFO] running `Command { std: CARGO_HOME="/workspace/cargo-home" RUSTUP_HOME="/workspace/rustup-home" "/workspace/cargo-home/bin/cargo" "+1.99.0-beta.8" "metadata" "--manifest-path" "Cargo.toml" "--no-deps", kill_on_drop: false }`
[INFO] crate crates.io crate utoipa-scalar 0.4.0 already has a lockfile, it will not be regenerated
[INFO] running `Command { std: CARGO_HOME="/workspace/cargo-home" RUSTUP_HOME="/workspace/rustup-home" "/workspace/cargo-home/bin/cargo" "+1.99.0-beta.8" "fetch" "--manifest-path" "Cargo.toml", kill_on_drop: false }`
[INFO] [stderr]     Updating crates.io index
[INFO] [stderr]     Blocking waiting for file lock on package cache
[INFO] [stderr]  Downloading crates ...
[INFO] [stderr]   Downloaded state v0.6.0
[INFO] [stderr]   Downloaded ubyte v0.10.4
[INFO] [stderr]   Downloaded devise v0.4.2
[INFO] [stderr]   Downloaded binascii v0.1.4
[INFO] [stderr]   Downloaded devise_codegen v0.4.2
[INFO] [stderr]   Downloaded utoipa-gen v6.0.0
[INFO] [stderr]   Downloaded multiversion-macros v0.9.0
[INFO] [stderr]   Downloaded stable-pattern v0.1.0
[INFO] [stderr]   Downloaded devise_core v0.4.2
[INFO] [stderr]   Downloaded multiversion v0.9.0
[INFO] [stderr]   Downloaded bytestring v1.5.1
[INFO] [stderr]   Downloaded atomic v0.5.3
[INFO] [stderr]   Downloaded actix-rt v2.15.0
[INFO] [stderr]   Downloaded impl-more v0.3.8
[INFO] [stderr]   Downloaded local-waker v0.1.4
[INFO] [stderr]   Downloaded actix-utils v3.0.2
[INFO] [stderr]   Downloaded actix-service v2.0.3
[INFO] [stderr]   Downloaded utoipa v6.0.0
[INFO] [stderr]   Downloaded language-tags v0.3.2
[INFO] [stderr]   Downloaded actix-server v2.9.5
[INFO] [stderr]   Downloaded actix-router v0.5.4
[INFO] [stderr]   Downloaded rocket_http v0.5.1
[INFO] [stderr]   Downloaded actix-codec v0.5.4
[INFO] [stderr]   Downloaded rocket_codegen v0.5.1
[INFO] [stderr]   Downloaded axum v0.8.9
[INFO] [stderr]   Downloaded actix-http v3.13.6
[INFO] [stderr]   Downloaded rocket v0.5.1
[INFO] [stderr]   Downloaded actix-web v4.15.0
[INFO] [stderr]   Downloaded encoding_rs v0.8.41
[INFO] running `Command { std: "docker" "create" "-v" "/var/lib/crater-agent-workspace/builds/worker-3-tc1/source:/opt/rustwide/workdir:ro,Z" "-v" "/var/lib/crater-agent-workspace/builds/worker-3-tc1/target:/opt/rustwide/target:rw,Z" "-v" "/var/lib/crater-agent-workspace/cargo-home:/opt/rustwide/cargo-home:ro,Z" "-v" "/var/lib/crater-agent-workspace/rustup-home:/opt/rustwide/rustup-home:ro,Z" "-m" "1610612736" "--network" "none" "ghcr.io/rust-lang/crates-build-env/linux@sha256:3111399a4047eeb3a02b7a90e478d715f38a8c6669b5c4b49d30a17385265909" "sleep" "infinity", kill_on_drop: false }`
[INFO] [stdout] 205e4a1e8d19f35d8324c3e243dca62d56ad0dfc95ee2e9771158e0c3ef2049b
[INFO] running `Command { std: "docker" "start" "205e4a1e8d19f35d8324c3e243dca62d56ad0dfc95ee2e9771158e0c3ef2049b", kill_on_drop: false }`
[INFO] running `Command { std: "docker" "inspect" "205e4a1e8d19f35d8324c3e243dca62d56ad0dfc95ee2e9771158e0c3ef2049b", kill_on_drop: false }`
[INFO] running `Command { std: "docker" "exec" "-e" "SOURCE_DIR=/opt/rustwide/workdir" "-e" "CARGO_HOME=/opt/rustwide/cargo-home" "-e" "RUSTUP_HOME=/opt/rustwide/rustup-home" "-e" "CARGO_TARGET_DIR=/opt/rustwide/target" "-w" "/opt/rustwide/workdir" "--user" "0:0" "205e4a1e8d19f35d8324c3e243dca62d56ad0dfc95ee2e9771158e0c3ef2049b" "/opt/rustwide/cargo-home/bin/cargo" "+1.99.0-beta.8" "metadata" "--no-deps" "--format-version=1", kill_on_drop: false }`
[INFO] running `Command { std: "docker" "inspect" "205e4a1e8d19f35d8324c3e243dca62d56ad0dfc95ee2e9771158e0c3ef2049b", kill_on_drop: false }`
[INFO] running `Command { std: "docker" "exec" "-e" "SOURCE_DIR=/opt/rustwide/workdir" "-e" "CARGO_HOME=/opt/rustwide/cargo-home" "-e" "RUSTUP_HOME=/opt/rustwide/rustup-home" "-e" "CARGO_TARGET_DIR=/opt/rustwide/target" "-e" "CARGO_INCREMENTAL=0" "-e" "RUST_BACKTRACE=full" "-e" "RUSTFLAGS=--cap-lints=warn" "-e" "RUSTDOCFLAGS=--cap-lints=warn" "-w" "/opt/rustwide/workdir" "--user" "0:0" "205e4a1e8d19f35d8324c3e243dca62d56ad0dfc95ee2e9771158e0c3ef2049b" "/opt/rustwide/cargo-home/bin/cargo" "+1.99.0-beta.8" "build" "--frozen" "--message-format=json", kill_on_drop: false }`
[INFO] [stderr]    Compiling syn v3.0.6
[INFO] [stderr]    Compiling serde_json v1.0.151
[INFO] [stderr]    Compiling indexmap v2.14.2
[INFO] [stderr]    Compiling serde_derive v1.0.229
[INFO] [stderr]    Compiling utoipa-gen v6.0.0
[INFO] [stderr]    Compiling serde v1.0.229
[INFO] [stderr]    Compiling utoipa v6.0.0
[INFO] [stderr]    Compiling utoipa-scalar v0.4.0 (/opt/rustwide/workdir)
[INFO] [stderr]     Finished `dev` profile [unoptimized + debuginfo] target(s) in 15.86s
[INFO] running `Command { std: "docker" "inspect" "205e4a1e8d19f35d8324c3e243dca62d56ad0dfc95ee2e9771158e0c3ef2049b", kill_on_drop: false }`
[INFO] running `Command { std: "docker" "exec" "-e" "SOURCE_DIR=/opt/rustwide/workdir" "-e" "CARGO_HOME=/opt/rustwide/cargo-home" "-e" "RUSTUP_HOME=/opt/rustwide/rustup-home" "-e" "CARGO_TARGET_DIR=/opt/rustwide/target" "-e" "CARGO_INCREMENTAL=0" "-e" "RUST_BACKTRACE=full" "-e" "RUSTFLAGS=--cap-lints=warn" "-e" "RUSTDOCFLAGS=--cap-lints=warn" "-w" "/opt/rustwide/workdir" "--user" "0:0" "205e4a1e8d19f35d8324c3e243dca62d56ad0dfc95ee2e9771158e0c3ef2049b" "/opt/rustwide/cargo-home/bin/cargo" "+1.99.0-beta.8" "test" "--frozen" "--no-run" "--message-format=json", kill_on_drop: false }`
[INFO] [stderr]    Compiling utoipa-scalar v0.4.0 (/opt/rustwide/workdir)
[INFO] [stderr]     Finished `test` profile [unoptimized + debuginfo] target(s) in 0.35s
[INFO] running `Command { std: "docker" "inspect" "205e4a1e8d19f35d8324c3e243dca62d56ad0dfc95ee2e9771158e0c3ef2049b", kill_on_drop: false }`
[INFO] running `Command { std: "docker" "exec" "-e" "SOURCE_DIR=/opt/rustwide/workdir" "-e" "CARGO_HOME=/opt/rustwide/cargo-home" "-e" "RUSTUP_HOME=/opt/rustwide/rustup-home" "-e" "CARGO_TARGET_DIR=/opt/rustwide/target" "-e" "CARGO_INCREMENTAL=0" "-e" "RUST_BACKTRACE=full" "-e" "RUSTFLAGS=--cap-lints=warn" "-e" "RUSTDOCFLAGS=--cap-lints=warn" "-w" "/opt/rustwide/workdir" "--user" "0:0" "205e4a1e8d19f35d8324c3e243dca62d56ad0dfc95ee2e9771158e0c3ef2049b" "/opt/rustwide/cargo-home/bin/cargo" "+1.99.0-beta.8" "test" "--frozen", kill_on_drop: false }`
[INFO] [stderr]     Finished `test` profile [unoptimized + debuginfo] target(s) in 0.07s
[INFO] [stderr]      Running unittests src/lib.rs (/opt/rustwide/target/debug/deps/utoipa_scalar-7fb69ecb9aae5724)
[INFO] [stdout] 
[INFO] [stdout] running 0 tests
[INFO] [stdout] 
[INFO] [stdout] test result: ok. 0 passed; 0 failed; 0 ignored; 0 measured; 0 filtered out; finished in 0.00s
[INFO] [stdout] 
[INFO] [stderr]    Doc-tests utoipa_scalar
[INFO] [stdout] 
[INFO] [stdout] running 10 tests
[INFO] [stdout] test src/lib.rs - Spec (line 290) - compile ... ok
[INFO] [stdout] test src/lib.rs - (line 89) - compile ... FAILED
[INFO] [stdout] test src/lib.rs - (line 102) - compile ... FAILED
[INFO] [stdout] test src/lib.rs - (line 118) - compile ... FAILED
[INFO] [stdout] test src/lib.rs - Spec (line 298) ... ok
[INFO] [stdout] test src/lib.rs - (line 137) ... ok
[INFO] [stdout] test src/lib.rs - Scalar<S>::title (line 266) ... ok
[INFO] [stdout] test src/lib.rs - Scalar<S>::new (line 219) ... ok
[INFO] [stdout] test src/lib.rs - (line 40) ... ok
[INFO] [stdout] test src/lib.rs - (line 75) ... ok
[INFO] [stdout] 
[INFO] [stdout] failures:
[INFO] [stdout] 
[INFO] [stdout] ---- src/lib.rs - (line 89) stdout ----
[INFO] [stdout] error[E0432]: unresolved import `utoipa_scalar::Servable`
[INFO] [stdout]    --> src/lib.rs:92:29
[INFO] [stdout]     |
[INFO] [stdout]  92 | use utoipa_scalar::{Scalar, Servable};
[INFO] [stdout]     |                             ^^^^^^^^ no `Servable` in the root
[INFO] [stdout]     |
[INFO] [stdout] note: found an item that was configured out
[INFO] [stdout]    --> src/lib.rs:173:11
[INFO] [stdout]     |
[INFO] [stdout] 168 | #[cfg(any(feature = "actix-web", feature = "rocket", feature = "axum"))]
[INFO] [stdout]     |          ------------------------------------------------------------- the item is gated here
[INFO] [stdout] ...
[INFO] [stdout] 173 | pub trait Servable<S>
[INFO] [stdout]     |           ^^^^^^^^
[INFO] [stdout] 
[INFO] [stdout] error[E0432]: unresolved import `actix_web`
[INFO] [stdout]   --> src/lib.rs:91:5
[INFO] [stdout]    |
[INFO] [stdout] 91 | use actix_web::App;
[INFO] [stdout]    |     ^^^^^^^^^ use of unresolved module or unlinked crate `actix_web`
[INFO] [stdout]    |
[INFO] [stdout]    = help: if you wanted to use a crate named `actix_web`, use `cargo add actix_web` to add it to your `Cargo.toml`
[INFO] [stdout] 
[INFO] [stdout] error[E0599]: no associated function or constant named `with_url` found for struct `Scalar<S>` in the current scope
[INFO] [stdout]    --> src/lib.rs:99:28
[INFO] [stdout]     |
[INFO] [stdout]  99 | App::new().service(Scalar::with_url("/scalar", ApiDoc::openapi()));
[INFO] [stdout]     |                            ^^^^^^^^ associated function or constant not found in `Scalar<_>`
[INFO] [stdout]     |
[INFO] [stdout] note: if you're trying to build a new `Scalar<_>`, consider using `Scalar::<S>::new` which returns `Scalar<_>`
[INFO] [stdout]    --> src/lib.rs:224:5
[INFO] [stdout]     |
[INFO] [stdout] 224 |     pub fn new(openapi: S) -> Self {
[INFO] [stdout]     |     ^^^^^^^^^^^^^^^^^^^^^^^^^^^^^^
[INFO] [stdout] 
[INFO] [stdout] error: aborting due to 3 previous errors
[INFO] [stdout] 
[INFO] [stdout] Some errors have detailed explanations: E0432, E0599.
[INFO] [stdout] For more information about an error, try `rustc --explain E0432`.
[INFO] [stdout] Couldn't compile the test.
[INFO] [stdout] ---- src/lib.rs - (line 102) stdout ----
[INFO] [stdout] error[E0432]: unresolved import `utoipa_scalar::Servable`
[INFO] [stdout]    --> src/lib.rs:105:29
[INFO] [stdout]     |
[INFO] [stdout] 105 | use utoipa_scalar::{Scalar, Servable};
[INFO] [stdout]     |                             ^^^^^^^^ no `Servable` in the root
[INFO] [stdout]     |
[INFO] [stdout] note: found an item that was configured out
[INFO] [stdout]    --> src/lib.rs:173:11
[INFO] [stdout]     |
[INFO] [stdout] 168 | #[cfg(any(feature = "actix-web", feature = "rocket", feature = "axum"))]
[INFO] [stdout]     |          ------------------------------------------------------------- the item is gated here
[INFO] [stdout] ...
[INFO] [stdout] 173 | pub trait Servable<S>
[INFO] [stdout]     |           ^^^^^^^^
[INFO] [stdout] 
[INFO] [stdout] error[E0432]: unresolved import `rocket`
[INFO] [stdout]    --> src/lib.rs:104:5
[INFO] [stdout]     |
[INFO] [stdout] 104 | use rocket;
[INFO] [stdout]     |     ^^^^^^ no external crate `rocket`
[INFO] [stdout] 
[INFO] [stdout] error[E0599]: no associated function or constant named `with_url` found for struct `Scalar<S>` in the current scope
[INFO] [stdout]    --> src/lib.rs:114:17
[INFO] [stdout]     |
[INFO] [stdout] 114 |         Scalar::with_url("/scalar", ApiDoc::openapi()),
[INFO] [stdout]     |                 ^^^^^^^^ associated function or constant not found in `Scalar<_>`
[INFO] [stdout]     |
[INFO] [stdout] note: if you're trying to build a new `Scalar<_>`, consider using `Scalar::<S>::new` which returns `Scalar<_>`
[INFO] [stdout]    --> src/lib.rs:224:5
[INFO] [stdout]     |
[INFO] [stdout] 224 |     pub fn new(openapi: S) -> Self {
[INFO] [stdout]     |     ^^^^^^^^^^^^^^^^^^^^^^^^^^^^^^
[INFO] [stdout] 
[INFO] [stdout] error: aborting due to 3 previous errors
[INFO] [stdout] 
[INFO] [stdout] Some errors have detailed explanations: E0432, E0599.
[INFO] [stdout] For more information about an error, try `rustc --explain E0432`.
[INFO] [stdout] Couldn't compile the test.
[INFO] [stdout] ---- src/lib.rs - (line 118) stdout ----
[INFO] [stdout] error[E0432]: unresolved import `utoipa_scalar::Servable`
[INFO] [stdout]    --> src/lib.rs:121:29
[INFO] [stdout]     |
[INFO] [stdout] 121 | use utoipa_scalar::{Scalar, Servable};
[INFO] [stdout]     |                             ^^^^^^^^ no `Servable` in the root
[INFO] [stdout]     |
[INFO] [stdout] note: found an item that was configured out
[INFO] [stdout]    --> src/lib.rs:173:11
[INFO] [stdout]     |
[INFO] [stdout] 168 | #[cfg(any(feature = "actix-web", feature = "rocket", feature = "axum"))]
[INFO] [stdout]     |          ------------------------------------------------------------- the item is gated here
[INFO] [stdout] ...
[INFO] [stdout] 173 | pub trait Servable<S>
[INFO] [stdout]     |           ^^^^^^^^
[INFO] [stdout] 
[INFO] [stdout] error[E0432]: unresolved import `axum`
[INFO] [stdout]    --> src/lib.rs:120:5
[INFO] [stdout]     |
[INFO] [stdout] 120 | use axum::Router;
[INFO] [stdout]     |     ^^^^ use of unresolved module or unlinked crate `axum`
[INFO] [stdout]     |
[INFO] [stdout] help: to make use of source file src/axum.rs, use `mod axum` in this file to declare the module
[INFO] [stdout]     |
[INFO] [stdout] 117 + mod axum;
[INFO] [stdout]     |
[INFO] [stdout] 
[INFO] [stdout] error[E0599]: no associated function or constant named `with_url` found for struct `Scalar<S>` in the current scope
[INFO] [stdout]    --> src/lib.rs:133:20
[INFO] [stdout]     |
[INFO] [stdout] 133 |     .merge(Scalar::with_url("/scalar", ApiDoc::openapi()));
[INFO] [stdout]     |                    ^^^^^^^^ associated function or constant not found in `Scalar<_>`
[INFO] [stdout]     |
[INFO] [stdout] note: if you're trying to build a new `Scalar<_>`, consider using `Scalar::<S>::new` which returns `Scalar<_>`
[INFO] [stdout]    --> src/lib.rs:224:5
[INFO] [stdout]     |
[INFO] [stdout] 224 |     pub fn new(openapi: S) -> Self {
[INFO] [stdout]     |     ^^^^^^^^^^^^^^^^^^^^^^^^^^^^^^
[INFO] [stdout] 
[INFO] [stdout] error: aborting due to 3 previous errors
[INFO] [stdout] 
[INFO] [stdout] Some errors have detailed explanations: E0432, E0599.
[INFO] [stdout] For more information about an error, try `rustc --explain E0432`.
[INFO] [stdout] Couldn't compile the test.
[INFO] [stdout] 
[INFO] [stdout] failures:
[INFO] [stdout]     src/lib.rs - (line 102)
[INFO] [stdout]     src/lib.rs - (line 118)
[INFO] [stdout]     src/lib.rs - (line 89)
[INFO] [stdout] 
[INFO] [stdout] test result: FAILED. 7 passed; 3 failed; 0 ignored; 0 measured; 0 filtered out; finished in 0.58s
[INFO] [stdout] 
[INFO] [stderr] error: doctest failed, to rerun pass `--doc`
[INFO] running `Command { std: "docker" "inspect" "205e4a1e8d19f35d8324c3e243dca62d56ad0dfc95ee2e9771158e0c3ef2049b", kill_on_drop: false }`
[INFO] running `Command { std: "docker" "rm" "-f" "205e4a1e8d19f35d8324c3e243dca62d56ad0dfc95ee2e9771158e0c3ef2049b", kill_on_drop: false }`
[INFO] [stdout] 205e4a1e8d19f35d8324c3e243dca62d56ad0dfc95ee2e9771158e0c3ef2049b
