[INFO] fetching crate umili-derive 0.2.0...
[INFO] testing umili-derive-0.2.0 against 1.99.0-beta.8 for beta-1.100-2
[INFO] extracting crate umili-derive 0.2.0 into /workspace/builds/worker-3-tc1/source
[INFO] started tweaking crates.io crate umili-derive 0.2.0
[INFO] finished tweaking crates.io crate umili-derive 0.2.0
[INFO] tweaked toml for crates.io crate umili-derive 0.2.0 written to /workspace/builds/worker-3-tc1/source/Cargo.toml
[INFO] validating manifest of crates.io crate umili-derive 0.2.0 on toolchain 1.99.0-beta.8
[INFO] running `Command { std: CARGO_HOME="/workspace/cargo-home" RUSTUP_HOME="/workspace/rustup-home" "/workspace/cargo-home/bin/cargo" "+1.99.0-beta.8" "metadata" "--manifest-path" "Cargo.toml" "--no-deps", kill_on_drop: false }`
[INFO] crate crates.io crate umili-derive 0.2.0 already has a lockfile, it will not be regenerated
[INFO] running `Command { std: CARGO_HOME="/workspace/cargo-home" RUSTUP_HOME="/workspace/rustup-home" "/workspace/cargo-home/bin/cargo" "+1.99.0-beta.8" "fetch" "--manifest-path" "Cargo.toml", kill_on_drop: false }`
[INFO] [stderr]  Downloading crates ...
[INFO] [stderr]   Downloaded serde_derive v1.0.217
[INFO] [stderr]   Downloaded quote v1.0.38
[INFO] [stderr]   Downloaded proc-macro2 v1.0.93
[INFO] [stderr]   Downloaded serde v1.0.217
[INFO] running `Command { std: "docker" "create" "-v" "/var/lib/crater-agent-workspace/builds/worker-3-tc1/source:/opt/rustwide/workdir:ro,Z" "-v" "/var/lib/crater-agent-workspace/builds/worker-3-tc1/target:/opt/rustwide/target:rw,Z" "-v" "/var/lib/crater-agent-workspace/cargo-home:/opt/rustwide/cargo-home:ro,Z" "-v" "/var/lib/crater-agent-workspace/rustup-home:/opt/rustwide/rustup-home:ro,Z" "-m" "1610612736" "--network" "none" "ghcr.io/rust-lang/crates-build-env/linux@sha256:3111399a4047eeb3a02b7a90e478d715f38a8c6669b5c4b49d30a17385265909" "sleep" "infinity", kill_on_drop: false }`
[INFO] [stdout] 91d79a2356f74241e33fa39698e8faf7808f0fb23bb1ed056c74f7ee421414d1
[INFO] running `Command { std: "docker" "start" "91d79a2356f74241e33fa39698e8faf7808f0fb23bb1ed056c74f7ee421414d1", kill_on_drop: false }`
[INFO] running `Command { std: "docker" "inspect" "91d79a2356f74241e33fa39698e8faf7808f0fb23bb1ed056c74f7ee421414d1", kill_on_drop: false }`
[INFO] running `Command { std: "docker" "exec" "-e" "SOURCE_DIR=/opt/rustwide/workdir" "-e" "CARGO_HOME=/opt/rustwide/cargo-home" "-e" "RUSTUP_HOME=/opt/rustwide/rustup-home" "-e" "CARGO_TARGET_DIR=/opt/rustwide/target" "-w" "/opt/rustwide/workdir" "--user" "0:0" "91d79a2356f74241e33fa39698e8faf7808f0fb23bb1ed056c74f7ee421414d1" "/opt/rustwide/cargo-home/bin/cargo" "+1.99.0-beta.8" "metadata" "--no-deps" "--format-version=1", kill_on_drop: false }`
[INFO] running `Command { std: "docker" "inspect" "91d79a2356f74241e33fa39698e8faf7808f0fb23bb1ed056c74f7ee421414d1", kill_on_drop: false }`
[INFO] running `Command { std: "docker" "exec" "-e" "SOURCE_DIR=/opt/rustwide/workdir" "-e" "CARGO_HOME=/opt/rustwide/cargo-home" "-e" "RUSTUP_HOME=/opt/rustwide/rustup-home" "-e" "CARGO_TARGET_DIR=/opt/rustwide/target" "-e" "CARGO_INCREMENTAL=0" "-e" "RUST_BACKTRACE=full" "-e" "RUSTFLAGS=--cap-lints=warn" "-e" "RUSTDOCFLAGS=--cap-lints=warn" "-w" "/opt/rustwide/workdir" "--user" "0:0" "91d79a2356f74241e33fa39698e8faf7808f0fb23bb1ed056c74f7ee421414d1" "/opt/rustwide/cargo-home/bin/cargo" "+1.99.0-beta.8" "build" "--frozen" "--message-format=json", kill_on_drop: false }`
[INFO] [stderr]    Compiling proc-macro2 v1.0.93
[INFO] [stderr]    Compiling unicode-ident v1.0.16
[INFO] [stderr]    Compiling quote v1.0.38
[INFO] [stderr]    Compiling syn v2.0.98
[INFO] [stderr]    Compiling umili-derive v0.2.0 (/opt/rustwide/workdir)
[INFO] [stderr]     Finished `dev` profile [unoptimized + debuginfo] target(s) in 5.44s
[INFO] running `Command { std: "docker" "inspect" "91d79a2356f74241e33fa39698e8faf7808f0fb23bb1ed056c74f7ee421414d1", kill_on_drop: false }`
[INFO] running `Command { std: "docker" "exec" "-e" "SOURCE_DIR=/opt/rustwide/workdir" "-e" "CARGO_HOME=/opt/rustwide/cargo-home" "-e" "RUSTUP_HOME=/opt/rustwide/rustup-home" "-e" "CARGO_TARGET_DIR=/opt/rustwide/target" "-e" "CARGO_INCREMENTAL=0" "-e" "RUST_BACKTRACE=full" "-e" "RUSTFLAGS=--cap-lints=warn" "-e" "RUSTDOCFLAGS=--cap-lints=warn" "-w" "/opt/rustwide/workdir" "--user" "0:0" "91d79a2356f74241e33fa39698e8faf7808f0fb23bb1ed056c74f7ee421414d1" "/opt/rustwide/cargo-home/bin/cargo" "+1.99.0-beta.8" "test" "--frozen" "--no-run" "--message-format=json", kill_on_drop: false }`
[INFO] [stderr]    Compiling serde v1.0.217
[INFO] [stderr]    Compiling serde_derive v1.0.217
[INFO] [stderr]    Compiling umili-derive v0.2.0 (/opt/rustwide/workdir)
[INFO] [stderr]     Finished `test` profile [unoptimized + debuginfo] target(s) in 6.24s
[INFO] running `Command { std: "docker" "inspect" "91d79a2356f74241e33fa39698e8faf7808f0fb23bb1ed056c74f7ee421414d1", kill_on_drop: false }`
[INFO] running `Command { std: "docker" "exec" "-e" "SOURCE_DIR=/opt/rustwide/workdir" "-e" "CARGO_HOME=/opt/rustwide/cargo-home" "-e" "RUSTUP_HOME=/opt/rustwide/rustup-home" "-e" "CARGO_TARGET_DIR=/opt/rustwide/target" "-e" "CARGO_INCREMENTAL=0" "-e" "RUST_BACKTRACE=full" "-e" "RUSTFLAGS=--cap-lints=warn" "-e" "RUSTDOCFLAGS=--cap-lints=warn" "-w" "/opt/rustwide/workdir" "--user" "0:0" "91d79a2356f74241e33fa39698e8faf7808f0fb23bb1ed056c74f7ee421414d1" "/opt/rustwide/cargo-home/bin/cargo" "+1.99.0-beta.8" "test" "--frozen", kill_on_drop: false }`
[INFO] [stderr]     Finished `test` profile [unoptimized + debuginfo] target(s) in 0.05s
[INFO] [stderr]      Running unittests src/lib.rs (/opt/rustwide/target/debug/deps/umili_derive-360e8f0c222ed415)
[INFO] [stdout] 
[INFO] [stdout] running 0 tests
[INFO] [stdout] 
[INFO] [stdout] test result: ok. 0 passed; 0 failed; 0 ignored; 0 measured; 0 filtered out; finished in 0.00s
[INFO] [stdout] 
[INFO] [stderr]    Doc-tests umili_derive
[INFO] [stdout] 
[INFO] [stdout] running 2 tests
[INFO] [stdout] test src/lib.rs - derive_observe (line 10) ... FAILED
[INFO] [stdout] test src/lib.rs - observe (line 72) ... FAILED
[INFO] [stdout] 
[INFO] [stdout] failures:
[INFO] [stdout] 
[INFO] [stdout] ---- src/lib.rs - derive_observe (line 10) stdout ----
[INFO] [stdout] error[E0432]: unresolved import `umili`
[INFO] [stdout]   --> src/lib.rs:12:5
[INFO] [stdout]    |
[INFO] [stdout] 12 | use umili::Observe;
[INFO] [stdout]    |     ^^^^^ use of unresolved module or unlinked crate `umili`
[INFO] [stdout]    |
[INFO] [stdout]    = help: if you wanted to use a crate named `umili`, use `cargo add umili` to add it to your `Cargo.toml`
[INFO] [stdout] 
[INFO] [stdout] error: aborting due to 1 previous error
[INFO] [stdout] 
[INFO] [stdout] For more information about this error, try `rustc --explain E0432`.
[INFO] [stdout] Couldn't compile the test.
[INFO] [stdout] ---- src/lib.rs - observe (line 72) stdout ----
[INFO] [stdout] error[E0432]: unresolved import `umili`
[INFO] [stdout]   --> src/lib.rs:74:5
[INFO] [stdout]    |
[INFO] [stdout] 74 | use umili::{observe, Observe};
[INFO] [stdout]    |     ^^^^^ use of unresolved module or unlinked crate `umili`
[INFO] [stdout]    |
[INFO] [stdout]    = help: if you wanted to use a crate named `umili`, use `cargo add umili` to add it to your `Cargo.toml`
[INFO] [stdout] 
[INFO] [stdout] error: aborting due to 1 previous error
[INFO] [stdout] 
[INFO] [stdout] For more information about this error, try `rustc --explain E0432`.
[INFO] [stdout] Couldn't compile the test.
[INFO] [stdout] 
[INFO] [stdout] failures:
[INFO] [stdout]     src/lib.rs - derive_observe (line 10)
[INFO] [stdout]     src/lib.rs - observe (line 72)
[INFO] [stdout] 
[INFO] [stdout] test result: FAILED. 0 passed; 2 failed; 0 ignored; 0 measured; 0 filtered out; finished in 0.17s
[INFO] [stdout] 
[INFO] [stdout] all doctests ran in 0.26s; merged doctests compilation took 0.09s
[INFO] [stderr] error: doctest failed, to rerun pass `--doc`
[INFO] running `Command { std: "docker" "inspect" "91d79a2356f74241e33fa39698e8faf7808f0fb23bb1ed056c74f7ee421414d1", kill_on_drop: false }`
[INFO] running `Command { std: "docker" "rm" "-f" "91d79a2356f74241e33fa39698e8faf7808f0fb23bb1ed056c74f7ee421414d1", kill_on_drop: false }`
[INFO] [stdout] 91d79a2356f74241e33fa39698e8faf7808f0fb23bb1ed056c74f7ee421414d1
