[INFO] fetching crate uferris-bsp 0.2.0...
[INFO] testing uferris-bsp-0.2.0 against 1.99.0-beta.8 for beta-1.100-2
[INFO] extracting crate uferris-bsp 0.2.0 into /workspace/builds/worker-1-tc1/source
[INFO] started tweaking crates.io crate uferris-bsp 0.2.0
[INFO] finished tweaking crates.io crate uferris-bsp 0.2.0
[INFO] tweaked toml for crates.io crate uferris-bsp 0.2.0 written to /workspace/builds/worker-1-tc1/source/Cargo.toml
[INFO] validating manifest of crates.io crate uferris-bsp 0.2.0 on toolchain 1.99.0-beta.8
[INFO] running `Command { std: CARGO_HOME="/workspace/cargo-home" RUSTUP_HOME="/workspace/rustup-home" "/workspace/cargo-home/bin/cargo" "+1.99.0-beta.8" "metadata" "--manifest-path" "Cargo.toml" "--no-deps", kill_on_drop: false }`
[INFO] crate crates.io crate uferris-bsp 0.2.0 already has a lockfile, it will not be regenerated
[INFO] running `Command { std: CARGO_HOME="/workspace/cargo-home" RUSTUP_HOME="/workspace/rustup-home" "/workspace/cargo-home/bin/cargo" "+1.99.0-beta.8" "fetch" "--manifest-path" "Cargo.toml", kill_on_drop: false }`
[INFO] [stderr]     Updating crates.io index
[INFO] [stderr]  Downloading crates ...
[INFO] [stderr]   Downloaded embedded-hal-async v1.0.0
[INFO] [stderr]   Downloaded static_cell v2.1.1
[INFO] [stderr]   Downloaded nb v1.1.0
[INFO] [stderr]   Downloaded ina219 v0.2.1
[INFO] [stderr]   Downloaded embedded-hal v1.0.0
[INFO] [stderr]   Downloaded vcell v0.1.3
[INFO] [stderr]   Downloaded debug-helper v0.3.14
[INFO] [stderr]   Downloaded instability v0.3.13
[INFO] [stderr]   Downloaded embedded-io v0.7.1
[INFO] [stderr]   Downloaded esp-riscv-rt v0.14.0
[INFO] [stderr]   Downloaded fugit v0.3.9
[INFO] [stderr]   Downloaded darling_macro v0.24.0
[INFO] [stderr]   Downloaded gcd v2.3.0
[INFO] [stderr]   Downloaded ral-registers v0.1.3
[INFO] [stderr]   Downloaded nb v0.1.3
[INFO] [stderr]   Downloaded embedded-can v0.4.1
[INFO] [stderr]   Downloaded embassy-time-driver v0.2.2
[INFO] [stderr]   Downloaded embedded-storage-async v0.4.1
[INFO] [stderr]   Downloaded embedded-io-async v0.7.0
[INFO] [stderr]   Downloaded pico-args v0.5.0
[INFO] [stderr]   Downloaded esp-sync v0.2.1
[INFO] [stderr]   Downloaded bitfield v0.13.2
[INFO] [stderr]   Downloaded xtensa-lx-rt-proc-macros v0.5.0
[INFO] [stderr]   Downloaded riscv-pac v0.2.0
[INFO] [stderr]   Downloaded bitfield v0.19.5
[INFO] [stderr]   Downloaded riscv-target-parser v0.1.3
[INFO] [stderr]   Downloaded embassy-embedded-hal v0.6.0
[INFO] [stderr]   Downloaded cortex-m-macros v0.7.8
[INFO] [stderr]   Downloaded pio-proc v0.3.0
[INFO] [stderr]   Downloaded pio-parser v0.3.0
[INFO] [stderr]   Downloaded embedded-io-async v0.6.1
[INFO] [stderr]   Downloaded bitfield-macros v0.19.5
[INFO] [stderr]   Downloaded smart-leds-trait v0.3.2
[INFO] [stderr]   Downloaded pio-core v0.3.0
[INFO] [stderr]   Downloaded esp-synopsys-usb-otg v0.4.2
[INFO] [stderr]   Downloaded embedded-hal v0.2.7
[INFO] [stderr]   Downloaded embassy-futures v0.1.2
[INFO] [stderr]   Downloaded embedded-storage v0.3.1
[INFO] [stderr]   Downloaded ascii-canvas v4.0.0
[INFO] [stderr]   Downloaded bitmask-enum v2.2.5
[INFO] [stderr]   Downloaded ufmt-write v0.1.0
[INFO] [stderr]   Downloaded riscv-macros v0.3.0
[INFO] [stderr]   Downloaded riscv-rt-macros v0.6.1
[INFO] [stderr]   Downloaded embassy-usb-driver v0.2.2
[INFO] [stderr]   Downloaded embassy-hal-internal v0.4.0
[INFO] [stderr]   Downloaded delegate v0.13.5
[INFO] [stderr]   Downloaded embedded-hal-bus v0.3.0
[INFO] [stderr]   Downloaded smart-leds v0.4.0
[INFO] [stderr]   Downloaded cortex-m-rt-macros v0.7.6
[INFO] [stderr]   Downloaded volatile-register v0.2.2
[INFO] [stderr]   Downloaded bare-metal v0.2.5
[INFO] [stderr]   Downloaded lalrpop-util v0.22.2
[INFO] [stderr]   Downloaded usb-device v0.3.2
[INFO] [stderr]   Downloaded embedded-hal-nb v1.0.0
[INFO] [stderr]   Downloaded xtensa-lx v0.13.0
[INFO] [stderr]   Downloaded embassy-time v0.5.1
[INFO] [stderr]   Downloaded pio v0.3.0
[INFO] [stderr]   Downloaded embassy-sync v0.6.2
[INFO] [stderr]   Downloaded riscv-rt v0.16.0
[INFO] [stderr]   Downloaded esp-hal-procmacros v0.22.0
[INFO] [stderr]   Downloaded esp-config v0.7.0
[INFO] [stderr]   Downloaded somni-expr v0.2.0
[INFO] [stderr]   Downloaded somni-parser v0.2.2
[INFO] [stderr]   Downloaded ena v0.14.4
[INFO] [stderr]   Downloaded riscv v0.15.0
[INFO] [stderr]   Downloaded darling v0.24.0
[INFO] [stderr]   Downloaded embassy-sync v0.7.2
[INFO] [stderr]   Downloaded embassy-usb-synopsys-otg v0.3.3
[INFO] [stderr]   Downloaded rp2040-boot2 v0.3.0
[INFO] [stderr]   Downloaded cortex-m-rt v0.7.6
[INFO] [stderr]   Downloaded cortex-m v0.7.8
[INFO] [stderr]   Downloaded term v1.2.1
[INFO] [stderr]   Downloaded az v1.3.0
[INFO] [stderr]   Downloaded embassy-hal-internal v0.5.0
[INFO] [stderr]   Downloaded xtensa-lx-rt v0.22.0
[INFO] [stderr]   Downloaded darling_core v0.24.0
[INFO] [stderr]   Downloaded embassy-sync v0.8.0
[INFO] [stderr]   Downloaded crc-any v2.5.1
[INFO] [stderr]   Downloaded heapless v0.9.3
[INFO] [stderr]   Downloaded embassy-nrf v0.11.0
[INFO] [stderr]   Downloaded esp32c2 v0.29.2
[INFO] [stderr]   Downloaded embassy-rp v0.10.0
[INFO] [stderr]   Downloaded esp-rom-sys v0.1.4
[INFO] [stderr]   Downloaded esp-metadata-generated v0.4.0
[INFO] [stderr]   Downloaded embedded-sdmmc v0.9.0
[INFO] [stderr]   Downloaded lalrpop v0.22.2
[INFO] [stderr]   Downloaded fixed v1.31.0
[INFO] [stderr]   Downloaded esp32c3 v0.32.2
[INFO] [stderr]   Downloaded esp32s2 v0.31.2
[INFO] [stderr]   Downloaded esp32 v0.40.2
[INFO] [stderr]   Downloaded esp32h2 v0.19.2
[INFO] [stderr]   Downloaded esp-hal v1.1.2
[INFO] [stderr]   Downloaded esp32s3 v0.35.2
[INFO] [stderr]   Downloaded rp-pac v7.0.0
[INFO] [stderr]   Downloaded petgraph v0.7.1
[INFO] [stderr]   Downloaded esp32c6 v0.23.2
[INFO] [stderr]   Downloaded esp32c5 v0.2.2
[INFO] [stderr]   Downloaded sha2-const-stable v0.1.0
[INFO] [stderr]   Downloaded nrf-pac v0.4.0
[INFO] running `Command { std: "docker" "create" "-v" "/var/lib/crater-agent-workspace/builds/worker-1-tc1/source:/opt/rustwide/workdir:ro,Z" "-v" "/var/lib/crater-agent-workspace/builds/worker-1-tc1/target:/opt/rustwide/target:rw,Z" "-v" "/var/lib/crater-agent-workspace/cargo-home:/opt/rustwide/cargo-home:ro,Z" "-v" "/var/lib/crater-agent-workspace/rustup-home:/opt/rustwide/rustup-home:ro,Z" "-m" "1610612736" "--network" "none" "ghcr.io/rust-lang/crates-build-env/linux@sha256:3111399a4047eeb3a02b7a90e478d715f38a8c6669b5c4b49d30a17385265909" "sleep" "infinity", kill_on_drop: false }`
[INFO] [stdout] a15877ae81971764c79b407dfc45a3dc48081fb1a3a54dfed765718e40afaa1e
[INFO] running `Command { std: "docker" "start" "a15877ae81971764c79b407dfc45a3dc48081fb1a3a54dfed765718e40afaa1e", kill_on_drop: false }`
[INFO] running `Command { std: "docker" "inspect" "a15877ae81971764c79b407dfc45a3dc48081fb1a3a54dfed765718e40afaa1e", kill_on_drop: false }`
[INFO] running `Command { std: "docker" "exec" "-e" "SOURCE_DIR=/opt/rustwide/workdir" "-e" "CARGO_HOME=/opt/rustwide/cargo-home" "-e" "RUSTUP_HOME=/opt/rustwide/rustup-home" "-e" "CARGO_TARGET_DIR=/opt/rustwide/target" "-w" "/opt/rustwide/workdir" "--user" "0:0" "a15877ae81971764c79b407dfc45a3dc48081fb1a3a54dfed765718e40afaa1e" "/opt/rustwide/cargo-home/bin/cargo" "+1.99.0-beta.8" "metadata" "--no-deps" "--format-version=1", kill_on_drop: false }`
[INFO] running `Command { std: "docker" "inspect" "a15877ae81971764c79b407dfc45a3dc48081fb1a3a54dfed765718e40afaa1e", kill_on_drop: false }`
[INFO] running `Command { std: "docker" "exec" "-e" "SOURCE_DIR=/opt/rustwide/workdir" "-e" "CARGO_HOME=/opt/rustwide/cargo-home" "-e" "RUSTUP_HOME=/opt/rustwide/rustup-home" "-e" "CARGO_TARGET_DIR=/opt/rustwide/target" "-e" "CARGO_INCREMENTAL=0" "-e" "RUST_BACKTRACE=full" "-e" "RUSTFLAGS=--cap-lints=warn" "-e" "RUSTDOCFLAGS=--cap-lints=warn" "-w" "/opt/rustwide/workdir" "--user" "0:0" "a15877ae81971764c79b407dfc45a3dc48081fb1a3a54dfed765718e40afaa1e" "/opt/rustwide/cargo-home/bin/cargo" "+1.99.0-beta.8" "build" "--frozen" "--message-format=json", kill_on_drop: false }`
[INFO] [stderr]    Compiling proc-macro2 v1.0.107
[INFO] [stderr]    Compiling embedded-hal v1.0.0
[INFO] [stderr]    Compiling embedded-hal-async v1.0.0
[INFO] [stderr]    Compiling heapless v0.8.0
[INFO] [stderr]    Compiling byteorder v1.5.0
[INFO] [stderr]    Compiling ina219 v0.2.1
[INFO] [stderr]    Compiling critical-section v1.2.0
[INFO] [stderr]    Compiling embedded-io v0.6.1
[INFO] [stderr]    Compiling nb v1.1.0
[INFO] [stderr]    Compiling embedded-hal-bus v0.3.0
[INFO] [stderr]    Compiling hash32 v0.3.1
[INFO] [stderr]    Compiling quote v1.0.47
[INFO] [stderr]    Compiling syn v2.0.119
[INFO] [stderr]    Compiling embedded-sdmmc v0.9.0
[INFO] [stderr]    Compiling bitmask-enum v2.2.5
[INFO] [stderr]    Compiling uferris-bsp v0.2.0 (/opt/rustwide/workdir)
[INFO] [stderr]     Finished `dev` profile [unoptimized + debuginfo] target(s) in 6.82s
[INFO] running `Command { std: "docker" "inspect" "a15877ae81971764c79b407dfc45a3dc48081fb1a3a54dfed765718e40afaa1e", kill_on_drop: false }`
[INFO] running `Command { std: "docker" "exec" "-e" "SOURCE_DIR=/opt/rustwide/workdir" "-e" "CARGO_HOME=/opt/rustwide/cargo-home" "-e" "RUSTUP_HOME=/opt/rustwide/rustup-home" "-e" "CARGO_TARGET_DIR=/opt/rustwide/target" "-e" "CARGO_INCREMENTAL=0" "-e" "RUST_BACKTRACE=full" "-e" "RUSTFLAGS=--cap-lints=warn" "-e" "RUSTDOCFLAGS=--cap-lints=warn" "-w" "/opt/rustwide/workdir" "--user" "0:0" "a15877ae81971764c79b407dfc45a3dc48081fb1a3a54dfed765718e40afaa1e" "/opt/rustwide/cargo-home/bin/cargo" "+1.99.0-beta.8" "test" "--frozen" "--no-run" "--message-format=json", kill_on_drop: false }`
[INFO] [stderr]    Compiling uferris-bsp v0.2.0 (/opt/rustwide/workdir)
[INFO] [stderr]     Finished `test` profile [unoptimized + debuginfo] target(s) in 0.32s
[INFO] running `Command { std: "docker" "inspect" "a15877ae81971764c79b407dfc45a3dc48081fb1a3a54dfed765718e40afaa1e", kill_on_drop: false }`
[INFO] running `Command { std: "docker" "exec" "-e" "SOURCE_DIR=/opt/rustwide/workdir" "-e" "CARGO_HOME=/opt/rustwide/cargo-home" "-e" "RUSTUP_HOME=/opt/rustwide/rustup-home" "-e" "CARGO_TARGET_DIR=/opt/rustwide/target" "-e" "CARGO_INCREMENTAL=0" "-e" "RUST_BACKTRACE=full" "-e" "RUSTFLAGS=--cap-lints=warn" "-e" "RUSTDOCFLAGS=--cap-lints=warn" "-w" "/opt/rustwide/workdir" "--user" "0:0" "a15877ae81971764c79b407dfc45a3dc48081fb1a3a54dfed765718e40afaa1e" "/opt/rustwide/cargo-home/bin/cargo" "+1.99.0-beta.8" "test" "--frozen", kill_on_drop: false }`
[INFO] [stderr]     Finished `test` profile [unoptimized + debuginfo] target(s) in 0.07s
[INFO] [stderr]      Running unittests src/lib.rs (/opt/rustwide/target/debug/deps/uferris_bsp-007c6500ee66f2dc)
[INFO] [stdout] 
[INFO] [stdout] running 0 tests
[INFO] [stdout] 
[INFO] [stdout] test result: ok. 0 passed; 0 failed; 0 ignored; 0 measured; 0 filtered out; finished in 0.00s
[INFO] [stdout] 
[INFO] [stderr]    Doc-tests uferris_bsp
[INFO] [stdout] 
[INFO] [stdout] running 3 tests
[INFO] [stdout] test src/lib.rs - (line 102) ... FAILED
[INFO] [stdout] test src/lib.rs - (line 97) ... FAILED
[INFO] [stdout] test src/lib.rs - (line 107) ... FAILED
[INFO] [stdout] 
[INFO] [stdout] failures:
[INFO] [stdout] 
[INFO] [stdout] ---- src/lib.rs - (line 102) stdout ----
[INFO] [stdout] error[E0425]: cannot find value `peripherals` in this scope
[INFO] [stdout]    --> src/lib.rs:103:32
[INFO] [stdout]     |
[INFO] [stdout] 103 | let mut uferris = uferris_init(peripherals);
[INFO] [stdout]     |                                ^^^^^^^^^^^ not found in this scope
[INFO] [stdout] 
[INFO] [stdout] error[E0425]: cannot find function `uferris_init` in this scope
[INFO] [stdout]    --> src/lib.rs:103:19
[INFO] [stdout]     |
[INFO] [stdout] 103 | let mut uferris = uferris_init(peripherals);
[INFO] [stdout]     |                   ^^^^^^^^^^^^ not found in this scope
[INFO] [stdout] 
[INFO] [stdout] error: aborting due to 2 previous errors
[INFO] [stdout] 
[INFO] [stdout] For more information about this error, try `rustc --explain E0425`.
[INFO] [stdout] Couldn't compile the test.
[INFO] [stdout] ---- src/lib.rs - (line 97) stdout ----
[INFO] [stdout] error[E0432]: unresolved import `uferris_bsp::uferris_init`
[INFO] [stdout]    --> src/lib.rs:99:5
[INFO] [stdout]     |
[INFO] [stdout]  99 | use uferris_bsp::uferris_init;
[INFO] [stdout]     |     ^^^^^^^^^^^^^------------
[INFO] [stdout]     |                  |
[INFO] [stdout]     |                  no `uferris_init` in the root
[INFO] [stdout]     |
[INFO] [stdout] note: found an item that was configured out
[INFO] [stdout]    --> src/lib.rs:131:31
[INFO] [stdout]     |
[INFO] [stdout] 130 | #[cfg(feature = "xiao-esp32c3")]
[INFO] [stdout]     |       ------------------------ the item is gated behind the `xiao-esp32c3` feature
[INFO] [stdout] 131 | pub use boards::xiao_esp32c3::uferris_init;
[INFO] [stdout]     |                               ^^^^^^^^^^^^
[INFO] [stdout] note: found an item that was configured out
[INFO] [stdout]    --> src/lib.rs:135:31
[INFO] [stdout]     |
[INFO] [stdout] 134 | #[cfg(feature = "xiao-esp32c5")]
[INFO] [stdout]     |       ------------------------ the item is gated behind the `xiao-esp32c5` feature
[INFO] [stdout] 135 | pub use boards::xiao_esp32c5::uferris_init;
[INFO] [stdout]     |                               ^^^^^^^^^^^^
[INFO] [stdout] note: found an item that was configured out
[INFO] [stdout]    --> src/lib.rs:139:31
[INFO] [stdout]     |
[INFO] [stdout] 138 | #[cfg(feature = "xiao-esp32c6")]
[INFO] [stdout]     |       ------------------------ the item is gated behind the `xiao-esp32c6` feature
[INFO] [stdout] 139 | pub use boards::xiao_esp32c6::uferris_init;
[INFO] [stdout]     |                               ^^^^^^^^^^^^
[INFO] [stdout] note: found an item that was configured out
[INFO] [stdout]    --> src/lib.rs:143:31
[INFO] [stdout]     |
[INFO] [stdout] 142 | #[cfg(feature = "xiao-esp32s3")]
[INFO] [stdout]     |       ------------------------ the item is gated behind the `xiao-esp32s3` feature
[INFO] [stdout] 143 | pub use boards::xiao_esp32s3::uferris_init;
[INFO] [stdout]     |                               ^^^^^^^^^^^^
[INFO] [stdout] note: found an item that was configured out
[INFO] [stdout]    --> src/lib.rs:147:32
[INFO] [stdout]     |
[INFO] [stdout] 146 | #[cfg(feature = "xiao-nrf54l15")]
[INFO] [stdout]     |       ------------------------- the item is gated behind the `xiao-nrf54l15` feature
[INFO] [stdout] 147 | pub use boards::xiao_nrf54l15::uferris_init;
[INFO] [stdout]     |                                ^^^^^^^^^^^^
[INFO] [stdout] note: found an item that was configured out
[INFO] [stdout]    --> src/lib.rs:151:32
[INFO] [stdout]     |
[INFO] [stdout] 150 | #[cfg(feature = "xiao-nrf52840")]
[INFO] [stdout]     |       ------------------------- the item is gated behind the `xiao-nrf52840` feature
[INFO] [stdout] 151 | pub use boards::xiao_nrf52840::uferris_init;
[INFO] [stdout]     |                                ^^^^^^^^^^^^
[INFO] [stdout] note: found an item that was configured out
[INFO] [stdout]    --> src/lib.rs:155:30
[INFO] [stdout]     |
[INFO] [stdout] 154 | #[cfg(feature = "xiao-rp2040")]
[INFO] [stdout]     |       ----------------------- the item is gated behind the `xiao-rp2040` feature
[INFO] [stdout] 155 | pub use boards::xiao_rp2040::uferris_init;
[INFO] [stdout]     |                              ^^^^^^^^^^^^
[INFO] [stdout] note: found an item that was configured out
[INFO] [stdout]    --> src/lib.rs:159:30
[INFO] [stdout]     |
[INFO] [stdout] 158 | #[cfg(feature = "xiao-rp2350")]
[INFO] [stdout]     |       ----------------------- the item is gated behind the `xiao-rp2350` feature
[INFO] [stdout] 159 | pub use boards::xiao_rp2350::uferris_init;
[INFO] [stdout]     |                              ^^^^^^^^^^^^
[INFO] [stdout] 
[INFO] [stdout] error: aborting due to 1 previous error
[INFO] [stdout] 
[INFO] [stdout] For more information about this error, try `rustc --explain E0432`.
[INFO] [stdout] Couldn't compile the test.
[INFO] [stdout] ---- src/lib.rs - (line 107) stdout ----
[INFO] [stdout] error[E0425]: cannot find value `uferris` in this scope
[INFO] [stdout]    --> src/lib.rs:109:1
[INFO] [stdout]     |
[INFO] [stdout] 109 | uferris.led1_on();
[INFO] [stdout]     | ^^^^^^^ not found in this scope
[INFO] [stdout] 
[INFO] [stdout] error: aborting due to 1 previous error
[INFO] [stdout] 
[INFO] [stdout] For more information about this error, try `rustc --explain E0425`.
[INFO] [stdout] Couldn't compile the test.
[INFO] [stdout] 
[INFO] [stdout] failures:
[INFO] [stdout]     src/lib.rs - (line 102)
[INFO] [stdout]     src/lib.rs - (line 107)
[INFO] [stdout]     src/lib.rs - (line 97)
[INFO] [stdout] 
[INFO] [stdout] test result: FAILED. 0 passed; 3 failed; 0 ignored; 0 measured; 0 filtered out; finished in 0.14s
[INFO] [stdout] 
[INFO] [stdout] all doctests ran in 0.24s; merged doctests compilation took 0.09s
[INFO] [stderr] error: doctest failed, to rerun pass `--doc`
[INFO] running `Command { std: "docker" "inspect" "a15877ae81971764c79b407dfc45a3dc48081fb1a3a54dfed765718e40afaa1e", kill_on_drop: false }`
[INFO] running `Command { std: "docker" "rm" "-f" "a15877ae81971764c79b407dfc45a3dc48081fb1a3a54dfed765718e40afaa1e", kill_on_drop: false }`
[INFO] [stdout] a15877ae81971764c79b407dfc45a3dc48081fb1a3a54dfed765718e40afaa1e
