[INFO] fetching crate typesec-integrations 0.14.0...
[INFO] testing typesec-integrations-0.14.0 against 1.99.0-beta.8 for beta-1.100-2
[INFO] extracting crate typesec-integrations 0.14.0 into /workspace/builds/worker-7-tc1/source
[INFO] started tweaking crates.io crate typesec-integrations 0.14.0
[INFO] removed 0 missing tests
[INFO] finished tweaking crates.io crate typesec-integrations 0.14.0
[INFO] tweaked toml for crates.io crate typesec-integrations 0.14.0 written to /workspace/builds/worker-7-tc1/source/Cargo.toml
[INFO] validating manifest of crates.io crate typesec-integrations 0.14.0 on toolchain 1.99.0-beta.8
[INFO] running `Command { std: CARGO_HOME="/workspace/cargo-home" RUSTUP_HOME="/workspace/rustup-home" "/workspace/cargo-home/bin/cargo" "+1.99.0-beta.8" "metadata" "--manifest-path" "Cargo.toml" "--no-deps", kill_on_drop: false }`
[INFO] crate crates.io crate typesec-integrations 0.14.0 already has a lockfile, it will not be regenerated
[INFO] running `Command { std: CARGO_HOME="/workspace/cargo-home" RUSTUP_HOME="/workspace/rustup-home" "/workspace/cargo-home/bin/cargo" "+1.99.0-beta.8" "fetch" "--manifest-path" "Cargo.toml", kill_on_drop: false }`
[INFO] [stderr]     Updating crates.io index
[INFO] [stderr]  Downloading crates ...
[INFO] [stderr]   Downloaded target-triple v1.0.1
[INFO] [stderr]   Downloaded sha2-asm v0.6.4
[INFO] [stderr]   Downloaded trybuild v1.0.120
[INFO] [stderr]   Downloaded typesec-core v0.14.0
[INFO] [stderr]   Downloaded toml v1.1.5+spec-1.1.0
[INFO] [stderr]   Downloaded opentelemetry v0.30.0
[INFO] [stderr]   Downloaded opentelemetry_sdk v0.30.0
[INFO] running `Command { std: "docker" "create" "-v" "/var/lib/crater-agent-workspace/builds/worker-7-tc1/source:/opt/rustwide/workdir:ro,Z" "-v" "/var/lib/crater-agent-workspace/builds/worker-7-tc1/target:/opt/rustwide/target:rw,Z" "-v" "/var/lib/crater-agent-workspace/cargo-home:/opt/rustwide/cargo-home:ro,Z" "-v" "/var/lib/crater-agent-workspace/rustup-home:/opt/rustwide/rustup-home:ro,Z" "-m" "1610612736" "--network" "none" "ghcr.io/rust-lang/crates-build-env/linux@sha256:3111399a4047eeb3a02b7a90e478d715f38a8c6669b5c4b49d30a17385265909" "sleep" "infinity", kill_on_drop: false }`
[INFO] [stdout] b296e2a10e253486b3f6bcb2d6c932cfc386a876582a9f284afe0583facfa425
[INFO] running `Command { std: "docker" "start" "b296e2a10e253486b3f6bcb2d6c932cfc386a876582a9f284afe0583facfa425", kill_on_drop: false }`
[INFO] running `Command { std: "docker" "inspect" "b296e2a10e253486b3f6bcb2d6c932cfc386a876582a9f284afe0583facfa425", kill_on_drop: false }`
[INFO] running `Command { std: "docker" "exec" "-e" "SOURCE_DIR=/opt/rustwide/workdir" "-e" "CARGO_HOME=/opt/rustwide/cargo-home" "-e" "RUSTUP_HOME=/opt/rustwide/rustup-home" "-e" "CARGO_TARGET_DIR=/opt/rustwide/target" "-w" "/opt/rustwide/workdir" "--user" "0:0" "b296e2a10e253486b3f6bcb2d6c932cfc386a876582a9f284afe0583facfa425" "/opt/rustwide/cargo-home/bin/cargo" "+1.99.0-beta.8" "metadata" "--no-deps" "--format-version=1", kill_on_drop: false }`
[INFO] running `Command { std: "docker" "inspect" "b296e2a10e253486b3f6bcb2d6c932cfc386a876582a9f284afe0583facfa425", kill_on_drop: false }`
[INFO] running `Command { std: "docker" "exec" "-e" "SOURCE_DIR=/opt/rustwide/workdir" "-e" "CARGO_HOME=/opt/rustwide/cargo-home" "-e" "RUSTUP_HOME=/opt/rustwide/rustup-home" "-e" "CARGO_TARGET_DIR=/opt/rustwide/target" "-e" "CARGO_INCREMENTAL=0" "-e" "RUST_BACKTRACE=full" "-e" "RUSTFLAGS=--cap-lints=warn" "-e" "RUSTDOCFLAGS=--cap-lints=warn" "-w" "/opt/rustwide/workdir" "--user" "0:0" "b296e2a10e253486b3f6bcb2d6c932cfc386a876582a9f284afe0583facfa425" "/opt/rustwide/cargo-home/bin/cargo" "+1.99.0-beta.8" "build" "--frozen" "--message-format=json", kill_on_drop: false }`
[INFO] [stderr]    Compiling typenum v1.20.1
[INFO] [stderr]    Compiling cc v1.4.5
[INFO] [stderr]    Compiling smallvec v1.16.0
[INFO] [stderr]    Compiling serde_core v1.0.229
[INFO] [stderr]    Compiling futures-sink v0.3.34
[INFO] [stderr]    Compiling num-traits v0.2.19
[INFO] [stderr]    Compiling serde v1.0.229
[INFO] [stderr]    Compiling syn v2.0.119
[INFO] [stderr]    Compiling syn v3.0.4
[INFO] [stderr]    Compiling getrandom v0.2.17
[INFO] [stderr]    Compiling slab v0.4.12
[INFO] [stderr]    Compiling tokio v1.53.1
[INFO] [stderr]    Compiling futures-io v0.3.34
[INFO] [stderr]    Compiling tracing-core v0.1.36
[INFO] [stderr]    Compiling rustls v0.23.43
[INFO] [stderr]    Compiling curve25519-dalek v4.1.3
[INFO] [stderr]    Compiling futures-channel v0.3.34
[INFO] [stderr]    Compiling ipnet v2.12.1
[INFO] [stderr]    Compiling time v0.3.55
[INFO] [stderr]    Compiling opaque-debug v0.3.1
[INFO] [stderr]    Compiling rand_core v0.6.4
[INFO] [stderr]    Compiling futures-util v0.3.34
[INFO] [stderr]    Compiling bitflags v2.13.1
[INFO] [stderr]    Compiling signature v2.2.0
[INFO] [stderr]    Compiling pem v3.0.6
[INFO] [stderr]    Compiling glob v0.3.4
[INFO] [stderr]    Compiling ed25519 v2.2.3
[INFO] [stderr]    Compiling log v0.4.34
[INFO] [stderr]    Compiling num-integer v0.1.47
[INFO] [stderr]    Compiling generic-array v0.14.7
[INFO] [stderr]    Compiling num-bigint v0.4.8
[INFO] [stderr]    Compiling ring v0.17.14
[INFO] [stderr]    Compiling sha2-asm v0.6.4
[INFO] [stderr]    Compiling crypto-common v0.1.7
[INFO] [stderr]    Compiling block-buffer v0.10.4
[INFO] [stderr]    Compiling inout v0.1.4
[INFO] [stderr]    Compiling universal-hash v0.5.1
[INFO] [stderr]    Compiling aead v0.5.2
[INFO] [stderr]    Compiling digest v0.10.7
[INFO] [stderr]    Compiling poly1305 v0.8.0
[INFO] [stderr]    Compiling sha2 v0.10.9
[INFO] [stderr]    Compiling zerovec-derive v0.11.6
[INFO] [stderr]    Compiling displaydoc v0.2.7
[INFO] [stderr]    Compiling serde_derive v1.0.229
[INFO] [stderr]    Compiling thiserror-impl v2.0.20
[INFO] [stderr]    Compiling serde_json v1.0.151
[INFO] [stderr]    Compiling thiserror v2.0.20
[INFO] [stderr]    Compiling simple_asn1 v0.6.4
[INFO] [stderr]    Compiling hyper v1.11.1
[INFO] [stderr]    Compiling tower v0.5.3
[INFO] [stderr]    Compiling synstructure v0.13.2
[INFO] [stderr]    Compiling zerofrom-derive v0.1.7
[INFO] [stderr]    Compiling yoke-derive v0.8.2
[INFO] [stderr]    Compiling zeroize_derive v1.5.0
[INFO] [stderr]    Compiling tracing-attributes v0.1.31
[INFO] [stderr]    Compiling curve25519-dalek-derive v0.1.1
[INFO] [stderr]    Compiling zeroize v1.9.0
[INFO] [stderr]    Compiling tracing v0.1.44
[INFO] [stderr]    Compiling rustls-pki-types v1.15.1
[INFO] [stderr]    Compiling cipher v0.4.4
[INFO] [stderr]    Compiling chrono v0.4.45
[INFO] [stderr]    Compiling serde_urlencoded v0.7.1
[INFO] [stderr]    Compiling hyper-util v0.1.20
[INFO] [stderr]    Compiling webpki-roots v1.0.9
[INFO] [stderr]    Compiling chacha20 v0.9.1
[INFO] [stderr]    Compiling zerofrom v0.1.8
[INFO] [stderr]    Compiling yoke v0.8.3
[INFO] [stderr]    Compiling chacha20poly1305 v0.10.1
[INFO] [stderr]    Compiling zerovec v0.11.8
[INFO] [stderr]    Compiling zerotrie v0.2.5
[INFO] [stderr]    Compiling ed25519-dalek v2.2.0
[INFO] [stderr]    Compiling x25519-dalek v2.0.1
[INFO] [stderr]    Compiling rustls-webpki v0.103.15
[INFO] [stderr]    Compiling jsonwebtoken v9.3.1
[INFO] [stderr]    Compiling typesec-core v0.14.0
[INFO] [stderr]    Compiling tinystr v0.8.4
[INFO] [stderr]    Compiling potential_utf v0.1.6
[INFO] [stderr]    Compiling icu_collections v2.3.0
[INFO] [stderr]    Compiling icu_locale_core v2.3.0
[INFO] [stderr]    Compiling icu_provider v2.3.1
[INFO] [stderr]    Compiling icu_normalizer v2.3.0
[INFO] [stderr]    Compiling icu_properties v2.3.0
[INFO] [stderr]    Compiling idna_adapter v1.2.2
[INFO] [stderr]    Compiling idna v1.1.0
[INFO] [stderr]    Compiling url v2.5.8
[INFO] [stderr]    Compiling tower-http v0.6.11
[INFO] [stderr]    Compiling tokio-rustls v0.26.5
[INFO] [stderr]    Compiling hyper-rustls v0.27.9
[INFO] [stderr]    Compiling reqwest v0.12.28
[INFO] [stderr]    Compiling typesec-integrations v0.14.0 (/opt/rustwide/workdir)
[INFO] [stderr]     Finished `dev` profile [unoptimized + debuginfo] target(s) in 43.92s
[INFO] running `Command { std: "docker" "inspect" "b296e2a10e253486b3f6bcb2d6c932cfc386a876582a9f284afe0583facfa425", kill_on_drop: false }`
[INFO] running `Command { std: "docker" "exec" "-e" "SOURCE_DIR=/opt/rustwide/workdir" "-e" "CARGO_HOME=/opt/rustwide/cargo-home" "-e" "RUSTUP_HOME=/opt/rustwide/rustup-home" "-e" "CARGO_TARGET_DIR=/opt/rustwide/target" "-e" "CARGO_INCREMENTAL=0" "-e" "RUST_BACKTRACE=full" "-e" "RUSTFLAGS=--cap-lints=warn" "-e" "RUSTDOCFLAGS=--cap-lints=warn" "-w" "/opt/rustwide/workdir" "--user" "0:0" "b296e2a10e253486b3f6bcb2d6c932cfc386a876582a9f284afe0583facfa425" "/opt/rustwide/cargo-home/bin/cargo" "+1.99.0-beta.8" "test" "--frozen" "--no-run" "--message-format=json", kill_on_drop: false }`
[INFO] [stderr]    Compiling syn v3.0.4
[INFO] [stderr]    Compiling zerocopy-derive v0.8.56
[INFO] [stderr]    Compiling serde_json v1.0.151
[INFO] [stderr]    Compiling futures-channel v0.3.34
[INFO] [stderr]    Compiling num-integer v0.1.47
[INFO] [stderr]    Compiling target-triple v1.0.1
[INFO] [stderr]    Compiling winnow v1.0.4
[INFO] [stderr]    Compiling regex-automata v0.4.18
[INFO] [stderr]    Compiling toml_datetime v1.1.1+spec-1.1.0
[INFO] [stderr]    Compiling serde_spanned v1.1.1
[INFO] [stderr]    Compiling toml_writer v1.1.2+spec-1.1.0
[INFO] [stderr]    Compiling plotters v0.3.7
[INFO] [stderr]    Compiling termcolor v1.4.1
[INFO] [stderr]    Compiling num-bigint v0.4.8
[INFO] [stderr]    Compiling toml_parser v1.1.3+spec-1.1.0
[INFO] [stderr]    Compiling toml v1.1.5+spec-1.1.0
[INFO] [stderr]    Compiling zerocopy v0.8.56
[INFO] [stderr]    Compiling regex v1.13.1
[INFO] [stderr]    Compiling zerovec-derive v0.11.6
[INFO] [stderr]    Compiling displaydoc v0.2.7
[INFO] [stderr]    Compiling serde_derive v1.0.229
[INFO] [stderr]    Compiling tokio-macros v2.7.2
[INFO] [stderr]    Compiling futures-macro v0.3.34
[INFO] [stderr]    Compiling thiserror-impl v2.0.20
[INFO] [stderr]    Compiling tokio v1.53.1
[INFO] [stderr]    Compiling futures-util v0.3.34
[INFO] [stderr]    Compiling zerotrie v0.2.5
[INFO] [stderr]    Compiling zerovec v0.11.8
[INFO] [stderr]    Compiling thiserror v2.0.20
[INFO] [stderr]    Compiling simple_asn1 v0.6.4
[INFO] [stderr]    Compiling opentelemetry v0.30.0
[INFO] [stderr]    Compiling tinystr v0.8.4
[INFO] [stderr]    Compiling potential_utf v0.1.6
[INFO] [stderr]    Compiling icu_collections v2.3.0
[INFO] [stderr]    Compiling icu_locale_core v2.3.0
[INFO] [stderr]    Compiling serde v1.0.229
[INFO] [stderr]    Compiling serde_urlencoded v0.7.1
[INFO] [stderr]    Compiling chrono v0.4.45
[INFO] [stderr]    Compiling jsonwebtoken v9.3.1
[INFO] [stderr]    Compiling tinytemplate v1.2.1
[INFO] [stderr]    Compiling trybuild v1.0.120
[INFO] [stderr]    Compiling icu_provider v2.3.1
[INFO] [stderr]    Compiling futures-executor v0.3.34
[INFO] [stderr]    Compiling icu_normalizer v2.3.0
[INFO] [stderr]    Compiling icu_properties v2.3.0
[INFO] [stderr]    Compiling ppv-lite86 v0.2.21
[INFO] [stderr]    Compiling half v2.7.1
[INFO] [stderr]    Compiling ciborium-ll v0.2.2
[INFO] [stderr]    Compiling typesec-core v0.14.0
[INFO] [stderr]    Compiling ciborium v0.2.2
[INFO] [stderr]    Compiling rand_chacha v0.9.0
[INFO] [stderr]    Compiling rand v0.9.5
[INFO] [stderr]    Compiling criterion v0.5.1
[INFO] [stderr]    Compiling idna_adapter v1.2.2
[INFO] [stderr]    Compiling idna v1.1.0
[INFO] [stderr]    Compiling hyper v1.11.1
[INFO] [stderr]    Compiling tokio-rustls v0.26.5
[INFO] [stderr]    Compiling tower v0.5.3
[INFO] [stderr]    Compiling tokio-stream v0.1.19
[INFO] [stderr]    Compiling url v2.5.8
[INFO] [stderr]    Compiling opentelemetry_sdk v0.30.0
[INFO] [stderr]    Compiling tower-http v0.6.11
[INFO] [stderr]    Compiling hyper-util v0.1.20
[INFO] [stderr]    Compiling hyper-rustls v0.27.9
[INFO] [stderr]    Compiling reqwest v0.12.28
[INFO] [stderr]    Compiling typesec-integrations v0.14.0 (/opt/rustwide/workdir)
[INFO] [stderr]     Finished `test` profile [unoptimized + debuginfo] target(s) in 39.96s
[INFO] running `Command { std: "docker" "inspect" "b296e2a10e253486b3f6bcb2d6c932cfc386a876582a9f284afe0583facfa425", kill_on_drop: false }`
[INFO] running `Command { std: "docker" "exec" "-e" "SOURCE_DIR=/opt/rustwide/workdir" "-e" "CARGO_HOME=/opt/rustwide/cargo-home" "-e" "RUSTUP_HOME=/opt/rustwide/rustup-home" "-e" "CARGO_TARGET_DIR=/opt/rustwide/target" "-e" "CARGO_INCREMENTAL=0" "-e" "RUST_BACKTRACE=full" "-e" "RUSTFLAGS=--cap-lints=warn" "-e" "RUSTDOCFLAGS=--cap-lints=warn" "-w" "/opt/rustwide/workdir" "--user" "0:0" "b296e2a10e253486b3f6bcb2d6c932cfc386a876582a9f284afe0583facfa425" "/opt/rustwide/cargo-home/bin/cargo" "+1.99.0-beta.8" "test" "--frozen", kill_on_drop: false }`
[INFO] [stderr]     Finished `test` profile [unoptimized + debuginfo] target(s) in 0.29s
[INFO] [stderr]      Running unittests src/lib.rs (/opt/rustwide/target/debug/deps/typesec_integrations-c9ef20990e0e3523)
[INFO] [stdout] 
[INFO] [stdout] running 105 tests
[INFO] [stdout] test arcade::tests::denies_on_parse_error ... ok
[INFO] [stdout] test did::replay::tests::expired_claims_can_be_reclaimed ... ok
[INFO] [stdout] test did::replay::tests::active_claims_are_rejected_through_the_expiry_second ... ok
[INFO] [stdout] test arcade::tests::denies_on_transport_error ... ok
[INFO] [stdout] test arcade::tests::denies_pending_authorization_with_url ... ok
[INFO] [stdout] test did::tests::auth_v2::canonical_transcript_and_reference_match_golden_fixture ... ok
[INFO] [stdout] test arcade::tests::delegates_on_unhandled_action ... ok
[INFO] [stdout] test did::crypto::tests::hexadecimal_decode_rejects_odd_and_invalid_inputs ... ok
[INFO] [stdout] test arcade::tests::allows_completed_authorization ... ok
[INFO] [stdout] test did::crypto::tests::hexadecimal_round_trip_uses_canonical_lowercase ... ok
[INFO] [stdout] test did::tests::auth_v2::expired_conversation_is_rejected ... ok
[INFO] [stdout] test did::tests::auth_v2::claim_order_is_canonical ... ok
[INFO] [stdout] test did::tests::demo::bound_ollama_reply_creates_signed_reply_envelope_for_prompt ... ok
[INFO] [stdout] test did::tests::auth_v2::length_framing_disambiguates_delimiters ... ok
[INFO] [stdout] test arcade::tests::delegates_on_unmapped_resource ... ok
[INFO] [stdout] test did::tests::auth_v2::missing_legacy_auth_version_fails_closed ... ok
[INFO] [stdout] test did::replay::tests::expiration_pruning_preserves_later_active_claims ... ok
[INFO] [stdout] test did::tests::demo::encrypted_prompt_opens_as_secret_secure_value ... ok
[INFO] [stdout] test did::tests::demo::replayed_envelope_is_rejected ... ok
[INFO] [stdout] test did::tests::ed25519::ed25519_keystore_rotation_error_paths ... ok
[INFO] [stdout] test did::tests::demo::reply_signature_covers_prompt_reference ... ok
[INFO] [stdout] test did::tests::demo::wrapped_prompt_passthrough_keeps_envelope ... ok
[INFO] [stdout] test did::tests::auth_v2::authentication_version_downgrade_fails_closed ... ok
[INFO] [stdout] test did::tests::demo::dids_parse_and_reject_bad_values ... ok
[INFO] [stdout] test did::tests::auth_v2::unknown_authentication_version_fails_closed ... ok
[INFO] [stdout] test did::tests::ed25519::ed25519_aead_rejects_wrong_associated_data ... ok
[INFO] [stdout] test did::tests::ed25519::ed25519_retired_key_rejects_old_signatures ... ok
[INFO] [stdout] test did::tests::ed25519::ed25519_rejects_future_dated_envelope ... ok
[INFO] [stdout] test did::tests::ed25519::ed25519_rejects_wrong_recipient ... ok
[INFO] [stdout] test did::tests::ed25519::ed25519_rejects_expired_envelope ... ok
[INFO] [stdout] test did::tests::ollama::did_ollama_bound_reply_requires_assistant_content ... ok
[INFO] [stdout] test did::tests::auth_v2::adding_a_claim_breaks_authentication ... ok
[INFO] [stdout] test did::tests::ollama::did_ollama_client_sends_plaintext_only_after_capabilities ... ok
[INFO] [stdout] test did::tests::typedid::typedid_negotiation_uses_strictest_cap_and_combines_obligations ... ok
[INFO] [stdout] test did::tests::typedid::typedid_adapter_wraps_and_gateway_opens_opaque_payload ... ok
[INFO] [stdout] test did::tests::ed25519::ed25519_rejects_tampered_envelope ... ok
[INFO] [stdout] test did::tests::typedid::typedid_profile_negotiates_on_protocol_and_mode ... ok
[INFO] [stdout] test did::tests::typedid::typedid_reply_is_bound_to_request_envelope ... ok
[INFO] [stdout] test did::tests::typedid::typedid_signature_covers_conversation_metadata ... ok
[INFO] [stdout] test jwt::tests::authenticator_rejects_mismatched_claimed_subject ... ok
[INFO] [stdout] test did::tests::auth_v2::changing_a_claim_breaks_authentication ... ok
[INFO] [stdout] test jwt::tests::jwt_authenticator_rejects_wrong_audience ... ok
[INFO] [stdout] test jwt::tests::jwt_claims_engine_allows_direct_permission ... ok
[INFO] [stdout] test did::tests::typedid::typedid_wrap_enforces_negotiated_payload_cap ... ok
[INFO] [stdout] test did::tests::typedid::typedid_wrap_rejects_missing_claims_and_unnegotiated_actions ... ok
[INFO] [stdout] test jwt::tests::jwt_claims_engine_delegates_missing_permission ... ok
[INFO] [stdout] test did::tests::context::verified_context_borrows_the_authenticated_claim_map ... ok
[INFO] [stdout] test jwt::tests::missing_kid_with_multiple_keys_is_rejected ... ok
[INFO] [stdout] test did::tests::auth_v2::verified_context_exposes_only_authenticated_policy_metadata ... ok
[INFO] [stdout] test jwt::tests::unknown_kid_triggers_one_jwks_refetch ... ok
[INFO] [stdout] test jwt::tests::jwt_authenticator_verifies_hs256_token_from_jwks ... ok
[INFO] [stdout] test did::tests::typedid::typedid_verified_message_exposes_audit_safe_attestation ... ok
[INFO] [stdout] test receipt::cognition_tests::bounds::identity_limit_is_inclusive ... ok
[INFO] [stdout] test receipt::cognition_tests::construction::constructor_rejects_invalid_expiry_windows_without_panicking ... ok
[INFO] [stdout] test receipt::cognition_tests::construction::constructor_rejects_inverted_phase_times ... ok
[INFO] [stdout] test receipt::cognition_tests::construction::issued_at_may_equal_committed_at ... ok
[INFO] [stdout] test receipt::cognition_tests::construction::issued_at_may_not_equal_expiry ... ok
[INFO] [stdout] test receipt::cognition_tests::construction::receipt_schema_is_required_and_exact ... ok
[INFO] [stdout] test pydantic_ai::tests::serializes_typesec_capability_bundle ... ok
[INFO] [stdout] test did::tests::auth_v2::removing_a_claim_breaks_authentication ... ok
[INFO] [stdout] test receipt::cognition_tests::golden::receipt_v3_wire_and_token_match_the_exact_golden_fixture ... ok
[INFO] [stdout] test receipt::cognition_tests::issuance::issuer_rejects_receipts_outside_their_issuance_window ... ok
[INFO] [stdout] test receipt::cognition_tests::no_change::current_receipt_wire_requires_effect ... ok
[INFO] [stdout] test receipt::cognition_tests::issuance::future_backend_and_first_issuance_times_fail_closed_until_local_time_catches_up ... ok
[INFO] [stdout] test jwt::tests::jwt_claims_engine_allows_resource_type_permission ... ok
[INFO] [stdout] test receipt::cognition_tests::no_change::effect_must_match_versions_and_affected_ids ... ok
[INFO] [stdout] test receipt::cognition_tests::construction::constructor_rejects_incomplete_claims_immediately ... ok
[INFO] [stdout] test receipt::cognition_tests::round_trip::local_v3_receipt_may_omit_the_optional_governed_scope ... ok
[INFO] [stdout] test receipt::cognition_tests::round_trip::wire_distinguishes_revalidation_preparation_commit_and_expiry ... ok
[INFO] [stdout] test receipt::cognition_tests::validation::governed_grant_cannot_be_substituted_for_the_input_snapshot ... ok
[INFO] [stdout] test did::tests::ed25519::ed25519_envelope_roundtrip ... ok
[INFO] [stdout] test receipt::cognition_tests::bounds::affected_id_count_limit_is_inclusive ... ok
[INFO] [stdout] test did::tests::ed25519::ed25519_signature_is_not_forgeable_from_public_key ... ok
[INFO] [stdout] test receipt::cognition_tests::validation::receipt_requires_canonical_lowercase_sha256_evidence ... ok
[INFO] [stdout] test receipt::cognition_tests::validation::receipt_requires_bounded_canonical_identities ... ok
[INFO] [stdout] test receipt::cognition_tests::wire::wire_rejects_invalid_claim_shapes_during_deserialization ... ok
[INFO] [stdout] test receipt::cognition_tests::validation::receipt_validates_optional_scope_versions_and_affected_ids ... ok
[INFO] [stdout] test receipt::cognition_tests::wire::wire_rejects_unknown_fields ... ok
[INFO] [stdout] test receipt::cognition_tests::wire::wire_rejects_unversioned_and_legacy_receipts ... ok
[INFO] [stdout] test did::tests::ed25519::ed25519_rejects_replayed_envelope ... ok
[INFO] [stdout] test receipt::tests::malformed_tokens_error_cleanly ... ok
[INFO] [stdout] test receipt::cognition_tests::round_trip::cognition_receipt_round_trips_all_commit_evidence ... ok
[INFO] [stdout] test receipt::cognition_tests::validation::signatures_bind_exact_opaque_claim_bytes ... ok
[INFO] [stdout] test did::tests::ed25519::ed25519_rotation_keeps_old_envelopes_until_retired ... ok
[INFO] [stdout] test workos::tests::allows_when_workos_authorizes ... ok
[INFO] [stdout] test workos::tests::delegates_on_unparseable_resource ... ok
[INFO] [stdout] test receipt::tests::round_trip_verifies_and_preserves_claims ... ok
[INFO] [stdout] test did::tests::typedid::shared_replay_store_rejects_replay_across_gateway_instances ... ok
[INFO] [stdout] test workos::tests::denies_on_parse_error ... ok
[INFO] [stdout] test workos::tests::denies_on_transport_error ... ok
[INFO] [stdout] test workos::tests::denies_when_workos_denies ... ok
[INFO] [stdout] test workos::tests::parses_resource_ids_for_workos ... ok
[INFO] [stdout] test receipt::cognition_tests::no_change::no_change_receipt_round_trips_explicit_effect ... ok
[INFO] [stdout] test receipt::tests::wrong_key_and_tampered_claims_are_rejected ... ok
[INFO] [stdout] test receipt::cognition_tests::wire::verifier_rejects_signed_but_semantically_invalid_wire_claims ... ok
[INFO] [stdout] test receipt::cognition_tests::golden::decoded_golden_receipt_resigns_to_byte_identical_token ... ok
[INFO] [stdout] test receipt::cognition_tests::round_trip::cognition_receipt_round_trips_composite_governed_source_scope ... ok
[INFO] [stdout] test did::tests::auth_v2::effective_expiry_uses_earliest_authenticated_bound ... ok
[INFO] [stdout] test receipt::cognition_tests::round_trip::verification_enforces_the_issuance_to_preparation_anchored_expiry_window ... ok
[INFO] [stdout] test receipt::tests::expired_and_future_receipts_are_rejected ... ok
[INFO] [stdout] test receipt::tests::semantic_receipt_rejects_unbound_or_tampered_claims ... ok
[INFO] [stdout] test did::tests::message_type::typedid_gateway_rejects_a_signed_prompt_without_consuming_replay ... ok
[INFO] [stdout] test did::tests::message_type::did_gateway_rejects_a_signed_typedid_envelope_without_consuming_replay ... ok
[INFO] [stdout] test receipt::tests::every_semantic_action_round_trips_as_signed_model_bound_claims ... ok
[INFO] [stdout] test receipt::cognition_tests::bounds::receipt_bounds_aggregate_affected_id_bytes ... ok
[INFO] [stderr]      Running tests/compile_fail.rs (/opt/rustwide/target/debug/deps/compile_fail-a5eb6ef37b1f3a80)
[INFO] [stdout] 
[INFO] [stdout] test result: ok. 105 passed; 0 failed; 0 ignored; 0 measured; 0 filtered out; finished in 0.55s
[INFO] [stdout] 
[INFO] [stdout] 
[INFO] [stdout] running 1 test
[INFO] [stderr]    Compiling proc-macro2 v1.0.107
[INFO] [stderr]    Compiling unicode-ident v1.0.24
[INFO] [stderr]    Compiling quote v1.0.47
[INFO] [stderr]    Compiling libc v0.2.189
[INFO] [stderr]     Checking cfg-if v1.0.4
[INFO] [stderr]    Compiling version_check v0.9.5
[INFO] [stderr]    Compiling find-msvc-tools v0.1.12
[INFO] [stderr]    Compiling shlex v2.0.1
[INFO] [stderr]     Checking pin-project-lite v0.2.17
[INFO] [stderr]     Checking stable_deref_trait v1.2.1
[INFO] [stderr]     Checking typenum v1.20.1
[INFO] [stderr]     Checking futures-core v0.3.34
[INFO] [stderr]     Checking itoa v1.0.18
[INFO] [stderr]    Compiling serde_core v1.0.229
[INFO] [stderr]     Checking bytes v1.12.1
[INFO] [stderr]     Checking memchr v2.8.3
[INFO] [stderr]    Compiling autocfg v1.5.1
[INFO] [stderr]     Checking once_cell v1.21.4
[INFO] [stderr]     Checking futures-sink v0.3.34
[INFO] [stderr]    Compiling serde v1.0.229
[INFO] [stderr]     Checking subtle v2.6.1
[INFO] [stderr]     Checking litemap v0.8.3
[INFO] [stderr]     Checking smallvec v1.16.0
[INFO] [stderr]     Checking writeable v0.6.4
[INFO] [stderr]    Compiling cc v1.4.5
[INFO] [stderr]    Compiling zerocopy v0.8.56
[INFO] [stderr]     Checking utf8_iter v1.0.4
[INFO] [stderr]     Checking percent-encoding v2.3.2
[INFO] [stderr]    Compiling icu_properties_data v2.3.0
[INFO] [stderr]    Compiling icu_normalizer_data v2.3.0
[INFO] [stderr]     Checking slab v0.4.12
[INFO] [stderr]     Checking futures-task v0.3.34
[INFO] [stderr]     Checking futures-io v0.3.34
[INFO] [stderr]    Compiling zmij v1.0.23
[INFO] [stderr]    Compiling generic-array v0.14.7
[INFO] [stderr]     Checking tracing-core v0.1.36
[INFO] [stderr]     Checking untrusted v0.9.0
[INFO] [stderr]    Compiling thiserror v2.0.20
[INFO] [stderr]    Compiling serde_json v1.0.151
[INFO] [stderr]     Checking cpufeatures v0.2.17
[INFO] [stderr]    Compiling crossbeam-utils v0.8.22
[INFO] [stderr]     Checking http v1.5.0
[INFO] [stderr]    Compiling semver v1.0.28
[INFO] [stderr]    Compiling httparse v1.10.1
[INFO] [stderr]     Checking futures-channel v0.3.34
[INFO] [stderr]    Compiling num-traits v0.2.19
[INFO] [stderr]    Compiling rustc_version v0.4.1
[INFO] [stderr]    Compiling crossbeam-epoch v0.9.20
[INFO] [stderr]     Checking base64 v0.22.1
[INFO] [stderr]     Checking try-lock v0.2.5
[INFO] [stderr]     Checking tower-service v0.3.3
[INFO] [stderr]    Compiling syn v2.0.119
[INFO] [stderr]    Compiling syn v3.0.4
[INFO] [stderr]    Compiling getrandom v0.3.4
[INFO] [stderr]    Compiling rustls v0.23.43
[INFO] [stderr]     Checking want v0.3.1
[INFO] [stderr]     Checking http-body v1.1.0
[INFO] [stderr]     Checking form_urlencoded v1.2.2
[INFO] [stderr]    Compiling num-conv v0.2.2
[INFO] [stderr]    Compiling crossbeam-deque v0.8.7
[INFO] [stderr]     Checking atomic-waker v1.1.2
[INFO] [stderr]     Checking block-buffer v0.10.4
[INFO] [stderr]    Compiling time-core v0.1.9
[INFO] [stderr]     Checking inout v0.1.4
[INFO] [stderr]     Checking sync_wrapper v1.0.2
[INFO] [stderr]     Checking tower-layer v0.3.3
[INFO] [stderr]     Checking either v1.18.0
[INFO] [stderr]    Compiling curve25519-dalek v4.1.3
[INFO] [stderr]     Checking deranged v0.5.8
[INFO] [stderr]     Checking powerfmt v0.2.0
[INFO] [stderr]     Checking ipnet v2.12.1
[INFO] [stderr]    Compiling time-macros v0.2.32
[INFO] [stderr]    Compiling rayon-core v1.13.0
[INFO] [stderr]     Checking ryu v1.0.23
[INFO] [stderr]     Checking signature v2.2.0
[INFO] [stderr]     Checking iana-time-zone v0.1.65
[INFO] [stderr]     Checking plotters-backend v0.3.7
[INFO] [stderr]     Checking ciborium-io v0.2.2
[INFO] [stderr]     Checking opaque-debug v0.3.1
[INFO] [stderr]     Checking regex-syntax v0.8.11
[INFO] [stderr]     Checking anstyle v1.0.14
[INFO] [stderr]     Checking bitflags v2.13.1
[INFO] [stderr]     Checking clap_lex v1.1.0
[INFO] [stderr]     Checking ed25519 v2.2.3
[INFO] [stderr]     Checking itertools v0.10.5
[INFO] [stderr]     Checking http-body-util v0.1.5
[INFO] [stderr]     Checking pem v3.0.6
[INFO] [stderr]     Checking clap_builder v4.6.6
[INFO] [stderr]     Checking num-integer v0.1.47
[INFO] [stderr]     Checking same-file v1.0.6
[INFO] [stderr]     Checking plotters-svg v0.3.7
[INFO] [stderr]     Checking cast v0.3.0
[INFO] [stderr]     Checking glob v0.3.4
[INFO] [stderr]     Checking getrandom v0.2.17
[INFO] [stderr]     Checking mio v1.2.3
[INFO] [stderr]     Checking socket2 v0.6.5
[INFO] [stderr]     Checking rand_core v0.6.4
[INFO] [stderr]     Checking num-bigint v0.4.8
[INFO] [stderr]     Checking log v0.4.34
[INFO] [stderr]     Checking rand_core v0.9.5
[INFO] [stderr]     Checking crypto-common v0.1.7
[INFO] [stderr]     Checking plotters v0.3.7
[INFO] [stderr]     Checking is-terminal v0.4.17
[INFO] [stderr]     Checking digest v0.10.7
[INFO] [stderr]     Checking universal-hash v0.5.1
[INFO] [stderr]     Checking aead v0.5.2
[INFO] [stderr]     Checking walkdir v2.5.0
[INFO] [stderr]     Checking poly1305 v0.8.0
[INFO] [stderr]     Checking anes v0.1.6
[INFO] [stderr]     Checking oorandom v11.1.5
[INFO] [stderr]     Checking rayon v1.12.0
[INFO] [stderr]    Compiling ring v0.17.14
[INFO] [stderr]    Compiling sha2-asm v0.6.4
[INFO] [stderr]     Checking time v0.3.55
[INFO] [stderr]     Checking regex-automata v0.4.18
[INFO] [stderr]     Checking criterion-plot v0.5.0
[INFO] [stderr]     Checking sha2 v0.10.9
[INFO] [stderr]     Checking clap v4.6.6
[INFO] [stderr]    Compiling synstructure v0.13.2
[INFO] [stderr]     Checking regex v1.13.1
[INFO] [stderr]    Compiling zerovec-derive v0.11.6
[INFO] [stderr]    Compiling displaydoc v0.2.7
[INFO] [stderr]    Compiling tokio-macros v2.7.2
[INFO] [stderr]    Compiling serde_derive v1.0.229
[INFO] [stderr]    Compiling futures-macro v0.3.34
[INFO] [stderr]    Compiling thiserror-impl v2.0.20
[INFO] [stderr]    Compiling zerofrom-derive v0.1.7
[INFO] [stderr]    Compiling yoke-derive v0.8.2
[INFO] [stderr]    Compiling zeroize_derive v1.5.0
[INFO] [stderr]    Compiling zerocopy-derive v0.8.56
[INFO] [stderr]    Compiling tracing-attributes v0.1.31
[INFO] [stderr]    Compiling curve25519-dalek-derive v0.1.1
[INFO] [stderr]     Checking futures-util v0.3.34
[INFO] [stderr]     Checking tokio v1.53.1
[INFO] [stderr]     Checking zeroize v1.9.0
[INFO] [stderr]     Checking rustls-pki-types v1.15.1
[INFO] [stderr]     Checking cipher v0.4.4
[INFO] [stderr]     Checking chacha20 v0.9.1
[INFO] [stderr]     Checking webpki-roots v1.0.9
[INFO] [stderr]     Checking chacha20poly1305 v0.10.1
[INFO] [stderr]     Checking simple_asn1 v0.6.4
[INFO] [stderr]     Checking zerofrom v0.1.8
[INFO] [stderr]     Checking tracing v0.1.44
[INFO] [stderr]     Checking yoke v0.8.3
[INFO] [stderr]     Checking opentelemetry v0.30.0
[INFO] [stderr]     Checking ed25519-dalek v2.2.0
[INFO] [stderr]     Checking x25519-dalek v2.0.1
[INFO] [stderr]     Checking zerovec v0.11.8
[INFO] [stderr]     Checking zerotrie v0.2.5
[INFO] [stderr]     Checking tinystr v0.8.4
[INFO] [stderr]     Checking potential_utf v0.1.6
[INFO] [stderr]     Checking icu_collections v2.3.0
[INFO] [stderr]     Checking icu_locale_core v2.3.0
[INFO] [stderr]     Checking futures-executor v0.3.34
[INFO] [stderr]     Checking serde_urlencoded v0.7.1
[INFO] [stderr]     Checking chrono v0.4.45
[INFO] [stderr]     Checking tinytemplate v1.2.1
[INFO] [stderr]     Checking icu_provider v2.3.1
[INFO] [stderr]     Checking icu_normalizer v2.3.0
[INFO] [stderr]     Checking icu_properties v2.3.0
[INFO] [stderr]     Checking hyper v1.11.1
[INFO] [stderr]     Checking tower v0.5.3
[INFO] [stderr]     Checking tokio-stream v0.1.19
[INFO] [stderr]     Checking rustls-webpki v0.103.15
[INFO] [stderr]     Checking jsonwebtoken v9.3.1
[INFO] [stderr]     Checking typesec-core v0.14.0
[INFO] [stderr]     Checking hyper-util v0.1.20
[INFO] [stderr]     Checking idna_adapter v1.2.2
[INFO] [stderr]     Checking idna v1.1.0
[INFO] [stderr]     Checking url v2.5.8
[INFO] [stderr]     Checking tower-http v0.6.11
[INFO] [stderr]     Checking half v2.7.1
[INFO] [stderr]     Checking ppv-lite86 v0.2.21
[INFO] [stderr]     Checking ciborium-ll v0.2.2
[INFO] [stderr]     Checking rand_chacha v0.9.0
[INFO] [stderr]     Checking ciborium v0.2.2
[INFO] [stderr]     Checking rand v0.9.5
[INFO] [stderr]     Checking criterion v0.5.1
[INFO] [stderr]     Checking opentelemetry_sdk v0.30.0
[INFO] [stderr]     Checking tokio-rustls v0.26.5
[INFO] [stderr]     Checking hyper-rustls v0.27.9
[INFO] [stderr]     Checking reqwest v0.12.28
[INFO] [stderr]     Checking typesec-integrations v0.14.0 (/opt/rustwide/workdir)
[INFO] [stderr]     Checking typesec-integrations-tests v0.0.0 (/opt/rustwide/target/tests/trybuild/typesec-integrations)
[INFO] [stderr]     Finished `dev` profile [unoptimized + debuginfo] target(s) in 27.10s
[INFO] [stderr] 
[INFO] [stderr] 
[INFO] [stderr] test tests/ui/cannot_construct_cognition_receipt.rs ... mismatch
[INFO] [stderr] 
[INFO] [stderr] EXPECTED:
[INFO] [stderr] ┈┈┈┈┈┈┈┈┈┈┈┈┈┈┈┈┈┈┈┈┈┈┈┈┈┈┈┈┈┈┈┈┈┈┈┈┈┈┈┈┈┈┈┈┈┈┈┈┈┈┈┈┈┈┈┈┈┈┈┈
[INFO] [stderr] warning: unreachable statement
[INFO] [stderr]  --> tests/ui/cannot_construct_cognition_receipt.rs:5:5
[INFO] [stderr]   |
[INFO] [stderr] 4 |       let receipt: CognitionCommitReceipt = todo!();
[INFO] [stderr]   |                                             ------- any code following this expression is unreachable
[INFO] [stderr] 5 | /     let _forged = CognitionCommitReceipt {
[INFO] [stderr] 6 | |         schema_version: 3,
[INFO] [stderr] 7 | |         ..receipt
[INFO] [stderr] 8 | |     };
[INFO] [stderr]   | |______^ unreachable statement
[INFO] [stderr]   |
[INFO] [stderr]   = note: `#[warn(unreachable_code)]` (part of `#[warn(unused)]`) on by default
[INFO] [stderr] 
[INFO] [stderr] warning: unused variable: `receipt`
[INFO] [stderr]  --> tests/ui/cannot_construct_cognition_receipt.rs:4:9
[INFO] [stderr]   |
[INFO] [stderr] 4 |     let receipt: CognitionCommitReceipt = todo!();
[INFO] [stderr]   |         ^^^^^^^ help: if this is intentional, prefix it with an underscore: `_receipt`
[INFO] [stderr]   |
[INFO] [stderr]   = note: `#[warn(unused_variables)]` (part of `#[warn(unused)]`) on by default
[INFO] [stderr] 
[INFO] [stderr] error[E0451]: fields `schema_version`, `effect`, `subject`, `resource`, `job_id`, `governed_source_scope`, `typedid_request_digest`, `proposal_digest`, `governed_scan_digest`, `input_snapshot_digest`, `policy_decision_digest`, `authorization_receipt_digest`, `prior_version`, `resulting_version`, `affected_ids`, `backend_commit_id`, `authority_revalidated_at`, `prepared_at`, `committed_at`, `issued_at` and `expires_at` of struct `CognitionCommitReceipt` are private
[INFO] [stderr]  --> tests/ui/cannot_construct_cognition_receipt.rs:6:9
[INFO] [stderr]   |
[INFO] [stderr] 5 |     let _forged = CognitionCommitReceipt {
[INFO] [stderr]   |                   ---------------------- in this type
[INFO] [stderr] 6 |         schema_version: 3,
[INFO] [stderr]   |         ^^^^^^^^^^^^^^^^^ private field
[INFO] [stderr] 7 |         ..receipt
[INFO] [stderr]   |           ^^^^^^^ fields `effect`, `subject`, `resource`, `job_id`, `governed_source_scope`, `typedid_request_digest`, `proposal_digest`, `governed_scan_digest`, `input_snapshot_digest`, `policy_decision_digest`, `authorization_receipt_digest`, `prior_version`, `resulting_version`, `affected_ids`, `backend_commit_id`, `authority_revalidated_at`, `prepared_at`, `committed_at`, `issued_at` and `expires_at` are private
[INFO] [stderr] ┈┈┈┈┈┈┈┈┈┈┈┈┈┈┈┈┈┈┈┈┈┈┈┈┈┈┈┈┈┈┈┈┈┈┈┈┈┈┈┈┈┈┈┈┈┈┈┈┈┈┈┈┈┈┈┈┈┈┈┈
[INFO] [stderr] 
[INFO] [stderr] ACTUAL OUTPUT:
[INFO] [stderr] ┈┈┈┈┈┈┈┈┈┈┈┈┈┈┈┈┈┈┈┈┈┈┈┈┈┈┈┈┈┈┈┈┈┈┈┈┈┈┈┈┈┈┈┈┈┈┈┈┈┈┈┈┈┈┈┈┈┈┈┈
[INFO] [stderr] warning: unreachable statement
[INFO] [stderr]  --> tests/ui/cannot_construct_cognition_receipt.rs:5:5
[INFO] [stderr]   |
[INFO] [stderr] 4 |       let receipt: CognitionCommitReceipt = todo!();
[INFO] [stderr]   |                                             ------- any code following this expression is unreachable
[INFO] [stderr] 5 | /     let _forged = CognitionCommitReceipt {
[INFO] [stderr] 6 | |         schema_version: 3,
[INFO] [stderr] 7 | |         ..receipt
[INFO] [stderr] 8 | |     };
[INFO] [stderr]   | |______^ unreachable statement
[INFO] [stderr]   |
[INFO] [stderr]   = note: `#[warn(unreachable_code)]` (part of `#[warn(unused)]`) on by default
[INFO] [stderr] 
[INFO] [stderr] error[E0451]: fields `schema_version`, `effect`, `subject`, `resource`, `job_id`, `governed_source_scope`, `typedid_request_digest`, `proposal_digest`, `governed_scan_digest`, `input_snapshot_digest`, `policy_decision_digest`, `authorization_receipt_digest`, `prior_version`, `resulting_version`, `affected_ids`, `backend_commit_id`, `authority_revalidated_at`, `prepared_at`, `committed_at`, `issued_at` and `expires_at` of struct `CognitionCommitReceipt` are private
[INFO] [stderr]  --> tests/ui/cannot_construct_cognition_receipt.rs:6:9
[INFO] [stderr]   |
[INFO] [stderr] 5 |     let _forged = CognitionCommitReceipt {
[INFO] [stderr]   |                   ---------------------- in this type
[INFO] [stderr] 6 |         schema_version: 3,
[INFO] [stderr]   |         ^^^^^^^^^^^^^^^^^ private field
[INFO] [stderr] 7 |         ..receipt
[INFO] [stderr]   |           ^^^^^^^ fields `effect`, `subject`, `resource`, `job_id`, `governed_source_scope`, `typedid_request_digest`, `proposal_digest`, `governed_scan_digest`, `input_snapshot_digest`, `policy_decision_digest`, `authorization_receipt_digest`, `prior_version`, `resulting_version`, `affected_ids`, `backend_commit_id`, `authority_revalidated_at`, `prepared_at`, `committed_at`, `issued_at` and `expires_at` are private
[INFO] [stderr] ┈┈┈┈┈┈┈┈┈┈┈┈┈┈┈┈┈┈┈┈┈┈┈┈┈┈┈┈┈┈┈┈┈┈┈┈┈┈┈┈┈┈┈┈┈┈┈┈┈┈┈┈┈┈┈┈┈┈┈┈
[INFO] [stderr] note: If the actual output is the correct output you can bless it by rerunning
[INFO] [stderr]       your test with the environment variable TRYBUILD=overwrite
[INFO] [stderr] 
[INFO] [stderr] test tests/ui/cannot_mutate_cognition_receipt.rs ... ok
[INFO] [stderr] 
[INFO] [stderr] 
[INFO] [stdout] test cognition_receipt_sealing_holds ... FAILED
[INFO] [stdout] 
[INFO] [stdout] failures:
[INFO] [stdout] 
[INFO] [stdout] ---- cognition_receipt_sealing_holds stdout ----
[INFO] [stdout] 
[INFO] [stdout] thread 'cognition_receipt_sealing_holds' (2623) panicked at /opt/rustwide/cargo-home/registry/src/index.crates.io-1949cf8c6b5b557f/trybuild-1.0.120/src/run.rs:103:13:
[INFO] [stdout] 1 of 2 tests failed
[INFO] [stdout] stack backtrace:
[INFO] [stdout]    0:     0x6351edf06221 - std[70759c8f55707aa4]::backtrace_rs::backtrace::libunwind::trace
[INFO] [stdout]                                at /rustc/dfb0accb7f508ae8be965d8629557221c889dd98/library/std/src/../../backtrace/src/backtrace/libunwind.rs:117:9
[INFO] [stdout]    1:     0x6351edf06221 - std[70759c8f55707aa4]::backtrace_rs::backtrace::trace_unsynchronized::<std[70759c8f55707aa4]::sys::backtrace::_print_fmt::{closure#1}>
[INFO] [stdout]                                at /rustc/dfb0accb7f508ae8be965d8629557221c889dd98/library/std/src/../../backtrace/src/backtrace/mod.rs:66:14
[INFO] [stdout]    2:     0x6351edf06221 - std[70759c8f55707aa4]::sys::backtrace::_print_fmt
[INFO] [stdout]                                at /rustc/dfb0accb7f508ae8be965d8629557221c889dd98/library/std/src/sys/backtrace.rs:74:9
[INFO] [stdout]    3:     0x6351edf06221 - <<std[70759c8f55707aa4]::sys::backtrace::BacktraceLock>::print::DisplayBacktrace as core[df12db4294e9bfd3]::fmt::Display>::fmt
[INFO] [stdout]                                at /rustc/dfb0accb7f508ae8be965d8629557221c889dd98/library/std/src/sys/backtrace.rs:44:26
[INFO] [stdout]    4:     0x6351edf1ca2a - <core[df12db4294e9bfd3]::fmt::rt::Argument>::fmt
[INFO] [stdout]                                at /rustc/dfb0accb7f508ae8be965d8629557221c889dd98/library/core/src/fmt/rt.rs:152:76
[INFO] [stdout]    5:     0x6351edf1ca2a - core[df12db4294e9bfd3]::fmt::write
[INFO] [stdout]    6:     0x6351edf0acec - core[df12db4294e9bfd3]::io::write::default_write_fmt::<alloc[2182bb758b4b3781]::vec::Vec<u8>>
[INFO] [stdout]                                at /rustc/dfb0accb7f508ae8be965d8629557221c889dd98/library/core/src/io/write.rs:402:11
[INFO] [stdout]    7:     0x6351edf0acec - <alloc[2182bb758b4b3781]::vec::Vec<u8> as core[df12db4294e9bfd3]::io::write::Write>::write_fmt
[INFO] [stdout]                                at /rustc/dfb0accb7f508ae8be965d8629557221c889dd98/library/core/src/io/write.rs:335:13
[INFO] [stdout]    8:     0x6351ededf706 - <std[70759c8f55707aa4]::sys::backtrace::BacktraceLock>::print
[INFO] [stdout]                                at /rustc/dfb0accb7f508ae8be965d8629557221c889dd98/library/std/src/sys/backtrace.rs:47:9
[INFO] [stdout]    9:     0x6351ededf706 - std[70759c8f55707aa4]::panicking::default_hook::{closure#0}
[INFO] [stdout]                                at /rustc/dfb0accb7f508ae8be965d8629557221c889dd98/library/std/src/panicking.rs:292:27
[INFO] [stdout]   10:     0x6351edefd899 - std[70759c8f55707aa4]::panicking::default_hook
[INFO] [stdout]                                at /rustc/dfb0accb7f508ae8be965d8629557221c889dd98/library/std/src/panicking.rs:316:9
[INFO] [stdout]   11:     0x6351ede96b70 - <alloc[2182bb758b4b3781]::boxed::Box<dyn for<'a, 'b> core[df12db4294e9bfd3]::ops::function::Fn<(&'a std[70759c8f55707aa4]::panic::PanicHookInfo<'b>,), Output = ()> + core[df12db4294e9bfd3]::marker::Send + core[df12db4294e9bfd3]::marker::Sync> as core[df12db4294e9bfd3]::ops::function::Fn<(&std[70759c8f55707aa4]::panic::PanicHookInfo,)>>::call
[INFO] [stdout]                                at /rustc/dfb0accb7f508ae8be965d8629557221c889dd98/library/alloc/src/boxed.rs:2334:9
[INFO] [stdout]   12:     0x6351ede96b70 - test[9d35eded1c95d3be]::test_main_inner::<test[9d35eded1c95d3be]::test_main_static::{closure#0}>::{closure#0}
[INFO] [stdout]                                at /rustc/dfb0accb7f508ae8be965d8629557221c889dd98/library/test/src/lib.rs:155:21
[INFO] [stdout]   13:     0x6351edefda52 - <alloc[2182bb758b4b3781]::boxed::Box<dyn for<'a, 'b> core[df12db4294e9bfd3]::ops::function::Fn<(&'a std[70759c8f55707aa4]::panic::PanicHookInfo<'b>,), Output = ()> + core[df12db4294e9bfd3]::marker::Send + core[df12db4294e9bfd3]::marker::Sync> as core[df12db4294e9bfd3]::ops::function::Fn<(&std[70759c8f55707aa4]::panic::PanicHookInfo,)>>::call
[INFO] [stdout]                                at /rustc/dfb0accb7f508ae8be965d8629557221c889dd98/library/alloc/src/boxed.rs:2334:9
[INFO] [stdout]   14:     0x6351edefda52 - std[70759c8f55707aa4]::panicking::panic_with_hook
[INFO] [stdout]                                at /rustc/dfb0accb7f508ae8be965d8629557221c889dd98/library/std/src/panicking.rs:823:13
[INFO] [stdout]   15:     0x6351ededf7b2 - std[70759c8f55707aa4]::panicking::panic_handler::{closure#0}
[INFO] [stdout]                                at /rustc/dfb0accb7f508ae8be965d8629557221c889dd98/library/std/src/panicking.rs:688:13
[INFO] [stdout]   16:     0x6351eded8079 - std[70759c8f55707aa4]::sys::backtrace::__rust_end_short_backtrace::<std[70759c8f55707aa4]::panicking::panic_handler::{closure#0}, !>
[INFO] [stdout]                                at /rustc/dfb0accb7f508ae8be965d8629557221c889dd98/library/std/src/sys/backtrace.rs:182:18
[INFO] [stdout]   17:     0x6351edee03ad - __rustc[8fa7c3cbc660c2b3]::rust_begin_unwind
[INFO] [stdout]                                at /rustc/dfb0accb7f508ae8be965d8629557221c889dd98/library/std/src/panicking.rs:679:5
[INFO] [stdout]   18:     0x6351edf1d21c - core[df12db4294e9bfd3]::panicking::panic_fmt
[INFO] [stdout]                                at /rustc/dfb0accb7f508ae8be965d8629557221c889dd98/library/core/src/panicking.rs:80:14
[INFO] [stdout]   19:     0x6351edc73834 - <trybuild[564f5db79ca4ff32]::Runner>::run
[INFO] [stdout]                                at /opt/rustwide/cargo-home/registry/src/index.crates.io-1949cf8c6b5b557f/trybuild-1.0.120/src/run.rs:103:13
[INFO] [stdout]   20:     0x6351edc7edc8 - <trybuild[564f5db79ca4ff32]::TestCases as core[df12db4294e9bfd3]::ops::drop::Drop>::drop
[INFO] [stdout]                                at /opt/rustwide/cargo-home/registry/src/index.crates.io-1949cf8c6b5b557f/trybuild-1.0.120/src/lib.rs:342:38
[INFO] [stdout]   21:     0x6351edc6c787 - core[df12db4294e9bfd3]::ptr::drop_glue::<trybuild[564f5db79ca4ff32]::TestCases>
[INFO] [stdout]                                at /rustc/dfb0accb7f508ae8be965d8629557221c889dd98/library/core/src/ptr/mod.rs:847:1
[INFO] [stdout]   22:     0x6351edc6c9ab - compile_fail[f78539aed1458aec]::cognition_receipt_sealing_holds
[INFO] [stdout]                                at /opt/rustwide/workdir/tests/compile_fail.rs:8:1
[INFO] [stdout]   23:     0x6351edc6c8e7 - compile_fail[f78539aed1458aec]::cognition_receipt_sealing_holds::{closure#0}
[INFO] [stdout]                                at /opt/rustwide/workdir/tests/compile_fail.rs:4:37
[INFO] [stdout]   24:     0x6351edc6ce06 - <compile_fail[f78539aed1458aec]::cognition_receipt_sealing_holds::{closure#0} as core[df12db4294e9bfd3]::ops::function::FnOnce<()>>::call_once
[INFO] [stdout]                                at /rustc/dfb0accb7f508ae8be965d8629557221c889dd98/library/core/src/ops/function.rs:250:5
[INFO] [stdout]   25:     0x6351ede89e5b - <fn() -> core[df12db4294e9bfd3]::result::Result<(), alloc[2182bb758b4b3781]::string::String> as core[df12db4294e9bfd3]::ops::function::FnOnce<()>>::call_once
[INFO] [stdout]                                at /rustc/dfb0accb7f508ae8be965d8629557221c889dd98/library/core/src/ops/function.rs:250:5
[INFO] [stdout]   26:     0x6351ede89e5b - test[9d35eded1c95d3be]::__rust_begin_short_backtrace::<core[df12db4294e9bfd3]::result::Result<(), alloc[2182bb758b4b3781]::string::String>, fn() -> core[df12db4294e9bfd3]::result::Result<(), alloc[2182bb758b4b3781]::string::String>>
[INFO] [stdout]                                at /rustc/dfb0accb7f508ae8be965d8629557221c889dd98/library/test/src/lib.rs:733:18
[INFO] [stdout]   27:     0x6351ede974c5 - test[9d35eded1c95d3be]::run_test_in_process::{closure#0}
[INFO] [stdout]                                at /rustc/dfb0accb7f508ae8be965d8629557221c889dd98/library/test/src/lib.rs:756:74
[INFO] [stdout]   28:     0x6351ede974c5 - <core[df12db4294e9bfd3]::panic::unwind_safe::AssertUnwindSafe<test[9d35eded1c95d3be]::run_test_in_process::{closure#0}> as core[df12db4294e9bfd3]::ops::function::FnOnce<()>>::call_once
[INFO] [stdout]                                at /rustc/dfb0accb7f508ae8be965d8629557221c889dd98/library/core/src/panic/unwind_safe.rs:275:9
[INFO] [stdout]   29:     0x6351ede974c5 - std[70759c8f55707aa4]::panicking::catch_unwind::do_call::<core[df12db4294e9bfd3]::panic::unwind_safe::AssertUnwindSafe<test[9d35eded1c95d3be]::run_test_in_process::{closure#0}>, core[df12db4294e9bfd3]::result::Result<(), alloc[2182bb758b4b3781]::string::String>>
[INFO] [stdout]                                at /rustc/dfb0accb7f508ae8be965d8629557221c889dd98/library/std/src/panicking.rs:576:43
[INFO] [stdout]   30:     0x6351ede974c5 - std[70759c8f55707aa4]::panicking::catch_unwind::<core[df12db4294e9bfd3]::result::Result<(), alloc[2182bb758b4b3781]::string::String>, core[df12db4294e9bfd3]::panic::unwind_safe::AssertUnwindSafe<test[9d35eded1c95d3be]::run_test_in_process::{closure#0}>>
[INFO] [stdout]                                at /rustc/dfb0accb7f508ae8be965d8629557221c889dd98/library/std/src/panicking.rs:544:19
[INFO] [stdout]   31:     0x6351ede974c5 - std[70759c8f55707aa4]::panic::catch_unwind::<core[df12db4294e9bfd3]::panic::unwind_safe::AssertUnwindSafe<test[9d35eded1c95d3be]::run_test_in_process::{closure#0}>, core[df12db4294e9bfd3]::result::Result<(), alloc[2182bb758b4b3781]::string::String>>
[INFO] [stdout]                                at /rustc/dfb0accb7f508ae8be965d8629557221c889dd98/library/std/src/panic.rs:359:14
[INFO] [stdout]   32:     0x6351ede974c5 - test[9d35eded1c95d3be]::run_test_in_process
[INFO] [stdout]                                at /rustc/dfb0accb7f508ae8be965d8629557221c889dd98/library/test/src/lib.rs:756:27
[INFO] [stdout]   33:     0x6351ede974c5 - test[9d35eded1c95d3be]::run_test::{closure#0}
[INFO] [stdout]                                at /rustc/dfb0accb7f508ae8be965d8629557221c889dd98/library/test/src/lib.rs:677:43
[INFO] [stdout]   34:     0x6351ede90d84 - test[9d35eded1c95d3be]::run_test::{closure#1}
[INFO] [stdout]                                at /rustc/dfb0accb7f508ae8be965d8629557221c889dd98/library/test/src/lib.rs:707:41
[INFO] [stdout]   35:     0x6351ede90d84 - std[70759c8f55707aa4]::sys::backtrace::__rust_begin_short_backtrace::<test[9d35eded1c95d3be]::run_test::{closure#1}, ()>
[INFO] [stdout]                                at /rustc/dfb0accb7f508ae8be965d8629557221c889dd98/library/std/src/sys/backtrace.rs:166:18
[INFO] [stdout]   36:     0x6351ede9a622 - std[70759c8f55707aa4]::thread::lifecycle::spawn_unchecked::<test[9d35eded1c95d3be]::run_test::{closure#1}, ()>::{closure#1}::{closure#0}
[INFO] [stdout]                                at /rustc/dfb0accb7f508ae8be965d8629557221c889dd98/library/std/src/thread/lifecycle.rs:70:13
[INFO] [stdout]   37:     0x6351ede9a622 - <core[df12db4294e9bfd3]::panic::unwind_safe::AssertUnwindSafe<std[70759c8f55707aa4]::thread::lifecycle::spawn_unchecked<test[9d35eded1c95d3be]::run_test::{closure#1}, ()>::{closure#1}::{closure#0}> as core[df12db4294e9bfd3]::ops::function::FnOnce<()>>::call_once
[INFO] [stdout]                                at /rustc/dfb0accb7f508ae8be965d8629557221c889dd98/library/core/src/panic/unwind_safe.rs:275:9
[INFO] [stdout]   38:     0x6351ede9a622 - std[70759c8f55707aa4]::panicking::catch_unwind::do_call::<core[df12db4294e9bfd3]::panic::unwind_safe::AssertUnwindSafe<std[70759c8f55707aa4]::thread::lifecycle::spawn_unchecked<test[9d35eded1c95d3be]::run_test::{closure#1}, ()>::{closure#1}::{closure#0}>, ()>
[INFO] [stdout]                                at /rustc/dfb0accb7f508ae8be965d8629557221c889dd98/library/std/src/panicking.rs:576:43
[INFO] [stdout]   39:     0x6351ede9a622 - std[70759c8f55707aa4]::panicking::catch_unwind::<(), core[df12db4294e9bfd3]::panic::unwind_safe::AssertUnwindSafe<std[70759c8f55707aa4]::thread::lifecycle::spawn_unchecked<test[9d35eded1c95d3be]::run_test::{closure#1}, ()>::{closure#1}::{closure#0}>>
[INFO] [stdout]                                at /rustc/dfb0accb7f508ae8be965d8629557221c889dd98/library/std/src/panicking.rs:544:19
[INFO] [stdout]   40:     0x6351ede9a622 - std[70759c8f55707aa4]::panic::catch_unwind::<core[df12db4294e9bfd3]::panic::unwind_safe::AssertUnwindSafe<std[70759c8f55707aa4]::thread::lifecycle::spawn_unchecked<test[9d35eded1c95d3be]::run_test::{closure#1}, ()>::{closure#1}::{closure#0}>, ()>
[INFO] [stdout]                                at /rustc/dfb0accb7f508ae8be965d8629557221c889dd98/library/std/src/panic.rs:359:14
[INFO] [stdout]   41:     0x6351ede9a622 - std[70759c8f55707aa4]::thread::lifecycle::spawn_unchecked::<test[9d35eded1c95d3be]::run_test::{closure#1}, ()>::{closure#1}
[INFO] [stdout]                                at /rustc/dfb0accb7f508ae8be965d8629557221c889dd98/library/std/src/thread/lifecycle.rs:68:26
[INFO] [stdout]   42:     0x6351ede9a622 - <std[70759c8f55707aa4]::thread::lifecycle::spawn_unchecked<test[9d35eded1c95d3be]::run_test::{closure#1}, ()>::{closure#1} as core[df12db4294e9bfd3]::ops::function::FnOnce<()>>::call_once::{shim:vtable#0}
[INFO] [stdout]                                at /rustc/dfb0accb7f508ae8be965d8629557221c889dd98/library/core/src/ops/function.rs:250:5
[INFO] [stdout]   43:     0x6351edf054d9 - <alloc[2182bb758b4b3781]::boxed::Box<dyn core[df12db4294e9bfd3]::ops::function::FnOnce<(), Output = ()> + core[df12db4294e9bfd3]::marker::Send> as core[df12db4294e9bfd3]::ops::function::FnOnce<()>>::call_once
[INFO] [stdout]                                at /rustc/dfb0accb7f508ae8be965d8629557221c889dd98/library/alloc/src/boxed.rs:2320:9
[INFO] [stdout]   44:     0x6351edf054d9 - <std[70759c8f55707aa4]::sys::thread::unix::Thread>::new::thread_start
[INFO] [stdout]                                at /rustc/dfb0accb7f508ae8be965d8629557221c889dd98/library/std/src/sys/thread/unix.rs:123:17
[INFO] [stdout]   45:     0x7d10e0402dfa - <unknown>
[INFO] [stdout]   46:     0x7d10e04963d4 - clone
[INFO] [stdout]   47:                0x0 - <unknown>
[INFO] [stdout] 
[INFO] [stdout] 
[INFO] [stdout] failures:
[INFO] [stdout]     cognition_receipt_sealing_holds
[INFO] [stdout] 
[INFO] [stdout] test result: FAILED. 0 passed; 1 failed; 0 ignored; 0 measured; 0 filtered out; finished in 40.66s
[INFO] [stdout] 
[INFO] [stderr] error: test failed, to rerun pass `--test compile_fail`
[INFO] running `Command { std: "docker" "inspect" "b296e2a10e253486b3f6bcb2d6c932cfc386a876582a9f284afe0583facfa425", kill_on_drop: false }`
[INFO] running `Command { std: "docker" "rm" "-f" "b296e2a10e253486b3f6bcb2d6c932cfc386a876582a9f284afe0583facfa425", kill_on_drop: false }`
[INFO] [stdout] b296e2a10e253486b3f6bcb2d6c932cfc386a876582a9f284afe0583facfa425
