[INFO] fetching crate type-history-build 0.3.1...
[INFO] testing type-history-build-0.3.1 against 1.99.0-beta.8 for beta-1.100-2
[INFO] extracting crate type-history-build 0.3.1 into /workspace/builds/worker-6-tc1/source
[INFO] started tweaking crates.io crate type-history-build 0.3.1
[INFO] removed 0 missing tests
[INFO] finished tweaking crates.io crate type-history-build 0.3.1
[INFO] tweaked toml for crates.io crate type-history-build 0.3.1 written to /workspace/builds/worker-6-tc1/source/Cargo.toml
[INFO] validating manifest of crates.io crate type-history-build 0.3.1 on toolchain 1.99.0-beta.8
[INFO] running `Command { std: CARGO_HOME="/workspace/cargo-home" RUSTUP_HOME="/workspace/rustup-home" "/workspace/cargo-home/bin/cargo" "+1.99.0-beta.8" "metadata" "--manifest-path" "Cargo.toml" "--no-deps", kill_on_drop: false }`
[INFO] crate crates.io crate type-history-build 0.3.1 already has a lockfile, it will not be regenerated
[INFO] running `Command { std: CARGO_HOME="/workspace/cargo-home" RUSTUP_HOME="/workspace/rustup-home" "/workspace/cargo-home/bin/cargo" "+1.99.0-beta.8" "fetch" "--manifest-path" "Cargo.toml", kill_on_drop: false }`
[INFO] [stderr]     Updating crates.io index
[INFO] [stderr]  Downloading crates ...
[INFO] [stderr]   Downloaded serde_spanned v1.0.4
[INFO] [stderr]   Downloaded serde_derive_internals v0.30.0
[INFO] [stderr]   Downloaded toml_writer v1.0.6+spec-1.1.0
[INFO] [stderr]   Downloaded toml_datetime v0.7.5+spec-1.1.0
[INFO] [stderr]   Downloaded schemars_derive v1.2.2
[INFO] [stderr]   Downloaded toml v0.9.12+spec-1.1.0
[INFO] [stderr]   Downloaded type-history-core v0.3.1
[INFO] [stderr]   Downloaded schemars v1.2.2
[INFO] [stderr]   Downloaded type-history-codegen v0.3.1
[INFO] [stderr]   Downloaded syn v3.0.5
[INFO] running `Command { std: "docker" "create" "-v" "/var/lib/crater-agent-workspace/builds/worker-6-tc1/source:/opt/rustwide/workdir:ro,Z" "-v" "/var/lib/crater-agent-workspace/builds/worker-6-tc1/target:/opt/rustwide/target:rw,Z" "-v" "/var/lib/crater-agent-workspace/cargo-home:/opt/rustwide/cargo-home:ro,Z" "-v" "/var/lib/crater-agent-workspace/rustup-home:/opt/rustwide/rustup-home:ro,Z" "-m" "1610612736" "--network" "none" "ghcr.io/rust-lang/crates-build-env/linux@sha256:3111399a4047eeb3a02b7a90e478d715f38a8c6669b5c4b49d30a17385265909" "sleep" "infinity", kill_on_drop: false }`
[INFO] [stdout] d933065a16ff7e80442b4244ab04183a3a79ab093f9c627b8fd57fca1ca24601
[INFO] running `Command { std: "docker" "start" "d933065a16ff7e80442b4244ab04183a3a79ab093f9c627b8fd57fca1ca24601", kill_on_drop: false }`
[INFO] running `Command { std: "docker" "inspect" "d933065a16ff7e80442b4244ab04183a3a79ab093f9c627b8fd57fca1ca24601", kill_on_drop: false }`
[INFO] running `Command { std: "docker" "exec" "-e" "SOURCE_DIR=/opt/rustwide/workdir" "-e" "CARGO_HOME=/opt/rustwide/cargo-home" "-e" "RUSTUP_HOME=/opt/rustwide/rustup-home" "-e" "CARGO_TARGET_DIR=/opt/rustwide/target" "-w" "/opt/rustwide/workdir" "--user" "0:0" "d933065a16ff7e80442b4244ab04183a3a79ab093f9c627b8fd57fca1ca24601" "/opt/rustwide/cargo-home/bin/cargo" "+1.99.0-beta.8" "metadata" "--no-deps" "--format-version=1", kill_on_drop: false }`
[INFO] running `Command { std: "docker" "inspect" "d933065a16ff7e80442b4244ab04183a3a79ab093f9c627b8fd57fca1ca24601", kill_on_drop: false }`
[INFO] running `Command { std: "docker" "exec" "-e" "SOURCE_DIR=/opt/rustwide/workdir" "-e" "CARGO_HOME=/opt/rustwide/cargo-home" "-e" "RUSTUP_HOME=/opt/rustwide/rustup-home" "-e" "CARGO_TARGET_DIR=/opt/rustwide/target" "-e" "CARGO_INCREMENTAL=0" "-e" "RUST_BACKTRACE=full" "-e" "RUSTFLAGS=--cap-lints=warn" "-e" "RUSTDOCFLAGS=--cap-lints=warn" "-w" "/opt/rustwide/workdir" "--user" "0:0" "d933065a16ff7e80442b4244ab04183a3a79ab093f9c627b8fd57fca1ca24601" "/opt/rustwide/cargo-home/bin/cargo" "+1.99.0-beta.8" "build" "--frozen" "--message-format=json", kill_on_drop: false }`
[INFO] [stderr]    Compiling unicode-ident v1.0.22
[INFO] [stderr]    Compiling quote v1.0.44
[INFO] [stderr]    Compiling serde_core v1.0.228
[INFO] [stderr]    Compiling typenum v1.19.0
[INFO] [stderr]    Compiling version_check v0.9.5
[INFO] [stderr]    Compiling proc-macro2 v1.0.106
[INFO] [stderr]    Compiling ref-cast v1.0.25
[INFO] [stderr]    Compiling serde_json v1.0.149
[INFO] [stderr]    Compiling serde v1.0.228
[INFO] [stderr]    Compiling memchr v2.8.0
[INFO] [stderr]    Compiling libc v0.2.183
[INFO] [stderr]    Compiling dyn-clone v1.0.20
[INFO] [stderr]    Compiling rustix v1.1.4
[INFO] [stderr]    Compiling getrandom v0.4.2
[INFO] [stderr]    Compiling winnow v1.0.4
[INFO] [stderr]    Compiling linux-raw-sys v0.12.1
[INFO] [stderr]    Compiling bitflags v2.11.0
[INFO] [stderr]    Compiling cpufeatures v0.2.17
[INFO] [stderr]    Compiling once_cell v1.21.4
[INFO] [stderr]    Compiling winnow v0.7.15
[INFO] [stderr]    Compiling toml_writer v1.0.6+spec-1.1.0
[INFO] [stderr]    Compiling fastrand v2.3.0
[INFO] [stderr]    Compiling generic-array v0.14.7
[INFO] [stderr]    Compiling syn v2.0.114
[INFO] [stderr]    Compiling syn v3.0.5
[INFO] [stderr]    Compiling toml_parser v1.1.3+spec-1.1.0
[INFO] [stderr]    Compiling serde_derive_internals v0.30.0
[INFO] [stderr]    Compiling block-buffer v0.10.4
[INFO] [stderr]    Compiling crypto-common v0.1.7
[INFO] [stderr]    Compiling digest v0.10.7
[INFO] [stderr]    Compiling tempfile v3.27.0
[INFO] [stderr]    Compiling sha2 v0.10.9
[INFO] [stderr]    Compiling serde_derive v1.0.228
[INFO] [stderr]    Compiling ref-cast-impl v1.0.25
[INFO] [stderr]    Compiling thiserror-impl v2.0.18
[INFO] [stderr]    Compiling schemars_derive v1.2.2
[INFO] [stderr]    Compiling serde_spanned v1.0.4
[INFO] [stderr]    Compiling toml_datetime v0.7.5+spec-1.1.0
[INFO] [stderr]    Compiling toml v0.9.12+spec-1.1.0
[INFO] [stderr]    Compiling thiserror v2.0.18
[INFO] [stderr]    Compiling schemars v1.2.2
[INFO] [stderr]    Compiling type-history-core v0.3.1
[INFO] [stderr]    Compiling type-history-codegen v0.3.1
[INFO] [stderr]    Compiling type-history-build v0.3.1 (/opt/rustwide/workdir)
[INFO] [stderr]     Finished `dev` profile [unoptimized + debuginfo] target(s) in 30.18s
[INFO] running `Command { std: "docker" "inspect" "d933065a16ff7e80442b4244ab04183a3a79ab093f9c627b8fd57fca1ca24601", kill_on_drop: false }`
[INFO] running `Command { std: "docker" "exec" "-e" "SOURCE_DIR=/opt/rustwide/workdir" "-e" "CARGO_HOME=/opt/rustwide/cargo-home" "-e" "RUSTUP_HOME=/opt/rustwide/rustup-home" "-e" "CARGO_TARGET_DIR=/opt/rustwide/target" "-e" "CARGO_INCREMENTAL=0" "-e" "RUST_BACKTRACE=full" "-e" "RUSTFLAGS=--cap-lints=warn" "-e" "RUSTDOCFLAGS=--cap-lints=warn" "-w" "/opt/rustwide/workdir" "--user" "0:0" "d933065a16ff7e80442b4244ab04183a3a79ab093f9c627b8fd57fca1ca24601" "/opt/rustwide/cargo-home/bin/cargo" "+1.99.0-beta.8" "test" "--frozen" "--no-run" "--message-format=json", kill_on_drop: false }`
[INFO] [stderr]    Compiling type-history-build v0.3.1 (/opt/rustwide/workdir)
[INFO] [stderr]     Finished `test` profile [unoptimized + debuginfo] target(s) in 6.29s
[INFO] running `Command { std: "docker" "inspect" "d933065a16ff7e80442b4244ab04183a3a79ab093f9c627b8fd57fca1ca24601", kill_on_drop: false }`
[INFO] running `Command { std: "docker" "exec" "-e" "SOURCE_DIR=/opt/rustwide/workdir" "-e" "CARGO_HOME=/opt/rustwide/cargo-home" "-e" "RUSTUP_HOME=/opt/rustwide/rustup-home" "-e" "CARGO_TARGET_DIR=/opt/rustwide/target" "-e" "CARGO_INCREMENTAL=0" "-e" "RUST_BACKTRACE=full" "-e" "RUSTFLAGS=--cap-lints=warn" "-e" "RUSTDOCFLAGS=--cap-lints=warn" "-w" "/opt/rustwide/workdir" "--user" "0:0" "d933065a16ff7e80442b4244ab04183a3a79ab093f9c627b8fd57fca1ca24601" "/opt/rustwide/cargo-home/bin/cargo" "+1.99.0-beta.8" "test" "--frozen", kill_on_drop: false }`
[INFO] [stderr]     Finished `test` profile [unoptimized + debuginfo] target(s) in 0.07s
[INFO] [stderr]      Running unittests src/lib.rs (/opt/rustwide/target/debug/deps/type_history_build-933c6aa00a2d308c)
[INFO] [stdout] 
[INFO] [stdout] running 51 tests
[INFO] [stdout] test lifecycle::tests::exact_mutation_scope_and_selectors ... ok
[INFO] [stdout] test compile::tests::strict_switch_only_strengthens_consumer_profile_policy ... ok
[INFO] [stdout] test lifecycle::tests::frozen_wire_drift_cannot_be_frozen_again ... ok
[INFO] [stdout] test lifecycle::check::tests::fallible_caller_metadata_returns_an_error_for_changes_and_missing_histories ... ok
[INFO] [stdout] test lifecycle::tests::historical_reset_and_inventory_deletion_are_rejected ... ok
[INFO] [stdout] test snapshot::manifest::tests::absolute_paths_keep_symlink_parent_semantics_and_reject_external_targets ... ok
[INFO] [stdout] test lifecycle::tests::metadata_and_unrelated_shape_remain_frozen_during_reset ... ok
[INFO] [stdout] test snapshot::manifest::tests::relative_and_inherited_paths_and_disabled_builds_are_unchanged ... ok
[INFO] [stdout] test inventory::tests::frozen_inventory_survives_erased_source_declarations ... ok
[INFO] [stdout] test lifecycle::tests::freeze_preserves_unselected_drafts_and_exact_frozen_noop ... ok
[INFO] [stdout] test snapshot::tests::cache_homes_share_lock_inodes_without_copying_credentials_or_overwriting_files ... ok
[INFO] [stdout] test lifecycle::check::tests::simultaneous_release_and_current_resets_keep_distinct_authority_locations ... ok
[INFO] [stdout] test snapshot::manifest::tests::cargo_paths_are_remapped_by_context_and_metadata_is_preserved ... ok
[INFO] [stdout] test snapshot::manifest::tests::unresolved_absolute_patterns_with_parent_components_are_rejected ... ok
[INFO] [stdout] test lifecycle::tests::reset_preserves_original_shape_and_requires_exact_close ... ok
[INFO] [stdout] test snapshot::reuse::tests::only_exact_local_package_state_is_forgotten ... ok
[INFO] [stdout] test inventory::tests::declared_huge_range_is_rejected_before_reconstruction ... ok
[INFO] [stdout] test snapshot::manifest::tests::absolute_manifest_paths_outside_the_graph_are_rejected ... ok
[INFO] [stdout] test options::tests::command_and_selector_spellings_are_exact ... ok
[INFO] [stdout] test snapshot::tests::cargo_command_preserves_subcommand_and_uses_only_checked_configs ... ok
[INFO] [stdout] test snapshot::tests::config_relative_override_stays_inside_the_checked_graph ... ok
[INFO] [stdout] test snapshot::tests::configs_keep_order_legacy_preference_and_environment_conflicts_fail ... ok
[INFO] [stdout] test snapshot::tests::declared_input_bytes_remain_part_of_freshness_checks ... ok
[INFO] [stdout] test snapshot::tests::missing_copy_and_transient_copied_bytes_are_rejected_after_live_undo ... ok
[INFO] [stdout] test snapshot::tests::optional_missing_input_tracks_linked_prefix_and_file_parent_is_rejected ... ok
[INFO] [stdout] test snapshot::tests::relative_symlink_with_excess_parents_cannot_escape_mirror ... ok
[INFO] [stdout] test standalone_export::tests::complete_exports_keep_exact_stable_name_versions_schema_and_empty_metadata ... ok
[INFO] [stdout] test standalone_export::tests::malformed_shapes_and_legacy_rows_never_become_authority ... ok
[INFO] [stdout] test snapshot::tests::declared_inputs_are_relative_existing_paths ... ok
[INFO] [stdout] test standalone_export::tests::missing_duplicate_unexpected_and_incomplete_exports_are_rejected ... ok
[INFO] [stdout] test snapshot::tests::traversed_directory_is_recreated_without_copying_unrelated_contents ... ok
[INFO] [stdout] test snapshot::tests::declared_input_symlink_route_and_equal_byte_retarget_are_freshness_inputs ... ok
[INFO] [stdout] test snapshot::tests::cargo_outputs_are_excluded_without_losing_source_named_target ... ok
[INFO] [stdout] test transaction::tests::lock_symlinks_cannot_create_or_open_another_filesystem_authority ... ok
[INFO] [stdout] test transaction::tests::public_cli::child_calls_public_cli_with_a_private_fault ... ok
[INFO] [stdout] test snapshot::tests::config_symlinks_keep_identity_contents_and_mapped_absolute_targets ... ok
[INFO] [stdout] test transaction::tests::authority_directory_cannot_redirect_a_transaction_to_another_package ... ok
[INFO] [stdout] test snapshot::tests::workspace_local_snapshot_owner_is_excluded_without_ignoring_neighboring_inputs ... ok
[INFO] [stdout] test snapshot::tests::source_config_and_import_edit_copy_undo_are_rejected ... ok
[INFO] [stdout] test transaction::tests::atomic_failures_before_rename_keep_exact_original_bytes_and_cleanup ... ok
[INFO] [stdout] test transaction::tests::transaction_drop_unlocks_a_duplicated_lock_descriptor ... ok
[INFO] [stdout] test snapshot::tests::external_config_symlinks_capture_target_bytes_inside_or_outside_the_graph ... ok
[INFO] [stdout] test workspace::tests::workspace_selection_uses_ledgers_and_explicit_setup_needs_only_a_library ... ok
[INFO] [stdout] test transaction::tests::atomic_failures_candidate_freshness_and_original_readback_precede_commit ... ok
[INFO] [stdout] test transaction::tests::committing_a_candidate_preserves_existing_ledger_permissions ... ok
[INFO] [stdout] test package::tests::explicit_workspace_owns_inherited_aliases_and_tracked_manifest ... ok
[INFO] [stdout] test transaction::tests::initialization_preserves_a_ledger_created_after_lock_acquisition ... ok
[INFO] [stdout] test transaction::tests::atomic_failures_after_rename_report_committed_and_keep_exact_candidate ... ok
[INFO] [stdout] test discover::tests::empty_initialization_is_bounded_and_ordinary_reads_require_authority ... ok
[INFO] [stdout] test discover::tests::unrelated_configuration_does_not_select_history_authority ... ok
[INFO] [stdout] test transaction::tests::public_cli::atomic_failures_public_cli_propagates_precommit_and_committed_errors ... FAILED
[INFO] [stdout] 
[INFO] [stdout] failures:
[INFO] [stdout] 
[INFO] [stdout] ---- transaction::tests::public_cli::atomic_failures_public_cli_propagates_precommit_and_committed_errors stdout ----
[INFO] [stdout] 
[INFO] [stdout] thread 'transaction::tests::public_cli::atomic_failures_public_cli_propagates_precommit_and_committed_errors' (1107) panicked at src/transaction/tests/public_cli.rs:103:17:
[INFO] [stdout] 
[INFO] [stdout] running 1 test
[INFO] [stdout] 
[INFO] [stdout] cargo-type-history: Read-only file system (os error 30)
[INFO] [stdout] 
[INFO] [stdout] stack backtrace:
[INFO] [stdout]    0:     0x5d2f6112f7e1 - std[70759c8f55707aa4]::backtrace_rs::backtrace::libunwind::trace
[INFO] [stdout]                                at /rustc/dfb0accb7f508ae8be965d8629557221c889dd98/library/std/src/../../backtrace/src/backtrace/libunwind.rs:117:9
[INFO] [stdout]    1:     0x5d2f6112f7e1 - std[70759c8f55707aa4]::backtrace_rs::backtrace::trace_unsynchronized::<std[70759c8f55707aa4]::sys::backtrace::_print_fmt::{closure#1}>
[INFO] [stdout]                                at /rustc/dfb0accb7f508ae8be965d8629557221c889dd98/library/std/src/../../backtrace/src/backtrace/mod.rs:66:14
[INFO] [stdout]    2:     0x5d2f6112f7e1 - std[70759c8f55707aa4]::sys::backtrace::_print_fmt
[INFO] [stdout]                                at /rustc/dfb0accb7f508ae8be965d8629557221c889dd98/library/std/src/sys/backtrace.rs:74:9
[INFO] [stdout]    3:     0x5d2f6112f7e1 - <<std[70759c8f55707aa4]::sys::backtrace::BacktraceLock>::print::DisplayBacktrace as core[df12db4294e9bfd3]::fmt::Display>::fmt
[INFO] [stdout]                                at /rustc/dfb0accb7f508ae8be965d8629557221c889dd98/library/std/src/sys/backtrace.rs:44:26
[INFO] [stdout]    4:     0x5d2f61146efa - <core[df12db4294e9bfd3]::fmt::rt::Argument>::fmt
[INFO] [stdout]                                at /rustc/dfb0accb7f508ae8be965d8629557221c889dd98/library/core/src/fmt/rt.rs:152:76
[INFO] [stdout]    5:     0x5d2f61146efa - core[df12db4294e9bfd3]::fmt::write
[INFO] [stdout]    6:     0x5d2f6113419c - core[df12db4294e9bfd3]::io::write::default_write_fmt::<alloc[2182bb758b4b3781]::vec::Vec<u8>>
[INFO] [stdout]                                at /rustc/dfb0accb7f508ae8be965d8629557221c889dd98/library/core/src/io/write.rs:402:11
[INFO] [stdout]    7:     0x5d2f6113419c - <alloc[2182bb758b4b3781]::vec::Vec<u8> as core[df12db4294e9bfd3]::io::write::Write>::write_fmt
[INFO] [stdout]                                at /rustc/dfb0accb7f508ae8be965d8629557221c889dd98/library/core/src/io/write.rs:335:13
[INFO] [stdout]    8:     0x5d2f61107aa6 - <std[70759c8f55707aa4]::sys::backtrace::BacktraceLock>::print
[INFO] [stdout]                                at /rustc/dfb0accb7f508ae8be965d8629557221c889dd98/library/std/src/sys/backtrace.rs:47:9
[INFO] [stdout]    9:     0x5d2f61107aa6 - std[70759c8f55707aa4]::panicking::default_hook::{closure#0}
[INFO] [stdout]                                at /rustc/dfb0accb7f508ae8be965d8629557221c889dd98/library/std/src/panicking.rs:292:27
[INFO] [stdout]   10:     0x5d2f61126259 - std[70759c8f55707aa4]::panicking::default_hook
[INFO] [stdout]                                at /rustc/dfb0accb7f508ae8be965d8629557221c889dd98/library/std/src/panicking.rs:316:9
[INFO] [stdout]   11:     0x5d2f60d57870 - <alloc[2182bb758b4b3781]::boxed::Box<dyn for<'a, 'b> core[df12db4294e9bfd3]::ops::function::Fn<(&'a std[70759c8f55707aa4]::panic::PanicHookInfo<'b>,), Output = ()> + core[df12db4294e9bfd3]::marker::Send + core[df12db4294e9bfd3]::marker::Sync> as core[df12db4294e9bfd3]::ops::function::Fn<(&std[70759c8f55707aa4]::panic::PanicHookInfo,)>>::call
[INFO] [stdout]                                at /rustc/dfb0accb7f508ae8be965d8629557221c889dd98/library/alloc/src/boxed.rs:2334:9
[INFO] [stdout]   12:     0x5d2f60d57870 - test[9d35eded1c95d3be]::test_main_inner::<test[9d35eded1c95d3be]::test_main_static::{closure#0}>::{closure#0}
[INFO] [stdout]                                at /rustc/dfb0accb7f508ae8be965d8629557221c889dd98/library/test/src/lib.rs:155:21
[INFO] [stdout]   13:     0x5d2f61126582 - <alloc[2182bb758b4b3781]::boxed::Box<dyn for<'a, 'b> core[df12db4294e9bfd3]::ops::function::Fn<(&'a std[70759c8f55707aa4]::panic::PanicHookInfo<'b>,), Output = ()> + core[df12db4294e9bfd3]::marker::Send + core[df12db4294e9bfd3]::marker::Sync> as core[df12db4294e9bfd3]::ops::function::Fn<(&std[70759c8f55707aa4]::panic::PanicHookInfo,)>>::call
[INFO] [stdout]                                at /rustc/dfb0accb7f508ae8be965d8629557221c889dd98/library/alloc/src/boxed.rs:2334:9
[INFO] [stdout]   14:     0x5d2f61126582 - std[70759c8f55707aa4]::panicking::panic_with_hook
[INFO] [stdout]                                at /rustc/dfb0accb7f508ae8be965d8629557221c889dd98/library/std/src/panicking.rs:823:13
[INFO] [stdout]   15:     0x5d2f61107b52 - std[70759c8f55707aa4]::panicking::panic_handler::{closure#0}
[INFO] [stdout]                                at /rustc/dfb0accb7f508ae8be965d8629557221c889dd98/library/std/src/panicking.rs:688:13
[INFO] [stdout]   16:     0x5d2f61100459 - std[70759c8f55707aa4]::sys::backtrace::__rust_end_short_backtrace::<std[70759c8f55707aa4]::panicking::panic_handler::{closure#0}, !>
[INFO] [stdout]                                at /rustc/dfb0accb7f508ae8be965d8629557221c889dd98/library/std/src/sys/backtrace.rs:182:18
[INFO] [stdout]   17:     0x5d2f61108add - __rustc[8fa7c3cbc660c2b3]::rust_begin_unwind
[INFO] [stdout]                                at /rustc/dfb0accb7f508ae8be965d8629557221c889dd98/library/std/src/panicking.rs:679:5
[INFO] [stdout]   18:     0x5d2f6114771c - core[df12db4294e9bfd3]::panicking::panic_fmt
[INFO] [stdout]                                at /rustc/dfb0accb7f508ae8be965d8629557221c889dd98/library/core/src/panicking.rs:80:14
[INFO] [stdout]   19:     0x5d2f60d0617e - type_history_build[4a283f1980967741]::transaction::tests::public_cli::atomic_failures_public_cli_propagates_precommit_and_committed_errors
[INFO] [stdout]                                at /opt/rustwide/workdir/src/transaction/tests/public_cli.rs:103:17
[INFO] [stdout]   20:     0x5d2f60cd2ed7 - type_history_build[4a283f1980967741]::transaction::tests::public_cli::atomic_failures_public_cli_propagates_precommit_and_committed_errors::{closure#0}
[INFO] [stdout]                                at /opt/rustwide/workdir/src/transaction/tests/public_cli.rs:47:74
[INFO] [stdout]   21:     0x5d2f60c3be16 - <type_history_build[4a283f1980967741]::transaction::tests::public_cli::atomic_failures_public_cli_propagates_precommit_and_committed_errors::{closure#0} as core[df12db4294e9bfd3]::ops::function::FnOnce<()>>::call_once
[INFO] [stdout]                                at /rustc/dfb0accb7f508ae8be965d8629557221c889dd98/library/core/src/ops/function.rs:250:5
[INFO] [stdout]   22:     0x5d2f60d4ab5b - <fn() -> core[df12db4294e9bfd3]::result::Result<(), alloc[2182bb758b4b3781]::string::String> as core[df12db4294e9bfd3]::ops::function::FnOnce<()>>::call_once
[INFO] [stdout]                                at /rustc/dfb0accb7f508ae8be965d8629557221c889dd98/library/core/src/ops/function.rs:250:5
[INFO] [stdout]   23:     0x5d2f60d4ab5b - test[9d35eded1c95d3be]::__rust_begin_short_backtrace::<core[df12db4294e9bfd3]::result::Result<(), alloc[2182bb758b4b3781]::string::String>, fn() -> core[df12db4294e9bfd3]::result::Result<(), alloc[2182bb758b4b3781]::string::String>>
[INFO] [stdout]                                at /rustc/dfb0accb7f508ae8be965d8629557221c889dd98/library/test/src/lib.rs:733:18
[INFO] [stdout]   24:     0x5d2f60d581c5 - test[9d35eded1c95d3be]::run_test_in_process::{closure#0}
[INFO] [stdout]                                at /rustc/dfb0accb7f508ae8be965d8629557221c889dd98/library/test/src/lib.rs:756:74
[INFO] [stdout]   25:     0x5d2f60d581c5 - <core[df12db4294e9bfd3]::panic::unwind_safe::AssertUnwindSafe<test[9d35eded1c95d3be]::run_test_in_process::{closure#0}> as core[df12db4294e9bfd3]::ops::function::FnOnce<()>>::call_once
[INFO] [stdout]                                at /rustc/dfb0accb7f508ae8be965d8629557221c889dd98/library/core/src/panic/unwind_safe.rs:275:9
[INFO] [stdout]   26:     0x5d2f60d581c5 - std[70759c8f55707aa4]::panicking::catch_unwind::do_call::<core[df12db4294e9bfd3]::panic::unwind_safe::AssertUnwindSafe<test[9d35eded1c95d3be]::run_test_in_process::{closure#0}>, core[df12db4294e9bfd3]::result::Result<(), alloc[2182bb758b4b3781]::string::String>>
[INFO] [stdout]                                at /rustc/dfb0accb7f508ae8be965d8629557221c889dd98/library/std/src/panicking.rs:576:43
[INFO] [stdout]   27:     0x5d2f60d581c5 - std[70759c8f55707aa4]::panicking::catch_unwind::<core[df12db4294e9bfd3]::result::Result<(), alloc[2182bb758b4b3781]::string::String>, core[df12db4294e9bfd3]::panic::unwind_safe::AssertUnwindSafe<test[9d35eded1c95d3be]::run_test_in_process::{closure#0}>>
[INFO] [stdout]                                at /rustc/dfb0accb7f508ae8be965d8629557221c889dd98/library/std/src/panicking.rs:544:19
[INFO] [stdout]   28:     0x5d2f60d581c5 - std[70759c8f55707aa4]::panic::catch_unwind::<core[df12db4294e9bfd3]::panic::unwind_safe::AssertUnwindSafe<test[9d35eded1c95d3be]::run_test_in_process::{closure#0}>, core[df12db4294e9bfd3]::result::Result<(), alloc[2182bb758b4b3781]::string::String>>
[INFO] [stdout]                                at /rustc/dfb0accb7f508ae8be965d8629557221c889dd98/library/std/src/panic.rs:359:14
[INFO] [stdout]   29:     0x5d2f60d581c5 - test[9d35eded1c95d3be]::run_test_in_process
[INFO] [stdout]                                at /rustc/dfb0accb7f508ae8be965d8629557221c889dd98/library/test/src/lib.rs:756:27
[INFO] [stdout]   30:     0x5d2f60d581c5 - test[9d35eded1c95d3be]::run_test::{closure#0}
[INFO] [stdout]                                at /rustc/dfb0accb7f508ae8be965d8629557221c889dd98/library/test/src/lib.rs:677:43
[INFO] [stdout]   31:     0x5d2f60d51a84 - test[9d35eded1c95d3be]::run_test::{closure#1}
[INFO] [stdout]                                at /rustc/dfb0accb7f508ae8be965d8629557221c889dd98/library/test/src/lib.rs:707:41
[INFO] [stdout]   32:     0x5d2f60d51a84 - std[70759c8f55707aa4]::sys::backtrace::__rust_begin_short_backtrace::<test[9d35eded1c95d3be]::run_test::{closure#1}, ()>
[INFO] [stdout]                                at /rustc/dfb0accb7f508ae8be965d8629557221c889dd98/library/std/src/sys/backtrace.rs:166:18
[INFO] [stdout]   33:     0x5d2f60d5b322 - std[70759c8f55707aa4]::thread::lifecycle::spawn_unchecked::<test[9d35eded1c95d3be]::run_test::{closure#1}, ()>::{closure#1}::{closure#0}
[INFO] [stdout]                                at /rustc/dfb0accb7f508ae8be965d8629557221c889dd98/library/std/src/thread/lifecycle.rs:70:13
[INFO] [stdout]   34:     0x5d2f60d5b322 - <core[df12db4294e9bfd3]::panic::unwind_safe::AssertUnwindSafe<std[70759c8f55707aa4]::thread::lifecycle::spawn_unchecked<test[9d35eded1c95d3be]::run_test::{closure#1}, ()>::{closure#1}::{closure#0}> as core[df12db4294e9bfd3]::ops::function::FnOnce<()>>::call_once
[INFO] [stdout]                                at /rustc/dfb0accb7f508ae8be965d8629557221c889dd98/library/core/src/panic/unwind_safe.rs:275:9
[INFO] [stdout]   35:     0x5d2f60d5b322 - std[70759c8f55707aa4]::panicking::catch_unwind::do_call::<core[df12db4294e9bfd3]::panic::unwind_safe::AssertUnwindSafe<std[70759c8f55707aa4]::thread::lifecycle::spawn_unchecked<test[9d35eded1c95d3be]::run_test::{closure#1}, ()>::{closure#1}::{closure#0}>, ()>
[INFO] [stdout]                                at /rustc/dfb0accb7f508ae8be965d8629557221c889dd98/library/std/src/panicking.rs:576:43
[INFO] [stdout]   36:     0x5d2f60d5b322 - std[70759c8f55707aa4]::panicking::catch_unwind::<(), core[df12db4294e9bfd3]::panic::unwind_safe::AssertUnwindSafe<std[70759c8f55707aa4]::thread::lifecycle::spawn_unchecked<test[9d35eded1c95d3be]::run_test::{closure#1}, ()>::{closure#1}::{closure#0}>>
[INFO] [stdout]                                at /rustc/dfb0accb7f508ae8be965d8629557221c889dd98/library/std/src/panicking.rs:544:19
[INFO] [stdout]   37:     0x5d2f60d5b322 - std[70759c8f55707aa4]::panic::catch_unwind::<core[df12db4294e9bfd3]::panic::unwind_safe::AssertUnwindSafe<std[70759c8f55707aa4]::thread::lifecycle::spawn_unchecked<test[9d35eded1c95d3be]::run_test::{closure#1}, ()>::{closure#1}::{closure#0}>, ()>
[INFO] [stdout]                                at /rustc/dfb0accb7f508ae8be965d8629557221c889dd98/library/std/src/panic.rs:359:14
[INFO] [stdout]   38:     0x5d2f60d5b322 - std[70759c8f55707aa4]::thread::lifecycle::spawn_unchecked::<test[9d35eded1c95d3be]::run_test::{closure#1}, ()>::{closure#1}
[INFO] [stdout]                                at /rustc/dfb0accb7f508ae8be965d8629557221c889dd98/library/std/src/thread/lifecycle.rs:68:26
[INFO] [stdout]   39:     0x5d2f60d5b322 - <std[70759c8f55707aa4]::thread::lifecycle::spawn_unchecked<test[9d35eded1c95d3be]::run_test::{closure#1}, ()>::{closure#1} as core[df12db4294e9bfd3]::ops::function::FnOnce<()>>::call_once::{shim:vtable#0}
[INFO] [stdout]                                at /rustc/dfb0accb7f508ae8be965d8629557221c889dd98/library/core/src/ops/function.rs:250:5
[INFO] [stdout]   40:     0x5d2f6112e829 - <alloc[2182bb758b4b3781]::boxed::Box<dyn core[df12db4294e9bfd3]::ops::function::FnOnce<(), Output = ()> + core[df12db4294e9bfd3]::marker::Send> as core[df12db4294e9bfd3]::ops::function::FnOnce<()>>::call_once
[INFO] [stdout]                                at /rustc/dfb0accb7f508ae8be965d8629557221c889dd98/library/alloc/src/boxed.rs:2320:9
[INFO] [stdout]   41:     0x5d2f6112e829 - <std[70759c8f55707aa4]::sys::thread::unix::Thread>::new::thread_start
[INFO] [stdout]                                at /rustc/dfb0accb7f508ae8be965d8629557221c889dd98/library/std/src/sys/thread/unix.rs:123:17
[INFO] [stdout]   42:     0x7307f68c2dfa - <unknown>
[INFO] [stdout]   43:     0x7307f69563d4 - clone
[INFO] [stdout]   44:                0x0 - <unknown>
[INFO] [stdout] 
[INFO] [stdout] 
[INFO] [stdout] failures:
[INFO] [stdout]     transaction::tests::public_cli::atomic_failures_public_cli_propagates_precommit_and_committed_errors
[INFO] [stdout] 
[INFO] [stdout] test result: FAILED. 50 passed; 1 failed; 0 ignored; 0 measured; 0 filtered out; finished in 0.27s
[INFO] [stdout] 
[INFO] [stderr] error: test failed, to rerun pass `--lib`
[INFO] running `Command { std: "docker" "inspect" "d933065a16ff7e80442b4244ab04183a3a79ab093f9c627b8fd57fca1ca24601", kill_on_drop: false }`
[INFO] running `Command { std: "docker" "rm" "-f" "d933065a16ff7e80442b4244ab04183a3a79ab093f9c627b8fd57fca1ca24601", kill_on_drop: false }`
[INFO] [stdout] d933065a16ff7e80442b4244ab04183a3a79ab093f9c627b8fd57fca1ca24601
