[INFO] fetching crate turdo 0.1.1...
[INFO] testing turdo-0.1.1 against 1.100.0-beta.1 for beta-1.100-2
[INFO] extracting crate turdo 0.1.1 into /workspace/builds/worker-1-tc2/source
[INFO] started tweaking crates.io crate turdo 0.1.1
[INFO] removed 0 missing examples
[INFO] removed 0 missing tests
[INFO] finished tweaking crates.io crate turdo 0.1.1
[INFO] tweaked toml for crates.io crate turdo 0.1.1 written to /workspace/builds/worker-1-tc2/source/Cargo.toml
[INFO] validating manifest of crates.io crate turdo 0.1.1 on toolchain 1.100.0-beta.1
[INFO] running `Command { std: CARGO_HOME="/workspace/cargo-home" RUSTUP_HOME="/workspace/rustup-home" "/workspace/cargo-home/bin/cargo" "+1.100.0-beta.1" "metadata" "--manifest-path" "Cargo.toml" "--no-deps", kill_on_drop: false }`
[INFO] crate crates.io crate turdo 0.1.1 already has a lockfile, it will not be regenerated
[INFO] running `Command { std: CARGO_HOME="/workspace/cargo-home" RUSTUP_HOME="/workspace/rustup-home" "/workspace/cargo-home/bin/cargo" "+1.100.0-beta.1" "fetch" "--manifest-path" "Cargo.toml", kill_on_drop: false }`
[INFO] [stderr] warning: `package.homepage` is redundant with `package.repository`
[INFO] [stderr]   --> Cargo.toml:49:12
[INFO] [stderr]    |
[INFO] [stderr] 49 | homepage = "https://github.com/fedfontana/turdo"
[INFO] [stderr]    |            ^^^^^^^^^^^^^^^^^^^^^^^^^^^^^^^^^^^^^
[INFO] [stderr] ...
[INFO] [stderr] 53 | repository = "https://github.com/fedfontana/turdo"
[INFO] [stderr]    |              -------------------------------------
[INFO] [stderr]    |
[INFO] [stderr]    = note: `cargo::redundant_homepage` is set to `warn` by default
[INFO] [stderr] help: consider removing `package.homepage`
[INFO] [stderr] warning: `turdo` (manifest) generated 1 warning
[INFO] running `Command { std: "docker" "create" "-v" "/var/lib/crater-agent-workspace/builds/worker-1-tc2/source:/opt/rustwide/workdir:ro,Z" "-v" "/var/lib/crater-agent-workspace/builds/worker-1-tc2/target:/opt/rustwide/target:rw,Z" "-v" "/var/lib/crater-agent-workspace/cargo-home:/opt/rustwide/cargo-home:ro,Z" "-v" "/var/lib/crater-agent-workspace/rustup-home:/opt/rustwide/rustup-home:ro,Z" "-m" "1610612736" "--network" "none" "ghcr.io/rust-lang/crates-build-env/linux@sha256:3111399a4047eeb3a02b7a90e478d715f38a8c6669b5c4b49d30a17385265909" "sleep" "infinity", kill_on_drop: false }`
[INFO] [stdout] 31ba8b16e2c79c83fe03808668a1beffa06285d6f8399ca6f4fc7fe4865ba4f2
[INFO] running `Command { std: "docker" "start" "31ba8b16e2c79c83fe03808668a1beffa06285d6f8399ca6f4fc7fe4865ba4f2", kill_on_drop: false }`
[INFO] running `Command { std: "docker" "inspect" "31ba8b16e2c79c83fe03808668a1beffa06285d6f8399ca6f4fc7fe4865ba4f2", kill_on_drop: false }`
[INFO] running `Command { std: "docker" "exec" "-e" "SOURCE_DIR=/opt/rustwide/workdir" "-e" "CARGO_HOME=/opt/rustwide/cargo-home" "-e" "RUSTUP_HOME=/opt/rustwide/rustup-home" "-e" "CARGO_TARGET_DIR=/opt/rustwide/target" "-w" "/opt/rustwide/workdir" "--user" "0:0" "31ba8b16e2c79c83fe03808668a1beffa06285d6f8399ca6f4fc7fe4865ba4f2" "/opt/rustwide/cargo-home/bin/cargo" "+1.100.0-beta.1" "metadata" "--no-deps" "--format-version=1", kill_on_drop: false }`
[INFO] running `Command { std: "docker" "inspect" "31ba8b16e2c79c83fe03808668a1beffa06285d6f8399ca6f4fc7fe4865ba4f2", kill_on_drop: false }`
[INFO] running `Command { std: "docker" "exec" "-e" "SOURCE_DIR=/opt/rustwide/workdir" "-e" "CARGO_HOME=/opt/rustwide/cargo-home" "-e" "RUSTUP_HOME=/opt/rustwide/rustup-home" "-e" "CARGO_TARGET_DIR=/opt/rustwide/target" "-e" "CARGO_INCREMENTAL=0" "-e" "RUST_BACKTRACE=full" "-e" "RUSTFLAGS=--cap-lints=warn" "-e" "RUSTDOCFLAGS=--cap-lints=warn" "-w" "/opt/rustwide/workdir" "--user" "0:0" "31ba8b16e2c79c83fe03808668a1beffa06285d6f8399ca6f4fc7fe4865ba4f2" "/opt/rustwide/cargo-home/bin/cargo" "+1.100.0-beta.1" "build" "--frozen" "--message-format=json", kill_on_drop: false }`
[INFO] [stderr] warning: `package.homepage` is redundant with `package.repository`
[INFO] [stderr]   --> Cargo.toml:49:12
[INFO] [stderr]    |
[INFO] [stderr] 49 | homepage = "https://github.com/fedfontana/turdo"
[INFO] [stderr]    |            ^^^^^^^^^^^^^^^^^^^^^^^^^^^^^^^^^^^^^
[INFO] [stderr] ...
[INFO] [stderr] 53 | repository = "https://github.com/fedfontana/turdo"
[INFO] [stderr]    |              -------------------------------------
[INFO] [stderr]    |
[INFO] [stderr]    = note: `cargo::redundant_homepage` is set to `warn` by default
[INFO] [stderr] help: consider removing `package.homepage`
[INFO] [stderr] warning: `turdo` (manifest) generated 1 warning
[INFO] [stderr]    Compiling konst_macro_rules v0.2.19
[INFO] [stderr]    Compiling turdo-types v0.1.1
[INFO] [stderr]    Compiling syn v2.0.119
[INFO] [stderr]    Compiling const_format_proc_macros v0.2.34
[INFO] [stderr]    Compiling konst v0.2.20
[INFO] [stderr]    Compiling turdo-query-builder v0.1.1
[INFO] [stderr]    Compiling const_format v0.2.36
[INFO] [stderr]    Compiling turdo-macros v0.1.1
[INFO] [stderr]    Compiling turdo v0.1.1 (/opt/rustwide/workdir)
[INFO] [stderr]     Finished `dev` profile [unoptimized + debuginfo] target(s) in 7.29s
[INFO] running `Command { std: "docker" "inspect" "31ba8b16e2c79c83fe03808668a1beffa06285d6f8399ca6f4fc7fe4865ba4f2", kill_on_drop: false }`
[INFO] running `Command { std: "docker" "exec" "-e" "SOURCE_DIR=/opt/rustwide/workdir" "-e" "CARGO_HOME=/opt/rustwide/cargo-home" "-e" "RUSTUP_HOME=/opt/rustwide/rustup-home" "-e" "CARGO_TARGET_DIR=/opt/rustwide/target" "-e" "CARGO_INCREMENTAL=0" "-e" "RUST_BACKTRACE=full" "-e" "RUSTFLAGS=--cap-lints=warn" "-e" "RUSTDOCFLAGS=--cap-lints=warn" "-w" "/opt/rustwide/workdir" "--user" "0:0" "31ba8b16e2c79c83fe03808668a1beffa06285d6f8399ca6f4fc7fe4865ba4f2" "/opt/rustwide/cargo-home/bin/cargo" "+1.100.0-beta.1" "test" "--frozen" "--no-run" "--message-format=json", kill_on_drop: false }`
[INFO] [stderr] warning: `package.homepage` is redundant with `package.repository`
[INFO] [stderr]   --> Cargo.toml:49:12
[INFO] [stderr]    |
[INFO] [stderr] 49 | homepage = "https://github.com/fedfontana/turdo"
[INFO] [stderr]    |            ^^^^^^^^^^^^^^^^^^^^^^^^^^^^^^^^^^^^^
[INFO] [stderr] ...
[INFO] [stderr] 53 | repository = "https://github.com/fedfontana/turdo"
[INFO] [stderr]    |              -------------------------------------
[INFO] [stderr]    |
[INFO] [stderr]    = note: `cargo::redundant_homepage` is set to `warn` by default
[INFO] [stderr] help: consider removing `package.homepage`
[INFO] [stderr] warning: `turdo` (manifest) generated 1 warning
[INFO] [stderr]    Compiling target-triple v1.0.1
[INFO] [stderr]    Compiling serde v1.0.229
[INFO] [stderr]    Compiling serde_spanned v1.1.1
[INFO] [stderr]    Compiling toml_datetime v1.1.1+spec-1.1.0
[INFO] [stderr]    Compiling syn v3.0.3
[INFO] [stderr]    Compiling glob v0.3.4
[INFO] [stderr]    Compiling toml v1.1.4+spec-1.1.0
[INFO] [stderr]    Compiling serde_derive v1.0.229
[INFO] [stderr]    Compiling trybuild v1.0.119
[INFO] [stderr]    Compiling turdo v0.1.1 (/opt/rustwide/workdir)
[INFO] [stdout] warning: fields `id`, `status`, `priority`, `open`, `transient`, and `name` are never read
[INFO] [stdout]   --> tests/column.rs:31:5
[INFO] [stdout]    |
[INFO] [stdout] 29 | struct Item {
[INFO] [stdout]    |        ---- fields in this struct
[INFO] [stdout] 30 |     #[column(primary_key)]
[INFO] [stdout] 31 |     id: i64,
[INFO] [stdout]    |     ^^
[INFO] [stdout] 32 |     #[column]
[INFO] [stdout] 33 |     status: Status,
[INFO] [stdout]    |     ^^^^^^
[INFO] [stdout] 34 |     #[column]
[INFO] [stdout] 35 |     priority: Priority,
[INFO] [stdout]    |     ^^^^^^^^
[INFO] [stdout] 36 |     #[column]
[INFO] [stdout] 37 |     open: Open,
[INFO] [stdout]    |     ^^^^
[INFO] [stdout] 38 |     transient: String,
[INFO] [stdout]    |     ^^^^^^^^^
[INFO] [stdout] 39 |     #[column]
[INFO] [stdout] 40 |     name: String,
[INFO] [stdout]    |     ^^^^
[INFO] [stdout]    |
[INFO] [stdout]    = note: `Item` has a derived impl for the trait `Debug`, but this is intentionally ignored during dead code analysis
[INFO] [stdout]    = note: `#[warn(dead_code)]` (part of `#[warn(unused)]`) on by default
[INFO] [stdout] 
[INFO] [stdout] 
[INFO] [stdout] warning: fields `id` and `author_name` are never read
[INFO] [stdout]   --> examples/query.rs:58:5
[INFO] [stdout]    |
[INFO] [stdout] 56 | struct PostWithAuthor {
[INFO] [stdout]    |        -------------- fields in this struct
[INFO] [stdout] 57 |     #[column]
[INFO] [stdout] 58 |     id: i64,
[INFO] [stdout]    |     ^^
[INFO] [stdout] 59 |     #[column]
[INFO] [stdout] 60 |     author_name: String,
[INFO] [stdout]    |     ^^^^^^^^^^^
[INFO] [stdout]    |
[INFO] [stdout]    = note: `#[warn(dead_code)]` (part of `#[warn(unused)]`) on by default
[INFO] [stdout] 
[INFO] [stdout] 
[INFO] [stdout] warning: fields `id` and `title` are never read
[INFO] [stdout]    --> examples/query.rs:226:9
[INFO] [stdout]     |
[INFO] [stdout] 224 |     struct SqRow {
[INFO] [stdout]     |            ----- fields in this struct
[INFO] [stdout] 225 |         #[column]
[INFO] [stdout] 226 |         id: i64,
[INFO] [stdout]     |         ^^
[INFO] [stdout] 227 |         #[column]
[INFO] [stdout] 228 |         title: String,
[INFO] [stdout]     |         ^^^^^
[INFO] [stdout] 
[INFO] [stdout] 
[INFO] [stderr]     Finished `test` profile [unoptimized + debuginfo] target(s) in 12.06s
[INFO] running `Command { std: "docker" "inspect" "31ba8b16e2c79c83fe03808668a1beffa06285d6f8399ca6f4fc7fe4865ba4f2", kill_on_drop: false }`
[INFO] running `Command { std: "docker" "exec" "-e" "SOURCE_DIR=/opt/rustwide/workdir" "-e" "CARGO_HOME=/opt/rustwide/cargo-home" "-e" "RUSTUP_HOME=/opt/rustwide/rustup-home" "-e" "CARGO_TARGET_DIR=/opt/rustwide/target" "-e" "CARGO_INCREMENTAL=0" "-e" "RUST_BACKTRACE=full" "-e" "RUSTFLAGS=--cap-lints=warn" "-e" "RUSTDOCFLAGS=--cap-lints=warn" "-w" "/opt/rustwide/workdir" "--user" "0:0" "31ba8b16e2c79c83fe03808668a1beffa06285d6f8399ca6f4fc7fe4865ba4f2" "/opt/rustwide/cargo-home/bin/cargo" "+1.100.0-beta.1" "test" "--frozen", kill_on_drop: false }`
[INFO] [stderr] warning: `package.homepage` is redundant with `package.repository`
[INFO] [stderr]   --> Cargo.toml:49:12
[INFO] [stderr]    |
[INFO] [stderr] 49 | homepage = "https://github.com/fedfontana/turdo"
[INFO] [stderr]    |            ^^^^^^^^^^^^^^^^^^^^^^^^^^^^^^^^^^^^^
[INFO] [stderr] ...
[INFO] [stderr] 53 | repository = "https://github.com/fedfontana/turdo"
[INFO] [stderr]    |              -------------------------------------
[INFO] [stderr]    |
[INFO] [stderr]    = note: `cargo::redundant_homepage` is set to `warn` by default
[INFO] [stderr] help: consider removing `package.homepage`
[INFO] [stderr] warning: `turdo` (manifest) generated 1 warning
[INFO] [stderr] warning: fields `id` and `author_name` are never read
[INFO] [stderr]   --> examples/query.rs:58:5
[INFO] [stderr]    |
[INFO] [stderr] 56 | struct PostWithAuthor {
[INFO] [stderr]    |        -------------- fields in this struct
[INFO] [stderr] 57 |     #[column]
[INFO] [stderr] 58 |     id: i64,
[INFO] [stderr]    |     ^^
[INFO] [stderr] 59 |     #[column]
[INFO] [stderr] 60 |     author_name: String,
[INFO] [stderr]    |     ^^^^^^^^^^^
[INFO] [stderr]    |
[INFO] [stderr]    = note: `#[warn(dead_code)]` (part of `#[warn(unused)]`) on by default
[INFO] [stderr] 
[INFO] [stderr] warning: fields `id` and `title` are never read
[INFO] [stderr]    --> examples/query.rs:226:9
[INFO] [stderr]     |
[INFO] [stderr] 224 |     struct SqRow {
[INFO] [stderr]     |            ----- fields in this struct
[INFO] [stderr] 225 |         #[column]
[INFO] [stderr] 226 |         id: i64,
[INFO] [stderr]     |         ^^
[INFO] [stderr] 227 |         #[column]
[INFO] [stderr] 228 |         title: String,
[INFO] [stderr]     |         ^^^^^
[INFO] [stderr] 
[INFO] [stderr] warning: fields `id`, `status`, `priority`, `open`, `transient`, and `name` are never read
[INFO] [stderr]   --> tests/column.rs:31:5
[INFO] [stderr]    |
[INFO] [stderr] 29 | struct Item {
[INFO] [stderr]    |        ---- fields in this struct
[INFO] [stderr] 30 |     #[column(primary_key)]
[INFO] [stderr] 31 |     id: i64,
[INFO] [stderr]    |     ^^
[INFO] [stderr] 32 |     #[column]
[INFO] [stderr] 33 |     status: Status,
[INFO] [stderr]    |     ^^^^^^
[INFO] [stderr] 34 |     #[column]
[INFO] [stderr] 35 |     priority: Priority,
[INFO] [stderr]    |     ^^^^^^^^
[INFO] [stderr] 36 |     #[column]
[INFO] [stderr] 37 |     open: Open,
[INFO] [stderr]    |     ^^^^
[INFO] [stderr] 38 |     transient: String,
[INFO] [stderr]    |     ^^^^^^^^^
[INFO] [stderr] 39 |     #[column]
[INFO] [stderr] 40 |     name: String,
[INFO] [stderr]    |     ^^^^
[INFO] [stderr]    |
[INFO] [stderr]    = note: `Item` has a derived impl for the trait `Debug`, but this is intentionally ignored during dead code analysis
[INFO] [stderr]    = note: `#[warn(dead_code)]` (part of `#[warn(unused)]`) on by default
[INFO] [stderr] 
[INFO] [stderr] warning: `turdo` (example "query") generated 2 warnings
[INFO] [stderr] warning: `turdo` (test "column") generated 1 warning
[INFO] [stderr]     Finished `test` profile [unoptimized + debuginfo] target(s) in 0.08s
[INFO] [stderr]      Running unittests src/lib.rs (/opt/rustwide/target/debug/build/turdo/7980fcd343cf7d7a/out/turdo-7980fcd343cf7d7a)
[INFO] [stdout] 
[INFO] [stdout] running 0 tests
[INFO] [stdout] 
[INFO] [stdout] test result: ok. 0 passed; 0 failed; 0 ignored; 0 measured; 0 filtered out; finished in 0.00s
[INFO] [stdout] 
[INFO] [stderr]      Running tests/basic.rs (/opt/rustwide/target/debug/build/turdo/c088ccbc37ae9987/out/basic-c088ccbc37ae9987)
[INFO] [stdout] 
[INFO] [stdout] running 7 tests
[INFO] [stdout] test basic_columns ... ok
[INFO] [stdout] test column_handles_track_column_and_value_type ... ok
[INFO] [stdout] test basic_has_no_indexes_or_constraints ... ok
[INFO] [stdout] test basic_create_sql ... ok
[INFO] [stdout] test basic_table_name ... ok
[INFO] [stdout] test column_order_is_declaration_order ... ok
[INFO] [stdout] test derives_leaves_the_struct_usable ... ok
[INFO] [stdout] 
[INFO] [stdout] test result: ok. 7 passed; 0 failed; 0 ignored; 0 measured; 0 filtered out; finished in 0.00s
[INFO] [stdout] 
[INFO] [stderr]      Running tests/column.rs (/opt/rustwide/target/debug/build/turdo/f436afc8f3d49b1a/out/column-f436afc8f3d49b1a)
[INFO] [stdout] 
[INFO] [stdout] running 1 test
[INFO] [stdout] test enum_and_transient ... ok
[INFO] [stdout] 
[INFO] [stdout] test result: ok. 1 passed; 0 failed; 0 ignored; 0 measured; 0 filtered out; finished in 0.00s
[INFO] [stdout] 
[INFO] [stderr]      Running tests/features.rs (/opt/rustwide/target/debug/build/turdo/a7bbb060fda71eb1/out/features-a7bbb060fda71eb1)
[INFO] [stdout] 
[INFO] [stdout] running 7 tests
[INFO] [stdout] test record_encodes_fields_in_declaration_order ... ok
[INFO] [stdout] test foreign_key_with_explicit_column_and_on_update ... ok
[INFO] [stdout] test custom_sql_type_is_picked_up ... ok
[INFO] [stdout] test reference_action_tokens_match_runtime_fragments ... ok
[INFO] [stdout] test insert_sql_and_metadata_follow_declaration_order ... ok
[INFO] [stdout] test index_and_comments_and_defaults ... ok
[INFO] [stdout] test composite_constraints_are_emitted ... ok
[INFO] [stderr]      Running tests/query.rs (/opt/rustwide/target/debug/build/turdo/5abe45f6ff25ea89/out/query-5abe45f6ff25ea89)
[INFO] [stdout] 
[INFO] [stdout] test result: ok. 7 passed; 0 failed; 0 ignored; 0 measured; 0 filtered out; finished in 0.00s
[INFO] [stdout] 
[INFO] [stdout] 
[INFO] [stdout] running 6 tests
[INFO] [stdout] test decodes_derived_rows_through_an_executor ... ok
[INFO] [stdout] test dml_build_errors_surface_before_execution ... ok
[INFO] [stdout] test dml_full_cycle ... ok
[INFO] [stdout] test builds_sql_from_derived_handles ... ok
[INFO] [stdout] test null_maps_to_none_for_option_fields ... ok
[INFO] [stdout] test rejects_structs_that_do_not_line_up_with_the_selection ... ok
[INFO] [stdout] 
[INFO] [stdout] test result: ok. 6 passed; 0 failed; 0 ignored; 0 measured; 0 filtered out; finished in 0.00s
[INFO] [stdout] 
[INFO] [stderr]      Running tests/ui.rs (/opt/rustwide/target/debug/build/turdo/c1dac9be1d9e9a60/out/ui-c1dac9be1d9e9a60)
[INFO] [stdout] 
[INFO] [stdout] running 1 test
[INFO] [stderr] warning: `package.homepage` is redundant with `package.repository`
[INFO] [stderr]   --> /opt/rustwide/workdir/Cargo.toml:49:12
[INFO] [stderr]    |
[INFO] [stderr] 49 | homepage = "https://github.com/fedfontana/turdo"
[INFO] [stderr]    |            ^^^^^^^^^^^^^^^^^^^^^^^^^^^^^^^^^^^^^
[INFO] [stderr] ...
[INFO] [stderr] 53 | repository = "https://github.com/fedfontana/turdo"
[INFO] [stderr]    |              -------------------------------------
[INFO] [stderr]    |
[INFO] [stderr]    = note: `cargo::redundant_homepage` is set to `warn` by default
[INFO] [stderr] help: consider removing `package.homepage`
[INFO] [stderr] warning: `turdo` (manifest) generated 1 warning
[INFO] [stderr]    Compiling proc-macro2 v1.0.107
[INFO] [stderr]    Compiling quote v1.0.47
[INFO] [stderr]    Compiling unicode-ident v1.0.24
[INFO] [stderr]    Compiling unicode-xid v0.2.6
[INFO] [stderr]     Checking konst_macro_rules v0.2.19
[INFO] [stderr]     Checking turdo-types v0.1.1
[INFO] [stderr]     Checking turdo-query-builder v0.1.1
[INFO] [stderr]     Checking konst v0.2.20
[INFO] [stderr]    Compiling syn v2.0.119
[INFO] [stderr]    Compiling const_format_proc_macros v0.2.34
[INFO] [stderr]     Checking const_format v0.2.36
[INFO] [stderr]    Compiling turdo-macros v0.1.1
[INFO] [stderr]     Checking turdo v0.1.1 (/opt/rustwide/workdir)
[INFO] [stderr]     Checking turdo-tests v0.0.0 (/opt/rustwide/target/tests/trybuild/turdo)
[INFO] [stderr]     Finished `dev` profile [unoptimized + debuginfo] target(s) in 9.71s
[INFO] [stderr] 
[INFO] [stderr] 
[INFO] [stderr] test tests/ui/bad_unique_markup.rs ... ok
[INFO] [stderr] test tests/ui/bare_foreign_key.rs ... ok
[INFO] [stderr] test tests/ui/composite_pk_single_column.rs ... ok
[INFO] [stderr] test tests/ui/dml_cross_table_assignment.rs ... mismatch
[INFO] [stderr] 
[INFO] [stderr] EXPECTED:
[INFO] [stderr] ┈┈┈┈┈┈┈┈┈┈┈┈┈┈┈┈┈┈┈┈┈┈┈┈┈┈┈┈┈┈┈┈┈┈┈┈┈┈┈┈┈┈┈┈┈┈┈┈┈┈┈┈┈┈┈┈┈┈┈┈
[INFO] [stderr] error[E0277]: the trait bound `Assignment<Post>: qb::dml::IntoRowItem<User>` is not satisfied
[INFO] [stderr]   --> tests/ui/dml_cross_table_assignment.rs:27:43
[INFO] [stderr]    |
[INFO] [stderr] 27 |     let _ = insert_into::<User>().values((set(Post::TITLE, "x"),));
[INFO] [stderr]    |                                   ------  ^^^^^^^^^^^^^^^^^^^^^ the trait `qb::dml::IntoRowItem<User>` is not implemented for `Assignment<Post>`
[INFO] [stderr]    |                                   |
[INFO] [stderr]    |                                   required by a bound introduced by this call
[INFO] [stderr]    |
[INFO] [stderr] help: the trait `IntoRowItem<User>` is not implemented for `Assignment<Post>`
[INFO] [stderr]       but trait `IntoRowItem<Post>` is implemented for it
[INFO] [stderr]   --> $WORKSPACE/crates/turdo-query-builder/src/dml.rs
[INFO] [stderr]    |
[INFO] [stderr]    | impl<F: Table> IntoRowItem<F> for Assignment<F> {
[INFO] [stderr]    | ^^^^^^^^^^^^^^^^^^^^^^^^^^^^^^^^^^^^^^^^^^^^^^^
[INFO] [stderr]    = help: for that trait implementation, expected `Post`, found `User`
[INFO] [stderr]    = note: required for `(Assignment<Post>,)` to implement `qb::dml::InsertValues<User>`
[INFO] [stderr] note: required by a bound in `InsertBuilder::<F>::values`
[INFO] [stderr]   --> $WORKSPACE/crates/turdo-query-builder/src/dml.rs
[INFO] [stderr]    |
[INFO] [stderr]    |     pub fn values<V: InsertValues<F>>(mut self, values: V) -> Self {
[INFO] [stderr]    |                      ^^^^^^^^^^^^^^^ required by this bound in `InsertBuilder::<F>::values`
[INFO] [stderr] 
[INFO] [stderr] error[E0277]: the trait bound `Assignment<Post>: qb::dml::IntoRowItem<User>` is not satisfied
[INFO] [stderr]   --> tests/ui/dml_cross_table_assignment.rs:28:35
[INFO] [stderr]    |
[INFO] [stderr] 28 |     let _ = update::<User>().set((set(Post::BODY, None),)).filter(lt(User::ID, 1));
[INFO] [stderr]    |                              ---  ^^^^^^^^^^^^^^^^^^^^^ the trait `qb::dml::IntoRowItem<User>` is not implemented for `Assignment<Post>`
[INFO] [stderr]    |                              |
[INFO] [stderr]    |                              required by a bound introduced by this call
[INFO] [stderr]    |
[INFO] [stderr] help: the trait `IntoRowItem<User>` is not implemented for `Assignment<Post>`
[INFO] [stderr]       but trait `IntoRowItem<Post>` is implemented for it
[INFO] [stderr]   --> $WORKSPACE/crates/turdo-query-builder/src/dml.rs
[INFO] [stderr]    |
[INFO] [stderr]    | impl<F: Table> IntoRowItem<F> for Assignment<F> {
[INFO] [stderr]    | ^^^^^^^^^^^^^^^^^^^^^^^^^^^^^^^^^^^^^^^^^^^^^^^
[INFO] [stderr]    = help: for that trait implementation, expected `Post`, found `User`
[INFO] [stderr]    = note: required for `(Assignment<Post>,)` to implement `qb::dml::SetItems<User>`
[INFO] [stderr] note: required by a bound in `UpdateBuilder::<F>::set`
[INFO] [stderr]   --> $WORKSPACE/crates/turdo-query-builder/src/dml.rs
[INFO] [stderr]    |
[INFO] [stderr]    |     pub fn set<S: SetItems<F>>(mut self, items: S) -> Self {
[INFO] [stderr]    |                   ^^^^^^^^^^^ required by this bound in `UpdateBuilder::<F>::set`
[INFO] [stderr] ┈┈┈┈┈┈┈┈┈┈┈┈┈┈┈┈┈┈┈┈┈┈┈┈┈┈┈┈┈┈┈┈┈┈┈┈┈┈┈┈┈┈┈┈┈┈┈┈┈┈┈┈┈┈┈┈┈┈┈┈
[INFO] [stderr] 
[INFO] [stderr] ACTUAL OUTPUT:
[INFO] [stderr] ┈┈┈┈┈┈┈┈┈┈┈┈┈┈┈┈┈┈┈┈┈┈┈┈┈┈┈┈┈┈┈┈┈┈┈┈┈┈┈┈┈┈┈┈┈┈┈┈┈┈┈┈┈┈┈┈┈┈┈┈
[INFO] [stderr] error[E0277]: the trait bound `Assignment<Post>: qb::dml::IntoRowItem<User>` is not satisfied
[INFO] [stderr]   --> tests/ui/dml_cross_table_assignment.rs:27:43
[INFO] [stderr]    |
[INFO] [stderr] 27 |     let _ = insert_into::<User>().values((set(Post::TITLE, "x"),));
[INFO] [stderr]    |                                   ------  ^^^^^^^^^^^^^^^^^^^^^ the trait `qb::dml::IntoRowItem<User>` is not implemented for `Assignment<Post>`
[INFO] [stderr]    |                                   |
[INFO] [stderr]    |                                   required by a bound introduced by this call
[INFO] [stderr]    |
[INFO] [stderr] help: the trait `IntoRowItem<User>` is not implemented for `Assignment<Post>`
[INFO] [stderr]       but trait `IntoRowItem<Post>` is implemented for it
[INFO] [stderr]   --> $CARGO/turdo-query-builder-$VERSION/src/dml.rs
[INFO] [stderr]    |
[INFO] [stderr]    | impl<F: Table> IntoRowItem<F> for Assignment<F> {
[INFO] [stderr]    | ^^^^^^^^^^^^^^^^^^^^^^^^^^^^^^^^^^^^^^^^^^^^^^^
[INFO] [stderr]    = help: for that trait implementation, expected `Post`, found `User`
[INFO] [stderr]    = note: required for `(Assignment<Post>,)` to implement `qb::dml::InsertValues<User>`
[INFO] [stderr] note: required by a bound in `InsertBuilder::<F>::values`
[INFO] [stderr]   --> $CARGO/turdo-query-builder-$VERSION/src/dml.rs
[INFO] [stderr]    |
[INFO] [stderr]    | impl<F: Table> InsertBuilder<F> {
[INFO] [stderr] ...
[INFO] [stderr]    |     pub fn values<V: InsertValues<F>>(mut self, values: V) -> Self {
[INFO] [stderr]    |                      ^^^^^^^^^^^^^^^ required by this bound in `InsertBuilder::<F>::values`
[INFO] [stderr] 
[INFO] [stderr] error[E0277]: the trait bound `Assignment<Post>: qb::dml::IntoRowItem<User>` is not satisfied
[INFO] [stderr]   --> tests/ui/dml_cross_table_assignment.rs:28:35
[INFO] [stderr]    |
[INFO] [stderr] 28 |     let _ = update::<User>().set((set(Post::BODY, None),)).filter(lt(User::ID, 1));
[INFO] [stderr]    |                              ---  ^^^^^^^^^^^^^^^^^^^^^ the trait `qb::dml::IntoRowItem<User>` is not implemented for `Assignment<Post>`
[INFO] [stderr]    |                              |
[INFO] [stderr]    |                              required by a bound introduced by this call
[INFO] [stderr]    |
[INFO] [stderr] help: the trait `IntoRowItem<User>` is not implemented for `Assignment<Post>`
[INFO] [stderr]       but trait `IntoRowItem<Post>` is implemented for it
[INFO] [stderr]   --> $CARGO/turdo-query-builder-$VERSION/src/dml.rs
[INFO] [stderr]    |
[INFO] [stderr]    | impl<F: Table> IntoRowItem<F> for Assignment<F> {
[INFO] [stderr]    | ^^^^^^^^^^^^^^^^^^^^^^^^^^^^^^^^^^^^^^^^^^^^^^^
[INFO] [stderr]    = help: for that trait implementation, expected `Post`, found `User`
[INFO] [stderr]    = note: required for `(Assignment<Post>,)` to implement `qb::dml::SetItems<User>`
[INFO] [stderr] note: required by a bound in `UpdateBuilder::<F>::set`
[INFO] [stderr]   --> $CARGO/turdo-query-builder-$VERSION/src/dml.rs
[INFO] [stderr]    |
[INFO] [stderr]    | impl<F: Table> UpdateBuilder<F> {
[INFO] [stderr] ...
[INFO] [stderr]    |     pub fn set<S: SetItems<F>>(mut self, items: S) -> Self {
[INFO] [stderr]    |                   ^^^^^^^^^^^ required by this bound in `UpdateBuilder::<F>::set`
[INFO] [stderr] ┈┈┈┈┈┈┈┈┈┈┈┈┈┈┈┈┈┈┈┈┈┈┈┈┈┈┈┈┈┈┈┈┈┈┈┈┈┈┈┈┈┈┈┈┈┈┈┈┈┈┈┈┈┈┈┈┈┈┈┈
[INFO] [stderr] note: If the actual output is the correct output you can bless it by rerunning
[INFO] [stderr]       your test with the environment variable TRYBUILD=overwrite
[INFO] [stderr] 
[INFO] [stderr] test tests/ui/duplicate_column_name.rs ... ok
[INFO] [stderr] test tests/ui/duplicate_table.rs ... ok
[INFO] [stderr] test tests/ui/enum_not_supported.rs ... ok
[INFO] [stderr] test tests/ui/eq_value_type_mismatch.rs ... mismatch
[INFO] [stderr] 
[INFO] [stderr] EXPECTED:
[INFO] [stderr] ┈┈┈┈┈┈┈┈┈┈┈┈┈┈┈┈┈┈┈┈┈┈┈┈┈┈┈┈┈┈┈┈┈┈┈┈┈┈┈┈┈┈┈┈┈┈┈┈┈┈┈┈┈┈┈┈┈┈┈┈
[INFO] [stderr] error[E0277]: the trait bound `i64: From<&str>` is not satisfied
[INFO] [stderr]   --> tests/ui/eq_value_type_mismatch.rs:35:30
[INFO] [stderr]    |
[INFO] [stderr] 35 |         .filter(eq(Post::ID, "not an int"))
[INFO] [stderr]    |                 --           ^^^^^^^^^^^^ the trait `From<&str>` is not implemented for `i64`
[INFO] [stderr]    |                 |
[INFO] [stderr]    |                 required by a bound introduced by this call
[INFO] [stderr]    |
[INFO] [stderr]    = help: `i64` implements trait `From<T>`:
[INFO] [stderr]              From<bool>
[INFO] [stderr]              From<i16>
[INFO] [stderr]              From<i32>
[INFO] [stderr]              From<i8>
[INFO] [stderr]              From<u16>
[INFO] [stderr]              From<u32>
[INFO] [stderr]              From<u8>
[INFO] [stderr]    = note: required for `&str` to implement `Into<i64>`
[INFO] [stderr] note: required by a bound in `turdo::turdo_query_builder::eq`
[INFO] [stderr]   --> $WORKSPACE/crates/turdo-query-builder/src/expr.rs
[INFO] [stderr]    |
[INFO] [stderr]    | pub fn eq<C: ColumnRef>(col: C, value: impl Into<C::Value>) -> Fragment<()>
[INFO] [stderr]    |                                             ^^^^^^^^^^^^^^ required by this bound in `eq`
[INFO] [stderr] 
[INFO] [stderr] error[E0277]: the trait bound `i64: From<&str>` is not satisfied
[INFO] [stderr]   --> tests/ui/eq_value_type_mismatch.rs:43:25
[INFO] [stderr]    |
[INFO] [stderr] 43 |         .filter(eq(col, "also wrong"))
[INFO] [stderr]    |                 --      ^^^^^^^^^^^^ the trait `From<&str>` is not implemented for `i64`
[INFO] [stderr]    |                 |
[INFO] [stderr]    |                 required by a bound introduced by this call
[INFO] [stderr]    |
[INFO] [stderr]    = help: `i64` implements trait `From<T>`:
[INFO] [stderr]              From<bool>
[INFO] [stderr]              From<i16>
[INFO] [stderr]              From<i32>
[INFO] [stderr]              From<i8>
[INFO] [stderr]              From<u16>
[INFO] [stderr]              From<u32>
[INFO] [stderr]              From<u8>
[INFO] [stderr]    = note: required for `&str` to implement `Into<i64>`
[INFO] [stderr] note: required by a bound in `turdo::turdo_query_builder::eq`
[INFO] [stderr]   --> $WORKSPACE/crates/turdo-query-builder/src/expr.rs
[INFO] [stderr]    |
[INFO] [stderr]    | pub fn eq<C: ColumnRef>(col: C, value: impl Into<C::Value>) -> Fragment<()>
[INFO] [stderr]    |                                             ^^^^^^^^^^^^^^ required by this bound in `eq`
[INFO] [stderr] ┈┈┈┈┈┈┈┈┈┈┈┈┈┈┈┈┈┈┈┈┈┈┈┈┈┈┈┈┈┈┈┈┈┈┈┈┈┈┈┈┈┈┈┈┈┈┈┈┈┈┈┈┈┈┈┈┈┈┈┈
[INFO] [stderr] 
[INFO] [stderr] ACTUAL OUTPUT:
[INFO] [stderr] ┈┈┈┈┈┈┈┈┈┈┈┈┈┈┈┈┈┈┈┈┈┈┈┈┈┈┈┈┈┈┈┈┈┈┈┈┈┈┈┈┈┈┈┈┈┈┈┈┈┈┈┈┈┈┈┈┈┈┈┈
[INFO] [stderr] error[E0277]: the trait bound `i64: From<&str>` is not satisfied
[INFO] [stderr]   --> tests/ui/eq_value_type_mismatch.rs:35:30
[INFO] [stderr]    |
[INFO] [stderr] 35 |         .filter(eq(Post::ID, "not an int"))
[INFO] [stderr]    |                 --           ^^^^^^^^^^^^ the trait `From<&str>` is not implemented for `i64`
[INFO] [stderr]    |                 |
[INFO] [stderr]    |                 required by a bound introduced by this call
[INFO] [stderr]    |
[INFO] [stderr]    = help: `i64` implements trait `From<T>`:
[INFO] [stderr]              From<bool>
[INFO] [stderr]              From<i16>
[INFO] [stderr]              From<i32>
[INFO] [stderr]              From<i8>
[INFO] [stderr]              From<u16>
[INFO] [stderr]              From<u32>
[INFO] [stderr]              From<u8>
[INFO] [stderr]    = note: required for `&str` to implement `Into<i64>`
[INFO] [stderr] note: required by a bound in `turdo::turdo_query_builder::eq`
[INFO] [stderr]   --> $CARGO/turdo-query-builder-$VERSION/src/expr.rs
[INFO] [stderr]    |
[INFO] [stderr]    | pub fn eq<C: ColumnRef>(col: C, value: impl Into<C::Value>) -> Fragment<()>
[INFO] [stderr]    |                                             ^^^^^^^^^^^^^^ required by this bound in `eq`
[INFO] [stderr] 
[INFO] [stderr] error[E0277]: the trait bound `i64: From<&str>` is not satisfied
[INFO] [stderr]   --> tests/ui/eq_value_type_mismatch.rs:43:25
[INFO] [stderr]    |
[INFO] [stderr] 43 |         .filter(eq(col, "also wrong"))
[INFO] [stderr]    |                 --      ^^^^^^^^^^^^ the trait `From<&str>` is not implemented for `i64`
[INFO] [stderr]    |                 |
[INFO] [stderr]    |                 required by a bound introduced by this call
[INFO] [stderr]    |
[INFO] [stderr]    = help: `i64` implements trait `From<T>`:
[INFO] [stderr]              From<bool>
[INFO] [stderr]              From<i16>
[INFO] [stderr]              From<i32>
[INFO] [stderr]              From<i8>
[INFO] [stderr]              From<u16>
[INFO] [stderr]              From<u32>
[INFO] [stderr]              From<u8>
[INFO] [stderr]    = note: required for `&str` to implement `Into<i64>`
[INFO] [stderr] note: required by a bound in `turdo::turdo_query_builder::eq`
[INFO] [stderr]   --> $CARGO/turdo-query-builder-$VERSION/src/expr.rs
[INFO] [stderr]    |
[INFO] [stderr]    | pub fn eq<C: ColumnRef>(col: C, value: impl Into<C::Value>) -> Fragment<()>
[INFO] [stderr]    |                                             ^^^^^^^^^^^^^^ required by this bound in `eq`
[INFO] [stderr] ┈┈┈┈┈┈┈┈┈┈┈┈┈┈┈┈┈┈┈┈┈┈┈┈┈┈┈┈┈┈┈┈┈┈┈┈┈┈┈┈┈┈┈┈┈┈┈┈┈┈┈┈┈┈┈┈┈┈┈┈
[INFO] [stderr] note: If the actual output is the correct output you can bless it by rerunning
[INFO] [stderr]       your test with the environment variable TRYBUILD=overwrite
[INFO] [stderr] 
[INFO] [stderr] test tests/ui/fk_type_mismatch.rs ... ok
[INFO] [stderr] test tests/ui/fromrow_unsupported_type.rs ... ok
[INFO] [stderr] test tests/ui/handle_name_collision.rs ... ok
[INFO] [stderr] test tests/ui/invalid_column_name.rs ... ok
[INFO] [stderr] test tests/ui/invalid_table_name.rs ... ok
[INFO] [stderr] test tests/ui/join_eq_col_type_mismatch.rs ... ok
[INFO] [stderr] test tests/ui/missing_table.rs ... ok
[INFO] [stderr] test tests/ui/name_collision.rs ... ok
[INFO] [stderr] test tests/ui/pk_conflict.rs ... ok
[INFO] [stderr] test tests/ui/pk_on_nullable.rs ... ok
[INFO] [stderr] test tests/ui/pk_on_nullable_composite.rs ... ok
[INFO] [stderr] test tests/ui/sub_in_type_mismatch.rs ... ok
[INFO] [stderr] test tests/ui/tuple_struct_from_row.rs ... ok
[INFO] [stderr] test tests/ui/unknown_column_in_unique.rs ... ok
[INFO] [stderr] test tests/ui/unknown_fk_option.rs ... ok
[INFO] [stderr] test tests/ui/unknown_reference_action.rs ... ok
[INFO] [stderr] test tests/ui/zero_columns.rs ... ok
[INFO] [stderr] 
[INFO] [stderr] 
[INFO] [stdout] test ui ... FAILED
[INFO] [stdout] 
[INFO] [stdout] failures:
[INFO] [stdout] 
[INFO] [stdout] ---- ui stdout ----
[INFO] [stdout] 
[INFO] [stdout] thread 'ui' (618) panicked at /opt/rustwide/cargo-home/registry/src/index.crates.io-1949cf8c6b5b557f/trybuild-1.0.119/src/run.rs:102:13:
[INFO] [stdout] 2 of 25 tests failed
[INFO] [stdout] stack backtrace:
[INFO] [stdout]    0:     0x6076fdbeb041 - std[617be2ca0a6fd877]::backtrace_rs::backtrace::libunwind::trace
[INFO] [stdout]                                at /rustc/e3feeb59cd1bdd011a2bfcc0747b55125d9b8527/library/std/src/../../backtrace/src/backtrace/libunwind.rs:117:9
[INFO] [stdout]    1:     0x6076fdbeb041 - std[617be2ca0a6fd877]::backtrace_rs::backtrace::trace_unsynchronized::<std[617be2ca0a6fd877]::sys::backtrace::_print_fmt::{closure#1}>
[INFO] [stdout]                                at /rustc/e3feeb59cd1bdd011a2bfcc0747b55125d9b8527/library/std/src/../../backtrace/src/backtrace/mod.rs:66:14
[INFO] [stdout]    2:     0x6076fdbeb041 - std[617be2ca0a6fd877]::sys::backtrace::_print_fmt
[INFO] [stdout]                                at /rustc/e3feeb59cd1bdd011a2bfcc0747b55125d9b8527/library/std/src/sys/backtrace.rs:74:9
[INFO] [stdout]    3:     0x6076fdbeb041 - <<std[617be2ca0a6fd877]::sys::backtrace::BacktraceLock>::print::DisplayBacktrace as core[a373ad73a504971]::fmt::Display>::fmt
[INFO] [stdout]                                at /rustc/e3feeb59cd1bdd011a2bfcc0747b55125d9b8527/library/std/src/sys/backtrace.rs:44:26
[INFO] [stdout]    4:     0x6076fdc0148a - <core[a373ad73a504971]::fmt::rt::Argument>::fmt
[INFO] [stdout]                                at /rustc/e3feeb59cd1bdd011a2bfcc0747b55125d9b8527/library/core/src/fmt/rt.rs:152:76
[INFO] [stdout]    5:     0x6076fdc0148a - core[a373ad73a504971]::fmt::write
[INFO] [stdout]    6:     0x6076fdbef88c - core[a373ad73a504971]::io::write::default_write_fmt::<alloc[2e1b2a31b91974c5]::vec::Vec<u8>>
[INFO] [stdout]                                at /rustc/e3feeb59cd1bdd011a2bfcc0747b55125d9b8527/library/core/src/io/write.rs:402:11
[INFO] [stdout]    7:     0x6076fdbef88c - <alloc[2e1b2a31b91974c5]::vec::Vec<u8> as core[a373ad73a504971]::io::write::Write>::write_fmt
[INFO] [stdout]                                at /rustc/e3feeb59cd1bdd011a2bfcc0747b55125d9b8527/library/core/src/io/write.rs:335:13
[INFO] [stdout]    8:     0x6076fdbc44a6 - <std[617be2ca0a6fd877]::sys::backtrace::BacktraceLock>::print
[INFO] [stdout]                                at /rustc/e3feeb59cd1bdd011a2bfcc0747b55125d9b8527/library/std/src/sys/backtrace.rs:47:9
[INFO] [stdout]    9:     0x6076fdbc44a6 - std[617be2ca0a6fd877]::panicking::default_hook::{closure#0}
[INFO] [stdout]                                at /rustc/e3feeb59cd1bdd011a2bfcc0747b55125d9b8527/library/std/src/panicking.rs:289:27
[INFO] [stdout]   10:     0x6076fdbe25e9 - std[617be2ca0a6fd877]::panicking::default_hook
[INFO] [stdout]                                at /rustc/e3feeb59cd1bdd011a2bfcc0747b55125d9b8527/library/std/src/panicking.rs:313:9
[INFO] [stdout]   11:     0x6076fdb7bbf0 - <alloc[2e1b2a31b91974c5]::boxed::Box<dyn for<'a, 'b> core[a373ad73a504971]::ops::function::Fn<(&'a std[617be2ca0a6fd877]::panic::PanicHookInfo<'b>,), Output = ()> + core[a373ad73a504971]::marker::Sync + core[a373ad73a504971]::marker::Send> as core[a373ad73a504971]::ops::function::Fn<(&std[617be2ca0a6fd877]::panic::PanicHookInfo,)>>::call
[INFO] [stdout]                                at /rustc/e3feeb59cd1bdd011a2bfcc0747b55125d9b8527/library/alloc/src/boxed.rs:2328:9
[INFO] [stdout]   12:     0x6076fdb7bbf0 - test[aada8e7e76ba119b]::test_main_inner::{closure#0}
[INFO] [stdout]                                at /rustc/e3feeb59cd1bdd011a2bfcc0747b55125d9b8527/library/test/src/lib.rs:137:21
[INFO] [stdout]   13:     0x6076fdbe27a2 - <alloc[2e1b2a31b91974c5]::boxed::Box<dyn for<'a, 'b> core[a373ad73a504971]::ops::function::Fn<(&'a std[617be2ca0a6fd877]::panic::PanicHookInfo<'b>,), Output = ()> + core[a373ad73a504971]::marker::Sync + core[a373ad73a504971]::marker::Send> as core[a373ad73a504971]::ops::function::Fn<(&std[617be2ca0a6fd877]::panic::PanicHookInfo,)>>::call
[INFO] [stdout]                                at /rustc/e3feeb59cd1bdd011a2bfcc0747b55125d9b8527/library/alloc/src/boxed.rs:2328:9
[INFO] [stdout]   14:     0x6076fdbe27a2 - std[617be2ca0a6fd877]::panicking::panic_with_hook
[INFO] [stdout]                                at /rustc/e3feeb59cd1bdd011a2bfcc0747b55125d9b8527/library/std/src/panicking.rs:819:13
[INFO] [stdout]   15:     0x6076fdbc4552 - std[617be2ca0a6fd877]::panicking::panic_handler::{closure#0}
[INFO] [stdout]                                at /rustc/e3feeb59cd1bdd011a2bfcc0747b55125d9b8527/library/std/src/panicking.rs:685:13
[INFO] [stdout]   16:     0x6076fdbbcda9 - std[617be2ca0a6fd877]::sys::backtrace::__rust_end_short_backtrace::<std[617be2ca0a6fd877]::panicking::panic_handler::{closure#0}, !>
[INFO] [stdout]                                at /rustc/e3feeb59cd1bdd011a2bfcc0747b55125d9b8527/library/std/src/sys/backtrace.rs:182:18
[INFO] [stdout]   17:     0x6076fdbc515d - __rustc[ea4f61d10b84890b]::rust_begin_unwind
[INFO] [stdout]                                at /rustc/e3feeb59cd1bdd011a2bfcc0747b55125d9b8527/library/std/src/panicking.rs:676:5
[INFO] [stdout]   18:     0x6076fdc01c7c - core[a373ad73a504971]::panicking::panic_fmt
[INFO] [stdout]                                at /rustc/e3feeb59cd1bdd011a2bfcc0747b55125d9b8527/library/core/src/panicking.rs:80:14
[INFO] [stdout]   19:     0x6076fda52544 - <trybuild[de79740643149179]::Runner>::run
[INFO] [stdout]                                at /opt/rustwide/cargo-home/registry/src/index.crates.io-1949cf8c6b5b557f/trybuild-1.0.119/src/run.rs:102:13
[INFO] [stdout]   20:     0x6076fda5d558 - <trybuild[de79740643149179]::TestCases as core[a373ad73a504971]::ops::drop::Drop>::drop
[INFO] [stdout]                                at /opt/rustwide/cargo-home/registry/src/index.crates.io-1949cf8c6b5b557f/trybuild-1.0.119/src/lib.rs:342:38
[INFO] [stdout]   21:     0x6076fd955c47 - core[a373ad73a504971]::ptr::drop_glue::<trybuild[de79740643149179]::TestCases>
[INFO] [stdout]                                at /rustc/e3feeb59cd1bdd011a2bfcc0747b55125d9b8527/library/core/src/ptr/mod.rs:848:1
[INFO] [stdout]   22:     0x6076fd955e53 - ui[55d2f6c427177c07]::ui
[INFO] [stdout]                                at /opt/rustwide/workdir/tests/ui.rs:10:1
[INFO] [stdout]   23:     0x6076fd955da7 - ui[55d2f6c427177c07]::ui::{closure#0}
[INFO] [stdout]                                at /opt/rustwide/workdir/tests/ui.rs:7:8
[INFO] [stdout]   24:     0x6076fd9562b6 - <ui[55d2f6c427177c07]::ui::{closure#0} as core[a373ad73a504971]::ops::function::FnOnce<()>>::call_once
[INFO] [stdout]                                at /rustc/e3feeb59cd1bdd011a2bfcc0747b55125d9b8527/library/core/src/ops/function.rs:250:5
[INFO] [stdout]   25:     0x6076fdb6f03b - <fn() -> core[a373ad73a504971]::result::Result<(), alloc[2e1b2a31b91974c5]::string::String> as core[a373ad73a504971]::ops::function::FnOnce<()>>::call_once
[INFO] [stdout]                                at /rustc/e3feeb59cd1bdd011a2bfcc0747b55125d9b8527/library/core/src/ops/function.rs:250:5
[INFO] [stdout]   26:     0x6076fdb6f03b - test[aada8e7e76ba119b]::__rust_begin_short_backtrace::<core[a373ad73a504971]::result::Result<(), alloc[2e1b2a31b91974c5]::string::String>, fn() -> core[a373ad73a504971]::result::Result<(), alloc[2e1b2a31b91974c5]::string::String>>
[INFO] [stdout]                                at /rustc/e3feeb59cd1bdd011a2bfcc0747b55125d9b8527/library/test/src/lib.rs:701:18
[INFO] [stdout]   27:     0x6076fdb7c215 - test[aada8e7e76ba119b]::run_test_in_process::{closure#0}
[INFO] [stdout]                                at /rustc/e3feeb59cd1bdd011a2bfcc0747b55125d9b8527/library/test/src/lib.rs:724:74
[INFO] [stdout]   28:     0x6076fdb7c215 - <core[a373ad73a504971]::panic::unwind_safe::AssertUnwindSafe<test[aada8e7e76ba119b]::run_test_in_process::{closure#0}> as core[a373ad73a504971]::ops::function::FnOnce<()>>::call_once
[INFO] [stdout]                                at /rustc/e3feeb59cd1bdd011a2bfcc0747b55125d9b8527/library/core/src/panic/unwind_safe.rs:275:9
[INFO] [stdout]   29:     0x6076fdb7c215 - std[617be2ca0a6fd877]::panicking::catch_unwind::do_call::<core[a373ad73a504971]::panic::unwind_safe::AssertUnwindSafe<test[aada8e7e76ba119b]::run_test_in_process::{closure#0}>, core[a373ad73a504971]::result::Result<(), alloc[2e1b2a31b91974c5]::string::String>>
[INFO] [stdout]                                at /rustc/e3feeb59cd1bdd011a2bfcc0747b55125d9b8527/library/std/src/panicking.rs:573:43
[INFO] [stdout]   30:     0x6076fdb7c215 - std[617be2ca0a6fd877]::panicking::catch_unwind::<core[a373ad73a504971]::result::Result<(), alloc[2e1b2a31b91974c5]::string::String>, core[a373ad73a504971]::panic::unwind_safe::AssertUnwindSafe<test[aada8e7e76ba119b]::run_test_in_process::{closure#0}>>
[INFO] [stdout]                                at /rustc/e3feeb59cd1bdd011a2bfcc0747b55125d9b8527/library/std/src/panicking.rs:541:19
[INFO] [stdout]   31:     0x6076fdb7c215 - std[617be2ca0a6fd877]::panic::catch_unwind::<core[a373ad73a504971]::panic::unwind_safe::AssertUnwindSafe<test[aada8e7e76ba119b]::run_test_in_process::{closure#0}>, core[a373ad73a504971]::result::Result<(), alloc[2e1b2a31b91974c5]::string::String>>
[INFO] [stdout]                                at /rustc/e3feeb59cd1bdd011a2bfcc0747b55125d9b8527/library/std/src/panic.rs:359:14
[INFO] [stdout]   32:     0x6076fdb7c215 - test[aada8e7e76ba119b]::run_test_in_process
[INFO] [stdout]                                at /rustc/e3feeb59cd1bdd011a2bfcc0747b55125d9b8527/library/test/src/lib.rs:724:27
[INFO] [stdout]   33:     0x6076fdb7c215 - test[aada8e7e76ba119b]::run_test::{closure#0}
[INFO] [stdout]                                at /rustc/e3feeb59cd1bdd011a2bfcc0747b55125d9b8527/library/test/src/lib.rs:645:43
[INFO] [stdout]   34:     0x6076fdb75b04 - test[aada8e7e76ba119b]::run_test::{closure#1}
[INFO] [stdout]                                at /rustc/e3feeb59cd1bdd011a2bfcc0747b55125d9b8527/library/test/src/lib.rs:675:41
[INFO] [stdout]   35:     0x6076fdb75b04 - std[617be2ca0a6fd877]::sys::backtrace::__rust_begin_short_backtrace::<test[aada8e7e76ba119b]::run_test::{closure#1}, ()>
[INFO] [stdout]                                at /rustc/e3feeb59cd1bdd011a2bfcc0747b55125d9b8527/library/std/src/sys/backtrace.rs:166:18
[INFO] [stdout]   36:     0x6076fdb7f2a2 - std[617be2ca0a6fd877]::thread::lifecycle::spawn_unchecked::<test[aada8e7e76ba119b]::run_test::{closure#1}, ()>::{closure#1}::{closure#0}
[INFO] [stdout]                                at /rustc/e3feeb59cd1bdd011a2bfcc0747b55125d9b8527/library/std/src/thread/lifecycle.rs:70:13
[INFO] [stdout]   37:     0x6076fdb7f2a2 - <core[a373ad73a504971]::panic::unwind_safe::AssertUnwindSafe<std[617be2ca0a6fd877]::thread::lifecycle::spawn_unchecked<test[aada8e7e76ba119b]::run_test::{closure#1}, ()>::{closure#1}::{closure#0}> as core[a373ad73a504971]::ops::function::FnOnce<()>>::call_once
[INFO] [stdout]                                at /rustc/e3feeb59cd1bdd011a2bfcc0747b55125d9b8527/library/core/src/panic/unwind_safe.rs:275:9
[INFO] [stdout]   38:     0x6076fdb7f2a2 - std[617be2ca0a6fd877]::panicking::catch_unwind::do_call::<core[a373ad73a504971]::panic::unwind_safe::AssertUnwindSafe<std[617be2ca0a6fd877]::thread::lifecycle::spawn_unchecked<test[aada8e7e76ba119b]::run_test::{closure#1}, ()>::{closure#1}::{closure#0}>, ()>
[INFO] [stdout]                                at /rustc/e3feeb59cd1bdd011a2bfcc0747b55125d9b8527/library/std/src/panicking.rs:573:43
[INFO] [stdout]   39:     0x6076fdb7f2a2 - std[617be2ca0a6fd877]::panicking::catch_unwind::<(), core[a373ad73a504971]::panic::unwind_safe::AssertUnwindSafe<std[617be2ca0a6fd877]::thread::lifecycle::spawn_unchecked<test[aada8e7e76ba119b]::run_test::{closure#1}, ()>::{closure#1}::{closure#0}>>
[INFO] [stdout]                                at /rustc/e3feeb59cd1bdd011a2bfcc0747b55125d9b8527/library/std/src/panicking.rs:541:19
[INFO] [stdout]   40:     0x6076fdb7f2a2 - std[617be2ca0a6fd877]::panic::catch_unwind::<core[a373ad73a504971]::panic::unwind_safe::AssertUnwindSafe<std[617be2ca0a6fd877]::thread::lifecycle::spawn_unchecked<test[aada8e7e76ba119b]::run_test::{closure#1}, ()>::{closure#1}::{closure#0}>, ()>
[INFO] [stdout]                                at /rustc/e3feeb59cd1bdd011a2bfcc0747b55125d9b8527/library/std/src/panic.rs:359:14
[INFO] [stdout]   41:     0x6076fdb7f2a2 - std[617be2ca0a6fd877]::thread::lifecycle::spawn_unchecked::<test[aada8e7e76ba119b]::run_test::{closure#1}, ()>::{closure#1}
[INFO] [stdout]                                at /rustc/e3feeb59cd1bdd011a2bfcc0747b55125d9b8527/library/std/src/thread/lifecycle.rs:68:26
[INFO] [stdout]   42:     0x6076fdb7f2a2 - <std[617be2ca0a6fd877]::thread::lifecycle::spawn_unchecked<test[aada8e7e76ba119b]::run_test::{closure#1}, ()>::{closure#1} as core[a373ad73a504971]::ops::function::FnOnce<()>>::call_once::{shim:vtable#0}
[INFO] [stdout]                                at /rustc/e3feeb59cd1bdd011a2bfcc0747b55125d9b8527/library/core/src/ops/function.rs:250:5
[INFO] [stdout]   43:     0x6076fdbea29f - <alloc[2e1b2a31b91974c5]::boxed::Box<dyn core[a373ad73a504971]::ops::function::FnOnce<(), Output = ()> + core[a373ad73a504971]::marker::Send> as core[a373ad73a504971]::ops::function::FnOnce<()>>::call_once
[INFO] [stdout]                                at /rustc/e3feeb59cd1bdd011a2bfcc0747b55125d9b8527/library/alloc/src/boxed.rs:2314:9
[INFO] [stdout]   44:     0x6076fdbea29f - <std[617be2ca0a6fd877]::sys::thread::unix::Thread>::new::thread_start
[INFO] [stdout]                                at /rustc/e3feeb59cd1bdd011a2bfcc0747b55125d9b8527/library/std/src/sys/thread/unix.rs:127:17
[INFO] [stdout]   45:     0x7aae444b9dfa - <unknown>
[INFO] [stdout]   46:     0x7aae4454d3d4 - clone
[INFO] [stdout]   47:                0x0 - <unknown>
[INFO] [stdout] 
[INFO] [stdout] 
[INFO] [stdout] failures:
[INFO] [stdout]     ui
[INFO] [stdout] 
[INFO] [stdout] test result: FAILED. 0 passed; 1 failed; 0 ignored; 0 measured; 0 filtered out; finished in 11.55s
[INFO] [stdout] 
[INFO] [stderr] error: test failed, to rerun pass `--test ui`
[INFO] running `Command { std: "docker" "inspect" "31ba8b16e2c79c83fe03808668a1beffa06285d6f8399ca6f4fc7fe4865ba4f2", kill_on_drop: false }`
[INFO] running `Command { std: "docker" "rm" "-f" "31ba8b16e2c79c83fe03808668a1beffa06285d6f8399ca6f4fc7fe4865ba4f2", kill_on_drop: false }`
[INFO] [stdout] 31ba8b16e2c79c83fe03808668a1beffa06285d6f8399ca6f4fc7fe4865ba4f2
