[INFO] fetching crate tur-rs 0.9.2...
[INFO] testing tur-rs-0.9.2 against 1.99.0-beta.8 for beta-1.100-2
[INFO] extracting crate tur-rs 0.9.2 into /workspace/builds/worker-0-tc1/source
[INFO] started tweaking crates.io crate tur-rs 0.9.2
[INFO] removed 0 missing examples
[INFO] removed 0 missing tests
[INFO] finished tweaking crates.io crate tur-rs 0.9.2
[INFO] tweaked toml for crates.io crate tur-rs 0.9.2 written to /workspace/builds/worker-0-tc1/source/Cargo.toml
[INFO] validating manifest of crates.io crate tur-rs 0.9.2 on toolchain 1.99.0-beta.8
[INFO] running `Command { std: CARGO_HOME="/workspace/cargo-home" RUSTUP_HOME="/workspace/rustup-home" "/workspace/cargo-home/bin/cargo" "+1.99.0-beta.8" "metadata" "--manifest-path" "Cargo.toml" "--no-deps", kill_on_drop: false }`
[INFO] crate crates.io crate tur-rs 0.9.2 already has a lockfile, it will not be regenerated
[INFO] running `Command { std: CARGO_HOME="/workspace/cargo-home" RUSTUP_HOME="/workspace/rustup-home" "/workspace/cargo-home/bin/cargo" "+1.99.0-beta.8" "fetch" "--manifest-path" "Cargo.toml", kill_on_drop: false }`
[INFO] [stderr]     Updating crates.io index
[INFO] [stderr]  Downloading crates ...
[INFO] [stderr]   Downloaded wasm-bindgen-macro v0.2.121
[INFO] [stderr]   Downloaded wasm-bindgen-macro-support v0.2.121
[INFO] [stderr]   Downloaded wasm-bindgen-shared v0.2.121
[INFO] [stderr]   Downloaded wasm-bindgen v0.2.121
[INFO] [stderr]   Downloaded socket2 v0.4.10
[INFO] [stderr]   Downloaded lru v0.16.4
[INFO] [stderr]   Downloaded io-uring v0.6.4
[INFO] [stderr]   Downloaded ratatui-termwiz v0.1.0
[INFO] [stderr]   Downloaded js-sys v0.3.98
[INFO] [stderr]   Downloaded tokio-uring v0.5.0
[INFO] [stderr]   Downloaded ratatui v0.30.0
[INFO] [stderr]   Downloaded sysinfo v0.30.13
[INFO] [stderr]   Downloaded ratatui-core v0.1.0
[INFO] [stderr]   Downloaded ratatui-widgets v0.3.0
[INFO] [stderr]   Downloaded ratatui-macros v0.7.0
[INFO] [stderr]   Downloaded ratatui-crossterm v0.1.0
[INFO] [stderr]   Downloaded webpki-root-certs v1.0.7
[INFO] [stderr]   Downloaded jni-sys v0.3.1
[INFO] [stderr]   Downloaded windows v0.52.0
[INFO] [stderr]   Downloaded fastbloom v0.14.1
[INFO] [stderr]   Downloaded unit-prefix v0.5.2
[INFO] [stderr]   Downloaded encode_unicode v1.0.0
[INFO] [stderr]   Downloaded h3-quinn v0.0.10
[INFO] [stderr]   Downloaded indicatif v0.18.4
[INFO] [stderr]   Downloaded h3 v0.0.8
[INFO] [stderr]   Downloaded console v0.16.3
[INFO] running `Command { std: "docker" "create" "-v" "/var/lib/crater-agent-workspace/builds/worker-0-tc1/source:/opt/rustwide/workdir:ro,Z" "-v" "/var/lib/crater-agent-workspace/builds/worker-0-tc1/target:/opt/rustwide/target:rw,Z" "-v" "/var/lib/crater-agent-workspace/cargo-home:/opt/rustwide/cargo-home:ro,Z" "-v" "/var/lib/crater-agent-workspace/rustup-home:/opt/rustwide/rustup-home:ro,Z" "-m" "1610612736" "--network" "none" "ghcr.io/rust-lang/crates-build-env/linux@sha256:3111399a4047eeb3a02b7a90e478d715f38a8c6669b5c4b49d30a17385265909" "sleep" "infinity", kill_on_drop: false }`
[INFO] [stdout] 884e79081544271156035ca35134684e97544019cc86448785c9a2cabe76a9e6
[INFO] running `Command { std: "docker" "start" "884e79081544271156035ca35134684e97544019cc86448785c9a2cabe76a9e6", kill_on_drop: false }`
[INFO] running `Command { std: "docker" "inspect" "884e79081544271156035ca35134684e97544019cc86448785c9a2cabe76a9e6", kill_on_drop: false }`
[INFO] running `Command { std: "docker" "exec" "-e" "SOURCE_DIR=/opt/rustwide/workdir" "-e" "CARGO_HOME=/opt/rustwide/cargo-home" "-e" "RUSTUP_HOME=/opt/rustwide/rustup-home" "-e" "CARGO_TARGET_DIR=/opt/rustwide/target" "-w" "/opt/rustwide/workdir" "--user" "0:0" "884e79081544271156035ca35134684e97544019cc86448785c9a2cabe76a9e6" "/opt/rustwide/cargo-home/bin/cargo" "+1.99.0-beta.8" "metadata" "--no-deps" "--format-version=1", kill_on_drop: false }`
[INFO] running `Command { std: "docker" "inspect" "884e79081544271156035ca35134684e97544019cc86448785c9a2cabe76a9e6", kill_on_drop: false }`
[INFO] running `Command { std: "docker" "exec" "-e" "SOURCE_DIR=/opt/rustwide/workdir" "-e" "CARGO_HOME=/opt/rustwide/cargo-home" "-e" "RUSTUP_HOME=/opt/rustwide/rustup-home" "-e" "CARGO_TARGET_DIR=/opt/rustwide/target" "-e" "CARGO_INCREMENTAL=0" "-e" "RUST_BACKTRACE=full" "-e" "RUSTFLAGS=--cap-lints=warn" "-e" "RUSTDOCFLAGS=--cap-lints=warn" "-w" "/opt/rustwide/workdir" "--user" "0:0" "884e79081544271156035ca35134684e97544019cc86448785c9a2cabe76a9e6" "/opt/rustwide/cargo-home/bin/cargo" "+1.99.0-beta.8" "build" "--frozen" "--message-format=json", kill_on_drop: false }`
[INFO] [stderr]    Compiling libc v0.2.186
[INFO] [stderr]    Compiling fs_extra v1.3.0
[INFO] [stderr]    Compiling unicode-segmentation v1.13.2
[INFO] [stderr]    Compiling dunce v1.0.5
[INFO] [stderr]    Compiling thiserror v2.0.18
[INFO] [stderr]    Compiling foldhash v0.2.0
[INFO] [stderr]    Compiling bitflags v2.11.1
[INFO] [stderr]    Compiling aws-lc-rs v1.17.0
[INFO] [stderr]    Compiling syn v2.0.117
[INFO] [stderr]    Compiling itertools v0.14.0
[INFO] [stderr]    Compiling http v1.4.0
[INFO] [stderr]    Compiling slab v0.4.12
[INFO] [stderr]    Compiling instability v0.3.12
[INFO] [stderr]    Compiling compact_str v0.9.0
[INFO] [stderr]    Compiling tracing-core v0.1.36
[INFO] [stderr]    Compiling futures-sink v0.3.32
[INFO] [stderr]    Compiling rustix v1.1.4
[INFO] [stderr]    Compiling hashbrown v0.16.1
[INFO] [stderr]    Compiling powerfmt v0.2.0
[INFO] [stderr]    Compiling hashbrown v0.17.1
[INFO] [stderr]    Compiling num_threads v0.1.7
[INFO] [stderr]    Compiling num-conv v0.2.1
[INFO] [stderr]    Compiling time-core v0.1.8
[INFO] [stderr]    Compiling rustls v0.23.40
[INFO] [stderr]    Compiling anstyle-parse v1.0.0
[INFO] [stderr]    Compiling deranged v0.5.8
[INFO] [stderr]    Compiling line-clipping v0.3.7
[INFO] [stderr]    Compiling futures-channel v0.3.32
[INFO] [stderr]    Compiling portable-atomic v1.13.1
[INFO] [stderr]    Compiling io-uring v0.6.4
[INFO] [stderr]    Compiling colorchoice v1.0.5
[INFO] [stderr]    Compiling convert_case v0.10.0
[INFO] [stderr]    Compiling anstyle v1.0.14
[INFO] [stderr]    Compiling openssl-probe v0.2.1
[INFO] [stderr]    Compiling clap_lex v1.1.0
[INFO] [stderr]    Compiling bitflags v1.3.2
[INFO] [stderr]    Compiling rustls-native-certs v0.8.3
[INFO] [stderr]    Compiling anstream v1.0.0
[INFO] [stderr]    Compiling tracing v0.1.44
[INFO] [stderr]    Compiling unit-prefix v0.5.2
[INFO] [stderr]    Compiling indexmap v2.14.0
[INFO] [stderr]    Compiling http-body v1.0.1
[INFO] [stderr]    Compiling clap_builder v4.6.0
[INFO] [stderr]    Compiling lru v0.16.4
[INFO] [stderr]    Compiling http-body-util v0.1.3
[INFO] [stderr]    Compiling errno v0.3.14
[INFO] [stderr]    Compiling jobserver v0.1.34
[INFO] [stderr]    Compiling mio v1.2.0
[INFO] [stderr]    Compiling parking_lot_core v0.9.12
[INFO] [stderr]    Compiling socket2 v0.6.3
[INFO] [stderr]    Compiling getrandom v0.4.2
[INFO] [stderr]    Compiling console v0.16.3
[INFO] [stderr]    Compiling socket2 v0.4.10
[INFO] [stderr]    Compiling sysinfo v0.30.13
[INFO] [stderr]    Compiling time v0.3.47
[INFO] [stderr]    Compiling signal-hook-registry v1.4.8
[INFO] [stderr]    Compiling uuid v1.23.1
[INFO] [stderr]    Compiling unicode-truncate v2.0.1
[INFO] [stderr]    Compiling parking_lot v0.12.5
[INFO] [stderr]    Compiling signal-hook v0.3.18
[INFO] [stderr]    Compiling cc v1.2.62
[INFO] [stderr]    Compiling signal-hook-mio v0.2.5
[INFO] [stderr]    Compiling indicatif v0.18.4
[INFO] [stderr]    Compiling cmake v0.1.58
[INFO] [stderr]    Compiling aws-lc-sys v0.41.0
[INFO] [stderr]    Compiling synstructure v0.13.2
[INFO] [stderr]    Compiling darling_core v0.23.0
[INFO] [stderr]    Compiling zerofrom-derive v0.1.7
[INFO] [stderr]    Compiling yoke-derive v0.8.2
[INFO] [stderr]    Compiling zerovec-derive v0.11.3
[INFO] [stderr]    Compiling displaydoc v0.2.5
[INFO] [stderr]    Compiling tokio-macros v2.7.0
[INFO] [stderr]    Compiling thiserror-impl v2.0.18
[INFO] [stderr]    Compiling strum_macros v0.27.2
[INFO] [stderr]    Compiling derive_more-impl v2.1.1
[INFO] [stderr]    Compiling futures-macro v0.3.32
[INFO] [stderr]    Compiling serde_derive v1.0.228
[INFO] [stderr]    Compiling clap_derive v4.6.1
[INFO] [stderr]    Compiling tokio v1.52.3
[INFO] [stderr]    Compiling derive_more v2.1.1
[INFO] [stderr]    Compiling crossterm v0.29.0
[INFO] [stderr]    Compiling futures-util v0.3.32
[INFO] [stderr]    Compiling zerofrom v0.1.8
[INFO] [stderr]    Compiling yoke v0.8.2
[INFO] [stderr]    Compiling zerovec v0.11.6
[INFO] [stderr]    Compiling darling_macro v0.23.0
[INFO] [stderr]    Compiling zerotrie v0.2.4
[INFO] [stderr]    Compiling kasuari v0.4.12
[INFO] [stderr]    Compiling darling v0.23.0
[INFO] [stderr]    Compiling strum v0.27.2
[INFO] [stderr]    Compiling ratatui-core v0.1.0
[INFO] [stderr]    Compiling tinystr v0.8.3
[INFO] [stderr]    Compiling potential_utf v0.1.5
[INFO] [stderr]    Compiling clap v4.6.1
[INFO] [stderr]    Compiling icu_locale_core v2.2.0
[INFO] [stderr]    Compiling icu_collections v2.2.0
[INFO] [stderr]    Compiling serde v1.0.228
[INFO] [stderr]    Compiling icu_provider v2.2.0
[INFO] [stderr]    Compiling icu_normalizer v2.2.0
[INFO] [stderr]    Compiling icu_properties v2.2.0
[INFO] [stderr]    Compiling ratatui-widgets v0.3.0
[INFO] [stderr]    Compiling ratatui-crossterm v0.1.0
[INFO] [stderr]    Compiling bincode v1.3.3
[INFO] [stderr]    Compiling idna_adapter v1.2.2
[INFO] [stderr]    Compiling idna v1.1.0
[INFO] [stderr]    Compiling ratatui-macros v0.7.0
[INFO] [stderr]    Compiling ratatui v0.30.0
[INFO] [stderr]    Compiling url v2.5.8
[INFO] [stderr]    Compiling tokio-util v0.7.18
[INFO] [stderr]    Compiling tokio-uring v0.5.0
[INFO] [stderr]    Compiling h2 v0.4.14
[INFO] [stderr]    Compiling hyper v1.9.0
[INFO] [stderr]    Compiling hyper-util v0.1.20
[INFO] [stderr]    Compiling rustls-webpki v0.103.13
[INFO] [stderr]    Compiling tokio-rustls v0.26.4
[INFO] [stderr]    Compiling hyper-rustls v0.27.9
[INFO] [stderr]    Compiling tur-rs v0.9.2 (/opt/rustwide/workdir)
[INFO] [stderr]     Finished `dev` profile [unoptimized + debuginfo] target(s) in 1m 28s
[INFO] running `Command { std: "docker" "inspect" "884e79081544271156035ca35134684e97544019cc86448785c9a2cabe76a9e6", kill_on_drop: false }`
[INFO] running `Command { std: "docker" "exec" "-e" "SOURCE_DIR=/opt/rustwide/workdir" "-e" "CARGO_HOME=/opt/rustwide/cargo-home" "-e" "RUSTUP_HOME=/opt/rustwide/rustup-home" "-e" "CARGO_TARGET_DIR=/opt/rustwide/target" "-e" "CARGO_INCREMENTAL=0" "-e" "RUST_BACKTRACE=full" "-e" "RUSTFLAGS=--cap-lints=warn" "-e" "RUSTDOCFLAGS=--cap-lints=warn" "-w" "/opt/rustwide/workdir" "--user" "0:0" "884e79081544271156035ca35134684e97544019cc86448785c9a2cabe76a9e6" "/opt/rustwide/cargo-home/bin/cargo" "+1.99.0-beta.8" "test" "--frozen" "--no-run" "--message-format=json", kill_on_drop: false }`
[INFO] [stderr]    Compiling tur-rs v0.9.2 (/opt/rustwide/workdir)
[INFO] [stderr]     Finished `test` profile [unoptimized + debuginfo] target(s) in 6.96s
[INFO] running `Command { std: "docker" "inspect" "884e79081544271156035ca35134684e97544019cc86448785c9a2cabe76a9e6", kill_on_drop: false }`
[INFO] running `Command { std: "docker" "exec" "-e" "SOURCE_DIR=/opt/rustwide/workdir" "-e" "CARGO_HOME=/opt/rustwide/cargo-home" "-e" "RUSTUP_HOME=/opt/rustwide/rustup-home" "-e" "CARGO_TARGET_DIR=/opt/rustwide/target" "-e" "CARGO_INCREMENTAL=0" "-e" "RUST_BACKTRACE=full" "-e" "RUSTFLAGS=--cap-lints=warn" "-e" "RUSTDOCFLAGS=--cap-lints=warn" "-w" "/opt/rustwide/workdir" "--user" "0:0" "884e79081544271156035ca35134684e97544019cc86448785c9a2cabe76a9e6" "/opt/rustwide/cargo-home/bin/cargo" "+1.99.0-beta.8" "test" "--frozen", kill_on_drop: false }`
[INFO] [stderr]     Finished `test` profile [unoptimized + debuginfo] target(s) in 0.24s
[INFO] [stderr]      Running unittests src/lib.rs (/opt/rustwide/target/debug/deps/tur_rs-732085cc57aba801)
[INFO] [stdout] 
[INFO] [stdout] running 24 tests
[INFO] [stdout] test engine::tests::challenge_requires_browser_session_returns_false_for_non_aborting_types ... ok
[INFO] [stdout] test engine::tests::blend_resume_prior_respects_weight ... ok
[INFO] [stdout] test engine::tests::classify_response_body_detects_cloudflare_challenge ... ok
[INFO] [stdout] test engine::tests::classify_response_body_detects_captcha ... ok
[INFO] [stdout] test engine::tests::classify_response_body_returns_none_for_binary_data ... ok
[INFO] [stdout] test engine::tests::classify_response_body_returns_none_for_short_data ... ok
[INFO] [stdout] test engine::tests::classify_response_body_returns_unexpected_html_for_unknown_html ... ok
[INFO] [stdout] test engine::tests::connection_cv_requires_meaningful_samples ... ok
[INFO] [stdout] test engine::tests::cookie_jar_header_value_for_url_returns_none_when_empty ... ok
[INFO] [stdout] test engine::tests::cookie_jar_match_url_filters_by_domain_path_and_secure ... ok
[INFO] [stdout] test engine::tests::extract_origin_parses_scheme_host_port ... ok
[INFO] [stdout] test engine::tests::http2_client_tuning_scales_with_expected_concurrency ... ok
[INFO] [stdout] test engine::tests::memory_budget_scales_by_available_memory ... ok
[INFO] [stdout] test engine::tests::origin_key_normalizes_scheme_host_and_port ... ok
[INFO] [stdout] test engine::tests::protocol_thresholds_are_directionally_sensible ... ok
[INFO] [stdout] test engine::tests::resume_prior_policy_uses_age_buckets ... ok
[INFO] [stdout] test engine::tests::coordinator_resume_clears_dead_assignments_and_active_status ... ok
[INFO] [stdout] test engine::tests::service_cookie_jar_merges_into_request_context_with_dedup ... ok
[INFO] [stdout] test quic::tests::test_parse_alt_svc_h3_port ... ok
[INFO] [stdout] test engine::tests::learned_http2_tuning_is_origin_scoped_and_pruned ... ok
[INFO] [stdout] test engine::tests::strip_sensitive_headers_removes_auth_cookie_referer ... ok
[INFO] [stdout] test engine::tests::origin_phi_ratio_store_prunes_least_recently_used_entries ... ok
[INFO] [stdout] test storage::tests::selects_a_supported_backend_for_current_platform ... ok
[INFO] [stdout] test engine::origin_memory::tests::origin_memory_persists_across_reload ... ok
[INFO] [stdout] 
[INFO] [stdout] test result: ok. 24 passed; 0 failed; 0 ignored; 0 measured; 0 filtered out; finished in 0.00s
[INFO] [stdout] 
[INFO] [stderr]      Running unittests src/main.rs (/opt/rustwide/target/debug/deps/tur-36813fe80cf4de1a)
[INFO] [stdout] 
[INFO] [stderr]      Running tests/headless_smoke.rs (/opt/rustwide/target/debug/deps/headless_smoke-0dc255de50a68015)
[INFO] [stdout] running 0 tests
[INFO] [stdout] 
[INFO] [stdout] test result: ok. 0 passed; 0 failed; 0 ignored; 0 measured; 0 filtered out; finished in 0.00s
[INFO] [stdout] 
[INFO] [stdout] 
[INFO] [stdout] running 2 tests
[INFO] [stderr] WARNING: --runtime-threads=2 is currently orchestration-only. Worker execution still runs on the LocalSet, so tur is using a single-threaded runtime until the 0.6.x Send-safe worker split lands.
[INFO] [stdout] size task=50fbbd4c-146d-4553-a33d-12590d81ca85 total_bytes=8388608
[INFO] [stdout] status task=50fbbd4c-146d-4553-a33d-12590d81ca85 Downloading
[INFO] [stdout] size task=ca1bc01e-6932-4d80-bc87-e0b6b5e5aac0 total_bytes=8388608
[INFO] [stdout] status task=ca1bc01e-6932-4d80-bc87-e0b6b5e5aac0 Downloading
[INFO] [stdout] size task=6644dc82-cdb2-4f2d-bfdf-8847fbdd3b0b total_bytes=8388608
[INFO] [stdout] status task=6644dc82-cdb2-4f2d-bfdf-8847fbdd3b0b Downloading
[INFO] [stdout] progress task=50fbbd4c-146d-4553-a33d-12590d81ca85 downloaded=8388608 speed_bps=20944725
[INFO] [stdout] progress task=ca1bc01e-6932-4d80-bc87-e0b6b5e5aac0 downloaded=8388608 speed_bps=20901257
[INFO] [stdout] progress task=6644dc82-cdb2-4f2d-bfdf-8847fbdd3b0b downloaded=8388608 speed_bps=20895686
[INFO] [stdout] progress task=50fbbd4c-146d-4553-a33d-12590d81ca85 downloaded=8388608 speed_bps=0
[INFO] [stdout] status task=50fbbd4c-146d-4553-a33d-12590d81ca85 Completed
[INFO] [stdout] progress task=ca1bc01e-6932-4d80-bc87-e0b6b5e5aac0 downloaded=8388608 speed_bps=0
[INFO] [stdout] status task=ca1bc01e-6932-4d80-bc87-e0b6b5e5aac0 Completed
[INFO] [stdout] test headless_dry_run_supports_runtime_threads_flag ... ok
[INFO] [stdout] progress task=6644dc82-cdb2-4f2d-bfdf-8847fbdd3b0b downloaded=8388608 speed_bps=0
[INFO] [stdout] status task=6644dc82-cdb2-4f2d-bfdf-8847fbdd3b0b Completed
[INFO] [stdout] test headless_multi_task_dry_run_completes ... ok
[INFO] [stdout] 
[INFO] [stdout] test result: ok. 2 passed; 0 failed; 0 ignored; 0 measured; 0 filtered out; finished in 2.08s
[INFO] [stdout] 
[INFO] [stderr]      Running tests/http3_smoke.rs (/opt/rustwide/target/debug/deps/http3_smoke-b19e58aa59444f79)
[INFO] [stdout] 
[INFO] [stdout] running 0 tests
[INFO] [stdout] 
[INFO] [stdout] test result: ok. 0 passed; 0 failed; 0 ignored; 0 measured; 0 filtered out; finished in 0.00s
[INFO] [stdout] 
[INFO] [stderr]      Running tests/service_control_smoke.rs (/opt/rustwide/target/debug/deps/service_control_smoke-464f4e5641a8fc74)
[INFO] [stdout] 
[INFO] [stdout] running 4 tests
[INFO] [stdout] test service_cancel_dry_run_emits_stopped_status ... FAILED
[INFO] [stdout] test service_pause_resume_dry_run_continues_after_resume ... FAILED
[INFO] [stdout] test service_pause_resume_live_download_continues_after_resume ... ok
[INFO] [stdout] test service_multi_connection_pause_resume_twice_keeps_progressing ... ok
[INFO] [stdout] 
[INFO] [stdout] failures:
[INFO] [stdout] 
[INFO] [stdout] ---- service_cancel_dry_run_emits_stopped_status stdout ----
[INFO] [stdout] 
[INFO] [stdout] thread 'service_cancel_dry_run_emits_stopped_status' (3195) panicked at tests/service_control_smoke.rs:277:29:
[INFO] [stdout] event stream closed before first progress
[INFO] [stdout] stack backtrace:
[INFO] [stdout]    0:     0x56de3dfa4a91 - std[70759c8f55707aa4]::backtrace_rs::backtrace::libunwind::trace
[INFO] [stdout]                                at /rustc/dfb0accb7f508ae8be965d8629557221c889dd98/library/std/src/../../backtrace/src/backtrace/libunwind.rs:117:9
[INFO] [stdout]    1:     0x56de3dfa4a91 - std[70759c8f55707aa4]::backtrace_rs::backtrace::trace_unsynchronized::<std[70759c8f55707aa4]::sys::backtrace::_print_fmt::{closure#1}>
[INFO] [stdout]                                at /rustc/dfb0accb7f508ae8be965d8629557221c889dd98/library/std/src/../../backtrace/src/backtrace/mod.rs:66:14
[INFO] [stdout]    2:     0x56de3dfa4a91 - std[70759c8f55707aa4]::sys::backtrace::_print_fmt
[INFO] [stdout]                                at /rustc/dfb0accb7f508ae8be965d8629557221c889dd98/library/std/src/sys/backtrace.rs:74:9
[INFO] [stdout]    3:     0x56de3dfa4a91 - <<std[70759c8f55707aa4]::sys::backtrace::BacktraceLock>::print::DisplayBacktrace as core[df12db4294e9bfd3]::fmt::Display>::fmt
[INFO] [stdout]                                at /rustc/dfb0accb7f508ae8be965d8629557221c889dd98/library/std/src/sys/backtrace.rs:44:26
[INFO] [stdout]    4:     0x56de3dfbcfba - <core[df12db4294e9bfd3]::fmt::rt::Argument>::fmt
[INFO] [stdout]                                at /rustc/dfb0accb7f508ae8be965d8629557221c889dd98/library/core/src/fmt/rt.rs:152:76
[INFO] [stdout]    5:     0x56de3dfbcfba - core[df12db4294e9bfd3]::fmt::write
[INFO] [stdout]    6:     0x56de3dfaa1ec - core[df12db4294e9bfd3]::io::write::default_write_fmt::<alloc[2182bb758b4b3781]::vec::Vec<u8>>
[INFO] [stdout]                                at /rustc/dfb0accb7f508ae8be965d8629557221c889dd98/library/core/src/io/write.rs:402:11
[INFO] [stdout]    7:     0x56de3dfaa1ec - <alloc[2182bb758b4b3781]::vec::Vec<u8> as core[df12db4294e9bfd3]::io::write::Write>::write_fmt
[INFO] [stdout]                                at /rustc/dfb0accb7f508ae8be965d8629557221c889dd98/library/core/src/io/write.rs:335:13
[INFO] [stdout]    8:     0x56de3df7d1c6 - <std[70759c8f55707aa4]::sys::backtrace::BacktraceLock>::print
[INFO] [stdout]                                at /rustc/dfb0accb7f508ae8be965d8629557221c889dd98/library/std/src/sys/backtrace.rs:47:9
[INFO] [stdout]    9:     0x56de3df7d1c6 - std[70759c8f55707aa4]::panicking::default_hook::{closure#0}
[INFO] [stdout]                                at /rustc/dfb0accb7f508ae8be965d8629557221c889dd98/library/std/src/panicking.rs:292:27
[INFO] [stdout]   10:     0x56de3df9b809 - std[70759c8f55707aa4]::panicking::default_hook
[INFO] [stdout]                                at /rustc/dfb0accb7f508ae8be965d8629557221c889dd98/library/std/src/panicking.rs:316:9
[INFO] [stdout]   11:     0x56de3d6897d0 - <alloc[2182bb758b4b3781]::boxed::Box<dyn for<'a, 'b> core[df12db4294e9bfd3]::ops::function::Fn<(&'a std[70759c8f55707aa4]::panic::PanicHookInfo<'b>,), Output = ()> + core[df12db4294e9bfd3]::marker::Send + core[df12db4294e9bfd3]::marker::Sync> as core[df12db4294e9bfd3]::ops::function::Fn<(&std[70759c8f55707aa4]::panic::PanicHookInfo,)>>::call
[INFO] [stdout]                                at /rustc/dfb0accb7f508ae8be965d8629557221c889dd98/library/alloc/src/boxed.rs:2334:9
[INFO] [stdout]   12:     0x56de3d6897d0 - test[9d35eded1c95d3be]::test_main_inner::<test[9d35eded1c95d3be]::test_main_static::{closure#0}>::{closure#0}
[INFO] [stdout]                                at /rustc/dfb0accb7f508ae8be965d8629557221c889dd98/library/test/src/lib.rs:155:21
[INFO] [stdout]   13:     0x56de3df9bb32 - <alloc[2182bb758b4b3781]::boxed::Box<dyn for<'a, 'b> core[df12db4294e9bfd3]::ops::function::Fn<(&'a std[70759c8f55707aa4]::panic::PanicHookInfo<'b>,), Output = ()> + core[df12db4294e9bfd3]::marker::Send + core[df12db4294e9bfd3]::marker::Sync> as core[df12db4294e9bfd3]::ops::function::Fn<(&std[70759c8f55707aa4]::panic::PanicHookInfo,)>>::call
[INFO] [stdout]                                at /rustc/dfb0accb7f508ae8be965d8629557221c889dd98/library/alloc/src/boxed.rs:2334:9
[INFO] [stdout]   14:     0x56de3df9bb32 - std[70759c8f55707aa4]::panicking::panic_with_hook
[INFO] [stdout]                                at /rustc/dfb0accb7f508ae8be965d8629557221c889dd98/library/std/src/panicking.rs:823:13
[INFO] [stdout]   15:     0x56de3df7d2a4 - std[70759c8f55707aa4]::panicking::panic_handler::{closure#0}
[INFO] [stdout]                                at /rustc/dfb0accb7f508ae8be965d8629557221c889dd98/library/std/src/panicking.rs:681:13
[INFO] [stdout]   16:     0x56de3df75639 - std[70759c8f55707aa4]::sys::backtrace::__rust_end_short_backtrace::<std[70759c8f55707aa4]::panicking::panic_handler::{closure#0}, !>
[INFO] [stdout]                                at /rustc/dfb0accb7f508ae8be965d8629557221c889dd98/library/std/src/sys/backtrace.rs:182:18
[INFO] [stdout]   17:     0x56de3df7e16d - __rustc[8fa7c3cbc660c2b3]::rust_begin_unwind
[INFO] [stdout]                                at /rustc/dfb0accb7f508ae8be965d8629557221c889dd98/library/std/src/panicking.rs:679:5
[INFO] [stdout]   18:     0x56de3dfbd7dc - core[df12db4294e9bfd3]::panicking::panic_fmt
[INFO] [stdout]                                at /rustc/dfb0accb7f508ae8be965d8629557221c889dd98/library/core/src/panicking.rs:80:14
[INFO] [stdout]   19:     0x56de3d635cf9 - service_control_smoke[281070fb4bf63f0e]::service_cancel_dry_run_emits_stopped_status::{closure#0}::{closure#0}
[INFO] [stdout]                                at /opt/rustwide/workdir/tests/service_control_smoke.rs:277:29
[INFO] [stdout]   20:     0x56de3d67c329 - <tokio[93da6b5a3253294a]::time::timeout::Timeout<service_control_smoke[281070fb4bf63f0e]::service_cancel_dry_run_emits_stopped_status::{closure#0}::{closure#0}> as core[df12db4294e9bfd3]::future::future::Future>::poll
[INFO] [stdout]                                at /opt/rustwide/cargo-home/registry/src/index.crates.io-1949cf8c6b5b557f/tokio-1.52.3/src/time/timeout.rs:217:42
[INFO] [stdout]   21:     0x56de3d63862b - service_control_smoke[281070fb4bf63f0e]::service_cancel_dry_run_emits_stopped_status::{closure#0}
[INFO] [stdout]                                at /opt/rustwide/workdir/tests/service_control_smoke.rs:281:10
[INFO] [stdout]   22:     0x56de3d65c9af - <tokio[93da6b5a3253294a]::task::local::RunUntil<service_control_smoke[281070fb4bf63f0e]::service_cancel_dry_run_emits_stopped_status::{closure#0}> as core[df12db4294e9bfd3]::future::future::Future>::poll::{closure#0}
[INFO] [stdout]                                at /opt/rustwide/cargo-home/registry/src/index.crates.io-1949cf8c6b5b557f/tokio-1.52.3/src/task/local.rs:1072:44
[INFO] [stdout]   23:     0x56de3d65a396 - <tokio[93da6b5a3253294a]::task::local::LocalSet>::with::<core[df12db4294e9bfd3]::task::poll::Poll<()>, <tokio[93da6b5a3253294a]::task::local::RunUntil<service_control_smoke[281070fb4bf63f0e]::service_cancel_dry_run_emits_stopped_status::{closure#0}> as core[df12db4294e9bfd3]::future::future::Future>::poll::{closure#0}>::{closure#0}
[INFO] [stdout]                                at /opt/rustwide/cargo-home/registry/src/index.crates.io-1949cf8c6b5b557f/tokio-1.52.3/src/task/local.rs:823:13
[INFO] [stdout]   24:     0x56de3d62a396 - <std[70759c8f55707aa4]::thread::local::LocalKey<tokio[93da6b5a3253294a]::task::local::LocalData>>::try_with::<<tokio[93da6b5a3253294a]::task::local::LocalSet>::with<core[df12db4294e9bfd3]::task::poll::Poll<()>, <tokio[93da6b5a3253294a]::task::local::RunUntil<service_control_smoke[281070fb4bf63f0e]::service_cancel_dry_run_emits_stopped_status::{closure#0}> as core[df12db4294e9bfd3]::future::future::Future>::poll::{closure#0}>::{closure#0}, core[df12db4294e9bfd3]::task::poll::Poll<()>>
[INFO] [stdout]                                at /rustc/dfb0accb7f508ae8be965d8629557221c889dd98/library/std/src/thread/local.rs:463:12
[INFO] [stdout]   25:     0x56de3d629dfe - <std[70759c8f55707aa4]::thread::local::LocalKey<tokio[93da6b5a3253294a]::task::local::LocalData>>::with::<<tokio[93da6b5a3253294a]::task::local::LocalSet>::with<core[df12db4294e9bfd3]::task::poll::Poll<()>, <tokio[93da6b5a3253294a]::task::local::RunUntil<service_control_smoke[281070fb4bf63f0e]::service_cancel_dry_run_emits_stopped_status::{closure#0}> as core[df12db4294e9bfd3]::future::future::Future>::poll::{closure#0}>::{closure#0}, core[df12db4294e9bfd3]::task::poll::Poll<()>>
[INFO] [stdout]                                at /rustc/dfb0accb7f508ae8be965d8629557221c889dd98/library/std/src/thread/local.rs:427:20
[INFO] [stdout]   26:     0x56de3d657346 - <tokio[93da6b5a3253294a]::task::local::LocalSet>::with::<core[df12db4294e9bfd3]::task::poll::Poll<()>, <tokio[93da6b5a3253294a]::task::local::RunUntil<service_control_smoke[281070fb4bf63f0e]::service_cancel_dry_run_emits_stopped_status::{closure#0}> as core[df12db4294e9bfd3]::future::future::Future>::poll::{closure#0}>
[INFO] [stdout]                                at /opt/rustwide/cargo-home/registry/src/index.crates.io-1949cf8c6b5b557f/tokio-1.52.3/src/task/local.rs:821:17
[INFO] [stdout]   27:     0x56de3d65d736 - <tokio[93da6b5a3253294a]::task::local::RunUntil<service_control_smoke[281070fb4bf63f0e]::service_cancel_dry_run_emits_stopped_status::{closure#0}> as core[df12db4294e9bfd3]::future::future::Future>::poll
[INFO] [stdout]                                at /opt/rustwide/cargo-home/registry/src/index.crates.io-1949cf8c6b5b557f/tokio-1.52.3/src/task/local.rs:1062:22
[INFO] [stdout]   28:     0x56de3d65a81a - <tokio[93da6b5a3253294a]::task::local::LocalSet>::run_until::<service_control_smoke[281070fb4bf63f0e]::service_cancel_dry_run_emits_stopped_status::{closure#0}>::{closure#0}
[INFO] [stdout]                                at /opt/rustwide/cargo-home/registry/src/index.crates.io-1949cf8c6b5b557f/tokio-1.52.3/src/task/local.rs:719:19
[INFO] [stdout]   29:     0x56de3d64b53d - <core[df12db4294e9bfd3]::pin::Pin<alloc[2182bb758b4b3781]::boxed::Box<<tokio[93da6b5a3253294a]::task::local::LocalSet>::run_until<service_control_smoke[281070fb4bf63f0e]::service_cancel_dry_run_emits_stopped_status::{closure#0}>::{closure#0}>> as core[df12db4294e9bfd3]::future::future::Future>::poll
[INFO] [stdout]                                at /rustc/dfb0accb7f508ae8be965d8629557221c889dd98/library/core/src/future/future.rs:133:9
[INFO] [stdout]   30:     0x56de3d64b6bd - <core[df12db4294e9bfd3]::pin::Pin<&mut core[df12db4294e9bfd3]::pin::Pin<alloc[2182bb758b4b3781]::boxed::Box<<tokio[93da6b5a3253294a]::task::local::LocalSet>::run_until<service_control_smoke[281070fb4bf63f0e]::service_cancel_dry_run_emits_stopped_status::{closure#0}>::{closure#0}>>> as core[df12db4294e9bfd3]::future::future::Future>::poll
[INFO] [stdout]                                at /rustc/dfb0accb7f508ae8be965d8629557221c889dd98/library/core/src/future/future.rs:133:9
[INFO] [stdout]   31:     0x56de3d61a5fd - <tokio[93da6b5a3253294a]::runtime::scheduler::current_thread::CoreGuard>::block_on::<core[df12db4294e9bfd3]::pin::Pin<&mut core[df12db4294e9bfd3]::pin::Pin<alloc[2182bb758b4b3781]::boxed::Box<<tokio[93da6b5a3253294a]::task::local::LocalSet>::run_until<service_control_smoke[281070fb4bf63f0e]::service_cancel_dry_run_emits_stopped_status::{closure#0}>::{closure#0}>>>>::{closure#0}::{closure#0}::{closure#0}
[INFO] [stdout]                                at /opt/rustwide/cargo-home/registry/src/index.crates.io-1949cf8c6b5b557f/tokio-1.52.3/src/runtime/scheduler/current_thread/mod.rs:778:70
[INFO] [stdout]   32:     0x56de3d619ed5 - tokio[93da6b5a3253294a]::task::coop::with_budget::<core[df12db4294e9bfd3]::task::poll::Poll<()>, <tokio[93da6b5a3253294a]::runtime::scheduler::current_thread::CoreGuard>::block_on<core[df12db4294e9bfd3]::pin::Pin<&mut core[df12db4294e9bfd3]::pin::Pin<alloc[2182bb758b4b3781]::boxed::Box<<tokio[93da6b5a3253294a]::task::local::LocalSet>::run_until<service_control_smoke[281070fb4bf63f0e]::service_cancel_dry_run_emits_stopped_status::{closure#0}>::{closure#0}>>>>::{closure#0}::{closure#0}::{closure#0}>
[INFO] [stdout]                                at /opt/rustwide/cargo-home/registry/src/index.crates.io-1949cf8c6b5b557f/tokio-1.52.3/src/task/coop/mod.rs:167:5
[INFO] [stdout]   33:     0x56de3d619ed5 - tokio[93da6b5a3253294a]::task::coop::budget::<core[df12db4294e9bfd3]::task::poll::Poll<()>, <tokio[93da6b5a3253294a]::runtime::scheduler::current_thread::CoreGuard>::block_on<core[df12db4294e9bfd3]::pin::Pin<&mut core[df12db4294e9bfd3]::pin::Pin<alloc[2182bb758b4b3781]::boxed::Box<<tokio[93da6b5a3253294a]::task::local::LocalSet>::run_until<service_control_smoke[281070fb4bf63f0e]::service_cancel_dry_run_emits_stopped_status::{closure#0}>::{closure#0}>>>>::{closure#0}::{closure#0}::{closure#0}>
[INFO] [stdout]                                at /opt/rustwide/cargo-home/registry/src/index.crates.io-1949cf8c6b5b557f/tokio-1.52.3/src/task/coop/mod.rs:133:5
[INFO] [stdout]   34:     0x56de3d619ed5 - <tokio[93da6b5a3253294a]::runtime::scheduler::current_thread::CoreGuard>::block_on::<core[df12db4294e9bfd3]::pin::Pin<&mut core[df12db4294e9bfd3]::pin::Pin<alloc[2182bb758b4b3781]::boxed::Box<<tokio[93da6b5a3253294a]::task::local::LocalSet>::run_until<service_control_smoke[281070fb4bf63f0e]::service_cancel_dry_run_emits_stopped_status::{closure#0}>::{closure#0}>>>>::{closure#0}::{closure#0}
[INFO] [stdout]                                at /opt/rustwide/cargo-home/registry/src/index.crates.io-1949cf8c6b5b557f/tokio-1.52.3/src/runtime/scheduler/current_thread/mod.rs:778:25
[INFO] [stdout]   35:     0x56de3d60b2e2 - <tokio[93da6b5a3253294a]::runtime::scheduler::current_thread::Context>::enter::<core[df12db4294e9bfd3]::task::poll::Poll<()>, <tokio[93da6b5a3253294a]::runtime::scheduler::current_thread::CoreGuard>::block_on<core[df12db4294e9bfd3]::pin::Pin<&mut core[df12db4294e9bfd3]::pin::Pin<alloc[2182bb758b4b3781]::boxed::Box<<tokio[93da6b5a3253294a]::task::local::LocalSet>::run_until<service_control_smoke[281070fb4bf63f0e]::service_cancel_dry_run_emits_stopped_status::{closure#0}>::{closure#0}>>>>::{closure#0}::{closure#0}>
[INFO] [stdout]                                at /opt/rustwide/cargo-home/registry/src/index.crates.io-1949cf8c6b5b557f/tokio-1.52.3/src/runtime/scheduler/current_thread/mod.rs:451:19
[INFO] [stdout]   36:     0x56de3d6143bd - <tokio[93da6b5a3253294a]::runtime::scheduler::current_thread::CoreGuard>::block_on::<core[df12db4294e9bfd3]::pin::Pin<&mut core[df12db4294e9bfd3]::pin::Pin<alloc[2182bb758b4b3781]::boxed::Box<<tokio[93da6b5a3253294a]::task::local::LocalSet>::run_until<service_control_smoke[281070fb4bf63f0e]::service_cancel_dry_run_emits_stopped_status::{closure#0}>::{closure#0}>>>>::{closure#0}
[INFO] [stdout]                                at /opt/rustwide/cargo-home/registry/src/index.crates.io-1949cf8c6b5b557f/tokio-1.52.3/src/runtime/scheduler/current_thread/mod.rs:777:44
[INFO] [stdout]   37:     0x56de3d614064 - <tokio[93da6b5a3253294a]::runtime::scheduler::current_thread::CoreGuard>::enter::<<tokio[93da6b5a3253294a]::runtime::scheduler::current_thread::CoreGuard>::block_on<core[df12db4294e9bfd3]::pin::Pin<&mut core[df12db4294e9bfd3]::pin::Pin<alloc[2182bb758b4b3781]::boxed::Box<<tokio[93da6b5a3253294a]::task::local::LocalSet>::run_until<service_control_smoke[281070fb4bf63f0e]::service_cancel_dry_run_emits_stopped_status::{closure#0}>::{closure#0}>>>>::{closure#0}, core[df12db4294e9bfd3]::option::Option<()>>::{closure#0}
[INFO] [stdout]                                at /opt/rustwide/cargo-home/registry/src/index.crates.io-1949cf8c6b5b557f/tokio-1.52.3/src/runtime/scheduler/current_thread/mod.rs:865:68
[INFO] [stdout]   38:     0x56de3d64361b - <tokio[93da6b5a3253294a]::runtime::context::scoped::Scoped<tokio[93da6b5a3253294a]::runtime::scheduler::Context>>::set::<<tokio[93da6b5a3253294a]::runtime::scheduler::current_thread::CoreGuard>::enter<<tokio[93da6b5a3253294a]::runtime::scheduler::current_thread::CoreGuard>::block_on<core[df12db4294e9bfd3]::pin::Pin<&mut core[df12db4294e9bfd3]::pin::Pin<alloc[2182bb758b4b3781]::boxed::Box<<tokio[93da6b5a3253294a]::task::local::LocalSet>::run_until<service_control_smoke[281070fb4bf63f0e]::service_cancel_dry_run_emits_stopped_status::{closure#0}>::{closure#0}>>>>::{closure#0}, core[df12db4294e9bfd3]::option::Option<()>>::{closure#0}, (alloc[2182bb758b4b3781]::boxed::Box<tokio[93da6b5a3253294a]::runtime::scheduler::current_thread::Core>, core[df12db4294e9bfd3]::option::Option<()>)>
[INFO] [stdout]                                at /opt/rustwide/cargo-home/registry/src/index.crates.io-1949cf8c6b5b557f/tokio-1.52.3/src/runtime/context/scoped.rs:40:9
[INFO] [stdout]   39:     0x56de3d65bf39 - tokio[93da6b5a3253294a]::runtime::context::set_scheduler::<(alloc[2182bb758b4b3781]::boxed::Box<tokio[93da6b5a3253294a]::runtime::scheduler::current_thread::Core>, core[df12db4294e9bfd3]::option::Option<()>), <tokio[93da6b5a3253294a]::runtime::scheduler::current_thread::CoreGuard>::enter<<tokio[93da6b5a3253294a]::runtime::scheduler::current_thread::CoreGuard>::block_on<core[df12db4294e9bfd3]::pin::Pin<&mut core[df12db4294e9bfd3]::pin::Pin<alloc[2182bb758b4b3781]::boxed::Box<<tokio[93da6b5a3253294a]::task::local::LocalSet>::run_until<service_control_smoke[281070fb4bf63f0e]::service_cancel_dry_run_emits_stopped_status::{closure#0}>::{closure#0}>>>>::{closure#0}, core[df12db4294e9bfd3]::option::Option<()>>::{closure#0}>::{closure#0}
[INFO] [stdout]                                at /opt/rustwide/cargo-home/registry/src/index.crates.io-1949cf8c6b5b557f/tokio-1.52.3/src/runtime/context.rs:181:38
[INFO] [stdout]   40:     0x56de3d62b4ef - <std[70759c8f55707aa4]::thread::local::LocalKey<tokio[93da6b5a3253294a]::runtime::context::Context>>::try_with::<tokio[93da6b5a3253294a]::runtime::context::set_scheduler<(alloc[2182bb758b4b3781]::boxed::Box<tokio[93da6b5a3253294a]::runtime::scheduler::current_thread::Core>, core[df12db4294e9bfd3]::option::Option<()>), <tokio[93da6b5a3253294a]::runtime::scheduler::current_thread::CoreGuard>::enter<<tokio[93da6b5a3253294a]::runtime::scheduler::current_thread::CoreGuard>::block_on<core[df12db4294e9bfd3]::pin::Pin<&mut core[df12db4294e9bfd3]::pin::Pin<alloc[2182bb758b4b3781]::boxed::Box<<tokio[93da6b5a3253294a]::task::local::LocalSet>::run_until<service_control_smoke[281070fb4bf63f0e]::service_cancel_dry_run_emits_stopped_status::{closure#0}>::{closure#0}>>>>::{closure#0}, core[df12db4294e9bfd3]::option::Option<()>>::{closure#0}>::{closure#0}, (alloc[2182bb758b4b3781]::boxed::Box<tokio[93da6b5a3253294a]::runtime::scheduler::current_thread::Core>, core[df12db4294e9bfd3]::option::Option<()>)>
[INFO] [stdout]                                at /rustc/dfb0accb7f508ae8be965d8629557221c889dd98/library/std/src/thread/local.rs:463:12
[INFO] [stdout]   41:     0x56de3d62a93e - <std[70759c8f55707aa4]::thread::local::LocalKey<tokio[93da6b5a3253294a]::runtime::context::Context>>::with::<tokio[93da6b5a3253294a]::runtime::context::set_scheduler<(alloc[2182bb758b4b3781]::boxed::Box<tokio[93da6b5a3253294a]::runtime::scheduler::current_thread::Core>, core[df12db4294e9bfd3]::option::Option<()>), <tokio[93da6b5a3253294a]::runtime::scheduler::current_thread::CoreGuard>::enter<<tokio[93da6b5a3253294a]::runtime::scheduler::current_thread::CoreGuard>::block_on<core[df12db4294e9bfd3]::pin::Pin<&mut core[df12db4294e9bfd3]::pin::Pin<alloc[2182bb758b4b3781]::boxed::Box<<tokio[93da6b5a3253294a]::task::local::LocalSet>::run_until<service_control_smoke[281070fb4bf63f0e]::service_cancel_dry_run_emits_stopped_status::{closure#0}>::{closure#0}>>>>::{closure#0}, core[df12db4294e9bfd3]::option::Option<()>>::{closure#0}>::{closure#0}, (alloc[2182bb758b4b3781]::boxed::Box<tokio[93da6b5a3253294a]::runtime::scheduler::current_thread::Core>, core[df12db4294e9bfd3]::option::Option<()>)>
[INFO] [stdout]                                at /rustc/dfb0accb7f508ae8be965d8629557221c889dd98/library/std/src/thread/local.rs:427:20
[INFO] [stdout]   42:     0x56de3d6598ed - tokio[93da6b5a3253294a]::runtime::context::set_scheduler::<(alloc[2182bb758b4b3781]::boxed::Box<tokio[93da6b5a3253294a]::runtime::scheduler::current_thread::Core>, core[df12db4294e9bfd3]::option::Option<()>), <tokio[93da6b5a3253294a]::runtime::scheduler::current_thread::CoreGuard>::enter<<tokio[93da6b5a3253294a]::runtime::scheduler::current_thread::CoreGuard>::block_on<core[df12db4294e9bfd3]::pin::Pin<&mut core[df12db4294e9bfd3]::pin::Pin<alloc[2182bb758b4b3781]::boxed::Box<<tokio[93da6b5a3253294a]::task::local::LocalSet>::run_until<service_control_smoke[281070fb4bf63f0e]::service_cancel_dry_run_emits_stopped_status::{closure#0}>::{closure#0}>>>>::{closure#0}, core[df12db4294e9bfd3]::option::Option<()>>::{closure#0}>
[INFO] [stdout]                                at /opt/rustwide/cargo-home/registry/src/index.crates.io-1949cf8c6b5b557f/tokio-1.52.3/src/runtime/context.rs:181:17
[INFO] [stdout]   43:     0x56de3d60f830 - <tokio[93da6b5a3253294a]::runtime::scheduler::current_thread::CoreGuard>::enter::<<tokio[93da6b5a3253294a]::runtime::scheduler::current_thread::CoreGuard>::block_on<core[df12db4294e9bfd3]::pin::Pin<&mut core[df12db4294e9bfd3]::pin::Pin<alloc[2182bb758b4b3781]::boxed::Box<<tokio[93da6b5a3253294a]::task::local::LocalSet>::run_until<service_control_smoke[281070fb4bf63f0e]::service_cancel_dry_run_emits_stopped_status::{closure#0}>::{closure#0}>>>>::{closure#0}, core[df12db4294e9bfd3]::option::Option<()>>
[INFO] [stdout]                                at /opt/rustwide/cargo-home/registry/src/index.crates.io-1949cf8c6b5b557f/tokio-1.52.3/src/runtime/scheduler/current_thread/mod.rs:865:27
[INFO] [stdout]   44:     0x56de3d611786 - <tokio[93da6b5a3253294a]::runtime::scheduler::current_thread::CoreGuard>::block_on::<core[df12db4294e9bfd3]::pin::Pin<&mut core[df12db4294e9bfd3]::pin::Pin<alloc[2182bb758b4b3781]::boxed::Box<<tokio[93da6b5a3253294a]::task::local::LocalSet>::run_until<service_control_smoke[281070fb4bf63f0e]::service_cancel_dry_run_emits_stopped_status::{closure#0}>::{closure#0}>>>>
[INFO] [stdout]                                at /opt/rustwide/cargo-home/registry/src/index.crates.io-1949cf8c6b5b557f/tokio-1.52.3/src/runtime/scheduler/current_thread/mod.rs:765:24
[INFO] [stdout]   45:     0x56de3d611d80 - <tokio[93da6b5a3253294a]::runtime::scheduler::current_thread::CurrentThread>::block_on::<core[df12db4294e9bfd3]::pin::Pin<alloc[2182bb758b4b3781]::boxed::Box<<tokio[93da6b5a3253294a]::task::local::LocalSet>::run_until<service_control_smoke[281070fb4bf63f0e]::service_cancel_dry_run_emits_stopped_status::{closure#0}>::{closure#0}>>>::{closure#0}
[INFO] [stdout]                                at /opt/rustwide/cargo-home/registry/src/index.crates.io-1949cf8c6b5b557f/tokio-1.52.3/src/runtime/scheduler/current_thread/mod.rs:205:33
[INFO] [stdout]   46:     0x56de3d668898 - tokio[93da6b5a3253294a]::runtime::context::runtime::enter_runtime::<<tokio[93da6b5a3253294a]::runtime::scheduler::current_thread::CurrentThread>::block_on<core[df12db4294e9bfd3]::pin::Pin<alloc[2182bb758b4b3781]::boxed::Box<<tokio[93da6b5a3253294a]::task::local::LocalSet>::run_until<service_control_smoke[281070fb4bf63f0e]::service_cancel_dry_run_emits_stopped_status::{closure#0}>::{closure#0}>>>::{closure#0}, ()>
[INFO] [stdout]                                at /opt/rustwide/cargo-home/registry/src/index.crates.io-1949cf8c6b5b557f/tokio-1.52.3/src/runtime/context/runtime.rs:65:16
[INFO] [stdout]   47:     0x56de3d60ab73 - <tokio[93da6b5a3253294a]::runtime::scheduler::current_thread::CurrentThread>::block_on::<core[df12db4294e9bfd3]::pin::Pin<alloc[2182bb758b4b3781]::boxed::Box<<tokio[93da6b5a3253294a]::task::local::LocalSet>::run_until<service_control_smoke[281070fb4bf63f0e]::service_cancel_dry_run_emits_stopped_status::{closure#0}>::{closure#0}>>>
[INFO] [stdout]                                at /opt/rustwide/cargo-home/registry/src/index.crates.io-1949cf8c6b5b557f/tokio-1.52.3/src/runtime/scheduler/current_thread/mod.rs:193:9
[INFO] [stdout]   48:     0x56de3d6510c1 - <tokio[93da6b5a3253294a]::runtime::runtime::Runtime>::block_on_inner::<core[df12db4294e9bfd3]::pin::Pin<alloc[2182bb758b4b3781]::boxed::Box<<tokio[93da6b5a3253294a]::task::local::LocalSet>::run_until<service_control_smoke[281070fb4bf63f0e]::service_cancel_dry_run_emits_stopped_status::{closure#0}>::{closure#0}>>>
[INFO] [stdout]                                at /opt/rustwide/cargo-home/registry/src/index.crates.io-1949cf8c6b5b557f/tokio-1.52.3/src/runtime/runtime.rs:371:52
[INFO] [stdout]   49:     0x56de3d651dbb - <tokio[93da6b5a3253294a]::runtime::runtime::Runtime>::block_on::<<tokio[93da6b5a3253294a]::task::local::LocalSet>::run_until<service_control_smoke[281070fb4bf63f0e]::service_cancel_dry_run_emits_stopped_status::{closure#0}>::{closure#0}>
[INFO] [stdout]                                at /opt/rustwide/cargo-home/registry/src/index.crates.io-1949cf8c6b5b557f/tokio-1.52.3/src/runtime/runtime.rs:343:18
[INFO] [stdout]   50:     0x56de3d6350a7 - service_control_smoke[281070fb4bf63f0e]::run_local_test::<service_control_smoke[281070fb4bf63f0e]::service_cancel_dry_run_emits_stopped_status::{closure#0}>
[INFO] [stdout]                                at /opt/rustwide/workdir/tests/service_control_smoke.rs:32:13
[INFO] [stdout]   51:     0x56de3d63da46 - service_control_smoke[281070fb4bf63f0e]::service_cancel_dry_run_emits_stopped_status
[INFO] [stdout]                                at /opt/rustwide/workdir/tests/service_control_smoke.rs:255:5
[INFO] [stdout]   52:     0x56de3d637e37 - service_control_smoke[281070fb4bf63f0e]::service_cancel_dry_run_emits_stopped_status::{closure#0}
[INFO] [stdout]                                at /opt/rustwide/workdir/tests/service_control_smoke.rs:254:49
[INFO] [stdout]   53:     0x56de3d642f56 - <service_control_smoke[281070fb4bf63f0e]::service_cancel_dry_run_emits_stopped_status::{closure#0} as core[df12db4294e9bfd3]::ops::function::FnOnce<()>>::call_once
[INFO] [stdout]                                at /rustc/dfb0accb7f508ae8be965d8629557221c889dd98/library/core/src/ops/function.rs:250:5
[INFO] [stdout]   54:     0x56de3d67cabb - <fn() -> core[df12db4294e9bfd3]::result::Result<(), alloc[2182bb758b4b3781]::string::String> as core[df12db4294e9bfd3]::ops::function::FnOnce<()>>::call_once
[INFO] [stdout]                                at /rustc/dfb0accb7f508ae8be965d8629557221c889dd98/library/core/src/ops/function.rs:250:5
[INFO] [stdout]   55:     0x56de3d67cabb - test[9d35eded1c95d3be]::__rust_begin_short_backtrace::<core[df12db4294e9bfd3]::result::Result<(), alloc[2182bb758b4b3781]::string::String>, fn() -> core[df12db4294e9bfd3]::result::Result<(), alloc[2182bb758b4b3781]::string::String>>
[INFO] [stdout]                                at /rustc/dfb0accb7f508ae8be965d8629557221c889dd98/library/test/src/lib.rs:733:18
[INFO] [stdout]   56:     0x56de3d68a125 - test[9d35eded1c95d3be]::run_test_in_process::{closure#0}
[INFO] [stdout]                                at /rustc/dfb0accb7f508ae8be965d8629557221c889dd98/library/test/src/lib.rs:756:74
[INFO] [stdout]   57:     0x56de3d68a125 - <core[df12db4294e9bfd3]::panic::unwind_safe::AssertUnwindSafe<test[9d35eded1c95d3be]::run_test_in_process::{closure#0}> as core[df12db4294e9bfd3]::ops::function::FnOnce<()>>::call_once
[INFO] [stdout]                                at /rustc/dfb0accb7f508ae8be965d8629557221c889dd98/library/core/src/panic/unwind_safe.rs:275:9
[INFO] [stdout]   58:     0x56de3d68a125 - std[70759c8f55707aa4]::panicking::catch_unwind::do_call::<core[df12db4294e9bfd3]::panic::unwind_safe::AssertUnwindSafe<test[9d35eded1c95d3be]::run_test_in_process::{closure#0}>, core[df12db4294e9bfd3]::result::Result<(), alloc[2182bb758b4b3781]::string::String>>
[INFO] [stdout]                                at /rustc/dfb0accb7f508ae8be965d8629557221c889dd98/library/std/src/panicking.rs:576:43
[INFO] [stdout]   59:     0x56de3d68a125 - std[70759c8f55707aa4]::panicking::catch_unwind::<core[df12db4294e9bfd3]::result::Result<(), alloc[2182bb758b4b3781]::string::String>, core[df12db4294e9bfd3]::panic::unwind_safe::AssertUnwindSafe<test[9d35eded1c95d3be]::run_test_in_process::{closure#0}>>
[INFO] [stdout]                                at /rustc/dfb0accb7f508ae8be965d8629557221c889dd98/library/std/src/panicking.rs:544:19
[INFO] [stdout]   60:     0x56de3d68a125 - std[70759c8f55707aa4]::panic::catch_unwind::<core[df12db4294e9bfd3]::panic::unwind_safe::AssertUnwindSafe<test[9d35eded1c95d3be]::run_test_in_process::{closure#0}>, core[df12db4294e9bfd3]::result::Result<(), alloc[2182bb758b4b3781]::string::String>>
[INFO] [stdout]                                at /rustc/dfb0accb7f508ae8be965d8629557221c889dd98/library/std/src/panic.rs:359:14
[INFO] [stdout]   61:     0x56de3d68a125 - test[9d35eded1c95d3be]::run_test_in_process
[INFO] [stdout]                                at /rustc/dfb0accb7f508ae8be965d8629557221c889dd98/library/test/src/lib.rs:756:27
[INFO] [stdout]   62:     0x56de3d68a125 - test[9d35eded1c95d3be]::run_test::{closure#0}
[INFO] [stdout]                                at /rustc/dfb0accb7f508ae8be965d8629557221c889dd98/library/test/src/lib.rs:677:43
[INFO] [stdout]   63:     0x56de3d6839e4 - test[9d35eded1c95d3be]::run_test::{closure#1}
[INFO] [stdout]                                at /rustc/dfb0accb7f508ae8be965d8629557221c889dd98/library/test/src/lib.rs:707:41
[INFO] [stdout]   64:     0x56de3d6839e4 - std[70759c8f55707aa4]::sys::backtrace::__rust_begin_short_backtrace::<test[9d35eded1c95d3be]::run_test::{closure#1}, ()>
[INFO] [stdout]                                at /rustc/dfb0accb7f508ae8be965d8629557221c889dd98/library/std/src/sys/backtrace.rs:166:18
[INFO] [stdout]   65:     0x56de3d68d282 - std[70759c8f55707aa4]::thread::lifecycle::spawn_unchecked::<test[9d35eded1c95d3be]::run_test::{closure#1}, ()>::{closure#1}::{closure#0}
[INFO] [stdout]                                at /rustc/dfb0accb7f508ae8be965d8629557221c889dd98/library/std/src/thread/lifecycle.rs:70:13
[INFO] [stdout]   66:     0x56de3d68d282 - <core[df12db4294e9bfd3]::panic::unwind_safe::AssertUnwindSafe<std[70759c8f55707aa4]::thread::lifecycle::spawn_unchecked<test[9d35eded1c95d3be]::run_test::{closure#1}, ()>::{closure#1}::{closure#0}> as core[df12db4294e9bfd3]::ops::function::FnOnce<()>>::call_once
[INFO] [stdout]                                at /rustc/dfb0accb7f508ae8be965d8629557221c889dd98/library/core/src/panic/unwind_safe.rs:275:9
[INFO] [stdout]   67:     0x56de3d68d282 - std[70759c8f55707aa4]::panicking::catch_unwind::do_call::<core[df12db4294e9bfd3]::panic::unwind_safe::AssertUnwindSafe<std[70759c8f55707aa4]::thread::lifecycle::spawn_unchecked<test[9d35eded1c95d3be]::run_test::{closure#1}, ()>::{closure#1}::{closure#0}>, ()>
[INFO] [stdout]                                at /rustc/dfb0accb7f508ae8be965d8629557221c889dd98/library/std/src/panicking.rs:576:43
[INFO] [stdout]   68:     0x56de3d68d282 - std[70759c8f55707aa4]::panicking::catch_unwind::<(), core[df12db4294e9bfd3]::panic::unwind_safe::AssertUnwindSafe<std[70759c8f55707aa4]::thread::lifecycle::spawn_unchecked<test[9d35eded1c95d3be]::run_test::{closure#1}, ()>::{closure#1}::{closure#0}>>
[INFO] [stdout]                                at /rustc/dfb0accb7f508ae8be965d8629557221c889dd98/library/std/src/panicking.rs:544:19
[INFO] [stdout]   69:     0x56de3d68d282 - std[70759c8f55707aa4]::panic::catch_unwind::<core[df12db4294e9bfd3]::panic::unwind_safe::AssertUnwindSafe<std[70759c8f55707aa4]::thread::lifecycle::spawn_unchecked<test[9d35eded1c95d3be]::run_test::{closure#1}, ()>::{closure#1}::{closure#0}>, ()>
[INFO] [stdout]                                at /rustc/dfb0accb7f508ae8be965d8629557221c889dd98/library/std/src/panic.rs:359:14
[INFO] [stdout]   70:     0x56de3d68d282 - std[70759c8f55707aa4]::thread::lifecycle::spawn_unchecked::<test[9d35eded1c95d3be]::run_test::{closure#1}, ()>::{closure#1}
[INFO] [stdout]                                at /rustc/dfb0accb7f508ae8be965d8629557221c889dd98/library/std/src/thread/lifecycle.rs:68:26
[INFO] [stdout]   71:     0x56de3d68d282 - <std[70759c8f55707aa4]::thread::lifecycle::spawn_unchecked<test[9d35eded1c95d3be]::run_test::{closure#1}, ()>::{closure#1} as core[df12db4294e9bfd3]::ops::function::FnOnce<()>>::call_once::{shim:vtable#0}
[INFO] [stdout]                                at /rustc/dfb0accb7f508ae8be965d8629557221c889dd98/library/core/src/ops/function.rs:250:5
[INFO] [stdout]   72:     0x56de3dfa32c9 - <alloc[2182bb758b4b3781]::boxed::Box<dyn core[df12db4294e9bfd3]::ops::function::FnOnce<(), Output = ()> + core[df12db4294e9bfd3]::marker::Send> as core[df12db4294e9bfd3]::ops::function::FnOnce<()>>::call_once
[INFO] [stdout]                                at /rustc/dfb0accb7f508ae8be965d8629557221c889dd98/library/alloc/src/boxed.rs:2320:9
[INFO] [stdout]   73:     0x56de3dfa32c9 - <std[70759c8f55707aa4]::sys::thread::unix::Thread>::new::thread_start
[INFO] [stdout]                                at /rustc/dfb0accb7f508ae8be965d8629557221c889dd98/library/std/src/sys/thread/unix.rs:123:17
[INFO] [stdout]   74:     0x7f7d35419dfa - <unknown>
[INFO] [stdout]   75:     0x7f7d354ad3d4 - clone
[INFO] [stdout]   76:                0x0 - <unknown>
[INFO] [stdout] 
[INFO] [stdout] ---- service_pause_resume_dry_run_continues_after_resume stdout ----
[INFO] [stdout] 
[INFO] [stdout] thread 'service_pause_resume_dry_run_continues_after_resume' (3197) panicked at tests/service_control_smoke.rs:211:29:
[INFO] [stdout] event stream closed before first progress
[INFO] [stdout] stack backtrace:
[INFO] [stdout]    0:     0x56de3dfa4a91 - std[70759c8f55707aa4]::backtrace_rs::backtrace::libunwind::trace
[INFO] [stdout]                                at /rustc/dfb0accb7f508ae8be965d8629557221c889dd98/library/std/src/../../backtrace/src/backtrace/libunwind.rs:117:9
[INFO] [stdout]    1:     0x56de3dfa4a91 - std[70759c8f55707aa4]::backtrace_rs::backtrace::trace_unsynchronized::<std[70759c8f55707aa4]::sys::backtrace::_print_fmt::{closure#1}>
[INFO] [stdout]                                at /rustc/dfb0accb7f508ae8be965d8629557221c889dd98/library/std/src/../../backtrace/src/backtrace/mod.rs:66:14
[INFO] [stdout]    2:     0x56de3dfa4a91 - std[70759c8f55707aa4]::sys::backtrace::_print_fmt
[INFO] [stdout]                                at /rustc/dfb0accb7f508ae8be965d8629557221c889dd98/library/std/src/sys/backtrace.rs:74:9
[INFO] [stdout]    3:     0x56de3dfa4a91 - <<std[70759c8f55707aa4]::sys::backtrace::BacktraceLock>::print::DisplayBacktrace as core[df12db4294e9bfd3]::fmt::Display>::fmt
[INFO] [stdout]                                at /rustc/dfb0accb7f508ae8be965d8629557221c889dd98/library/std/src/sys/backtrace.rs:44:26
[INFO] [stdout]    4:     0x56de3dfbcfba - <core[df12db4294e9bfd3]::fmt::rt::Argument>::fmt
[INFO] [stdout]                                at /rustc/dfb0accb7f508ae8be965d8629557221c889dd98/library/core/src/fmt/rt.rs:152:76
[INFO] [stdout]    5:     0x56de3dfbcfba - core[df12db4294e9bfd3]::fmt::write
[INFO] [stdout]    6:     0x56de3dfaa1ec - core[df12db4294e9bfd3]::io::write::default_write_fmt::<alloc[2182bb758b4b3781]::vec::Vec<u8>>
[INFO] [stdout]                                at /rustc/dfb0accb7f508ae8be965d8629557221c889dd98/library/core/src/io/write.rs:402:11
[INFO] [stdout]    7:     0x56de3dfaa1ec - <alloc[2182bb758b4b3781]::vec::Vec<u8> as core[df12db4294e9bfd3]::io::write::Write>::write_fmt
[INFO] [stdout]                                at /rustc/dfb0accb7f508ae8be965d8629557221c889dd98/library/core/src/io/write.rs:335:13
[INFO] [stdout]    8:     0x56de3df7d1c6 - <std[70759c8f55707aa4]::sys::backtrace::BacktraceLock>::print
[INFO] [stdout]                                at /rustc/dfb0accb7f508ae8be965d8629557221c889dd98/library/std/src/sys/backtrace.rs:47:9
[INFO] [stdout]    9:     0x56de3df7d1c6 - std[70759c8f55707aa4]::panicking::default_hook::{closure#0}
[INFO] [stdout]                                at /rustc/dfb0accb7f508ae8be965d8629557221c889dd98/library/std/src/panicking.rs:292:27
[INFO] [stdout]   10:     0x56de3df9b809 - std[70759c8f55707aa4]::panicking::default_hook
[INFO] [stdout]                                at /rustc/dfb0accb7f508ae8be965d8629557221c889dd98/library/std/src/panicking.rs:316:9
[INFO] [stdout]   11:     0x56de3d6897d0 - <alloc[2182bb758b4b3781]::boxed::Box<dyn for<'a, 'b> core[df12db4294e9bfd3]::ops::function::Fn<(&'a std[70759c8f55707aa4]::panic::PanicHookInfo<'b>,), Output = ()> + core[df12db4294e9bfd3]::marker::Send + core[df12db4294e9bfd3]::marker::Sync> as core[df12db4294e9bfd3]::ops::function::Fn<(&std[70759c8f55707aa4]::panic::PanicHookInfo,)>>::call
[INFO] [stdout]                                at /rustc/dfb0accb7f508ae8be965d8629557221c889dd98/library/alloc/src/boxed.rs:2334:9
[INFO] [stdout]   12:     0x56de3d6897d0 - test[9d35eded1c95d3be]::test_main_inner::<test[9d35eded1c95d3be]::test_main_static::{closure#0}>::{closure#0}
[INFO] [stdout]                                at /rustc/dfb0accb7f508ae8be965d8629557221c889dd98/library/test/src/lib.rs:155:21
[INFO] [stdout]   13:     0x56de3df9bb32 - <alloc[2182bb758b4b3781]::boxed::Box<dyn for<'a, 'b> core[df12db4294e9bfd3]::ops::function::Fn<(&'a std[70759c8f55707aa4]::panic::PanicHookInfo<'b>,), Output = ()> + core[df12db4294e9bfd3]::marker::Send + core[df12db4294e9bfd3]::marker::Sync> as core[df12db4294e9bfd3]::ops::function::Fn<(&std[70759c8f55707aa4]::panic::PanicHookInfo,)>>::call
[INFO] [stdout]                                at /rustc/dfb0accb7f508ae8be965d8629557221c889dd98/library/alloc/src/boxed.rs:2334:9
[INFO] [stdout]   14:     0x56de3df9bb32 - std[70759c8f55707aa4]::panicking::panic_with_hook
[INFO] [stdout]                                at /rustc/dfb0accb7f508ae8be965d8629557221c889dd98/library/std/src/panicking.rs:823:13
[INFO] [stdout]   15:     0x56de3df7d2a4 - std[70759c8f55707aa4]::panicking::panic_handler::{closure#0}
[INFO] [stdout]                                at /rustc/dfb0accb7f508ae8be965d8629557221c889dd98/library/std/src/panicking.rs:681:13
[INFO] [stdout]   16:     0x56de3df75639 - std[70759c8f55707aa4]::sys::backtrace::__rust_end_short_backtrace::<std[70759c8f55707aa4]::panicking::panic_handler::{closure#0}, !>
[INFO] [stdout]                                at /rustc/dfb0accb7f508ae8be965d8629557221c889dd98/library/std/src/sys/backtrace.rs:182:18
[INFO] [stdout]   17:     0x56de3df7e16d - __rustc[8fa7c3cbc660c2b3]::rust_begin_unwind
[INFO] [stdout]                                at /rustc/dfb0accb7f508ae8be965d8629557221c889dd98/library/std/src/panicking.rs:679:5
[INFO] [stdout]   18:     0x56de3dfbd7dc - core[df12db4294e9bfd3]::panicking::panic_fmt
[INFO] [stdout]                                at /rustc/dfb0accb7f508ae8be965d8629557221c889dd98/library/core/src/panicking.rs:80:14
[INFO] [stdout]   19:     0x56de3d636289 - service_control_smoke[281070fb4bf63f0e]::service_pause_resume_dry_run_continues_after_resume::{closure#0}::{closure#0}
[INFO] [stdout]                                at /opt/rustwide/workdir/tests/service_control_smoke.rs:211:29
[INFO] [stdout]   20:     0x56de3d67c489 - <tokio[93da6b5a3253294a]::time::timeout::Timeout<service_control_smoke[281070fb4bf63f0e]::service_pause_resume_dry_run_continues_after_resume::{closure#0}::{closure#0}> as core[df12db4294e9bfd3]::future::future::Future>::poll
[INFO] [stdout]                                at /opt/rustwide/cargo-home/registry/src/index.crates.io-1949cf8c6b5b557f/tokio-1.52.3/src/time/timeout.rs:217:42
[INFO] [stdout]   21:     0x56de3d63930f - service_control_smoke[281070fb4bf63f0e]::service_pause_resume_dry_run_continues_after_resume::{closure#0}
[INFO] [stdout]                                at /opt/rustwide/workdir/tests/service_control_smoke.rs:215:10
[INFO] [stdout]   22:     0x56de3d65caef - <tokio[93da6b5a3253294a]::task::local::RunUntil<service_control_smoke[281070fb4bf63f0e]::service_pause_resume_dry_run_continues_after_resume::{closure#0}> as core[df12db4294e9bfd3]::future::future::Future>::poll::{closure#0}
[INFO] [stdout]                                at /opt/rustwide/cargo-home/registry/src/index.crates.io-1949cf8c6b5b557f/tokio-1.52.3/src/task/local.rs:1072:44
[INFO] [stdout]   23:     0x56de3d65a456 - <tokio[93da6b5a3253294a]::task::local::LocalSet>::with::<core[df12db4294e9bfd3]::task::poll::Poll<()>, <tokio[93da6b5a3253294a]::task::local::RunUntil<service_control_smoke[281070fb4bf63f0e]::service_pause_resume_dry_run_continues_after_resume::{closure#0}> as core[df12db4294e9bfd3]::future::future::Future>::poll::{closure#0}>::{closure#0}
[INFO] [stdout]                                at /opt/rustwide/cargo-home/registry/src/index.crates.io-1949cf8c6b5b557f/tokio-1.52.3/src/task/local.rs:823:13
[INFO] [stdout]   24:     0x56de3d62a476 - <std[70759c8f55707aa4]::thread::local::LocalKey<tokio[93da6b5a3253294a]::task::local::LocalData>>::try_with::<<tokio[93da6b5a3253294a]::task::local::LocalSet>::with<core[df12db4294e9bfd3]::task::poll::Poll<()>, <tokio[93da6b5a3253294a]::task::local::RunUntil<service_control_smoke[281070fb4bf63f0e]::service_pause_resume_dry_run_continues_after_resume::{closure#0}> as core[df12db4294e9bfd3]::future::future::Future>::poll::{closure#0}>::{closure#0}, core[df12db4294e9bfd3]::task::poll::Poll<()>>
[INFO] [stdout]                                at /rustc/dfb0accb7f508ae8be965d8629557221c889dd98/library/std/src/thread/local.rs:463:12
[INFO] [stdout]   25:     0x56de3d629e4e - <std[70759c8f55707aa4]::thread::local::LocalKey<tokio[93da6b5a3253294a]::task::local::LocalData>>::with::<<tokio[93da6b5a3253294a]::task::local::LocalSet>::with<core[df12db4294e9bfd3]::task::poll::Poll<()>, <tokio[93da6b5a3253294a]::task::local::RunUntil<service_control_smoke[281070fb4bf63f0e]::service_pause_resume_dry_run_continues_after_resume::{closure#0}> as core[df12db4294e9bfd3]::future::future::Future>::poll::{closure#0}>::{closure#0}, core[df12db4294e9bfd3]::task::poll::Poll<()>>
[INFO] [stdout]                                at /rustc/dfb0accb7f508ae8be965d8629557221c889dd98/library/std/src/thread/local.rs:427:20
[INFO] [stdout]   26:     0x56de3d657386 - <tokio[93da6b5a3253294a]::task::local::LocalSet>::with::<core[df12db4294e9bfd3]::task::poll::Poll<()>, <tokio[93da6b5a3253294a]::task::local::RunUntil<service_control_smoke[281070fb4bf63f0e]::service_pause_resume_dry_run_continues_after_resume::{closure#0}> as core[df12db4294e9bfd3]::future::future::Future>::poll::{closure#0}>
[INFO] [stdout]                                at /opt/rustwide/cargo-home/registry/src/index.crates.io-1949cf8c6b5b557f/tokio-1.52.3/src/task/local.rs:821:17
[INFO] [stdout]   27:     0x56de3d65d786 - <tokio[93da6b5a3253294a]::task::local::RunUntil<service_control_smoke[281070fb4bf63f0e]::service_pause_resume_dry_run_continues_after_resume::{closure#0}> as core[df12db4294e9bfd3]::future::future::Future>::poll
[INFO] [stdout]                                at /opt/rustwide/cargo-home/registry/src/index.crates.io-1949cf8c6b5b557f/tokio-1.52.3/src/task/local.rs:1062:22
[INFO] [stdout]   28:     0x56de3d65aa8a - <tokio[93da6b5a3253294a]::task::local::LocalSet>::run_until::<service_control_smoke[281070fb4bf63f0e]::service_pause_resume_dry_run_continues_after_resume::{closure#0}>::{closure#0}
[INFO] [stdout]                                at /opt/rustwide/cargo-home/registry/src/index.crates.io-1949cf8c6b5b557f/tokio-1.52.3/src/task/local.rs:719:19
[INFO] [stdout]   29:     0x56de3d64b57d - <core[df12db4294e9bfd3]::pin::Pin<alloc[2182bb758b4b3781]::boxed::Box<<tokio[93da6b5a3253294a]::task::local::LocalSet>::run_until<service_control_smoke[281070fb4bf63f0e]::service_pause_resume_dry_run_continues_after_resume::{closure#0}>::{closure#0}>> as core[df12db4294e9bfd3]::future::future::Future>::poll
[INFO] [stdout]                                at /rustc/dfb0accb7f508ae8be965d8629557221c889dd98/library/core/src/future/future.rs:133:9
[INFO] [stdout]   30:     0x56de3d64b6fd - <core[df12db4294e9bfd3]::pin::Pin<&mut core[df12db4294e9bfd3]::pin::Pin<alloc[2182bb758b4b3781]::boxed::Box<<tokio[93da6b5a3253294a]::task::local::LocalSet>::run_until<service_control_smoke[281070fb4bf63f0e]::service_pause_resume_dry_run_continues_after_resume::{closure#0}>::{closure#0}>>> as core[df12db4294e9bfd3]::future::future::Future>::poll
[INFO] [stdout]                                at /rustc/dfb0accb7f508ae8be965d8629557221c889dd98/library/core/src/future/future.rs:133:9
[INFO] [stdout]   31:     0x56de3d61a63d - <tokio[93da6b5a3253294a]::runtime::scheduler::current_thread::CoreGuard>::block_on::<core[df12db4294e9bfd3]::pin::Pin<&mut core[df12db4294e9bfd3]::pin::Pin<alloc[2182bb758b4b3781]::boxed::Box<<tokio[93da6b5a3253294a]::task::local::LocalSet>::run_until<service_control_smoke[281070fb4bf63f0e]::service_pause_resume_dry_run_continues_after_resume::{closure#0}>::{closure#0}>>>>::{closure#0}::{closure#0}::{closure#0}
[INFO] [stdout]                                at /opt/rustwide/cargo-home/registry/src/index.crates.io-1949cf8c6b5b557f/tokio-1.52.3/src/runtime/scheduler/current_thread/mod.rs:778:70
[INFO] [stdout]   32:     0x56de3d619fc5 - tokio[93da6b5a3253294a]::task::coop::with_budget::<core[df12db4294e9bfd3]::task::poll::Poll<()>, <tokio[93da6b5a3253294a]::runtime::scheduler::current_thread::CoreGuard>::block_on<core[df12db4294e9bfd3]::pin::Pin<&mut core[df12db4294e9bfd3]::pin::Pin<alloc[2182bb758b4b3781]::boxed::Box<<tokio[93da6b5a3253294a]::task::local::LocalSet>::run_until<service_control_smoke[281070fb4bf63f0e]::service_pause_resume_dry_run_continues_after_resume::{closure#0}>::{closure#0}>>>>::{closure#0}::{closure#0}::{closure#0}>
[INFO] [stdout]                                at /opt/rustwide/cargo-home/registry/src/index.crates.io-1949cf8c6b5b557f/tokio-1.52.3/src/task/coop/mod.rs:167:5
[INFO] [stdout]   33:     0x56de3d619fc5 - tokio[93da6b5a3253294a]::task::coop::budget::<core[df12db4294e9bfd3]::task::poll::Poll<()>, <tokio[93da6b5a3253294a]::runtime::scheduler::current_thread::CoreGuard>::block_on<core[df12db4294e9bfd3]::pin::Pin<&mut core[df12db4294e9bfd3]::pin::Pin<alloc[2182bb758b4b3781]::boxed::Box<<tokio[93da6b5a3253294a]::task::local::LocalSet>::run_until<service_control_smoke[281070fb4bf63f0e]::service_pause_resume_dry_run_continues_after_resume::{closure#0}>::{closure#0}>>>>::{closure#0}::{closure#0}::{closure#0}>
[INFO] [stdout]                                at /opt/rustwide/cargo-home/registry/src/index.crates.io-1949cf8c6b5b557f/tokio-1.52.3/src/task/coop/mod.rs:133:5
[INFO] [stdout]   34:     0x56de3d619fc5 - <tokio[93da6b5a3253294a]::runtime::scheduler::current_thread::CoreGuard>::block_on::<core[df12db4294e9bfd3]::pin::Pin<&mut core[df12db4294e9bfd3]::pin::Pin<alloc[2182bb758b4b3781]::boxed::Box<<tokio[93da6b5a3253294a]::task::local::LocalSet>::run_until<service_control_smoke[281070fb4bf63f0e]::service_pause_resume_dry_run_continues_after_resume::{closure#0}>::{closure#0}>>>>::{closure#0}::{closure#0}
[INFO] [stdout]                                at /opt/rustwide/cargo-home/registry/src/index.crates.io-1949cf8c6b5b557f/tokio-1.52.3/src/runtime/scheduler/current_thread/mod.rs:778:25
[INFO] [stdout]   35:     0x56de3d60b5a2 - <tokio[93da6b5a3253294a]::runtime::scheduler::current_thread::Context>::enter::<core[df12db4294e9bfd3]::task::poll::Poll<()>, <tokio[93da6b5a3253294a]::runtime::scheduler::current_thread::CoreGuard>::block_on<core[df12db4294e9bfd3]::pin::Pin<&mut core[df12db4294e9bfd3]::pin::Pin<alloc[2182bb758b4b3781]::boxed::Box<<tokio[93da6b5a3253294a]::task::local::LocalSet>::run_until<service_control_smoke[281070fb4bf63f0e]::service_pause_resume_dry_run_continues_after_resume::{closure#0}>::{closure#0}>>>>::{closure#0}::{closure#0}>
[INFO] [stdout]                                at /opt/rustwide/cargo-home/registry/src/index.crates.io-1949cf8c6b5b557f/tokio-1.52.3/src/runtime/scheduler/current_thread/mod.rs:451:19
[INFO] [stdout]   36:     0x56de3d614ead - <tokio[93da6b5a3253294a]::runtime::scheduler::current_thread::CoreGuard>::block_on::<core[df12db4294e9bfd3]::pin::Pin<&mut core[df12db4294e9bfd3]::pin::Pin<alloc[2182bb758b4b3781]::boxed::Box<<tokio[93da6b5a3253294a]::task::local::LocalSet>::run_until<service_control_smoke[281070fb4bf63f0e]::service_pause_resume_dry_run_continues_after_resume::{closure#0}>::{closure#0}>>>>::{closure#0}
[INFO] [stdout]                                at /opt/rustwide/cargo-home/registry/src/index.crates.io-1949cf8c6b5b557f/tokio-1.52.3/src/runtime/scheduler/current_thread/mod.rs:777:44
[INFO] [stdout]   37:     0x56de3d614084 - <tokio[93da6b5a3253294a]::runtime::scheduler::current_thread::CoreGuard>::enter::<<tokio[93da6b5a3253294a]::runtime::scheduler::current_thread::CoreGuard>::block_on<core[df12db4294e9bfd3]::pin::Pin<&mut core[df12db4294e9bfd3]::pin::Pin<alloc[2182bb758b4b3781]::boxed::Box<<tokio[93da6b5a3253294a]::task::local::LocalSet>::run_until<service_control_smoke[281070fb4bf63f0e]::service_pause_resume_dry_run_continues_after_resume::{closure#0}>::{closure#0}>>>>::{closure#0}, core[df12db4294e9bfd3]::option::Option<()>>::{closure#0}
[INFO] [stdout]                                at /opt/rustwide/cargo-home/registry/src/index.crates.io-1949cf8c6b5b557f/tokio-1.52.3/src/runtime/scheduler/current_thread/mod.rs:865:68
[INFO] [stdout]   38:     0x56de3d64376b - <tokio[93da6b5a3253294a]::runtime::context::scoped::Scoped<tokio[93da6b5a3253294a]::runtime::scheduler::Context>>::set::<<tokio[93da6b5a3253294a]::runtime::scheduler::current_thread::CoreGuard>::enter<<tokio[93da6b5a3253294a]::runtime::scheduler::current_thread::CoreGuard>::block_on<core[df12db4294e9bfd3]::pin::Pin<&mut core[df12db4294e9bfd3]::pin::Pin<alloc[2182bb758b4b3781]::boxed::Box<<tokio[93da6b5a3253294a]::task::local::LocalSet>::run_until<service_control_smoke[281070fb4bf63f0e]::service_pause_resume_dry_run_continues_after_resume::{closure#0}>::{closure#0}>>>>::{closure#0}, core[df12db4294e9bfd3]::option::Option<()>>::{closure#0}, (alloc[2182bb758b4b3781]::boxed::Box<tokio[93da6b5a3253294a]::runtime::scheduler::current_thread::Core>, core[df12db4294e9bfd3]::option::Option<()>)>
[INFO] [stdout]                                at /opt/rustwide/cargo-home/registry/src/index.crates.io-1949cf8c6b5b557f/tokio-1.52.3/src/runtime/context/scoped.rs:40:9
[INFO] [stdout]   39:     0x56de3d65bf79 - tokio[93da6b5a3253294a]::runtime::context::set_scheduler::<(alloc[2182bb758b4b3781]::boxed::Box<tokio[93da6b5a3253294a]::runtime::scheduler::current_thread::Core>, core[df12db4294e9bfd3]::option::Option<()>), <tokio[93da6b5a3253294a]::runtime::scheduler::current_thread::CoreGuard>::enter<<tokio[93da6b5a3253294a]::runtime::scheduler::current_thread::CoreGuard>::block_on<core[df12db4294e9bfd3]::pin::Pin<&mut core[df12db4294e9bfd3]::pin::Pin<alloc[2182bb758b4b3781]::boxed::Box<<tokio[93da6b5a3253294a]::task::local::LocalSet>::run_until<service_control_smoke[281070fb4bf63f0e]::service_pause_resume_dry_run_continues_after_resume::{closure#0}>::{closure#0}>>>>::{closure#0}, core[df12db4294e9bfd3]::option::Option<()>>::{closure#0}>::{closure#0}
[INFO] [stdout]                                at /opt/rustwide/cargo-home/registry/src/index.crates.io-1949cf8c6b5b557f/tokio-1.52.3/src/runtime/context.rs:181:38
[INFO] [stdout]   40:     0x56de3d62b62f - <std[70759c8f55707aa4]::thread::local::LocalKey<tokio[93da6b5a3253294a]::runtime::context::Context>>::try_with::<tokio[93da6b5a3253294a]::runtime::context::set_scheduler<(alloc[2182bb758b4b3781]::boxed::Box<tokio[93da6b5a3253294a]::runtime::scheduler::current_thread::Core>, core[df12db4294e9bfd3]::option::Option<()>), <tokio[93da6b5a3253294a]::runtime::scheduler::current_thread::CoreGuard>::enter<<tokio[93da6b5a3253294a]::runtime::scheduler::current_thread::CoreGuard>::block_on<core[df12db4294e9bfd3]::pin::Pin<&mut core[df12db4294e9bfd3]::pin::Pin<alloc[2182bb758b4b3781]::boxed::Box<<tokio[93da6b5a3253294a]::task::local::LocalSet>::run_until<service_control_smoke[281070fb4bf63f0e]::service_pause_resume_dry_run_continues_after_resume::{closure#0}>::{closure#0}>>>>::{closure#0}, core[df12db4294e9bfd3]::option::Option<()>>::{closure#0}>::{closure#0}, (alloc[2182bb758b4b3781]::boxed::Box<tokio[93da6b5a3253294a]::runtime::scheduler::current_thread::Core>, core[df12db4294e9bfd3]::option::Option<()>)>
[INFO] [stdout]                                at /rustc/dfb0accb7f508ae8be965d8629557221c889dd98/library/std/src/thread/local.rs:463:12
[INFO] [stdout]   41:     0x56de3d62a99e - <std[70759c8f55707aa4]::thread::local::LocalKey<tokio[93da6b5a3253294a]::runtime::context::Context>>::with::<tokio[93da6b5a3253294a]::runtime::context::set_scheduler<(alloc[2182bb758b4b3781]::boxed::Box<tokio[93da6b5a3253294a]::runtime::scheduler::current_thread::Core>, core[df12db4294e9bfd3]::option::Option<()>), <tokio[93da6b5a3253294a]::runtime::scheduler::current_thread::CoreGuard>::enter<<tokio[93da6b5a3253294a]::runtime::scheduler::current_thread::CoreGuard>::block_on<core[df12db4294e9bfd3]::pin::Pin<&mut core[df12db4294e9bfd3]::pin::Pin<alloc[2182bb758b4b3781]::boxed::Box<<tokio[93da6b5a3253294a]::task::local::LocalSet>::run_until<service_control_smoke[281070fb4bf63f0e]::service_pause_resume_dry_run_continues_after_resume::{closure#0}>::{closure#0}>>>>::{closure#0}, core[df12db4294e9bfd3]::option::Option<()>>::{closure#0}>::{closure#0}, (alloc[2182bb758b4b3781]::boxed::Box<tokio[93da6b5a3253294a]::runtime::scheduler::current_thread::Core>, core[df12db4294e9bfd3]::option::Option<()>)>
[INFO] [stdout]                                at /rustc/dfb0accb7f508ae8be965d8629557221c889dd98/library/std/src/thread/local.rs:427:20
[INFO] [stdout]   42:     0x56de3d65992d - tokio[93da6b5a3253294a]::runtime::context::set_scheduler::<(alloc[2182bb758b4b3781]::boxed::Box<tokio[93da6b5a3253294a]::runtime::scheduler::current_thread::Core>, core[df12db4294e9bfd3]::option::Option<()>), <tokio[93da6b5a3253294a]::runtime::scheduler::current_thread::CoreGuard>::enter<<tokio[93da6b5a3253294a]::runtime::scheduler::current_thread::CoreGuard>::block_on<core[df12db4294e9bfd3]::pin::Pin<&mut core[df12db4294e9bfd3]::pin::Pin<alloc[2182bb758b4b3781]::boxed::Box<<tokio[93da6b5a3253294a]::task::local::LocalSet>::run_until<service_control_smoke[281070fb4bf63f0e]::service_pause_resume_dry_run_continues_after_resume::{closure#0}>::{closure#0}>>>>::{closure#0}, core[df12db4294e9bfd3]::option::Option<()>>::{closure#0}>
[INFO] [stdout]                                at /opt/rustwide/cargo-home/registry/src/index.crates.io-1949cf8c6b5b557f/tokio-1.52.3/src/runtime/context.rs:181:17
[INFO] [stdout]   43:     0x56de3d60fc50 - <tokio[93da6b5a3253294a]::runtime::scheduler::current_thread::CoreGuard>::enter::<<tokio[93da6b5a3253294a]::runtime::scheduler::current_thread::CoreGuard>::block_on<core[df12db4294e9bfd3]::pin::Pin<&mut core[df12db4294e9bfd3]::pin::Pin<alloc[2182bb758b4b3781]::boxed::Box<<tokio[93da6b5a3253294a]::task::local::LocalSet>::run_until<service_control_smoke[281070fb4bf63f0e]::service_pause_resume_dry_run_continues_after_resume::{closure#0}>::{closure#0}>>>>::{closure#0}, core[df12db4294e9bfd3]::option::Option<()>>
[INFO] [stdout]                                at /opt/rustwide/cargo-home/registry/src/index.crates.io-1949cf8c6b5b557f/tokio-1.52.3/src/runtime/scheduler/current_thread/mod.rs:865:27
[INFO] [stdout]   44:     0x56de3d611806 - <tokio[93da6b5a3253294a]::runtime::scheduler::current_thread::CoreGuard>::block_on::<core[df12db4294e9bfd3]::pin::Pin<&mut core[df12db4294e9bfd3]::pin::Pin<alloc[2182bb758b4b3781]::boxed::Box<<tokio[93da6b5a3253294a]::task::local::LocalSet>::run_until<service_control_smoke[281070fb4bf63f0e]::service_pause_resume_dry_run_continues_after_resume::{closure#0}>::{closure#0}>>>>
[INFO] [stdout]                                at /opt/rustwide/cargo-home/registry/src/index.crates.io-1949cf8c6b5b557f/tokio-1.52.3/src/runtime/scheduler/current_thread/mod.rs:765:24
[INFO] [stdout]   45:     0x56de3d6120d0 - <tokio[93da6b5a3253294a]::runtime::scheduler::current_thread::CurrentThread>::block_on::<core[df12db4294e9bfd3]::pin::Pin<alloc[2182bb758b4b3781]::boxed::Box<<tokio[93da6b5a3253294a]::task::local::LocalSet>::run_until<service_control_smoke[281070fb4bf63f0e]::service_pause_resume_dry_run_continues_after_resume::{closure#0}>::{closure#0}>>>::{closure#0}
[INFO] [stdout]                                at /opt/rustwide/cargo-home/registry/src/index.crates.io-1949cf8c6b5b557f/tokio-1.52.3/src/runtime/scheduler/current_thread/mod.rs:205:33
[INFO] [stdout]   46:     0x56de3d6689d8 - tokio[93da6b5a3253294a]::runtime::context::runtime::enter_runtime::<<tokio[93da6b5a3253294a]::runtime::scheduler::current_thread::CurrentThread>::block_on<core[df12db4294e9bfd3]::pin::Pin<alloc[2182bb758b4b3781]::boxed::Box<<tokio[93da6b5a3253294a]::task::local::LocalSet>::run_until<service_control_smoke[281070fb4bf63f0e]::service_pause_resume_dry_run_continues_after_resume::{closure#0}>::{closure#0}>>>::{closure#0}, ()>
[INFO] [stdout]                                at /opt/rustwide/cargo-home/registry/src/index.crates.io-1949cf8c6b5b557f/tokio-1.52.3/src/runtime/context/runtime.rs:65:16
[INFO] [stdout]   47:     0x56de3d60ac23 - <tokio[93da6b5a3253294a]::runtime::scheduler::current_thread::CurrentThread>::block_on::<core[df12db4294e9bfd3]::pin::Pin<alloc[2182bb758b4b3781]::boxed::Box<<tokio[93da6b5a3253294a]::task::local::LocalSet>::run_until<service_control_smoke[281070fb4bf63f0e]::service_pause_resume_dry_run_continues_after_resume::{closure#0}>::{closure#0}>>>
[INFO] [stdout]                                at /opt/rustwide/cargo-home/registry/src/index.crates.io-1949cf8c6b5b557f/tokio-1.52.3/src/runtime/scheduler/current_thread/mod.rs:193:9
[INFO] [stdout]   48:     0x56de3d6511d1 - <tokio[93da6b5a3253294a]::runtime::runtime::Runtime>::block_on_inner::<core[df12db4294e9bfd3]::pin::Pin<alloc[2182bb758b4b3781]::boxed::Box<<tokio[93da6b5a3253294a]::task::local::LocalSet>::run_until<service_control_smoke[281070fb4bf63f0e]::service_pause_resume_dry_run_continues_after_resume::{closure#0}>::{closure#0}>>>
[INFO] [stdout]                                at /opt/rustwide/cargo-home/registry/src/index.crates.io-1949cf8c6b5b557f/tokio-1.52.3/src/runtime/runtime.rs:371:52
[INFO] [stdout]   49:     0x56de3d65206b - <tokio[93da6b5a3253294a]::runtime::runtime::Runtime>::block_on::<<tokio[93da6b5a3253294a]::task::local::LocalSet>::run_until<service_control_smoke[281070fb4bf63f0e]::service_pause_resume_dry_run_continues_after_resume::{closure#0}>::{closure#0}>
[INFO] [stdout]                                at /opt/rustwide/cargo-home/registry/src/index.crates.io-1949cf8c6b5b557f/tokio-1.52.3/src/runtime/runtime.rs:343:18
[INFO] [stdout]   50:     0x56de3d635369 - service_control_smoke[281070fb4bf63f0e]::run_local_test::<service_control_smoke[281070fb4bf63f0e]::service_pause_resume_dry_run_continues_after_resume::{closure#0}>
[INFO] [stdout]                                at /opt/rustwide/workdir/tests/service_control_smoke.rs:32:13
[INFO] [stdout]   51:     0x56de3d63da64 - service_control_smoke[281070fb4bf63f0e]::service_pause_resume_dry_run_continues_after_resume
[INFO] [stdout]                                at /opt/rustwide/workdir/tests/service_control_smoke.rs:185:5
[INFO] [stdout]   52:     0x56de3d637e67 - service_control_smoke[281070fb4bf63f0e]::service_pause_resume_dry_run_continues_after_resume::{closure#0}
[INFO] [stdout]                                at /opt/rustwide/workdir/tests/service_control_smoke.rs:184:57
[INFO] [stdout]   53:     0x56de3d642f76 - <service_control_smoke[281070fb4bf63f0e]::service_pause_resume_dry_run_continues_after_resume::{closure#0} as core[df12db4294e9bfd3]::ops::function::FnOnce<()>>::call_once
[INFO] [stdout]                                at /rustc/dfb0accb7f508ae8be965d8629557221c889dd98/library/core/src/ops/function.rs:250:5
[INFO] [stdout]   54:     0x56de3d67cabb - <fn() -> core[df12db4294e9bfd3]::result::Result<(), alloc[2182bb758b4b3781]::string::String> as core[df12db4294e9bfd3]::ops::function::FnOnce<()>>::call_once
[INFO] [stdout]                                at /rustc/dfb0accb7f508ae8be965d8629557221c889dd98/library/core/src/ops/function.rs:250:5
[INFO] [stdout]   55:     0x56de3d67cabb - test[9d35eded1c95d3be]::__rust_begin_short_backtrace::<core[df12db4294e9bfd3]::result::Result<(), alloc[2182bb758b4b3781]::string::String>, fn() -> core[df12db4294e9bfd3]::result::Result<(), alloc[2182bb758b4b3781]::string::String>>
[INFO] [stdout]                                at /rustc/dfb0accb7f508ae8be965d8629557221c889dd98/library/test/src/lib.rs:733:18
[INFO] [stdout]   56:     0x56de3d68a125 - test[9d35eded1c95d3be]::run_test_in_process::{closure#0}
[INFO] [stdout]                                at /rustc/dfb0accb7f508ae8be965d8629557221c889dd98/library/test/src/lib.rs:756:74
[INFO] [stdout]   57:     0x56de3d68a125 - <core[df12db4294e9bfd3]::panic::unwind_safe::AssertUnwindSafe<test[9d35eded1c95d3be]::run_test_in_process::{closure#0}> as core[df12db4294e9bfd3]::ops::function::FnOnce<()>>::call_once
[INFO] [stdout]                                at /rustc/dfb0accb7f508ae8be965d8629557221c889dd98/library/core/src/panic/unwind_safe.rs:275:9
[INFO] [stdout]   58:     0x56de3d68a125 - std[70759c8f55707aa4]::panicking::catch_unwind::do_call::<core[df12db4294e9bfd3]::panic::unwind_safe::AssertUnwindSafe<test[9d35eded1c95d3be]::run_test_in_process::{closure#0}>, core[df12db4294e9bfd3]::result::Result<(), alloc[2182bb758b4b3781]::string::String>>
[INFO] [stdout]                                at /rustc/dfb0accb7f508ae8be965d8629557221c889dd98/library/std/src/panicking.rs:576:43
[INFO] [stdout]   59:     0x56de3d68a125 - std[70759c8f55707aa4]::panicking::catch_unwind::<core[df12db4294e9bfd3]::result::Result<(), alloc[2182bb758b4b3781]::string::String>, core[df12db4294e9bfd3]::panic::unwind_safe::AssertUnwindSafe<test[9d35eded1c95d3be]::run_test_in_process::{closure#0}>>
[INFO] [stdout]                                at /rustc/dfb0accb7f508ae8be965d8629557221c889dd98/library/std/src/panicking.rs:544:19
[INFO] [stdout]   60:     0x56de3d68a125 - std[70759c8f55707aa4]::panic::catch_unwind::<core[df12db4294e9bfd3]::panic::unwind_safe::AssertUnwindSafe<test[9d35eded1c95d3be]::run_test_in_process::{closure#0}>, core[df12db4294e9bfd3]::result::Result<(), alloc[2182bb758b4b3781]::string::String>>
[INFO] [stdout]                                at /rustc/dfb0accb7f508ae8be965d8629557221c889dd98/library/std/src/panic.rs:359:14
[INFO] [stdout]   61:     0x56de3d68a125 - test[9d35eded1c95d3be]::run_test_in_process
[INFO] [stdout]                                at /rustc/dfb0accb7f508ae8be965d8629557221c889dd98/library/test/src/lib.rs:756:27
[INFO] [stdout]   62:     0x56de3d68a125 - test[9d35eded1c95d3be]::run_test::{closure#0}
[INFO] [stdout]                                at /rustc/dfb0accb7f508ae8be965d8629557221c889dd98/library/test/src/lib.rs:677:43
[INFO] [stdout]   63:     0x56de3d6839e4 - test[9d35eded1c95d3be]::run_test::{closure#1}
[INFO] [stdout]                                at /rustc/dfb0accb7f508ae8be965d8629557221c889dd98/library/test/src/lib.rs:707:41
[INFO] [stdout]   64:     0x56de3d6839e4 - std[70759c8f55707aa4]::sys::backtrace::__rust_begin_short_backtrace::<test[9d35eded1c95d3be]::run_test::{closure#1}, ()>
[INFO] [stdout]                                at /rustc/dfb0accb7f508ae8be965d8629557221c889dd98/library/std/src/sys/backtrace.rs:166:18
[INFO] [stdout]   65:     0x56de3d68d282 - std[70759c8f55707aa4]::thread::lifecycle::spawn_unchecked::<test[9d35eded1c95d3be]::run_test::{closure#1}, ()>::{closure#1}::{closure#0}
[INFO] [stdout]                                at /rustc/dfb0accb7f508ae8be965d8629557221c889dd98/library/std/src/thread/lifecycle.rs:70:13
[INFO] [stdout]   66:     0x56de3d68d282 - <core[df12db4294e9bfd3]::panic::unwind_safe::AssertUnwindSafe<std[70759c8f55707aa4]::thread::lifecycle::spawn_unchecked<test[9d35eded1c95d3be]::run_test::{closure#1}, ()>::{closure#1}::{closure#0}> as core[df12db4294e9bfd3]::ops::function::FnOnce<()>>::call_once
[INFO] [stdout]                                at /rustc/dfb0accb7f508ae8be965d8629557221c889dd98/library/core/src/panic/unwind_safe.rs:275:9
[INFO] [stdout]   67:     0x56de3d68d282 - std[70759c8f55707aa4]::panicking::catch_unwind::do_call::<core[df12db4294e9bfd3]::panic::unwind_safe::AssertUnwindSafe<std[70759c8f55707aa4]::thread::lifecycle::spawn_unchecked<test[9d35eded1c95d3be]::run_test::{closure#1}, ()>::{closure#1}::{closure#0}>, ()>
[INFO] [stdout]                                at /rustc/dfb0accb7f508ae8be965d8629557221c889dd98/library/std/src/panicking.rs:576:43
[INFO] [stdout]   68:     0x56de3d68d282 - std[70759c8f55707aa4]::panicking::catch_unwind::<(), core[df12db4294e9bfd3]::panic::unwind_safe::AssertUnwindSafe<std[70759c8f55707aa4]::thread::lifecycle::spawn_unchecked<test[9d35eded1c95d3be]::run_test::{closure#1}, ()>::{closure#1}::{closure#0}>>
[INFO] [stdout]                                at /rustc/dfb0accb7f508ae8be965d8629557221c889dd98/library/std/src/panicking.rs:544:19
[INFO] [stdout]   69:     0x56de3d68d282 - std[70759c8f55707aa4]::panic::catch_unwind::<core[df12db4294e9bfd3]::panic::unwind_safe::AssertUnwindSafe<std[70759c8f55707aa4]::thread::lifecycle::spawn_unchecked<test[9d35eded1c95d3be]::run_test::{closure#1}, ()>::{closure#1}::{closure#0}>, ()>
[INFO] [stdout]                                at /rustc/dfb0accb7f508ae8be965d8629557221c889dd98/library/std/src/panic.rs:359:14
[INFO] [stdout]   70:     0x56de3d68d282 - std[70759c8f55707aa4]::thread::lifecycle::spawn_unchecked::<test[9d35eded1c95d3be]::run_test::{closure#1}, ()>::{closure#1}
[INFO] [stdout]                                at /rustc/dfb0accb7f508ae8be965d8629557221c889dd98/library/std/src/thread/lifecycle.rs:68:26
[INFO] [stdout]   71:     0x56de3d68d282 - <std[70759c8f55707aa4]::thread::lifecycle::spawn_unchecked<test[9d35eded1c95d3be]::run_test::{closure#1}, ()>::{closure#1} as core[df12db4294e9bfd3]::ops::function::FnOnce<()>>::call_once::{shim:vtable#0}
[INFO] [stdout]                                at /rustc/dfb0accb7f508ae8be965d8629557221c889dd98/library/core/src/ops/function.rs:250:5
[INFO] [stdout]   72:     0x56de3dfa32c9 - <alloc[2182bb758b4b3781]::boxed::Box<dyn core[df12db4294e9bfd3]::ops::function::FnOnce<(), Output = ()> + core[df12db4294e9bfd3]::marker::Send> as core[df12db4294e9bfd3]::ops::function::FnOnce<()>>::call_once
[INFO] [stdout]                                at /rustc/dfb0accb7f508ae8be965d8629557221c889dd98/library/alloc/src/boxed.rs:2320:9
[INFO] [stdout]   73:     0x56de3dfa32c9 - <std[70759c8f55707aa4]::sys::thread::unix::Thread>::new::thread_start
[INFO] [stdout]                                at /rustc/dfb0accb7f508ae8be965d8629557221c889dd98/library/std/src/sys/thread/unix.rs:123:17
[INFO] [stdout]   74:     0x7f7d35419dfa - <unknown>
[INFO] [stdout]   75:     0x7f7d354ad3d4 - clone
[INFO] [stdout]   76:                0x0 - <unknown>
[INFO] [stdout] 
[INFO] [stdout] 
[INFO] [stdout] failures:
[INFO] [stdout]     service_cancel_dry_run_emits_stopped_status
[INFO] [stdout]     service_pause_resume_dry_run_continues_after_resume
[INFO] [stdout] 
[INFO] [stdout] test result: FAILED. 2 passed; 2 failed; 0 ignored; 0 measured; 0 filtered out; finished in 15.43s
[INFO] [stdout] 
[INFO] [stderr] error: test failed, to rerun pass `--test service_control_smoke`
[INFO] running `Command { std: "docker" "inspect" "884e79081544271156035ca35134684e97544019cc86448785c9a2cabe76a9e6", kill_on_drop: false }`
[INFO] running `Command { std: "docker" "rm" "-f" "884e79081544271156035ca35134684e97544019cc86448785c9a2cabe76a9e6", kill_on_drop: false }`
[INFO] [stdout] 884e79081544271156035ca35134684e97544019cc86448785c9a2cabe76a9e6
