[INFO] fetching crate tungsten-mc-compile 0.211.0...
[INFO] testing tungsten-mc-compile-0.211.0 against 1.100.0-beta.1 for beta-1.100-2
[INFO] extracting crate tungsten-mc-compile 0.211.0 into /workspace/builds/worker-1-tc2/source
[INFO] started tweaking crates.io crate tungsten-mc-compile 0.211.0
[INFO] finished tweaking crates.io crate tungsten-mc-compile 0.211.0
[INFO] tweaked toml for crates.io crate tungsten-mc-compile 0.211.0 written to /workspace/builds/worker-1-tc2/source/Cargo.toml
[INFO] validating manifest of crates.io crate tungsten-mc-compile 0.211.0 on toolchain 1.100.0-beta.1
[INFO] running `Command { std: CARGO_HOME="/workspace/cargo-home" RUSTUP_HOME="/workspace/rustup-home" "/workspace/cargo-home/bin/cargo" "+1.100.0-beta.1" "metadata" "--manifest-path" "Cargo.toml" "--no-deps", kill_on_drop: false }`
[INFO] crate crates.io crate tungsten-mc-compile 0.211.0 already has a lockfile, it will not be regenerated
[INFO] running `Command { std: CARGO_HOME="/workspace/cargo-home" RUSTUP_HOME="/workspace/rustup-home" "/workspace/cargo-home/bin/cargo" "+1.100.0-beta.1" "fetch" "--manifest-path" "Cargo.toml", kill_on_drop: false }`
[INFO] running `Command { std: "docker" "create" "-v" "/var/lib/crater-agent-workspace/builds/worker-1-tc2/source:/opt/rustwide/workdir:ro,Z" "-v" "/var/lib/crater-agent-workspace/builds/worker-1-tc2/target:/opt/rustwide/target:rw,Z" "-v" "/var/lib/crater-agent-workspace/cargo-home:/opt/rustwide/cargo-home:ro,Z" "-v" "/var/lib/crater-agent-workspace/rustup-home:/opt/rustwide/rustup-home:ro,Z" "-m" "1610612736" "--network" "none" "ghcr.io/rust-lang/crates-build-env/linux@sha256:3111399a4047eeb3a02b7a90e478d715f38a8c6669b5c4b49d30a17385265909" "sleep" "infinity", kill_on_drop: false }`
[INFO] [stdout] c0b32bf973ee05db9f737d3a339c72f5aadcdc8506eaf08f9c961dfae215284b
[INFO] running `Command { std: "docker" "start" "c0b32bf973ee05db9f737d3a339c72f5aadcdc8506eaf08f9c961dfae215284b", kill_on_drop: false }`
[INFO] running `Command { std: "docker" "inspect" "c0b32bf973ee05db9f737d3a339c72f5aadcdc8506eaf08f9c961dfae215284b", kill_on_drop: false }`
[INFO] running `Command { std: "docker" "exec" "-e" "SOURCE_DIR=/opt/rustwide/workdir" "-e" "CARGO_HOME=/opt/rustwide/cargo-home" "-e" "RUSTUP_HOME=/opt/rustwide/rustup-home" "-e" "CARGO_TARGET_DIR=/opt/rustwide/target" "-w" "/opt/rustwide/workdir" "--user" "0:0" "c0b32bf973ee05db9f737d3a339c72f5aadcdc8506eaf08f9c961dfae215284b" "/opt/rustwide/cargo-home/bin/cargo" "+1.100.0-beta.1" "metadata" "--no-deps" "--format-version=1", kill_on_drop: false }`
[INFO] running `Command { std: "docker" "inspect" "c0b32bf973ee05db9f737d3a339c72f5aadcdc8506eaf08f9c961dfae215284b", kill_on_drop: false }`
[INFO] running `Command { std: "docker" "exec" "-e" "SOURCE_DIR=/opt/rustwide/workdir" "-e" "CARGO_HOME=/opt/rustwide/cargo-home" "-e" "RUSTUP_HOME=/opt/rustwide/rustup-home" "-e" "CARGO_TARGET_DIR=/opt/rustwide/target" "-e" "CARGO_INCREMENTAL=0" "-e" "RUST_BACKTRACE=full" "-e" "RUSTFLAGS=--cap-lints=warn" "-e" "RUSTDOCFLAGS=--cap-lints=warn" "-w" "/opt/rustwide/workdir" "--user" "0:0" "c0b32bf973ee05db9f737d3a339c72f5aadcdc8506eaf08f9c961dfae215284b" "/opt/rustwide/cargo-home/bin/cargo" "+1.100.0-beta.1" "build" "--frozen" "--message-format=json", kill_on_drop: false }`
[INFO] [stderr]    Compiling serde_json v1.0.150
[INFO] [stderr]    Compiling pollster v0.3.0
[INFO] [stderr]    Compiling md5 v0.8.0
[INFO] [stderr]    Compiling bumpalo v3.20.3
[INFO] [stderr]    Compiling thiserror-impl v1.0.69
[INFO] [stderr]    Compiling bytemuck_derive v1.10.2
[INFO] [stderr]    Compiling clap_derive v4.6.1
[INFO] [stderr]    Compiling thiserror v1.0.69
[INFO] [stderr]    Compiling bytemuck v1.25.0
[INFO] [stderr]    Compiling tungsten-wg v0.1.1
[INFO] [stderr]    Compiling clap v4.6.1
[INFO] [stderr]    Compiling tungsten-mc-compile v0.211.0 (/opt/rustwide/workdir)
[INFO] [stderr]     Finished `dev` profile [unoptimized + debuginfo] target(s) in 7.39s
[INFO] running `Command { std: "docker" "inspect" "c0b32bf973ee05db9f737d3a339c72f5aadcdc8506eaf08f9c961dfae215284b", kill_on_drop: false }`
[INFO] running `Command { std: "docker" "exec" "-e" "SOURCE_DIR=/opt/rustwide/workdir" "-e" "CARGO_HOME=/opt/rustwide/cargo-home" "-e" "RUSTUP_HOME=/opt/rustwide/rustup-home" "-e" "CARGO_TARGET_DIR=/opt/rustwide/target" "-e" "CARGO_INCREMENTAL=0" "-e" "RUST_BACKTRACE=full" "-e" "RUSTFLAGS=--cap-lints=warn" "-e" "RUSTDOCFLAGS=--cap-lints=warn" "-w" "/opt/rustwide/workdir" "--user" "0:0" "c0b32bf973ee05db9f737d3a339c72f5aadcdc8506eaf08f9c961dfae215284b" "/opt/rustwide/cargo-home/bin/cargo" "+1.100.0-beta.1" "test" "--frozen" "--no-run" "--message-format=json", kill_on_drop: false }`
[INFO] [stderr]    Compiling tungsten-mc-compile v0.211.0 (/opt/rustwide/workdir)
[INFO] [stderr]     Finished `test` profile [unoptimized + debuginfo] target(s) in 1.33s
[INFO] running `Command { std: "docker" "inspect" "c0b32bf973ee05db9f737d3a339c72f5aadcdc8506eaf08f9c961dfae215284b", kill_on_drop: false }`
[INFO] running `Command { std: "docker" "exec" "-e" "SOURCE_DIR=/opt/rustwide/workdir" "-e" "CARGO_HOME=/opt/rustwide/cargo-home" "-e" "RUSTUP_HOME=/opt/rustwide/rustup-home" "-e" "CARGO_TARGET_DIR=/opt/rustwide/target" "-e" "CARGO_INCREMENTAL=0" "-e" "RUST_BACKTRACE=full" "-e" "RUSTFLAGS=--cap-lints=warn" "-e" "RUSTDOCFLAGS=--cap-lints=warn" "-w" "/opt/rustwide/workdir" "--user" "0:0" "c0b32bf973ee05db9f737d3a339c72f5aadcdc8506eaf08f9c961dfae215284b" "/opt/rustwide/cargo-home/bin/cargo" "+1.100.0-beta.1" "test" "--frozen", kill_on_drop: false }`
[INFO] [stderr]     Finished `test` profile [unoptimized + debuginfo] target(s) in 0.06s
[INFO] [stderr]      Running unittests src/lib.rs (/opt/rustwide/target/debug/build/tungsten-mc-compile/27d6b196271eb088/out/tungsten_mc_compile-27d6b196271eb088)
[INFO] [stderr]      Running unittests src/main.rs (/opt/rustwide/target/debug/build/tungsten-mc-compile/eda09613a3f261b7/out/tungsten_mc_compile-eda09613a3f261b7)
[INFO] [stdout] 
[INFO] [stdout] running 0 tests
[INFO] [stdout] 
[INFO] [stdout] test result: ok. 0 passed; 0 failed; 0 ignored; 0 measured; 0 filtered out; finished in 0.00s
[INFO] [stdout] 
[INFO] [stdout] 
[INFO] [stderr]    Doc-tests tungsten_mc_compile
[INFO] [stdout] running 0 tests
[INFO] [stdout] 
[INFO] [stdout] test result: ok. 0 passed; 0 failed; 0 ignored; 0 measured; 0 filtered out; finished in 0.00s
[INFO] [stdout] 
[INFO] [stdout] 
[INFO] [stdout] running 6 tests
[INFO] [stdout] test src/lib.rs - MinecraftCompilerConfig::with_mod_path (line 92) ... FAILED
[INFO] [stdout] test src/lib.rs - run_generation (line 167) - compile ... FAILED
[INFO] [stdout] test src/lib.rs - (line 11) - compile ... FAILED
[INFO] [stdout] test src/lib.rs - MinecraftCompilerConfig::with_backend_config (line 125) ... ok
[INFO] [stdout] test src/lib.rs - MinecraftCompilerConfig (line 49) ... ok
[INFO] [stdout] test src/lib.rs - MinecraftCompilerConfig::with_chunk_size (line 107) ... ok
[INFO] [stdout] 
[INFO] [stdout] failures:
[INFO] [stdout] 
[INFO] [stdout] ---- src/lib.rs - MinecraftCompilerConfig::with_mod_path (line 92) stdout ----
[INFO] [stdout] error[E0433]: cannot find type `MinecraftCompilerConfig` in this scope
[INFO] [stdout]   --> src/lib.rs:93:14
[INFO] [stdout]    |
[INFO] [stdout] 93 | let config = MinecraftCompilerConfig::new()
[INFO] [stdout]    |              ^^^^^^^^^^^^^^^^^^^^^^^ use of undeclared type `MinecraftCompilerConfig`
[INFO] [stdout] 
[INFO] [stdout] error: aborting due to 1 previous error
[INFO] [stdout] 
[INFO] [stdout] For more information about this error, try `rustc --explain E0433`.
[INFO] [stdout] Couldn't compile the test.
[INFO] [stdout] ---- src/lib.rs - run_generation (line 167) stdout ----
[INFO] [stdout] error[E0599]: no method named `with_target_dimension` found for struct `MinecraftCompilerConfig` in the current scope
[INFO] [stdout]    --> src/lib.rs:172:6
[INFO] [stdout]     |
[INFO] [stdout] 171 | let config = MinecraftCompilerConfig::new()
[INFO] [stdout] 172 |     .with_target_dimension("minecraft:overworld");
[INFO] [stdout]     |      ^^^^^^^^^^^^^^^^^^^^^ method not found in `MinecraftCompilerConfig`
[INFO] [stdout] 
[INFO] [stdout] error[E0609]: no field `rust_code` on type `CompiledOutput`
[INFO] [stdout]    --> src/lib.rs:177:39
[INFO] [stdout]     |
[INFO] [stdout] 177 | std::fs::write("worldgen.rs", &output.rust_code).unwrap();
[INFO] [stdout]     |                                       ^^^^^^^^^ unknown field
[INFO] [stdout]     |
[INFO] [stdout]     = note: available fields are: `rcl`, `cuda_density_function`, `cuda_orchestration`, `wave_orchestration_graph`
[INFO] [stdout] 
[INFO] [stdout] error: aborting due to 2 previous errors
[INFO] [stdout] 
[INFO] [stdout] Some errors have detailed explanations: E0599, E0609.
[INFO] [stdout] For more information about an error, try `rustc --explain E0599`.
[INFO] [stdout] Couldn't compile the test.
[INFO] [stdout] ---- src/lib.rs - (line 11) stdout ----
[INFO] [stdout] error[E0599]: no method named `with_target_dimension` found for struct `MinecraftCompilerConfig` in the current scope
[INFO] [stdout]   --> src/lib.rs:16:6
[INFO] [stdout]    |
[INFO] [stdout] 15 | let config = MinecraftCompilerConfig::new()
[INFO] [stdout] 16 |     .with_target_dimension("minecraft:overworld")
[INFO] [stdout]    |      ^^^^^^^^^^^^^^^^^^^^^ method not found in `MinecraftCompilerConfig`
[INFO] [stdout] 
[INFO] [stdout] error[E0609]: no field `rust_code` on type `CompiledOutput`
[INFO] [stdout]   --> src/lib.rs:20:39
[INFO] [stdout]    |
[INFO] [stdout] 20 | println!("Generated code: {}", output.rust_code);
[INFO] [stdout]    |                                       ^^^^^^^^^ unknown field
[INFO] [stdout]    |
[INFO] [stdout]    = note: available fields are: `rcl`, `cuda_density_function`, `cuda_orchestration`, `wave_orchestration_graph`
[INFO] [stdout] 
[INFO] [stdout] error: aborting due to 2 previous errors
[INFO] [stdout] 
[INFO] [stdout] Some errors have detailed explanations: E0599, E0609.
[INFO] [stdout] For more information about an error, try `rustc --explain E0599`.
[INFO] [stdout] Couldn't compile the test.
[INFO] [stdout] 
[INFO] [stdout] failures:
[INFO] [stdout]     src/lib.rs - (line 11)
[INFO] [stdout]     src/lib.rs - MinecraftCompilerConfig::with_mod_path (line 92)
[INFO] [stdout]     src/lib.rs - run_generation (line 167)
[INFO] [stdout] 
[INFO] [stdout] test result: FAILED. 3 passed; 3 failed; 0 ignored; 0 measured; 0 filtered out; finished in 0.45s
[INFO] [stdout] 
[INFO] [stderr] error: doctest failed, to rerun pass `--doc`
[INFO] running `Command { std: "docker" "inspect" "c0b32bf973ee05db9f737d3a339c72f5aadcdc8506eaf08f9c961dfae215284b", kill_on_drop: false }`
[INFO] running `Command { std: "docker" "rm" "-f" "c0b32bf973ee05db9f737d3a339c72f5aadcdc8506eaf08f9c961dfae215284b", kill_on_drop: false }`
[INFO] [stdout] c0b32bf973ee05db9f737d3a339c72f5aadcdc8506eaf08f9c961dfae215284b
