[INFO] fetching crate tui-kit 0.3.0...
[INFO] testing tui-kit-0.3.0 against 1.100.0-beta.1 for beta-1.100-2
[INFO] extracting crate tui-kit 0.3.0 into /workspace/builds/worker-0-tc2/source
[INFO] started tweaking crates.io crate tui-kit 0.3.0
[INFO] finished tweaking crates.io crate tui-kit 0.3.0
[INFO] tweaked toml for crates.io crate tui-kit 0.3.0 written to /workspace/builds/worker-0-tc2/source/Cargo.toml
[INFO] validating manifest of crates.io crate tui-kit 0.3.0 on toolchain 1.100.0-beta.1
[INFO] running `Command { std: CARGO_HOME="/workspace/cargo-home" RUSTUP_HOME="/workspace/rustup-home" "/workspace/cargo-home/bin/cargo" "+1.100.0-beta.1" "metadata" "--manifest-path" "Cargo.toml" "--no-deps", kill_on_drop: false }`
[INFO] crate crates.io crate tui-kit 0.3.0 already has a lockfile, it will not be regenerated
[INFO] running `Command { std: CARGO_HOME="/workspace/cargo-home" RUSTUP_HOME="/workspace/rustup-home" "/workspace/cargo-home/bin/cargo" "+1.100.0-beta.1" "fetch" "--manifest-path" "Cargo.toml", kill_on_drop: false }`
[INFO] [stderr] warning: `package.homepage` is redundant with `package.repository`
[INFO] [stderr]   --> Cargo.toml:24:12
[INFO] [stderr]    |
[INFO] [stderr] 24 | homepage = "https://github.com/osmo-systems/tui-kit"
[INFO] [stderr]    |            ^^^^^^^^^^^^^^^^^^^^^^^^^^^^^^^^^^^^^^^^^
[INFO] [stderr] ...
[INFO] [stderr] 29 | repository = "https://github.com/osmo-systems/tui-kit"
[INFO] [stderr]    |              -----------------------------------------
[INFO] [stderr]    |
[INFO] [stderr]    = note: `cargo::redundant_homepage` is set to `warn` by default
[INFO] [stderr] help: consider removing `package.homepage`
[INFO] [stderr] warning: `tui-kit` (manifest) generated 1 warning
[INFO] running `Command { std: "docker" "create" "-v" "/var/lib/crater-agent-workspace/builds/worker-0-tc2/source:/opt/rustwide/workdir:ro,Z" "-v" "/var/lib/crater-agent-workspace/builds/worker-0-tc2/target:/opt/rustwide/target:rw,Z" "-v" "/var/lib/crater-agent-workspace/cargo-home:/opt/rustwide/cargo-home:ro,Z" "-v" "/var/lib/crater-agent-workspace/rustup-home:/opt/rustwide/rustup-home:ro,Z" "-m" "1610612736" "--network" "none" "ghcr.io/rust-lang/crates-build-env/linux@sha256:3111399a4047eeb3a02b7a90e478d715f38a8c6669b5c4b49d30a17385265909" "sleep" "infinity", kill_on_drop: false }`
[INFO] [stdout] e7f957b3bb8757293f32314098f59268b1e3f2507bb8f6998ca965cbd6344d00
[INFO] running `Command { std: "docker" "start" "e7f957b3bb8757293f32314098f59268b1e3f2507bb8f6998ca965cbd6344d00", kill_on_drop: false }`
[INFO] running `Command { std: "docker" "inspect" "e7f957b3bb8757293f32314098f59268b1e3f2507bb8f6998ca965cbd6344d00", kill_on_drop: false }`
[INFO] running `Command { std: "docker" "exec" "-e" "SOURCE_DIR=/opt/rustwide/workdir" "-e" "CARGO_HOME=/opt/rustwide/cargo-home" "-e" "RUSTUP_HOME=/opt/rustwide/rustup-home" "-e" "CARGO_TARGET_DIR=/opt/rustwide/target" "-w" "/opt/rustwide/workdir" "--user" "0:0" "e7f957b3bb8757293f32314098f59268b1e3f2507bb8f6998ca965cbd6344d00" "/opt/rustwide/cargo-home/bin/cargo" "+1.100.0-beta.1" "metadata" "--no-deps" "--format-version=1", kill_on_drop: false }`
[INFO] running `Command { std: "docker" "inspect" "e7f957b3bb8757293f32314098f59268b1e3f2507bb8f6998ca965cbd6344d00", kill_on_drop: false }`
[INFO] running `Command { std: "docker" "exec" "-e" "SOURCE_DIR=/opt/rustwide/workdir" "-e" "CARGO_HOME=/opt/rustwide/cargo-home" "-e" "RUSTUP_HOME=/opt/rustwide/rustup-home" "-e" "CARGO_TARGET_DIR=/opt/rustwide/target" "-e" "CARGO_INCREMENTAL=0" "-e" "RUST_BACKTRACE=full" "-e" "RUSTFLAGS=--cap-lints=warn" "-e" "RUSTDOCFLAGS=--cap-lints=warn" "-w" "/opt/rustwide/workdir" "--user" "0:0" "e7f957b3bb8757293f32314098f59268b1e3f2507bb8f6998ca965cbd6344d00" "/opt/rustwide/cargo-home/bin/cargo" "+1.100.0-beta.1" "build" "--frozen" "--message-format=json", kill_on_drop: false }`
[INFO] [stderr] warning: `package.homepage` is redundant with `package.repository`
[INFO] [stderr]   --> Cargo.toml:24:12
[INFO] [stderr]    |
[INFO] [stderr] 24 | homepage = "https://github.com/osmo-systems/tui-kit"
[INFO] [stderr]    |            ^^^^^^^^^^^^^^^^^^^^^^^^^^^^^^^^^^^^^^^^^
[INFO] [stderr] ...
[INFO] [stderr] 29 | repository = "https://github.com/osmo-systems/tui-kit"
[INFO] [stderr]    |              -----------------------------------------
[INFO] [stderr]    |
[INFO] [stderr]    = note: `cargo::redundant_homepage` is set to `warn` by default
[INFO] [stderr] help: consider removing `package.homepage`
[INFO] [stderr] warning: `tui-kit` (manifest) generated 1 warning
[INFO] [stderr]    Compiling libc v0.2.183
[INFO] [stderr]    Compiling proc-macro2 v1.0.106
[INFO] [stderr]    Compiling unicode-ident v1.0.24
[INFO] [stderr]    Compiling quote v1.0.45
[INFO] [stderr]    Compiling rustversion v1.0.22
[INFO] [stderr]    Compiling signal-hook v0.3.18
[INFO] [stderr]    Compiling strsim v0.11.1
[INFO] [stderr]    Compiling ident_case v1.0.1
[INFO] [stderr]    Compiling cfg-if v1.0.4
[INFO] [stderr]    Compiling parking_lot_core v0.9.12
[INFO] [stderr]    Compiling scopeguard v1.2.0
[INFO] [stderr]    Compiling log v0.4.29
[INFO] [stderr]    Compiling rustix v0.38.44
[INFO] [stderr]    Compiling smallvec v1.15.1
[INFO] [stderr]    Compiling lock_api v0.4.14
[INFO] [stderr]    Compiling bitflags v2.11.0
[INFO] [stderr]    Compiling foldhash v0.1.5
[INFO] [stderr]    Compiling allocator-api2 v0.2.21
[INFO] [stderr]    Compiling either v1.15.0
[INFO] [stderr]    Compiling paste v1.0.15
[INFO] [stderr]    Compiling linux-raw-sys v0.4.15
[INFO] [stderr]    Compiling instability v0.3.11
[INFO] [stderr]    Compiling equivalent v1.0.2
[INFO] [stderr]    Compiling heck v0.5.0
[INFO] [stderr]    Compiling itertools v0.13.0
[INFO] [stderr]    Compiling unicode-width v0.1.14
[INFO] [stderr]    Compiling unicode-segmentation v1.12.0
[INFO] [stderr]    Compiling castaway v0.2.4
[INFO] [stderr]    Compiling hashbrown v0.15.5
[INFO] [stderr]    Compiling ryu v1.0.23
[INFO] [stderr]    Compiling itoa v1.0.17
[INFO] [stderr]    Compiling syn v2.0.117
[INFO] [stderr]    Compiling indoc v2.0.7
[INFO] [stderr]    Compiling static_assertions v1.1.0
[INFO] [stderr]    Compiling compact_str v0.8.1
[INFO] [stderr]    Compiling errno v0.3.14
[INFO] [stderr]    Compiling signal-hook-registry v1.4.8
[INFO] [stderr]    Compiling mio v1.1.1
[INFO] [stderr]    Compiling parking_lot v0.12.5
[INFO] [stderr]    Compiling lru v0.12.5
[INFO] [stderr]    Compiling cassowary v0.3.0
[INFO] [stderr]    Compiling signal-hook-mio v0.2.5
[INFO] [stderr]    Compiling crossterm v0.28.1
[INFO] [stderr]    Compiling unicode-truncate v1.1.0
[INFO] [stderr]    Compiling darling_core v0.23.0
[INFO] [stderr]    Compiling strum_macros v0.26.4
[INFO] [stderr]    Compiling strum v0.26.3
[INFO] [stderr]    Compiling darling_macro v0.23.0
[INFO] [stderr]    Compiling darling v0.23.0
[INFO] [stderr]    Compiling ratatui v0.28.1
[INFO] [stderr]    Compiling tui-kit v0.3.0 (/opt/rustwide/workdir)
[INFO] [stderr]     Finished `dev` profile [unoptimized + debuginfo] target(s) in 29.77s
[INFO] running `Command { std: "docker" "inspect" "e7f957b3bb8757293f32314098f59268b1e3f2507bb8f6998ca965cbd6344d00", kill_on_drop: false }`
[INFO] running `Command { std: "docker" "exec" "-e" "SOURCE_DIR=/opt/rustwide/workdir" "-e" "CARGO_HOME=/opt/rustwide/cargo-home" "-e" "RUSTUP_HOME=/opt/rustwide/rustup-home" "-e" "CARGO_TARGET_DIR=/opt/rustwide/target" "-e" "CARGO_INCREMENTAL=0" "-e" "RUST_BACKTRACE=full" "-e" "RUSTFLAGS=--cap-lints=warn" "-e" "RUSTDOCFLAGS=--cap-lints=warn" "-w" "/opt/rustwide/workdir" "--user" "0:0" "e7f957b3bb8757293f32314098f59268b1e3f2507bb8f6998ca965cbd6344d00" "/opt/rustwide/cargo-home/bin/cargo" "+1.100.0-beta.1" "test" "--frozen" "--no-run" "--message-format=json", kill_on_drop: false }`
[INFO] [stderr] warning: `package.homepage` is redundant with `package.repository`
[INFO] [stderr]   --> Cargo.toml:24:12
[INFO] [stderr]    |
[INFO] [stderr] 24 | homepage = "https://github.com/osmo-systems/tui-kit"
[INFO] [stderr]    |            ^^^^^^^^^^^^^^^^^^^^^^^^^^^^^^^^^^^^^^^^^
[INFO] [stderr] ...
[INFO] [stderr] 29 | repository = "https://github.com/osmo-systems/tui-kit"
[INFO] [stderr]    |              -----------------------------------------
[INFO] [stderr]    |
[INFO] [stderr]    = note: `cargo::redundant_homepage` is set to `warn` by default
[INFO] [stderr] help: consider removing `package.homepage`
[INFO] [stderr] warning: `tui-kit` (manifest) generated 1 warning
[INFO] [stderr]    Compiling tui-kit v0.3.0 (/opt/rustwide/workdir)
[INFO] [stderr]     Finished `test` profile [unoptimized + debuginfo] target(s) in 1.05s
[INFO] running `Command { std: "docker" "inspect" "e7f957b3bb8757293f32314098f59268b1e3f2507bb8f6998ca965cbd6344d00", kill_on_drop: false }`
[INFO] running `Command { std: "docker" "exec" "-e" "SOURCE_DIR=/opt/rustwide/workdir" "-e" "CARGO_HOME=/opt/rustwide/cargo-home" "-e" "RUSTUP_HOME=/opt/rustwide/rustup-home" "-e" "CARGO_TARGET_DIR=/opt/rustwide/target" "-e" "CARGO_INCREMENTAL=0" "-e" "RUST_BACKTRACE=full" "-e" "RUSTFLAGS=--cap-lints=warn" "-e" "RUSTDOCFLAGS=--cap-lints=warn" "-w" "/opt/rustwide/workdir" "--user" "0:0" "e7f957b3bb8757293f32314098f59268b1e3f2507bb8f6998ca965cbd6344d00" "/opt/rustwide/cargo-home/bin/cargo" "+1.100.0-beta.1" "test" "--frozen", kill_on_drop: false }`
[INFO] [stderr] warning: `package.homepage` is redundant with `package.repository`
[INFO] [stderr]   --> Cargo.toml:24:12
[INFO] [stderr]    |
[INFO] [stderr] 24 | homepage = "https://github.com/osmo-systems/tui-kit"
[INFO] [stderr]    |            ^^^^^^^^^^^^^^^^^^^^^^^^^^^^^^^^^^^^^^^^^
[INFO] [stderr] ...
[INFO] [stderr] 29 | repository = "https://github.com/osmo-systems/tui-kit"
[INFO] [stderr]    |              -----------------------------------------
[INFO] [stderr]    |
[INFO] [stderr]    = note: `cargo::redundant_homepage` is set to `warn` by default
[INFO] [stderr] help: consider removing `package.homepage`
[INFO] [stderr] warning: `tui-kit` (manifest) generated 1 warning
[INFO] [stderr]     Finished `test` profile [unoptimized + debuginfo] target(s) in 0.08s
[INFO] [stderr]      Running unittests src/lib.rs (/opt/rustwide/target/debug/build/tui-kit/f7d84af91f6e6200/out/tui_kit-f7d84af91f6e6200)
[INFO] [stdout] 
[INFO] [stdout] running 11 tests
[INFO] [stdout] test form::tests::bool_toggles_with_left_right ... ok
[INFO] [stdout] test form::tests::enter_on_middle_advances ... ok
[INFO] [stdout] test form::tests::enter_on_last_submits ... ok
[INFO] [stdout] test form::tests::hidden_rows_skipped_by_navigation ... ok
[INFO] [stdout] test form::tests::wrap_chars_respects_width_and_hard_breaks ... ok
[INFO] [stdout] test form::tests::enum_cycles_with_arrows ... ok
[INFO] [stdout] test form::tests::error_lines_align_under_indent ... ok
[INFO] [stdout] test form::tests::esc_cancels ... ok
[INFO] [stderr]    Doc-tests tui_kit
[INFO] [stdout] test form::tests::tab_moves_forward_and_touches_previous ... ok
[INFO] [stdout] test form::tests::text_insertion_tracks_cursor ... ok
[INFO] [stdout] test form::tests::backtab_moves_back ... ok
[INFO] [stdout] 
[INFO] [stdout] test result: ok. 11 passed; 0 failed; 0 ignored; 0 measured; 0 filtered out; finished in 0.02s
[INFO] [stdout] 
[INFO] [stdout] 
[INFO] [stdout] running 16 tests
[INFO] [stdout] test src/block.rs - block::focusable_block (line 48) ... ignored
[INFO] [stdout] test src/block.rs - block::render_scrollbar (line 73) ... ignored
[INFO] [stdout] test src/mouse.rs - mouse::list_item_at (line 69) ... FAILED
[INFO] [stdout] test src/footer.rs - footer (line 28) ... FAILED
[INFO] [stdout] test src/picker.rs - picker (line 19) ... ignored
[INFO] [stdout] test src/popup.rs - popup::centered_popup (line 14) ... ignored
[INFO] [stdout] test src/tabs.rs - tabs::tab_line (line 16) ... ignored
[INFO] [stdout] test src/footer.rs - footer (line 15) ... FAILED
[INFO] [stdout] test src/tree.rs - tree (line 20) ... ignored
[INFO] [stdout] test src/footer.rs - footer (line 46) ... FAILED
[INFO] [stdout] test src/lib.rs - (line 38) ... FAILED
[INFO] [stdout] test src/mouse.rs - mouse (line 35) ... FAILED
[INFO] [stdout] test src/mouse.rs - mouse (line 7) ... FAILED
[INFO] [stdout] test src/mouse.rs - mouse (line 19) ... FAILED
[INFO] [stdout] test src/mouse.rs - mouse::paragraph_line_at (line 94) ... FAILED
[INFO] [stdout] test src/theme.rs - theme::Theme (line 15) ... FAILED
[INFO] [stdout] 
[INFO] [stdout] failures:
[INFO] [stdout] 
[INFO] [stdout] ---- src/mouse.rs - mouse::list_item_at (line 69) stdout ----
[INFO] [stdout] error[E0425]: cannot find value `app` in this scope
[INFO] [stdout]   --> src/mouse.rs:70:33
[INFO] [stdout]    |
[INFO] [stdout] 70 | if let Some(idx) = list_item_at(app.panel_areas[0], app.list_state.offset(), m.row) {
[INFO] [stdout]    |                                 ^^^ not found in this scope
[INFO] [stdout] 
[INFO] [stdout] error[E0425]: cannot find value `app` in this scope
[INFO] [stdout]   --> src/mouse.rs:70:53
[INFO] [stdout]    |
[INFO] [stdout] 70 | if let Some(idx) = list_item_at(app.panel_areas[0], app.list_state.offset(), m.row) {
[INFO] [stdout]    |                                                     ^^^ not found in this scope
[INFO] [stdout] 
[INFO] [stdout] error[E0425]: cannot find value `m` in this scope
[INFO] [stdout]   --> src/mouse.rs:70:78
[INFO] [stdout]    |
[INFO] [stdout] 70 | if let Some(idx) = list_item_at(app.panel_areas[0], app.list_state.offset(), m.row) {
[INFO] [stdout]    |                                                                              ^ not found in this scope
[INFO] [stdout] 
[INFO] [stdout] error[E0425]: cannot find value `app` in this scope
[INFO] [stdout]   --> src/mouse.rs:71:14
[INFO] [stdout]    |
[INFO] [stdout] 71 |     if idx < app.items.len() {
[INFO] [stdout]    |              ^^^ not found in this scope
[INFO] [stdout] 
[INFO] [stdout] error[E0425]: cannot find value `app` in this scope
[INFO] [stdout]   --> src/mouse.rs:72:9
[INFO] [stdout]    |
[INFO] [stdout] 72 |         app.list_state.selected = idx;
[INFO] [stdout]    |         ^^^ not found in this scope
[INFO] [stdout] 
[INFO] [stdout] error[E0425]: cannot find function `list_item_at` in this scope
[INFO] [stdout]   --> src/mouse.rs:70:20
[INFO] [stdout]    |
[INFO] [stdout] 70 | if let Some(idx) = list_item_at(app.panel_areas[0], app.list_state.offset(), m.row) {
[INFO] [stdout]    |                    ^^^^^^^^^^^^ not found in this scope
[INFO] [stdout] 
[INFO] [stdout] error: aborting due to 6 previous errors
[INFO] [stdout] 
[INFO] [stdout] For more information about this error, try `rustc --explain E0425`.
[INFO] [stdout] Couldn't compile the test.
[INFO] [stdout] ---- src/footer.rs - footer (line 28) stdout ----
[INFO] [stdout] error[E0425]: cannot find value `popup_open` in this scope
[INFO] [stdout]   --> src/footer.rs:30:4
[INFO] [stdout]    |
[INFO] [stdout] 30 | if popup_open {
[INFO] [stdout]    |    ^^^^^^^^^^ not found in this scope
[INFO] [stdout] 
[INFO] [stdout] error[E0425]: cannot find value `f` in this scope
[INFO] [stdout]   --> src/footer.rs:38:15
[INFO] [stdout]    |
[INFO] [stdout] 38 | render_footer(f, footer_area, &pairs, &theme);
[INFO] [stdout]    |               ^ not found in this scope
[INFO] [stdout] 
[INFO] [stdout] error[E0425]: cannot find value `footer_area` in this scope
[INFO] [stdout]   --> src/footer.rs:38:18
[INFO] [stdout]    |
[INFO] [stdout] 38 | render_footer(f, footer_area, &pairs, &theme);
[INFO] [stdout]    |                  ^^^^^^^^^^^ not found in this scope
[INFO] [stdout] 
[INFO] [stdout] error[E0425]: cannot find value `theme` in this scope
[INFO] [stdout]   --> src/footer.rs:38:40
[INFO] [stdout]    |
[INFO] [stdout] 38 | render_footer(f, footer_area, &pairs, &theme);
[INFO] [stdout]    |                                        ^^^^^ not found in this scope
[INFO] [stdout] 
[INFO] [stdout] error[E0425]: cannot find function `render_footer` in this scope
[INFO] [stdout]   --> src/footer.rs:38:1
[INFO] [stdout]    |
[INFO] [stdout] 38 | render_footer(f, footer_area, &pairs, &theme);
[INFO] [stdout]    | ^^^^^^^^^^^^^ not found in this scope
[INFO] [stdout] 
[INFO] [stdout] error: aborting due to 5 previous errors
[INFO] [stdout] 
[INFO] [stdout] For more information about this error, try `rustc --explain E0425`.
[INFO] [stdout] Couldn't compile the test.
[INFO] [stdout] ---- src/footer.rs - footer (line 15) stdout ----
[INFO] [stdout] error[E0425]: cannot find value `f` in this scope
[INFO] [stdout]   --> src/footer.rs:17:15
[INFO] [stdout]    |
[INFO] [stdout] 17 | render_footer(f, chunks[FOOTER], &[
[INFO] [stdout]    |               ^ not found in this scope
[INFO] [stdout] 
[INFO] [stdout] error[E0425]: cannot find value `chunks` in this scope
[INFO] [stdout]   --> src/footer.rs:17:18
[INFO] [stdout]    |
[INFO] [stdout] 17 | render_footer(f, chunks[FOOTER], &[
[INFO] [stdout]    |                  ^^^^^^ not found in this scope
[INFO] [stdout] 
[INFO] [stdout] error[E0425]: cannot find value `FOOTER` in this scope
[INFO] [stdout]   --> src/footer.rs:17:25
[INFO] [stdout]    |
[INFO] [stdout] 17 | render_footer(f, chunks[FOOTER], &[
[INFO] [stdout]    |                         ^^^^^^ not found in this scope
[INFO] [stdout] 
[INFO] [stdout] error[E0425]: cannot find value `theme` in this scope
[INFO] [stdout]   --> src/footer.rs:22:5
[INFO] [stdout]    |
[INFO] [stdout] 22 | ], &theme);
[INFO] [stdout]    |     ^^^^^ not found in this scope
[INFO] [stdout] 
[INFO] [stdout] error[E0425]: cannot find function `render_footer` in this scope
[INFO] [stdout]   --> src/footer.rs:17:1
[INFO] [stdout]    |
[INFO] [stdout] 17 | render_footer(f, chunks[FOOTER], &[
[INFO] [stdout]    | ^^^^^^^^^^^^^ not found in this scope
[INFO] [stdout] 
[INFO] [stdout] error: aborting due to 5 previous errors
[INFO] [stdout] 
[INFO] [stdout] For more information about this error, try `rustc --explain E0425`.
[INFO] [stdout] Couldn't compile the test.
[INFO] [stdout] ---- src/footer.rs - footer (line 46) stdout ----
[INFO] [stdout] error[E0425]: cannot find value `f` in this scope
[INFO] [stdout]   --> src/footer.rs:47:24
[INFO] [stdout]    |
[INFO] [stdout] 47 | render_footer_with_app(f, chunks[FOOTER], &pairs, "myapp", "1.0.0", &theme);
[INFO] [stdout]    |                        ^ not found in this scope
[INFO] [stdout] 
[INFO] [stdout] error[E0425]: cannot find value `chunks` in this scope
[INFO] [stdout]   --> src/footer.rs:47:27
[INFO] [stdout]    |
[INFO] [stdout] 47 | render_footer_with_app(f, chunks[FOOTER], &pairs, "myapp", "1.0.0", &theme);
[INFO] [stdout]    |                           ^^^^^^ not found in this scope
[INFO] [stdout] 
[INFO] [stdout] error[E0425]: cannot find value `FOOTER` in this scope
[INFO] [stdout]   --> src/footer.rs:47:34
[INFO] [stdout]    |
[INFO] [stdout] 47 | render_footer_with_app(f, chunks[FOOTER], &pairs, "myapp", "1.0.0", &theme);
[INFO] [stdout]    |                                  ^^^^^^ not found in this scope
[INFO] [stdout] 
[INFO] [stdout] error[E0425]: cannot find value `pairs` in this scope
[INFO] [stdout]   --> src/footer.rs:47:44
[INFO] [stdout]    |
[INFO] [stdout] 47 | render_footer_with_app(f, chunks[FOOTER], &pairs, "myapp", "1.0.0", &theme);
[INFO] [stdout]    |                                            ^^^^^ not found in this scope
[INFO] [stdout] 
[INFO] [stdout] error[E0425]: cannot find value `theme` in this scope
[INFO] [stdout]   --> src/footer.rs:47:70
[INFO] [stdout]    |
[INFO] [stdout] 47 | render_footer_with_app(f, chunks[FOOTER], &pairs, "myapp", "1.0.0", &theme);
[INFO] [stdout]    |                                                                      ^^^^^ not found in this scope
[INFO] [stdout] 
[INFO] [stdout] error[E0425]: cannot find function `render_footer_with_app` in this scope
[INFO] [stdout]   --> src/footer.rs:47:1
[INFO] [stdout]    |
[INFO] [stdout] 47 | render_footer_with_app(f, chunks[FOOTER], &pairs, "myapp", "1.0.0", &theme);
[INFO] [stdout]    | ^^^^^^^^^^^^^^^^^^^^^^ not found in this scope
[INFO] [stdout] 
[INFO] [stdout] error: aborting due to 6 previous errors
[INFO] [stdout] 
[INFO] [stdout] For more information about this error, try `rustc --explain E0425`.
[INFO] [stdout] Couldn't compile the test.
[INFO] [stdout] ---- src/lib.rs - (line 38) stdout ----
[INFO] [stdout] error[E0425]: cannot find value `some_popup_open` in this scope
[INFO] [stdout]   --> src/lib.rs:40:4
[INFO] [stdout]    |
[INFO] [stdout] 40 | if some_popup_open {
[INFO] [stdout]    |    ^^^^^^^^^^^^^^^ not found in this scope
[INFO] [stdout] 
[INFO] [stdout] error[E0425]: cannot find value `f` in this scope
[INFO] [stdout]   --> src/lib.rs:48:15
[INFO] [stdout]    |
[INFO] [stdout] 48 | render_footer(f, footer_area, &pairs, &theme);
[INFO] [stdout]    |               ^ not found in this scope
[INFO] [stdout] 
[INFO] [stdout] error[E0425]: cannot find value `footer_area` in this scope
[INFO] [stdout]   --> src/lib.rs:48:18
[INFO] [stdout]    |
[INFO] [stdout] 48 | render_footer(f, footer_area, &pairs, &theme);
[INFO] [stdout]    |                  ^^^^^^^^^^^ not found in this scope
[INFO] [stdout] 
[INFO] [stdout] error[E0425]: cannot find value `theme` in this scope
[INFO] [stdout]   --> src/lib.rs:48:40
[INFO] [stdout]    |
[INFO] [stdout] 48 | render_footer(f, footer_area, &pairs, &theme);
[INFO] [stdout]    |                                        ^^^^^ not found in this scope
[INFO] [stdout] 
[INFO] [stdout] error[E0425]: cannot find function `render_footer` in this scope
[INFO] [stdout]   --> src/lib.rs:48:1
[INFO] [stdout]    |
[INFO] [stdout] 48 | render_footer(f, footer_area, &pairs, &theme);
[INFO] [stdout]    | ^^^^^^^^^^^^^ not found in this scope
[INFO] [stdout] 
[INFO] [stdout] error: aborting due to 5 previous errors
[INFO] [stdout] 
[INFO] [stdout] For more information about this error, try `rustc --explain E0425`.
[INFO] [stdout] Couldn't compile the test.
[INFO] [stdout] ---- src/mouse.rs - mouse (line 35) stdout ----
[INFO] [stdout] error[E0425]: cannot find value `app` in this scope
[INFO] [stdout]   --> src/mouse.rs:37:1
[INFO] [stdout]    |
[INFO] [stdout] 37 | app.areas[Panel::List as usize] = Some(list_area);
[INFO] [stdout]    | ^^^ not found in this scope
[INFO] [stdout] 
[INFO] [stdout] error[E0425]: cannot find value `list_area` in this scope
[INFO] [stdout]   --> src/mouse.rs:37:40
[INFO] [stdout]    |
[INFO] [stdout] 37 | app.areas[Panel::List as usize] = Some(list_area);
[INFO] [stdout]    |                                        ^^^^^^^^^ not found in this scope
[INFO] [stdout] 
[INFO] [stdout] error[E0425]: cannot find value `app` in this scope
[INFO] [stdout]   --> src/mouse.rs:40:18
[INFO] [stdout]    |
[INFO] [stdout] 40 | for (i, area) in app.areas.iter().enumerate() {
[INFO] [stdout]    |                  ^^^ not found in this scope
[INFO] [stdout] 
[INFO] [stdout] error[E0425]: cannot find value `col` in this scope
[INFO] [stdout]   --> src/mouse.rs:42:26
[INFO] [stdout]    |
[INFO] [stdout] 42 |         if mouse_hit(*a, col, row) {
[INFO] [stdout]    |                          ^^^ not found in this scope
[INFO] [stdout] 
[INFO] [stdout] error[E0425]: cannot find value `row` in this scope
[INFO] [stdout]   --> src/mouse.rs:42:31
[INFO] [stdout]    |
[INFO] [stdout] 42 |         if mouse_hit(*a, col, row) {
[INFO] [stdout]    |                               ^^^ not found in this scope
[INFO] [stdout] 
[INFO] [stdout] error[E0425]: cannot find value `app` in this scope
[INFO] [stdout]   --> src/mouse.rs:43:13
[INFO] [stdout]    |
[INFO] [stdout] 43 |             app.focus = Panel::from(i);
[INFO] [stdout]    |             ^^^ not found in this scope
[INFO] [stdout] 
[INFO] [stdout] error[E0433]: cannot find type `Panel` in this scope
[INFO] [stdout]   --> src/mouse.rs:37:11
[INFO] [stdout]    |
[INFO] [stdout] 37 | app.areas[Panel::List as usize] = Some(list_area);
[INFO] [stdout]    |           ^^^^^ use of undeclared type `Panel`
[INFO] [stdout] 
[INFO] [stdout] error[E0425]: cannot find function `mouse_hit` in this scope
[INFO] [stdout]   --> src/mouse.rs:42:12
[INFO] [stdout]    |
[INFO] [stdout] 42 |         if mouse_hit(*a, col, row) {
[INFO] [stdout]    |            ^^^^^^^^^ not found in this scope
[INFO] [stdout] 
[INFO] [stdout] error[E0433]: cannot find type `Panel` in this scope
[INFO] [stdout]   --> src/mouse.rs:43:25
[INFO] [stdout]    |
[INFO] [stdout] 43 |             app.focus = Panel::from(i);
[INFO] [stdout]    |                         ^^^^^ use of undeclared type `Panel`
[INFO] [stdout] 
[INFO] [stdout] error: aborting due to 9 previous errors
[INFO] [stdout] 
[INFO] [stdout] Some errors have detailed explanations: E0425, E0433.
[INFO] [stdout] For more information about an error, try `rustc --explain E0425`.
[INFO] [stdout] Couldn't compile the test.
[INFO] [stdout] ---- src/mouse.rs - mouse (line 7) stdout ----
[INFO] [stdout] error[E0425]: cannot find value `stdout` in this scope
[INFO] [stdout]   --> src/mouse.rs:11:10
[INFO] [stdout]    |
[INFO] [stdout] 11 | execute!(stdout, EnterAlternateScreen, EnableMouseCapture)?;
[INFO] [stdout]    |          ^^^^^^ not found in this scope
[INFO] [stdout]    |
[INFO] [stdout] help: consider importing this function
[INFO] [stdout]    |
[INFO] [stdout]  7 + use std::io::stdout;
[INFO] [stdout]    |
[INFO] [stdout] 
[INFO] [stdout] error[E0425]: cannot find value `EnterAlternateScreen` in this scope
[INFO] [stdout]   --> src/mouse.rs:11:18
[INFO] [stdout]    |
[INFO] [stdout] 11 | execute!(stdout, EnterAlternateScreen, EnableMouseCapture)?;
[INFO] [stdout]    |                  ^^^^^^^^^^^^^^^^^^^^ not found in this scope
[INFO] [stdout] 
[INFO] [stdout] error[E0425]: cannot find value `terminal` in this scope
[INFO] [stdout]   --> src/mouse.rs:14:10
[INFO] [stdout]    |
[INFO] [stdout] 14 | execute!(terminal.backend_mut(), LeaveAlternateScreen, DisableMouseCapture)?;
[INFO] [stdout]    |          ^^^^^^^^ not found in this scope
[INFO] [stdout] 
[INFO] [stdout] error[E0425]: cannot find value `LeaveAlternateScreen` in this scope
[INFO] [stdout]   --> src/mouse.rs:14:34
[INFO] [stdout]    |
[INFO] [stdout] 14 | execute!(terminal.backend_mut(), LeaveAlternateScreen, DisableMouseCapture)?;
[INFO] [stdout]    |                                  ^^^^^^^^^^^^^^^^^^^^ not found in this scope
[INFO] [stdout] 
[INFO] [stdout] error: aborting due to 4 previous errors
[INFO] [stdout] 
[INFO] [stdout] For more information about this error, try `rustc --explain E0425`.
[INFO] [stdout] Couldn't compile the test.
[INFO] [stdout] ---- src/mouse.rs - mouse (line 19) stdout ----
[INFO] [stdout] error[E0425]: cannot find value `app` in this scope
[INFO] [stdout]   --> src/mouse.rs:26:9
[INFO] [stdout]    |
[INFO] [stdout] 26 |         app.handle_mouse(m.column, m.row);
[INFO] [stdout]    |         ^^^ not found in this scope
[INFO] [stdout] 
[INFO] [stdout] error[E0433]: cannot find module or crate `event` in this scope
[INFO] [stdout]   --> src/mouse.rs:24:26
[INFO] [stdout]    |
[INFO] [stdout] 24 | if let Event::Mouse(m) = event::read()? {
[INFO] [stdout]    |                          ^^^^^ use of unresolved module or unlinked crate `event`
[INFO] [stdout]    |
[INFO] [stdout]    = help: if you wanted to use a crate named `event`, use `cargo add event` to add it to your `Cargo.toml`
[INFO] [stdout] help: an enum with a similar name exists
[INFO] [stdout]    |
[INFO] [stdout] 24 - if let Event::Mouse(m) = event::read()? {
[INFO] [stdout] 24 + if let Event::Mouse(m) = Event::read()? {
[INFO] [stdout]    |
[INFO] [stdout] 
[INFO] [stdout] error: aborting due to 2 previous errors
[INFO] [stdout] 
[INFO] [stdout] Some errors have detailed explanations: E0425, E0433.
[INFO] [stdout] For more information about an error, try `rustc --explain E0425`.
[INFO] [stdout] Couldn't compile the test.
[INFO] [stdout] ---- src/mouse.rs - mouse::paragraph_line_at (line 94) stdout ----
[INFO] [stdout] error[E0425]: cannot find value `area` in this scope
[INFO] [stdout]   --> src/mouse.rs:95:39
[INFO] [stdout]    |
[INFO] [stdout] 95 | if let Some(line) = paragraph_line_at(area, app.desc_scroll as usize, m.row) {
[INFO] [stdout]    |                                       ^^^^ not found in this scope
[INFO] [stdout] 
[INFO] [stdout] error[E0425]: cannot find value `app` in this scope
[INFO] [stdout]   --> src/mouse.rs:95:45
[INFO] [stdout]    |
[INFO] [stdout] 95 | if let Some(line) = paragraph_line_at(area, app.desc_scroll as usize, m.row) {
[INFO] [stdout]    |                                             ^^^ not found in this scope
[INFO] [stdout] 
[INFO] [stdout] error[E0425]: cannot find value `m` in this scope
[INFO] [stdout]   --> src/mouse.rs:95:71
[INFO] [stdout]    |
[INFO] [stdout] 95 | if let Some(line) = paragraph_line_at(area, app.desc_scroll as usize, m.row) {
[INFO] [stdout]    |                                                                       ^ not found in this scope
[INFO] [stdout] 
[INFO] [stdout] error[E0425]: cannot find value `app` in this scope
[INFO] [stdout]   --> src/mouse.rs:96:22
[INFO] [stdout]    |
[INFO] [stdout] 96 |     if let Some(i) = app.desc_link_lines.iter().position(|&l| l as usize == line) {
[INFO] [stdout]    |                      ^^^ not found in this scope
[INFO] [stdout] 
[INFO] [stdout] error[E0425]: cannot find value `app` in this scope
[INFO] [stdout]   --> src/mouse.rs:97:9
[INFO] [stdout]    |
[INFO] [stdout] 97 |         app.selected_desc_link = i;
[INFO] [stdout]    |         ^^^ not found in this scope
[INFO] [stdout] 
[INFO] [stdout] error[E0425]: cannot find function `paragraph_line_at` in this scope
[INFO] [stdout]   --> src/mouse.rs:95:21
[INFO] [stdout]    |
[INFO] [stdout] 95 | if let Some(line) = paragraph_line_at(area, app.desc_scroll as usize, m.row) {
[INFO] [stdout]    |                     ^^^^^^^^^^^^^^^^^ not found in this scope
[INFO] [stdout] 
[INFO] [stdout] error: aborting due to 6 previous errors
[INFO] [stdout] 
[INFO] [stdout] For more information about this error, try `rustc --explain E0425`.
[INFO] [stdout] Couldn't compile the test.
[INFO] [stdout] ---- src/theme.rs - theme::Theme (line 15) stdout ----
[INFO] [stdout] error[E0425]: cannot find type `Theme` in this scope
[INFO] [stdout]   --> src/theme.rs:17:15
[INFO] [stdout]    |
[INFO] [stdout] 17 |     pub base: Theme,            // passed to all tui-kit calls
[INFO] [stdout]    |               ^^^^^ not found in this scope
[INFO] [stdout] 
[INFO] [stdout] error[E0425]: cannot find type `Style` in this scope
[INFO] [stdout]   --> src/theme.rs:18:22
[INFO] [stdout]    |
[INFO] [stdout] 18 |     pub my_semantic: Style,     // app-specific roles
[INFO] [stdout]    |                      ^^^^^ not found in this scope
[INFO] [stdout] 
[INFO] [stdout] error[E0433]: cannot find type `Theme` in this scope
[INFO] [stdout]   --> src/theme.rs:24:19
[INFO] [stdout]    |
[INFO] [stdout] 24 |             base: Theme::native(),
[INFO] [stdout]    |                   ^^^^^ use of undeclared type `Theme`
[INFO] [stdout] 
[INFO] [stdout] error[E0433]: cannot find type `Style` in this scope
[INFO] [stdout]   --> src/theme.rs:25:26
[INFO] [stdout]    |
[INFO] [stdout] 25 |             my_semantic: Style::default().fg(Color::LightGreen),
[INFO] [stdout]    |                          ^^^^^ use of undeclared type `Style`
[INFO] [stdout] 
[INFO] [stdout] error[E0433]: cannot find type `Color` in this scope
[INFO] [stdout]   --> src/theme.rs:25:46
[INFO] [stdout]    |
[INFO] [stdout] 25 |             my_semantic: Style::default().fg(Color::LightGreen),
[INFO] [stdout]    |                                              ^^^^^ use of undeclared type `Color`
[INFO] [stdout] 
[INFO] [stdout] error: aborting due to 5 previous errors
[INFO] [stdout] 
[INFO] [stdout] Some errors have detailed explanations: E0425, E0433.
[INFO] [stdout] For more information about an error, try `rustc --explain E0425`.
[INFO] [stdout] Couldn't compile the test.
[INFO] [stdout] 
[INFO] [stdout] failures:
[INFO] [stdout]     src/footer.rs - footer (line 15)
[INFO] [stdout]     src/footer.rs - footer (line 28)
[INFO] [stdout]     src/footer.rs - footer (line 46)
[INFO] [stdout]     src/lib.rs - (line 38)
[INFO] [stdout]     src/mouse.rs - mouse (line 19)
[INFO] [stdout]     src/mouse.rs - mouse (line 35)
[INFO] [stdout]     src/mouse.rs - mouse (line 7)
[INFO] [stdout]     src/mouse.rs - mouse::list_item_at (line 69)
[INFO] [stdout]     src/mouse.rs - mouse::paragraph_line_at (line 94)
[INFO] [stdout]     src/theme.rs - theme::Theme (line 15)
[INFO] [stdout] 
[INFO] [stdout] test result: FAILED. 0 passed; 10 failed; 6 ignored; 0 measured; 0 filtered out; finished in 0.46s
[INFO] [stdout] 
[INFO] [stderr] error: doctest failed, to rerun pass `--doc`
[INFO] running `Command { std: "docker" "inspect" "e7f957b3bb8757293f32314098f59268b1e3f2507bb8f6998ca965cbd6344d00", kill_on_drop: false }`
[INFO] running `Command { std: "docker" "rm" "-f" "e7f957b3bb8757293f32314098f59268b1e3f2507bb8f6998ca965cbd6344d00", kill_on_drop: false }`
[INFO] [stdout] e7f957b3bb8757293f32314098f59268b1e3f2507bb8f6998ca965cbd6344d00
