[INFO] fetching crate ttyskk 0.4.7...
[INFO] testing ttyskk-0.4.7 against 1.99.0-beta.8 for beta-1.100-2
[INFO] extracting crate ttyskk 0.4.7 into /workspace/builds/worker-3-tc1/source
[INFO] started tweaking crates.io crate ttyskk 0.4.7
[INFO] removed 0 missing tests
[INFO] finished tweaking crates.io crate ttyskk 0.4.7
[INFO] tweaked toml for crates.io crate ttyskk 0.4.7 written to /workspace/builds/worker-3-tc1/source/Cargo.toml
[INFO] validating manifest of crates.io crate ttyskk 0.4.7 on toolchain 1.99.0-beta.8
[INFO] running `Command { std: CARGO_HOME="/workspace/cargo-home" RUSTUP_HOME="/workspace/rustup-home" "/workspace/cargo-home/bin/cargo" "+1.99.0-beta.8" "metadata" "--manifest-path" "Cargo.toml" "--no-deps", kill_on_drop: false }`
[INFO] crate crates.io crate ttyskk 0.4.7 already has a lockfile, it will not be regenerated
[INFO] running `Command { std: CARGO_HOME="/workspace/cargo-home" RUSTUP_HOME="/workspace/rustup-home" "/workspace/cargo-home/bin/cargo" "+1.99.0-beta.8" "fetch" "--manifest-path" "Cargo.toml", kill_on_drop: false }`
[INFO] [stderr]     Blocking waiting for file lock on package cache
[INFO] [stderr]     Updating crates.io index
[INFO] [stderr]  Downloading crates ...
[INFO] [stderr]   Downloaded shell-words v1.1.1
[INFO] [stderr]   Downloaded winreg v0.10.1
[INFO] [stderr]   Downloaded portable-pty v0.9.0
[INFO] [stderr]   Downloaded shared_library v0.1.9
[INFO] [stderr]   Downloaded vte v0.15.0
[INFO] [stderr]   Downloaded cfg_aliases v0.1.1
[INFO] [stderr]   Downloaded serial2 v0.2.37
[INFO] [stderr]   Downloaded nix v0.28.0
[INFO] running `Command { std: "docker" "create" "-v" "/var/lib/crater-agent-workspace/builds/worker-3-tc1/source:/opt/rustwide/workdir:ro,Z" "-v" "/var/lib/crater-agent-workspace/builds/worker-3-tc1/target:/opt/rustwide/target:rw,Z" "-v" "/var/lib/crater-agent-workspace/cargo-home:/opt/rustwide/cargo-home:ro,Z" "-v" "/var/lib/crater-agent-workspace/rustup-home:/opt/rustwide/rustup-home:ro,Z" "-m" "1610612736" "--network" "none" "ghcr.io/rust-lang/crates-build-env/linux@sha256:3111399a4047eeb3a02b7a90e478d715f38a8c6669b5c4b49d30a17385265909" "sleep" "infinity", kill_on_drop: false }`
[INFO] [stdout] 412827e9c3fa9a758a9931bef3a7eb5d0f90bd3aae7438f4d48e2ef7c8e1250f
[INFO] running `Command { std: "docker" "start" "412827e9c3fa9a758a9931bef3a7eb5d0f90bd3aae7438f4d48e2ef7c8e1250f", kill_on_drop: false }`
[INFO] running `Command { std: "docker" "inspect" "412827e9c3fa9a758a9931bef3a7eb5d0f90bd3aae7438f4d48e2ef7c8e1250f", kill_on_drop: false }`
[INFO] running `Command { std: "docker" "exec" "-e" "SOURCE_DIR=/opt/rustwide/workdir" "-e" "CARGO_HOME=/opt/rustwide/cargo-home" "-e" "RUSTUP_HOME=/opt/rustwide/rustup-home" "-e" "CARGO_TARGET_DIR=/opt/rustwide/target" "-w" "/opt/rustwide/workdir" "--user" "0:0" "412827e9c3fa9a758a9931bef3a7eb5d0f90bd3aae7438f4d48e2ef7c8e1250f" "/opt/rustwide/cargo-home/bin/cargo" "+1.99.0-beta.8" "metadata" "--no-deps" "--format-version=1", kill_on_drop: false }`
[INFO] running `Command { std: "docker" "inspect" "412827e9c3fa9a758a9931bef3a7eb5d0f90bd3aae7438f4d48e2ef7c8e1250f", kill_on_drop: false }`
[INFO] running `Command { std: "docker" "exec" "-e" "SOURCE_DIR=/opt/rustwide/workdir" "-e" "CARGO_HOME=/opt/rustwide/cargo-home" "-e" "RUSTUP_HOME=/opt/rustwide/rustup-home" "-e" "CARGO_TARGET_DIR=/opt/rustwide/target" "-e" "CARGO_INCREMENTAL=0" "-e" "RUST_BACKTRACE=full" "-e" "RUSTFLAGS=--cap-lints=warn" "-e" "RUSTDOCFLAGS=--cap-lints=warn" "-w" "/opt/rustwide/workdir" "--user" "0:0" "412827e9c3fa9a758a9931bef3a7eb5d0f90bd3aae7438f4d48e2ef7c8e1250f" "/opt/rustwide/cargo-home/bin/cargo" "+1.99.0-beta.8" "build" "--frozen" "--message-format=json", kill_on_drop: false }`
[INFO] [stderr]    Compiling libc v0.2.189
[INFO] [stderr]    Compiling serde_core v1.0.229
[INFO] [stderr]    Compiling cfg_aliases v0.1.1
[INFO] [stderr]    Compiling cfg_aliases v0.2.2
[INFO] [stderr]    Compiling bitflags v2.13.1
[INFO] [stderr]    Compiling ttyskk v0.4.7 (/opt/rustwide/workdir)
[INFO] [stderr]    Compiling downcast-rs v1.2.1
[INFO] [stderr]    Compiling shell-words v1.1.1
[INFO] [stderr]    Compiling syn v2.0.119
[INFO] [stderr]    Compiling vte v0.15.0
[INFO] [stderr]    Compiling nix v0.28.0
[INFO] [stderr]    Compiling nix v0.31.3
[INFO] [stderr]    Compiling thiserror-impl v1.0.69
[INFO] [stderr]    Compiling errno v0.3.14
[INFO] [stderr]    Compiling serial2 v0.2.37
[INFO] [stderr]    Compiling signal-hook-registry v1.4.8
[INFO] [stderr]    Compiling signal-hook v0.4.4
[INFO] [stderr]    Compiling thiserror v1.0.69
[INFO] [stderr]    Compiling filedescriptor v0.8.3
[INFO] [stderr]    Compiling toml_datetime v1.1.1+spec-1.1.0
[INFO] [stderr]    Compiling serde_spanned v1.1.1
[INFO] [stderr]    Compiling serde_json v1.0.151
[INFO] [stderr]    Compiling toml v1.1.3+spec-1.1.0
[INFO] [stderr]    Compiling portable-pty v0.9.0
[INFO] [stderr]     Finished `dev` profile [unoptimized + debuginfo] target(s) in 11.96s
[INFO] running `Command { std: "docker" "inspect" "412827e9c3fa9a758a9931bef3a7eb5d0f90bd3aae7438f4d48e2ef7c8e1250f", kill_on_drop: false }`
[INFO] running `Command { std: "docker" "exec" "-e" "SOURCE_DIR=/opt/rustwide/workdir" "-e" "CARGO_HOME=/opt/rustwide/cargo-home" "-e" "RUSTUP_HOME=/opt/rustwide/rustup-home" "-e" "CARGO_TARGET_DIR=/opt/rustwide/target" "-e" "CARGO_INCREMENTAL=0" "-e" "RUST_BACKTRACE=full" "-e" "RUSTFLAGS=--cap-lints=warn" "-e" "RUSTDOCFLAGS=--cap-lints=warn" "-w" "/opt/rustwide/workdir" "--user" "0:0" "412827e9c3fa9a758a9931bef3a7eb5d0f90bd3aae7438f4d48e2ef7c8e1250f" "/opt/rustwide/cargo-home/bin/cargo" "+1.99.0-beta.8" "test" "--frozen" "--no-run" "--message-format=json", kill_on_drop: false }`
[INFO] [stderr]    Compiling aho-corasick v1.1.4
[INFO] [stderr]    Compiling regex-automata v0.4.16
[INFO] [stderr]    Compiling regex v1.13.1
[INFO] [stderr]    Compiling ttyskk v0.4.7 (/opt/rustwide/workdir)
[INFO] [stderr]     Finished `test` profile [unoptimized + debuginfo] target(s) in 13.47s
[INFO] running `Command { std: "docker" "inspect" "412827e9c3fa9a758a9931bef3a7eb5d0f90bd3aae7438f4d48e2ef7c8e1250f", kill_on_drop: false }`
[INFO] running `Command { std: "docker" "exec" "-e" "SOURCE_DIR=/opt/rustwide/workdir" "-e" "CARGO_HOME=/opt/rustwide/cargo-home" "-e" "RUSTUP_HOME=/opt/rustwide/rustup-home" "-e" "CARGO_TARGET_DIR=/opt/rustwide/target" "-e" "CARGO_INCREMENTAL=0" "-e" "RUST_BACKTRACE=full" "-e" "RUSTFLAGS=--cap-lints=warn" "-e" "RUSTDOCFLAGS=--cap-lints=warn" "-w" "/opt/rustwide/workdir" "--user" "0:0" "412827e9c3fa9a758a9931bef3a7eb5d0f90bd3aae7438f4d48e2ef7c8e1250f" "/opt/rustwide/cargo-home/bin/cargo" "+1.99.0-beta.8" "test" "--frozen", kill_on_drop: false }`
[INFO] [stderr]     Finished `test` profile [unoptimized + debuginfo] target(s) in 0.07s
[INFO] [stderr]      Running unittests src/lib.rs (/opt/rustwide/target/debug/deps/ttyskk-273edfb50d76dfef)
[INFO] [stdout] 
[INFO] [stdout] running 251 tests
[INFO] [stdout] test config::tests::bound_keys_lists_what_skk_uses ... ok
[INFO] [stdout] test config::tests::defaults_match_the_documented_bindings ... ok
[INFO] [stdout] test config::tests::ctrl_also_goes_on_the_symbols ... ok
[INFO] [stdout] test config::tests::arrow_names_cover_every_shape_the_terminal_may_send ... ok
[INFO] [stdout] test config::tests::parses_key_spellings ... ok
[INFO] [stdout] test config::tests::checking_rejects_what_reading_skips ... ok
[INFO] [stdout] test config::tests::key_list_folds_the_terminal_variants ... ok
[INFO] [stdout] test config::tests::cursor_keys_default_to_both_control_and_arrows ... ok
[INFO] [stdout] test config::tests::the_reload_key_is_unbound_until_asked_for ... ok
[INFO] [stdout] test config::tests::key_names_survive_a_round_trip ... ok
[INFO] [stdout] test context::tests::a_single_kanji_needs_the_whole_run ... ok
[INFO] [stdout] test config::tests::every_binding_can_be_set_from_the_config_file ... ok
[INFO] [stdout] test config::tests::overrides_only_what_is_written ... ok
[INFO] [stdout] test config::tests::named_sequences_are_escape_sequences ... ok
[INFO] [stdout] test config::tests::the_sticky_key_is_unbound_until_asked_for ... ok
[INFO] [stdout] test config::tests::empty_file_gives_the_defaults ... ok
[INFO] [stdout] test config::tests::every_binding_has_a_description ... ok
[INFO] [stdout] test config::tests::rejects_what_it_cannot_honour ... ok
[INFO] [stdout] test context::tests::a_distant_mention_still_counts ... ok
[INFO] [stdout] test context::tests::function_words_do_not_score ... ok
[INFO] [stdout] test context::tests::english_matches_only_whole_words ... ok
[INFO] [stdout] test context::tests::repeated_mentions_add_up ... ok
[INFO] [stdout] test context::tests::hints_are_taken_from_the_annotation ... ok
[INFO] [stdout] test context::tests::the_annotation_supplies_the_hints ... ok
[INFO] [stdout] test context::tests::an_unrelated_screen_leaves_the_order_alone ... ok
[INFO] [stdout] test config::tests::an_unknown_item_does_not_throw_the_rest_away ... ok
[INFO] [stdout] test context::tests::the_half_distance_changes_how_far_it_reaches ... ok
[INFO] [stdout] test dict::tests::annotations_are_filled_in_from_the_shared_dictionary ... ok
[INFO] [stdout] test dict::tests::blank_candidates_are_dropped ... ok
[INFO] [stdout] test dict::tests::builtin_covers_the_circled_numbers ... ok
[INFO] [stdout] test config::tests::the_bundled_example_states_the_defaults ... ok
[INFO] [stdout] test dict::tests::detects_okuri_ari_key ... ok
[INFO] [stdout] test dict::tests::a_one_letter_ascii_annotation_is_a_source_marker ... ok
[INFO] [stdout] test dict::tests::completes_by_prefix ... ok
[INFO] [stdout] test dict::tests::parses_entries ... ok
[INFO] [stdout] test dict::tests::skips_comments ... ok
[INFO] [stdout] test dict::tests::parses_okuri_blocks ... ok
[INFO] [stdout] test config::tests::azik_says_when_the_sticky_key_is_taken ... ok
[INFO] [stdout] test dict::tests::snippets_come_before_the_shared_dictionary_and_are_never_learned ... ok
[INFO] [stdout] test migemo::tests::a_reading_comes_from_the_spelling ... ok
[INFO] [stdout] test migemo::tests::a_shared_prefix_is_folded ... ok
[INFO] [stdout] test dict::tests::a_broken_file_does_not_stop_the_others ... ok
[INFO] [stdout] test dict::tests::reloads_what_another_process_learned ... ok
[INFO] [stdout] test dict::tests::purge_also_clears_the_okuri_blocks ... ok
[INFO] [stdout] test dict::tests::save_merges_with_what_is_already_on_disk ... ok
[INFO] [stdout] test dict::tests::okuri_blocks_survive_a_round_trip ... ok
[INFO] [stdout] test migemo::tests::a_half_finished_spelling_expands ... ok
[INFO] [stdout] test dict::tests::reads_corvusskk_user_dictionary ... ok
[INFO] [stdout] test migemo::tests::a_space_separates_words ... ok
[INFO] [stdout] test migemo::tests::a_longer_candidate_under_a_shorter_one_is_dropped ... ok
[INFO] [stdout] test migemo::tests::special_characters_are_escaped_per_flavour ... ok
[INFO] [stdout] test dict::tests::decodes_the_usual_encodings ... ok
[INFO] [stdout] test dict::tests::imports_another_implementations_learning ... ok
[INFO] [stdout] test dict::tests::reloads_snippets_when_the_file_changes ... ok
[INFO] [stdout] test num::tests::converts_each_type ... ok
[INFO] [stdout] test config::tests::missing_file_is_not_an_error ... ok
[INFO] [stdout] test context::tests::a_candidate_already_on_screen_comes_first ... ok
[INFO] [stdout] test num::tests::substitutes_in_order_and_leaves_the_rest ... ok
[INFO] [stdout] test migemo::tests::a_stale_index_is_not_used ... ok
[INFO] [stdout] test migemo::tests::the_index_gives_the_same_answer ... ok
[INFO] [stdout] test num::tests::positional_handles_the_awkward_places ... ok
[INFO] [stdout] test migemo::tests::the_limit_cuts_only_the_headwords ... ok
[INFO] [stdout] test romaji::tests::azik_is_off_by_default ... ok
[INFO] [stdout] test migemo::tests::headwords_starting_with_the_reading_are_included ... ok
[INFO] [stdout] test migemo::tests::numeric_entries_are_left_out ... ok
[INFO] [stdout] test migemo::tests::an_unknown_word_still_yields_the_kana ... ok
[INFO] [stdout] test num::tests::pulls_the_numbers_out_of_the_reading ... ok
[INFO] [stdout] test num::tests::shogi_and_grouping ... ok
[INFO] [stdout] test dict::tests::purge_survives_the_merge_with_disk ... ok
[INFO] [stdout] test romaji::tests::basic ... ok
[INFO] [stdout] test romaji::tests::katakana_roundtrip ... ok
[INFO] [stdout] test romaji::tests::hankaku_katakana ... ok
[INFO] [stdout] test romaji::tests::kutouten_applies_to_a_flushed_n ... ok
[INFO] [stdout] test romaji::tests::kutouten_follows_the_setting ... ok
[INFO] [stdout] test romaji::tests::kutouten_leaves_other_symbols_alone ... ok
[INFO] [stdout] test romaji::tests::youon_and_symbols ... ok
[INFO] [stdout] test romaji::tests::sokuon ... ok
[INFO] [stdout] test migemo::tests::both_flavours_come_out ... ok
[INFO] [stdout] test romaji::tests::hatsuon ... ok
[INFO] [stdout] test skk::tests::a_bare_angle_bracket_passes_through ... ok
[INFO] [stdout] test skk::tests::an_unknown_word_while_filling_falls_back_to_the_reading ... ok
[INFO] [stdout] test skk::tests::a_reading_without_digits_is_untouched ... ok
[INFO] [stdout] test skk::tests::a_release_in_the_middle_of_a_reading_changes_nothing ... ok
[INFO] [stdout] test skk::tests::arrows_move_the_cursor_too ... ok
[INFO] [stdout] test skk::tests::ascii_keys_can_be_turned_off ... ok
[INFO] [stdout] test skk::tests::affix_marker_is_stripped_from_the_candidate ... ok
[INFO] [stdout] test skk::tests::auto_start_henkan_can_be_turned_off ... ok
[INFO] [stdout] test skk::tests::ascii_passes_through ... ok
[INFO] [stdout] test skk::tests::ascii_typing_reaches_the_registration ... ok
[INFO] [stdout] test skk::tests::auto_start_henkan_converts_before_the_keyword ... ok
[INFO] [stdout] test skk::tests::auto_start_henkan_keeps_the_kana_before_the_keyword ... ok
[INFO] [stdout] test romaji::tests::azik_ann_with_n ... ok
[INFO] [stdout] test romaji::tests::azik_sya_and_tya_move_to_x_and_c ... ok
[INFO] [stdout] test romaji::tests::azik_same_finger_keys ... ok
[INFO] [stdout] test romaji::tests::azik_special_words ... ok
[INFO] [stdout] test romaji::tests::azik_keeps_the_standard_spellings ... ok
[INFO] [stdout] test romaji::tests::azik_leaves_the_bare_vowels_alone ... ok
[INFO] [stdout] test romaji::tests::azik_expands_the_double_vowels ... ok
[INFO] [stdout] test romaji::tests::azik_single_strokes ... ok
[INFO] [stdout] test romaji::tests::azik_expands_the_syllabic_n ... ok
[INFO] [stdout] test romaji::tests::azik_small_kana_with_l ... ok
[INFO] [stdout] test romaji::tests::azik_youon_with_g ... ok
[INFO] [stdout] test skk::tests::auto_start_henkan_survives_the_registration ... ok
[INFO] [stdout] test romaji::tests::azik_loanword_spellings ... ok
[INFO] [stdout] test skk::tests::auto_start_henkan_stays_out_of_abbrev ... ok
[INFO] [stdout] test skk::tests::backspace_walks_back_through_reading ... ok
[INFO] [stdout] test skk::tests::beside_marker_sits_next_to_the_cursor ... ok
[INFO] [stdout] test skk::tests::azik_does_not_eat_the_circled_number_reading ... ok
[INFO] [stdout] test skk::tests::backspace_walks_out_of_registration ... ok
[INFO] [stdout] test skk::tests::backspace_follows_the_cursor ... ok
[INFO] [stdout] test skk::tests::cancel_discards_everything ... ok
[INFO] [stdout] test skk::tests::cancel_undoes_the_completion ... ok
[INFO] [stdout] test skk::tests::cancelling_registration_returns_to_the_reading ... ok
[INFO] [stdout] test skk::tests::cancel_dismisses_only_the_offer ... ok
[INFO] [stdout] test skk::tests::cancel_brings_back_the_okurigana ... ok
[INFO] [stdout] test skk::tests::auto_start_henkan_needs_a_reading ... ok
[INFO] [stdout] test skk::tests::cancel_steps_back_through_the_candidate_too ... ok
[INFO] [stdout] test skk::tests::cancelling_the_filling_emits_nothing ... ok
[INFO] [stdout] test skk::tests::candidates_come_out_as_data ... ok
[INFO] [stdout] test skk::tests::commit_and_passthrough_come_apart ... ok
[INFO] [stdout] test skk::tests::candidate_list_appears_after_four ... ok
[INFO] [stdout] test skk::tests::cancel_steps_back_from_latin_to_kana ... ok
[INFO] [stdout] test skk::tests::candidates_show_the_expanded_numbers ... ok
[INFO] [stdout] test skk::tests::candidates_survive_without_a_clock ... ok
[INFO] [stdout] test skk::tests::cell_marker_tints_the_cursor_without_adding_anything ... ok
[INFO] [stdout] test skk::tests::cancel_steps_back_however_far_the_spelling_went ... ok
[INFO] [stdout] test skk::tests::completion_shows_what_it_becomes ... ok
[INFO] [stdout] test skk::tests::ctrl_c_also_returns_to_ascii ... ok
[INFO] [stdout] test skk::tests::conversion_with_okuri ... ok
[INFO] [stdout] test skk::tests::ctrl_h_reaches_the_child_as_itself ... ok
[INFO] [stdout] test skk::tests::ctrl_h_can_be_given_back_to_the_child ... ok
[INFO] [stdout] test skk::tests::conversion_without_okuri ... ok
[INFO] [stdout] test skk::tests::does_not_combine_across_other_input ... ok
[INFO] [stdout] test skk::tests::control_keys_reach_the_child ... ok
[INFO] [stdout] test skk::tests::cycles_through_the_choices ... ok
[INFO] [stdout] test skk::tests::empty_registration_returns_to_the_reading ... ok
[INFO] [stdout] test skk::tests::custom_bindings_are_honoured ... ok
[INFO] [stdout] test skk::tests::ctrl_h_deletes_one_character ... ok
[INFO] [stdout] test skk::tests::combining_can_be_turned_off ... ok
[INFO] [stdout] test skk::tests::control_keys_do_not_leak_into_the_registration ... ok
[INFO] [stdout] test skk::tests::exhausting_the_candidates_starts_registration ... ok
[INFO] [stdout] test skk::tests::escape_returns_to_ascii ... ok
[INFO] [stdout] test skk::tests::context_reorders_the_homophones ... ok
[INFO] [stdout] test skk::tests::kana_mode_emits_kana ... ok
[INFO] [stdout] test skk::tests::enter_confirms_regardless_of_bindings ... ok
[INFO] [stdout] test skk::tests::escape_sequence_confirms_then_passes ... ok
[INFO] [stdout] test skk::tests::escape_confirms_the_reading_first ... ok
[INFO] [stdout] test skk::tests::float_layout_moves_the_list_off_the_line ... ok
[INFO] [stdout] test skk::tests::latin_cycle_ends_once_something_else_is_typed ... ok
[INFO] [stdout] test skk::tests::escape_does_not_disturb_registration ... ok
[INFO] [stdout] test skk::tests::hankaku_katakana_from_the_reading ... ok
[INFO] [stdout] test skk::tests::hankaku_katakana_shows_in_the_reading ... ok
[INFO] [stdout] test skk::tests::fills_the_placeholders_in_order ... ok
[INFO] [stdout] test skk::tests::latin_follows_backspace ... ok
[INFO] [stdout] test skk::tests::latin_gives_up_after_the_cursor_moves ... ok
[INFO] [stdout] test skk::tests::latin_does_nothing_inside_slash_abbrev ... ok
[INFO] [stdout] test skk::tests::latin_turns_reading_into_the_typed_spelling ... ok
[INFO] [stdout] test skk::tests::latin_remembers_keystrokes_not_kana ... ok
[INFO] [stdout] test skk::tests::latin_key_passes_through_outside_composing ... ok
[INFO] [stdout] test skk::tests::learning_is_kept_apart_by_okurigana ... ok
[INFO] [stdout] test skk::tests::latin_works_after_stepping_back_from_a_candidate ... ok
[INFO] [stdout] test skk::tests::latin_takes_the_okurigana_keystrokes_too ... ok
[INFO] [stdout] test skk::tests::latin_gives_up_after_completion ... ok
[INFO] [stdout] test skk::tests::latin_cycles_through_letter_cases ... ok
[INFO] [stdout] test skk::tests::dynamic_completion_can_list_several ... ok
[INFO] [stdout] test skk::tests::latin_lands_in_abbrev ... ok
[INFO] [stdout] test skk::tests::learns_the_combined_word ... ok
[INFO] [stdout] test skk::tests::learning_moves_candidate_to_front ... ok
[INFO] [stdout] test skk::tests::katakana_toggle ... ok
[INFO] [stdout] test skk::tests::mode_marker_can_be_turned_off ... ok
[INFO] [stdout] test skk::tests::learns_the_combined_word_with_a_suffix ... ok
[INFO] [stdout] test skk::tests::dynamic_completion_keeps_quiet_where_it_cannot_extend ... ok
[INFO] [stdout] test skk::tests::inline_layout_keeps_everything_on_the_line ... ok
[INFO] [stdout] test skk::tests::mirrors_the_same_number_and_reports_the_final_position ... ok
[INFO] [stdout] test skk::tests::letter_marker_appends_a_letter ... ok
[INFO] [stdout] test skk::tests::literal_entry_wins_over_the_hash_form ... ok
[INFO] [stdout] test skk::tests::dynamic_completion_shows_the_rest_while_typing ... ok
[INFO] [stdout] test skk::tests::moving_settles_the_pending_romaji ... ok
[INFO] [stdout] test skk::tests::numeric_learning_keeps_the_hash_form ... ok
[INFO] [stdout] test skk::tests::offers_to_write_a_snippet_from_the_registration ... ok
[INFO] [stdout] test skk::tests::okurigana_matching_can_be_turned_off ... ok
[INFO] [stdout] test skk::tests::numeric_conversion ... ok
[INFO] [stdout] test skk::tests::okurigana_order_leaves_unknown_readings_alone ... ok
[INFO] [stdout] test skk::tests::okurigana_wins_over_the_context ... ok
[INFO] [stdout] test skk::tests::hankaku_katakana_mode ... ok
[INFO] [stdout] test skk::tests::pasting_confirms_what_is_being_converted ... ok
[INFO] [stdout] test skk::tests::pending_romaji_is_not_sent ... ok
[INFO] [stdout] test skk::tests::only_snippets_enter_the_filling_stage ... ok
[INFO] [stdout] test skk::tests::latin_can_be_used_again_after_cancel ... ok
[INFO] [stdout] test skk::tests::registration_keeps_conversion_available_inside ... ok
[INFO] [stdout] test skk::tests::pasting_into_the_registration_keeps_the_text ... ok
[INFO] [stdout] test skk::tests::prefix_conversion ... ok
[INFO] [stdout] test skk::tests::q_in_composing_makes_katakana ... ok
[INFO] [stdout] test skk::tests::purge_removes_the_learned_candidate ... ok
[INFO] [stdout] test skk::tests::reconfiguring_mid_conversion_keeps_the_state ... ok
[INFO] [stdout] test skk::tests::registration_with_okuri_registers_only_the_stem ... ok
[INFO] [stdout] test skk::tests::shows_how_many_candidates_remain ... ok
[INFO] [stdout] test skk::tests::pasted_text_is_not_converted ... ok
[INFO] [stdout] test skk::tests::purging_the_last_candidate_returns_to_the_reading ... ok
[INFO] [stdout] test skk::tests::registration_nests ... ok
[INFO] [stdout] test skk::tests::sticky_does_not_reach_the_ascii_reading ... ok
[INFO] [stdout] test skk::tests::sticky_is_off_until_it_is_asked_for ... ok
[INFO] [stdout] test skk::tests::tab_outside_conversion_reaches_the_child ... ok
[INFO] [stdout] test skk::tests::sticky_is_not_idle ... ok
[INFO] [stdout] test skk::tests::sticky_pressed_twice_types_the_character ... ok
[INFO] [stdout] test skk::tests::symbol_marker_shows_a_halfwidth_letter ... ok
[INFO] [stdout] test skk::tests::the_cursor_keys_come_from_the_config ... ok
[INFO] [stdout] test skk::tests::sticky_takes_the_place_of_shift ... ok
[INFO] [stdout] test skk::tests::the_cursor_stays_inside_the_reading_when_there_is_okuri ... ok
[INFO] [stdout] test skk::tests::suffix_conversion ... ok
[INFO] [stdout] test skk::tests::tab_completes_the_reading ... ok
[INFO] [stdout] test skk::tests::sticky_shows_where_it_will_cut ... ok
[INFO] [stdout] test skk::tests::the_offer_only_appears_on_an_empty_registration ... ok
[INFO] [stdout] test skk::tests::sticky_does_not_reach_the_ascii_modes ... ok
[INFO] [stdout] test skk::tests::the_cursor_stops_at_both_ends ... ok
[INFO] [stdout] test skk::tests::the_pending_romaji_belongs_to_the_reading ... ok
[INFO] [stdout] test snippet::tests::a_slash_inside_a_string_is_not_a_comment ... ok
[INFO] [stdout] test skk::tests::sticky_starts_the_okuri ... ok
[INFO] [stdout] test skk::tests::the_cursor_segment_follows_the_mode ... ok
[INFO] [stdout] test snippet::tests::a_number_after_the_dollar_is_a_tabstop_by_the_spec ... ok
[INFO] [stdout] test skk::tests::typing_dismisses_the_snippet_offer ... ok
[INFO] [stdout] test snippet::tests::appends_after_an_existing_entry ... ok
[INFO] [stdout] test snippet::tests::allows_comments_and_trailing_commas ... ok
[INFO] [stdout] test skk::tests::the_date_is_already_expanded_in_the_candidate ... ok
[INFO] [stdout] test snippet::tests::creates_the_first_entry_from_nothing ... ok
[INFO] [stdout] test skk::tests::zenkaku_mode ... ok
[INFO] [stdout] test snippet::tests::does_not_double_the_comma ... ok
[INFO] [stdout] test snippet::tests::escapes_inside_a_default ... ok
[INFO] [stdout] test snippet::tests::expands_the_date_variables ... ok
[INFO] [stdout] test snippet::tests::joins_the_body_lines_with_newlines ... ok
[INFO] [stdout] test snippet::tests::leaves_non_placeholders_alone ... ok
[INFO] [stdout] test snippet::tests::leaves_unknown_variables_alone ... ok
[INFO] [stdout] test skk::tests::the_reading_can_be_edited_after_cancelling_a_conversion ... ok
[INFO] [stdout] test snippet::tests::escapes_the_prefix ... ok
[INFO] [stdout] test snippet::tests::splits_the_plain_tabstops ... ok
[INFO] [stdout] test snippet::tests::a_snippet_can_have_several_prefixes ... ok
[INFO] [stdout] test snippet::tests::works_without_a_clock ... ok
[INFO] [stdout] test snippet::tests::reads_the_vscode_shape ... ok
[INFO] [stdout] test snippet::tests::zero_is_the_final_position ... ok
[INFO] [stdout] test snippet::tests::reads_defaults_and_choices ... ok
[INFO] [stdout] test snippet::tests::the_same_number_can_appear_twice ... ok
[INFO] [stdout] test skk::tests::sticky_and_shift_agree_even_mid_romaji ... ok
[INFO] [stdout] test skk::tests::the_snippet_key_is_unbound_by_default ... ok
[INFO] [stdout] test skk::tests::unknown_word_starts_registration ... ok
[INFO] [stdout] test snippet::tests::skips_incomplete_entries ... ok
[INFO] [stdout] test snippet::tests::reports_broken_json ... ok
[INFO] [stdout] test skk::tests::typing_goes_where_the_cursor_is ... ok
[INFO] [stdout] test skk::tests::where_the_shift_falls_decides_where_to_cut ... ok
[INFO] [stdout] test skk::tests::the_snippet_key_works_from_anywhere_when_bound ... ok
[INFO] [stdout] test skk::tests::typing_after_a_completion_starts_over ... ok
[INFO] [stdout] test snippet::tests::adding_twice_keeps_both ... ok
[INFO] [stdout] 
[INFO] [stdout] test result: ok. 251 passed; 0 failed; 0 ignored; 0 measured; 0 filtered out; finished in 0.11s
[INFO] [stdout] 
[INFO] [stderr]      Running unittests src/main.rs (/opt/rustwide/target/debug/deps/ttyskk-809ab3afbd44e711)
[INFO] [stdout] 
[INFO] [stdout] running 62 tests
[INFO] [stdout] test input::tests::a_key_release_is_not_a_press ... ok
[INFO] [stdout] test input::tests::decodes_kitty_control_keys ... ok
[INFO] [stdout] test input::tests::finds_cursor_report ... ok
[INFO] [stdout] test input::tests::follows_the_configured_bindings ... ok
[INFO] [stdout] test input::tests::decodes_kitty_ctrl_h ... ok
[INFO] [stdout] test input::tests::lone_escape ... ok
[INFO] [stdout] test input::tests::no_report_present ... ok
[INFO] [stdout] test input::tests::bracketed_paste_becomes_one_key ... ok
[INFO] [stdout] test input::tests::ctrl_h_stays_a_control_key ... ok
[INFO] [stdout] test input::tests::arrow_key_is_raw ... ok
[INFO] [stdout] test input::tests::decodes_kitty_control_symbols ... ok
[INFO] [stdout] test input::tests::keys_around_a_paste_survive ... ok
[INFO] [stdout] test input::tests::keeps_typeahead_around_the_report ... ok
[INFO] [stdout] test input::tests::decodes_modify_other_keys ... ok
[INFO] [stdout] test input::tests::other_extended_keys_pass_through ... ok
[INFO] [stdout] test input::tests::paste_content_is_never_interpreted ... ok
[INFO] [stdout] test input::tests::plain_ascii ... ok
[INFO] [stdout] test input::tests::shift_tab_follows_the_bindings ... ok
[INFO] [stdout] test input::tests::split_paste_is_carried_over ... ok
[INFO] [stdout] test input::tests::split_utf8_is_carried_over ... ok
[INFO] [stdout] test input::tests::skips_other_sequences ... ok
[INFO] [stdout] test input::tests::shift_tab_is_a_named_key ... ok
[INFO] [stdout] test input::tests::tracker_carries_over_lone_escape ... ok
[INFO] [stdout] test input::tests::tracker_detects_complete_output ... ok
[INFO] [stdout] test input::tests::tracker_detects_split_csi ... ok
[INFO] [stdout] test input::tests::split_escape_is_carried_over ... ok
[INFO] [stdout] test render::tests::erase_restores_original_content ... ok
[INFO] [stdout] test render::tests::floating_flips_above_at_the_bottom ... ok
[INFO] [stdout] test input::tests::tracker_detects_split_utf8 ... ok
[INFO] [stdout] test render::tests::the_symbol_gives_way_to_a_wide_character ... ok
[INFO] [stdout] test render::tests::floating_drops_what_does_not_fit ... ok
[INFO] [stdout] test render::tests::empty_preedit_draws_nothing ... ok
[INFO] [stdout] test render::tests::floating_goes_below_the_cursor ... ok
[INFO] [stdout] test render::tests::truncates_at_bottom ... ok
[INFO] [stdout] test render::tests::wraps_at_right_edge ... ok
[INFO] [stdout] test render::tests::the_symbol_gives_way_to_the_character_underneath ... ok
[INFO] [stdout] test render::tests::draws_at_cursor ... ok
[INFO] [stdout] test screen::tests::restores_region_with_attributes ... ok
[INFO] [stdout] test screen::tests::restore_expands_over_wide_char ... ok
[INFO] [stdout] test screen::tests::notices_when_the_child_takes_over_the_cursor_look ... ok
[INFO] [stdout] test screen::tests::private_csi_is_not_mistaken_for_sgr_or_cursor_restore ... ok
[INFO] [stdout] test screen::tests::tracks_cursor_and_text ... ok
[INFO] [stdout] test screen::tests::split_utf8_output_keeps_the_grid_intact ... ok
[INFO] [stdout] test screen::tests::repaint_puts_the_screen_back ... ok
[INFO] [stdout] test screen::tests::intermediate_bytes_are_skipped ... ok
[INFO] [stdout] test screen::tests::visible_text_reads_back_what_was_drawn ... ok
[INFO] [stdout] test screen::tests::erase_line_clears_cells ... ok
[INFO] [stdout] test screen::tests::handles_wide_chars ... ok
[INFO] [stdout] test screen::tests::visible_text_feeds_the_context ... ok
[INFO] [stdout] test tests::the_help_shows_the_configured_keys ... ok
[INFO] [stdout] test tests::the_help_lists_every_binding ... ok
[INFO] [stdout] test screen::tests::wraps_and_scrolls ... ok
[INFO] [stdout] test screen::tests::alt_screen_restores_main ... ok
[INFO] [stdout] test render::tests::the_symbol_shows_on_an_empty_cell ... ok
[INFO] [stdout] test input::tests::tracker_handles_osc ... ok
[INFO] [stdout] test input::tests::control_keys ... ok
[INFO] [stdout] test tests::the_help_survives_a_broken_config ... ok
[INFO] [stdout] test input::tests::tracker_follows_a_long_apc_to_the_end ... ok
[INFO] [stdout] test input::tests::a_paste_without_an_end_gives_up ... ok
[INFO] [stdout] test tests::the_gate_holds_the_reader_until_opened ... ok
[INFO] [stdout] test input::tests::tracker_gives_up_on_a_runaway_sequence ... ok
[INFO] [stdout] test input::tests::split_paste_keeps_multibyte_bytes_intact ... ok
[INFO] [stderr]      Running tests/context_sample.rs (/opt/rustwide/target/debug/deps/context_sample-a1479d6b2702fa26)
[INFO] [stdout] 
[INFO] [stdout] test result: ok. 62 passed; 0 failed; 0 ignored; 0 measured; 0 filtered out; finished in 1.00s
[INFO] [stdout] 
[INFO] [stdout] 
[INFO] [stdout] running 1 test
[INFO] [stdout] test each_section_picks_its_own_homophone ... ok
[INFO] [stdout] 
[INFO] [stdout] test result: ok. 1 passed; 0 failed; 0 ignored; 0 measured; 0 filtered out; finished in 0.00s
[INFO] [stdout] 
[INFO] [stdout] 
[INFO] [stderr]      Running tests/ctrl_h.rs (/opt/rustwide/target/debug/deps/ctrl_h-14c7a80be2e4e615)
[INFO] [stdout] running 1 test
[INFO] [stdout] test ctrl_h_deletes_in_the_reading_but_belongs_to_the_child_otherwise ... ok
[INFO] [stderr]      Running tests/env_paths.rs (/opt/rustwide/target/debug/deps/env_paths-49420ed6f4c7d8c7)
[INFO] [stdout] 
[INFO] [stdout] test result: ok. 1 passed; 0 failed; 0 ignored; 0 measured; 0 filtered out; finished in 1.76s
[INFO] [stdout] 
[INFO] [stdout] 
[INFO] [stdout] running 3 tests
[INFO] [stdout] test a_filled_xdg_variable_is_honoured ... ok
[INFO] [stdout] test an_empty_xdg_variable_falls_back_to_the_home ... ok
[INFO] [stderr]      Running tests/follow_cursor.rs (/opt/rustwide/target/debug/deps/follow_cursor-a9974825c6bf3a89)
[INFO] [stdout] test an_empty_ttyskk_variable_falls_back_too ... ok
[INFO] [stdout] 
[INFO] [stdout] test result: ok. 3 passed; 0 failed; 0 ignored; 0 measured; 0 filtered out; finished in 0.01s
[INFO] [stdout] 
[INFO] [stdout] 
[INFO] [stdout] running 3 tests
[INFO] [stdout] test a_block_cursor_puts_ttyskk_back_into_ascii ... ok
[INFO] [stdout] test a_conversion_in_flight_is_never_dropped ... ok
[INFO] [stdout] test the_cursor_shape_is_ignored_unless_asked_for ... ok
[INFO] [stdout] 
[INFO] [stdout] test result: ok. 3 passed; 0 failed; 0 ignored; 0 measured; 0 filtered out; finished in 2.81s
[INFO] [stdout] 
[INFO] [stderr]      Running tests/follow_cwd.rs (/opt/rustwide/target/debug/deps/follow_cwd-4dcc5168d1e0f41d)
[INFO] [stdout] 
[INFO] [stdout] running 2 tests
[INFO] [stdout] test the_wrapper_follows_the_child_into_a_new_directory ... ok
[INFO] [stdout] test a_relative_user_dict_stays_where_it_started ... ok
[INFO] [stdout] 
[INFO] [stdout] test result: ok. 2 passed; 0 failed; 0 ignored; 0 measured; 0 filtered out; finished in 4.37s
[INFO] [stdout] 
[INFO] [stderr]      Running tests/function_keys.rs (/opt/rustwide/target/debug/deps/function_keys-c4c7251acd070033)
[INFO] [stdout] 
[INFO] [stdout] running 1 test
[INFO] [stdout] test function_keys_reach_the_child ... ok
[INFO] [stdout] 
[INFO] [stdout] test result: ok. 1 passed; 0 failed; 0 ignored; 0 measured; 0 filtered out; finished in 8.51s
[INFO] [stdout] 
[INFO] [stderr]      Running tests/migemo_reference.rs (/opt/rustwide/target/debug/deps/migemo_reference-3c705fe9003ea60d)
[INFO] [stdout] 
[INFO] [stdout] running 5 tests
[INFO] [stdout] test both_flavours_hit_the_same_strings ... ok
[INFO] [stdout] test words_are_joined_in_order ... ok
[INFO] [stdout] test what_does_not_depend_on_the_dictionary_always_matches ... ok
[INFO] [stdout] test the_reference_is_covered ... ok
[INFO] [stdout] test the_reference_can_be_unfolded ... ok
[INFO] [stdout] 
[INFO] [stdout] test result: ok. 5 passed; 0 failed; 0 ignored; 0 measured; 0 filtered out; finished in 0.01s
[INFO] [stdout] 
[INFO] [stderr]      Running tests/no_interleaving.rs (/opt/rustwide/target/debug/deps/no_interleaving-cf0be443c97da983)
[INFO] [stdout] 
[INFO] [stdout] running 1 test
[INFO] [stderr]      Running tests/pixel_size.rs (/opt/rustwide/target/debug/deps/pixel_size-17a4ab50fecb736f)
[INFO] [stdout] test the_overlay_never_splits_a_character ... ok
[INFO] [stdout] 
[INFO] [stdout] test result: ok. 1 passed; 0 failed; 0 ignored; 0 measured; 0 filtered out; finished in 17.51s
[INFO] [stdout] 
[INFO] [stdout] 
[INFO] [stdout] running 1 test
[INFO] [stdout] test the_pixel_size_reaches_the_child ... ok
[INFO] [stderr]      Running tests/reload_handover.rs (/opt/rustwide/target/debug/deps/reload_handover-301eef9eb96bf88b)
[INFO] [stdout] 
[INFO] [stdout] test result: ok. 1 passed; 0 failed; 0 ignored; 0 measured; 0 filtered out; finished in 0.30s
[INFO] [stdout] 
[INFO] [stdout] 
[INFO] [stdout] running 4 tests
[INFO] [stdout] test the_child_survives_and_the_binary_is_replaced ... ok
[INFO] [stdout] test a_broken_replacement_leaves_the_wrapper_running ... ok
[INFO] [stdout] test the_status_follows_the_handover ... ok
[INFO] [stdout] test the_bound_key_hands_over_only_when_nothing_is_in_hand ... ok
[INFO] [stderr]      Running tests/reload_signal.rs (/opt/rustwide/target/debug/deps/reload_signal-ce2d03b85b2aac5c)
[INFO] [stdout] 
[INFO] [stdout] test result: ok. 4 passed; 0 failed; 0 ignored; 0 measured; 0 filtered out; finished in 3.63s
[INFO] [stdout] 
[INFO] [stdout] 
[INFO] [stdout] running 3 tests
[INFO] [stdout] test asking_from_outside_is_refused ... ok
[INFO] [stdout] test an_old_wrapper_is_told_apart ... ok
[INFO] [stderr] error: test failed, to rerun pass `--test reload_signal`
[INFO] [stdout] test the_reload_signal_reaches_the_wrapper ... FAILED
[INFO] [stdout] 
[INFO] [stdout] failures:
[INFO] [stdout] 
[INFO] [stdout] ---- the_reload_signal_reaches_the_wrapper stdout ----
[INFO] [stdout] 
[INFO] [stdout] thread 'the_reload_signal_reaches_the_wrapper' (2301) panicked at tests/reload_signal.rs:107:5:
[INFO] [stdout] 頼む側が親を見つけられていない: "\u{1b}[6n\u{1b}[4 q\u{1b}]112\u{7}# stty -echo\r\n# \u{1b}[0 q\u{1b}]112\u{7}\u{1b}[0m\u{1b}[?25h\u{1b}[6n\u{1b}[4 q\u{1b}]112\u{7}# "
[INFO] [stdout] stack backtrace:
[INFO] [stdout]    0:     0x5573bb42b7f1 - std[70759c8f55707aa4]::backtrace_rs::backtrace::libunwind::trace
[INFO] [stdout]                                at /rustc/dfb0accb7f508ae8be965d8629557221c889dd98/library/std/src/../../backtrace/src/backtrace/libunwind.rs:117:9
[INFO] [stdout]    1:     0x5573bb42b7f1 - std[70759c8f55707aa4]::backtrace_rs::backtrace::trace_unsynchronized::<std[70759c8f55707aa4]::sys::backtrace::_print_fmt::{closure#1}>
[INFO] [stdout]                                at /rustc/dfb0accb7f508ae8be965d8629557221c889dd98/library/std/src/../../backtrace/src/backtrace/mod.rs:66:14
[INFO] [stdout]    2:     0x5573bb42b7f1 - std[70759c8f55707aa4]::sys::backtrace::_print_fmt
[INFO] [stdout]                                at /rustc/dfb0accb7f508ae8be965d8629557221c889dd98/library/std/src/sys/backtrace.rs:74:9
[INFO] [stdout]    3:     0x5573bb42b7f1 - <<std[70759c8f55707aa4]::sys::backtrace::BacktraceLock>::print::DisplayBacktrace as core[df12db4294e9bfd3]::fmt::Display>::fmt
[INFO] [stdout]                                at /rustc/dfb0accb7f508ae8be965d8629557221c889dd98/library/std/src/sys/backtrace.rs:44:26
[INFO] [stdout]    4:     0x5573bb440a4a - <core[df12db4294e9bfd3]::fmt::rt::Argument>::fmt
[INFO] [stdout]                                at /rustc/dfb0accb7f508ae8be965d8629557221c889dd98/library/core/src/fmt/rt.rs:152:76
[INFO] [stdout]    5:     0x5573bb440a4a - core[df12db4294e9bfd3]::fmt::write
[INFO] [stdout]    6:     0x5573bb4308dc - core[df12db4294e9bfd3]::io::write::default_write_fmt::<alloc[2182bb758b4b3781]::vec::Vec<u8>>
[INFO] [stdout]                                at /rustc/dfb0accb7f508ae8be965d8629557221c889dd98/library/core/src/io/write.rs:402:11
[INFO] [stdout]    7:     0x5573bb4308dc - <alloc[2182bb758b4b3781]::vec::Vec<u8> as core[df12db4294e9bfd3]::io::write::Write>::write_fmt
[INFO] [stdout]                                at /rustc/dfb0accb7f508ae8be965d8629557221c889dd98/library/core/src/io/write.rs:335:13
[INFO] [stdout]    8:     0x5573bb405356 - <std[70759c8f55707aa4]::sys::backtrace::BacktraceLock>::print
[INFO] [stdout]                                at /rustc/dfb0accb7f508ae8be965d8629557221c889dd98/library/std/src/sys/backtrace.rs:47:9
[INFO] [stdout]    9:     0x5573bb405356 - std[70759c8f55707aa4]::panicking::default_hook::{closure#0}
[INFO] [stdout]                                at /rustc/dfb0accb7f508ae8be965d8629557221c889dd98/library/std/src/panicking.rs:292:27
[INFO] [stdout]   10:     0x5573bb423589 - std[70759c8f55707aa4]::panicking::default_hook
[INFO] [stdout]                                at /rustc/dfb0accb7f508ae8be965d8629557221c889dd98/library/std/src/panicking.rs:316:9
[INFO] [stdout]   11:     0x5573bb37eec0 - <alloc[2182bb758b4b3781]::boxed::Box<dyn for<'a, 'b> core[df12db4294e9bfd3]::ops::function::Fn<(&'a std[70759c8f55707aa4]::panic::PanicHookInfo<'b>,), Output = ()> + core[df12db4294e9bfd3]::marker::Send + core[df12db4294e9bfd3]::marker::Sync> as core[df12db4294e9bfd3]::ops::function::Fn<(&std[70759c8f55707aa4]::panic::PanicHookInfo,)>>::call
[INFO] [stdout]                                at /rustc/dfb0accb7f508ae8be965d8629557221c889dd98/library/alloc/src/boxed.rs:2334:9
[INFO] [stdout]   12:     0x5573bb37eec0 - test[9d35eded1c95d3be]::test_main_inner::<test[9d35eded1c95d3be]::test_main_static::{closure#0}>::{closure#0}
[INFO] [stdout]                                at /rustc/dfb0accb7f508ae8be965d8629557221c889dd98/library/test/src/lib.rs:155:21
[INFO] [stdout]   13:     0x5573bb423742 - <alloc[2182bb758b4b3781]::boxed::Box<dyn for<'a, 'b> core[df12db4294e9bfd3]::ops::function::Fn<(&'a std[70759c8f55707aa4]::panic::PanicHookInfo<'b>,), Output = ()> + core[df12db4294e9bfd3]::marker::Send + core[df12db4294e9bfd3]::marker::Sync> as core[df12db4294e9bfd3]::ops::function::Fn<(&std[70759c8f55707aa4]::panic::PanicHookInfo,)>>::call
[INFO] [stdout]                                at /rustc/dfb0accb7f508ae8be965d8629557221c889dd98/library/alloc/src/boxed.rs:2334:9
[INFO] [stdout]   14:     0x5573bb423742 - std[70759c8f55707aa4]::panicking::panic_with_hook
[INFO] [stdout]                                at /rustc/dfb0accb7f508ae8be965d8629557221c889dd98/library/std/src/panicking.rs:823:13
[INFO] [stdout]   15:     0x5573bb405402 - std[70759c8f55707aa4]::panicking::panic_handler::{closure#0}
[INFO] [stdout]                                at /rustc/dfb0accb7f508ae8be965d8629557221c889dd98/library/std/src/panicking.rs:688:13
[INFO] [stdout]   16:     0x5573bb3fd879 - std[70759c8f55707aa4]::sys::backtrace::__rust_end_short_backtrace::<std[70759c8f55707aa4]::panicking::panic_handler::{closure#0}, !>
[INFO] [stdout]                                at /rustc/dfb0accb7f508ae8be965d8629557221c889dd98/library/std/src/sys/backtrace.rs:182:18
[INFO] [stdout]   17:     0x5573bb40610d - __rustc[8fa7c3cbc660c2b3]::rust_begin_unwind
[INFO] [stdout]                                at /rustc/dfb0accb7f508ae8be965d8629557221c889dd98/library/std/src/panicking.rs:679:5
[INFO] [stdout]   18:     0x5573bb44124c - core[df12db4294e9bfd3]::panicking::panic_fmt
[INFO] [stdout]                                at /rustc/dfb0accb7f508ae8be965d8629557221c889dd98/library/core/src/panicking.rs:80:14
[INFO] [stdout]   19:     0x5573bb366680 - reload_signal[bf4af78baa001b32]::the_reload_signal_reaches_the_wrapper
[INFO] [stdout]                                at /opt/rustwide/workdir/tests/reload_signal.rs:107:5
[INFO] [stdout]   20:     0x5573bb363f17 - reload_signal[bf4af78baa001b32]::the_reload_signal_reaches_the_wrapper::{closure#0}
[INFO] [stdout]                                at /opt/rustwide/workdir/tests/reload_signal.rs:18:43
[INFO] [stdout]   21:     0x5573bb372156 - <reload_signal[bf4af78baa001b32]::the_reload_signal_reaches_the_wrapper::{closure#0} as core[df12db4294e9bfd3]::ops::function::FnOnce<()>>::call_once
[INFO] [stdout]                                at /rustc/dfb0accb7f508ae8be965d8629557221c889dd98/library/core/src/ops/function.rs:250:5
[INFO] [stdout]   22:     0x5573bb3721ab - <fn() -> core[df12db4294e9bfd3]::result::Result<(), alloc[2182bb758b4b3781]::string::String> as core[df12db4294e9bfd3]::ops::function::FnOnce<()>>::call_once
[INFO] [stdout]                                at /rustc/dfb0accb7f508ae8be965d8629557221c889dd98/library/core/src/ops/function.rs:250:5
[INFO] [stdout]   23:     0x5573bb3721ab - test[9d35eded1c95d3be]::__rust_begin_short_backtrace::<core[df12db4294e9bfd3]::result::Result<(), alloc[2182bb758b4b3781]::string::String>, fn() -> core[df12db4294e9bfd3]::result::Result<(), alloc[2182bb758b4b3781]::string::String>>
[INFO] [stdout]                                at /rustc/dfb0accb7f508ae8be965d8629557221c889dd98/library/test/src/lib.rs:733:18
[INFO] [stdout]   24:     0x5573bb37f815 - test[9d35eded1c95d3be]::run_test_in_process::{closure#0}
[INFO] [stdout]                                at /rustc/dfb0accb7f508ae8be965d8629557221c889dd98/library/test/src/lib.rs:756:74
[INFO] [stdout]   25:     0x5573bb37f815 - <core[df12db4294e9bfd3]::panic::unwind_safe::AssertUnwindSafe<test[9d35eded1c95d3be]::run_test_in_process::{closure#0}> as core[df12db4294e9bfd3]::ops::function::FnOnce<()>>::call_once
[INFO] [stdout]                                at /rustc/dfb0accb7f508ae8be965d8629557221c889dd98/library/core/src/panic/unwind_safe.rs:275:9
[INFO] [stdout]   26:     0x5573bb37f815 - std[70759c8f55707aa4]::panicking::catch_unwind::do_call::<core[df12db4294e9bfd3]::panic::unwind_safe::AssertUnwindSafe<test[9d35eded1c95d3be]::run_test_in_process::{closure#0}>, core[df12db4294e9bfd3]::result::Result<(), alloc[2182bb758b4b3781]::string::String>>
[INFO] [stdout]                                at /rustc/dfb0accb7f508ae8be965d8629557221c889dd98/library/std/src/panicking.rs:576:43
[INFO] [stdout]   27:     0x5573bb37f815 - std[70759c8f55707aa4]::panicking::catch_unwind::<core[df12db4294e9bfd3]::result::Result<(), alloc[2182bb758b4b3781]::string::String>, core[df12db4294e9bfd3]::panic::unwind_safe::AssertUnwindSafe<test[9d35eded1c95d3be]::run_test_in_process::{closure#0}>>
[INFO] [stdout]                                at /rustc/dfb0accb7f508ae8be965d8629557221c889dd98/library/std/src/panicking.rs:544:19
[INFO] [stdout]   28:     0x5573bb37f815 - std[70759c8f55707aa4]::panic::catch_unwind::<core[df12db4294e9bfd3]::panic::unwind_safe::AssertUnwindSafe<test[9d35eded1c95d3be]::run_test_in_process::{closure#0}>, core[df12db4294e9bfd3]::result::Result<(), alloc[2182bb758b4b3781]::string::String>>
[INFO] [stdout]                                at /rustc/dfb0accb7f508ae8be965d8629557221c889dd98/library/std/src/panic.rs:359:14
[INFO] [stdout]   29:     0x5573bb37f815 - test[9d35eded1c95d3be]::run_test_in_process
[INFO] [stdout]                                at /rustc/dfb0accb7f508ae8be965d8629557221c889dd98/library/test/src/lib.rs:756:27
[INFO] [stdout]   30:     0x5573bb37f815 - test[9d35eded1c95d3be]::run_test::{closure#0}
[INFO] [stdout]                                at /rustc/dfb0accb7f508ae8be965d8629557221c889dd98/library/test/src/lib.rs:677:43
[INFO] [stdout]   31:     0x5573bb3790d4 - test[9d35eded1c95d3be]::run_test::{closure#1}
[INFO] [stdout]                                at /rustc/dfb0accb7f508ae8be965d8629557221c889dd98/library/test/src/lib.rs:707:41
[INFO] [stdout]   32:     0x5573bb3790d4 - std[70759c8f55707aa4]::sys::backtrace::__rust_begin_short_backtrace::<test[9d35eded1c95d3be]::run_test::{closure#1}, ()>
[INFO] [stdout]                                at /rustc/dfb0accb7f508ae8be965d8629557221c889dd98/library/std/src/sys/backtrace.rs:166:18
[INFO] [stdout]   33:     0x5573bb382972 - std[70759c8f55707aa4]::thread::lifecycle::spawn_unchecked::<test[9d35eded1c95d3be]::run_test::{closure#1}, ()>::{closure#1}::{closure#0}
[INFO] [stdout]                                at /rustc/dfb0accb7f508ae8be965d8629557221c889dd98/library/std/src/thread/lifecycle.rs:70:13
[INFO] [stdout]   34:     0x5573bb382972 - <core[df12db4294e9bfd3]::panic::unwind_safe::AssertUnwindSafe<std[70759c8f55707aa4]::thread::lifecycle::spawn_unchecked<test[9d35eded1c95d3be]::run_test::{closure#1}, ()>::{closure#1}::{closure#0}> as core[df12db4294e9bfd3]::ops::function::FnOnce<()>>::call_once
[INFO] [stdout]                                at /rustc/dfb0accb7f508ae8be965d8629557221c889dd98/library/core/src/panic/unwind_safe.rs:275:9
[INFO] [stdout]   35:     0x5573bb382972 - std[70759c8f55707aa4]::panicking::catch_unwind::do_call::<core[df12db4294e9bfd3]::panic::unwind_safe::AssertUnwindSafe<std[70759c8f55707aa4]::thread::lifecycle::spawn_unchecked<test[9d35eded1c95d3be]::run_test::{closure#1}, ()>::{closure#1}::{closure#0}>, ()>
[INFO] [stdout]                                at /rustc/dfb0accb7f508ae8be965d8629557221c889dd98/library/std/src/panicking.rs:576:43
[INFO] [stdout]   36:     0x5573bb382972 - std[70759c8f55707aa4]::panicking::catch_unwind::<(), core[df12db4294e9bfd3]::panic::unwind_safe::AssertUnwindSafe<std[70759c8f55707aa4]::thread::lifecycle::spawn_unchecked<test[9d35eded1c95d3be]::run_test::{closure#1}, ()>::{closure#1}::{closure#0}>>
[INFO] [stdout]                                at /rustc/dfb0accb7f508ae8be965d8629557221c889dd98/library/std/src/panicking.rs:544:19
[INFO] [stdout]   37:     0x5573bb382972 - std[70759c8f55707aa4]::panic::catch_unwind::<core[df12db4294e9bfd3]::panic::unwind_safe::AssertUnwindSafe<std[70759c8f55707aa4]::thread::lifecycle::spawn_unchecked<test[9d35eded1c95d3be]::run_test::{closure#1}, ()>::{closure#1}::{closure#0}>, ()>
[INFO] [stdout]                                at /rustc/dfb0accb7f508ae8be965d8629557221c889dd98/library/std/src/panic.rs:359:14
[INFO] [stdout]   38:     0x5573bb382972 - std[70759c8f55707aa4]::thread::lifecycle::spawn_unchecked::<test[9d35eded1c95d3be]::run_test::{closure#1}, ()>::{closure#1}
[INFO] [stdout]                                at /rustc/dfb0accb7f508ae8be965d8629557221c889dd98/library/std/src/thread/lifecycle.rs:68:26
[INFO] [stdout]   39:     0x5573bb382972 - <std[70759c8f55707aa4]::thread::lifecycle::spawn_unchecked<test[9d35eded1c95d3be]::run_test::{closure#1}, ()>::{closure#1} as core[df12db4294e9bfd3]::ops::function::FnOnce<()>>::call_once::{shim:vtable#0}
[INFO] [stdout]                                at /rustc/dfb0accb7f508ae8be965d8629557221c889dd98/library/core/src/ops/function.rs:250:5
[INFO] [stdout]   40:     0x5573bb42ab69 - <alloc[2182bb758b4b3781]::boxed::Box<dyn core[df12db4294e9bfd3]::ops::function::FnOnce<(), Output = ()> + core[df12db4294e9bfd3]::marker::Send> as core[df12db4294e9bfd3]::ops::function::FnOnce<()>>::call_once
[INFO] [stdout]                                at /rustc/dfb0accb7f508ae8be965d8629557221c889dd98/library/alloc/src/boxed.rs:2320:9
[INFO] [stdout]   41:     0x5573bb42ab69 - <std[70759c8f55707aa4]::sys::thread::unix::Thread>::new::thread_start
[INFO] [stdout]                                at /rustc/dfb0accb7f508ae8be965d8629557221c889dd98/library/std/src/sys/thread/unix.rs:123:17
[INFO] [stdout]   42:     0x7495a7b39dfa - <unknown>
[INFO] [stdout]   43:     0x7495a7bcd3d4 - clone
[INFO] [stdout]   44:                0x0 - <unknown>
[INFO] [stdout] 
[INFO] [stdout] 
[INFO] [stdout] failures:
[INFO] [stdout]     the_reload_signal_reaches_the_wrapper
[INFO] [stdout] 
[INFO] [stdout] test result: FAILED. 2 passed; 1 failed; 0 ignored; 0 measured; 0 filtered out; finished in 11.23s
[INFO] [stdout] 
[INFO] running `Command { std: "docker" "inspect" "412827e9c3fa9a758a9931bef3a7eb5d0f90bd3aae7438f4d48e2ef7c8e1250f", kill_on_drop: false }`
[INFO] running `Command { std: "docker" "rm" "-f" "412827e9c3fa9a758a9931bef3a7eb5d0f90bd3aae7438f4d48e2ef7c8e1250f", kill_on_drop: false }`
[INFO] [stdout] 412827e9c3fa9a758a9931bef3a7eb5d0f90bd3aae7438f4d48e2ef7c8e1250f
