[INFO] fetching crate ts-native 0.2.1...
[INFO] testing ts-native-0.2.1 against 1.99.0-beta.8 for beta-1.100-2
[INFO] extracting crate ts-native 0.2.1 into /workspace/builds/worker-5-tc1/source
[INFO] started tweaking crates.io crate ts-native 0.2.1
[INFO] finished tweaking crates.io crate ts-native 0.2.1
[INFO] tweaked toml for crates.io crate ts-native 0.2.1 written to /workspace/builds/worker-5-tc1/source/Cargo.toml
[INFO] validating manifest of crates.io crate ts-native 0.2.1 on toolchain 1.99.0-beta.8
[INFO] running `Command { std: CARGO_HOME="/workspace/cargo-home" RUSTUP_HOME="/workspace/rustup-home" "/workspace/cargo-home/bin/cargo" "+1.99.0-beta.8" "metadata" "--manifest-path" "Cargo.toml" "--no-deps", kill_on_drop: false }`
[INFO] crate crates.io crate ts-native 0.2.1 already has a lockfile, it will not be regenerated
[INFO] running `Command { std: CARGO_HOME="/workspace/cargo-home" RUSTUP_HOME="/workspace/rustup-home" "/workspace/cargo-home/bin/cargo" "+1.99.0-beta.8" "fetch" "--manifest-path" "Cargo.toml", kill_on_drop: false }`
[INFO] [stderr]     Updating crates.io index
[INFO] [stderr]  Downloading crates ...
[INFO] [stderr]   Downloaded swc_visit v2.0.1
[INFO] [stderr]   Downloaded swc_ecma_ast v18.0.0
[INFO] [stderr]   Downloaded unicode-id-start v1.4.0
[INFO] [stderr]   Downloaded is-macro v0.3.7
[INFO] [stderr]   Downloaded slice-group-by v0.3.1
[INFO] [stderr]   Downloaded cranelift-module v0.93.2
[INFO] [stderr]   Downloaded cranelift-codegen-shared v0.93.2
[INFO] [stderr]   Downloaded swc_atoms v9.0.3
[INFO] [stderr]   Downloaded ast_node v5.0.0
[INFO] [stderr]   Downloaded bytes-str v0.2.7
[INFO] [stderr]   Downloaded cranelift-native v0.93.2
[INFO] [stderr]   Downloaded stacker v0.1.24
[INFO] [stderr]   Downloaded psm v0.1.31
[INFO] [stderr]   Downloaded cranelift v0.93.2
[INFO] [stderr]   Downloaded cranelift-entity v0.93.2
[INFO] [stderr]   Downloaded hstr v3.0.6
[INFO] [stderr]   Downloaded cranelift-bforest v0.93.2
[INFO] [stderr]   Downloaded cranelift-frontend v0.93.2
[INFO] [stderr]   Downloaded triomphe v0.1.15
[INFO] [stderr]   Downloaded log v0.4.31
[INFO] [stderr]   Downloaded cranelift-isle v0.93.2
[INFO] [stderr]   Downloaded cranelift-codegen-meta v0.93.2
[INFO] [stderr]   Downloaded swc_common v17.0.1
[INFO] [stderr]   Downloaded swc_ecma_parser v27.0.7
[INFO] [stderr]   Downloaded ar_archive_writer v0.5.1
[INFO] [stderr]   Downloaded regalloc2 v0.5.1
[INFO] [stderr]   Downloaded object v0.29.0
[INFO] [stderr]   Downloaded gimli v0.26.2
[INFO] [stderr]   Downloaded cranelift-codegen v0.93.2
[INFO] [stderr]   Downloaded cranelift-object v0.93.2
[INFO] running `Command { std: "docker" "create" "-v" "/var/lib/crater-agent-workspace/builds/worker-5-tc1/source:/opt/rustwide/workdir:ro,Z" "-v" "/var/lib/crater-agent-workspace/builds/worker-5-tc1/target:/opt/rustwide/target:rw,Z" "-v" "/var/lib/crater-agent-workspace/cargo-home:/opt/rustwide/cargo-home:ro,Z" "-v" "/var/lib/crater-agent-workspace/rustup-home:/opt/rustwide/rustup-home:ro,Z" "-m" "1610612736" "--network" "none" "ghcr.io/rust-lang/crates-build-env/linux@sha256:3111399a4047eeb3a02b7a90e478d715f38a8c6669b5c4b49d30a17385265909" "sleep" "infinity", kill_on_drop: false }`
[INFO] [stdout] 99e062e42796ae2b97f69a072f800734af4db3b386d7770446ddbae0a08621b3
[INFO] running `Command { std: "docker" "start" "99e062e42796ae2b97f69a072f800734af4db3b386d7770446ddbae0a08621b3", kill_on_drop: false }`
[INFO] running `Command { std: "docker" "inspect" "99e062e42796ae2b97f69a072f800734af4db3b386d7770446ddbae0a08621b3", kill_on_drop: false }`
[INFO] running `Command { std: "docker" "exec" "-e" "SOURCE_DIR=/opt/rustwide/workdir" "-e" "CARGO_HOME=/opt/rustwide/cargo-home" "-e" "RUSTUP_HOME=/opt/rustwide/rustup-home" "-e" "CARGO_TARGET_DIR=/opt/rustwide/target" "-w" "/opt/rustwide/workdir" "--user" "0:0" "99e062e42796ae2b97f69a072f800734af4db3b386d7770446ddbae0a08621b3" "/opt/rustwide/cargo-home/bin/cargo" "+1.99.0-beta.8" "metadata" "--no-deps" "--format-version=1", kill_on_drop: false }`
[INFO] running `Command { std: "docker" "inspect" "99e062e42796ae2b97f69a072f800734af4db3b386d7770446ddbae0a08621b3", kill_on_drop: false }`
[INFO] running `Command { std: "docker" "exec" "-e" "SOURCE_DIR=/opt/rustwide/workdir" "-e" "CARGO_HOME=/opt/rustwide/cargo-home" "-e" "RUSTUP_HOME=/opt/rustwide/rustup-home" "-e" "CARGO_TARGET_DIR=/opt/rustwide/target" "-e" "CARGO_INCREMENTAL=0" "-e" "RUST_BACKTRACE=full" "-e" "RUSTFLAGS=--cap-lints=warn" "-e" "RUSTDOCFLAGS=--cap-lints=warn" "-w" "/opt/rustwide/workdir" "--user" "0:0" "99e062e42796ae2b97f69a072f800734af4db3b386d7770446ddbae0a08621b3" "/opt/rustwide/cargo-home/bin/cargo" "+1.99.0-beta.8" "build" "--frozen" "--message-format=json", kill_on_drop: false }`
[INFO] [stderr]    Compiling syn v2.0.117
[INFO] [stderr]    Compiling stable_deref_trait v1.2.1
[INFO] [stderr]    Compiling smallvec v1.15.1
[INFO] [stderr]    Compiling memchr v2.8.1
[INFO] [stderr]    Compiling cranelift-isle v0.93.2
[INFO] [stderr]    Compiling cranelift-codegen-shared v0.93.2
[INFO] [stderr]    Compiling ahash v0.7.8
[INFO] [stderr]    Compiling indexmap v1.9.3
[INFO] [stderr]    Compiling zerocopy v0.8.50
[INFO] [stderr]    Compiling target-lexicon v0.12.16
[INFO] [stderr]    Compiling object v0.37.3
[INFO] [stderr]    Compiling getrandom v0.2.17
[INFO] [stderr]    Compiling fxhash v0.2.1
[INFO] [stderr]    Compiling cc v1.2.63
[INFO] [stderr]    Compiling num-traits v0.2.19
[INFO] [stderr]    Compiling slice-group-by v0.3.1
[INFO] [stderr]    Compiling cranelift-codegen-meta v0.93.2
[INFO] [stderr]    Compiling cranelift-entity v0.93.2
[INFO] [stderr]    Compiling fallible-iterator v0.2.0
[INFO] [stderr]    Compiling log v0.4.31
[INFO] [stderr]    Compiling siphasher v1.0.3
[INFO] [stderr]    Compiling cranelift-bforest v0.93.2
[INFO] [stderr]    Compiling bumpalo v3.20.3
[INFO] [stderr]    Compiling rand_core v0.6.4
[INFO] [stderr]    Compiling rustc-hash v2.1.2
[INFO] [stderr]    Compiling percent-encoding v2.3.2
[INFO] [stderr]    Compiling hashbrown v0.12.3
[INFO] [stderr]    Compiling rand v0.8.6
[INFO] [stderr]    Compiling phf_shared v0.11.3
[INFO] [stderr]    Compiling either v1.16.0
[INFO] [stderr]    Compiling bitflags v2.12.1
[INFO] [stderr]    Compiling scoped-tls v1.0.1
[INFO] [stderr]    Compiling crc32fast v1.5.0
[INFO] [stderr]    Compiling form_urlencoded v1.2.2
[INFO] [stderr]    Compiling swc_visit v2.0.1
[INFO] [stderr]    Compiling better_scoped_tls v1.0.1
[INFO] [stderr]    Compiling phf_generator v0.11.3
[INFO] [stderr]    Compiling regalloc2 v0.5.1
[INFO] [stderr]    Compiling smartstring v1.0.1
[INFO] [stderr]    Compiling rustix v0.38.44
[INFO] [stderr]    Compiling siphasher v0.3.11
[INFO] [stderr]    Compiling unicode-id-start v1.4.0
[INFO] [stderr]    Compiling serde_json v1.0.150
[INFO] [stderr]    Compiling home v0.5.12
[INFO] [stderr]    Compiling num-integer v0.1.46
[INFO] [stderr]    Compiling gimli v0.26.2
[INFO] [stderr]    Compiling object v0.29.0
[INFO] [stderr]    Compiling stacker v0.1.24
[INFO] [stderr]    Compiling cranelift-codegen v0.93.2
[INFO] [stderr]    Compiling which v6.0.3
[INFO] [stderr]    Compiling ahash v0.8.12
[INFO] [stderr]    Compiling ar_archive_writer v0.5.1
[INFO] [stderr]    Compiling hashbrown v0.14.5
[INFO] [stderr]    Compiling psm v0.1.31
[INFO] [stderr]    Compiling synstructure v0.13.2
[INFO] [stderr]    Compiling swc_macros_common v1.0.1
[INFO] [stderr]    Compiling zerofrom-derive v0.1.7
[INFO] [stderr]    Compiling yoke-derive v0.8.2
[INFO] [stderr]    Compiling zerovec-derive v0.11.3
[INFO] [stderr]    Compiling serde_derive v1.0.228
[INFO] [stderr]    Compiling displaydoc v0.2.6
[INFO] [stderr]    Compiling tracing-attributes v0.1.31
[INFO] [stderr]    Compiling from_variant v3.0.0
[INFO] [stderr]    Compiling ast_node v5.0.0
[INFO] [stderr]    Compiling swc_eq_ignore_macros v1.0.1
[INFO] [stderr]    Compiling phf_macros v0.11.3
[INFO] [stderr]    Compiling is-macro v0.3.7
[INFO] [stderr]    Compiling string_enum v1.0.2
[INFO] [stderr]    Compiling zerofrom v0.1.8
[INFO] [stderr]    Compiling phf v0.11.3
[INFO] [stderr]    Compiling tracing v0.1.44
[INFO] [stderr]    Compiling yoke v0.8.2
[INFO] [stderr]    Compiling zerotrie v0.2.4
[INFO] [stderr]    Compiling zerovec v0.11.6
[INFO] [stderr]    Compiling tinystr v0.8.3
[INFO] [stderr]    Compiling potential_utf v0.1.5
[INFO] [stderr]    Compiling icu_locale_core v2.2.0
[INFO] [stderr]    Compiling icu_collections v2.2.0
[INFO] [stderr]    Compiling serde v1.0.228
[INFO] [stderr]    Compiling icu_provider v2.2.0
[INFO] [stderr]    Compiling triomphe v0.1.15
[INFO] [stderr]    Compiling bytes-str v0.2.7
[INFO] [stderr]    Compiling num-bigint v0.4.6
[INFO] [stderr]    Compiling serde_spanned v0.6.9
[INFO] [stderr]    Compiling toml_datetime v0.6.11
[INFO] [stderr]    Compiling toml_edit v0.22.27
[INFO] [stderr]    Compiling icu_normalizer v2.2.0
[INFO] [stderr]    Compiling icu_properties v2.2.0
[INFO] [stderr]    Compiling hstr v3.0.6
[INFO] [stderr]    Compiling swc_atoms v9.0.3
[INFO] [stderr]    Compiling idna_adapter v1.2.2
[INFO] [stderr]    Compiling idna v1.1.0
[INFO] [stderr]    Compiling url v2.5.8
[INFO] [stderr]    Compiling swc_common v17.0.1
[INFO] [stderr]    Compiling toml v0.8.23
[INFO] [stderr]    Compiling swc_ecma_ast v18.0.0
[INFO] [stderr]    Compiling cranelift-module v0.93.2
[INFO] [stderr]    Compiling cranelift-frontend v0.93.2
[INFO] [stderr]    Compiling cranelift-native v0.93.2
[INFO] [stderr]    Compiling cranelift-object v0.93.2
[INFO] [stderr]    Compiling cranelift v0.93.2
[INFO] [stderr]    Compiling swc_ecma_parser v27.0.7
[INFO] [stderr]    Compiling ts-native v0.2.1 (/opt/rustwide/workdir)
[INFO] [stdout] warning: function `parse_simple` is never used
[INFO] [stdout]    --> src/main.rs:272:4
[INFO] [stdout]     |
[INFO] [stdout] 272 | fn parse_simple(source: &str) -> Result<Vec<HirExpr>> {
[INFO] [stdout]     |    ^^^^^^^^^^^^
[INFO] [stdout]     |
[INFO] [stdout]     = note: `#[warn(dead_code)]` (part of `#[warn(unused)]`) on by default
[INFO] [stdout] 
[INFO] [stdout] 
[INFO] [stdout] warning: constant `OBJECT_TAG` is never used
[INFO] [stdout]   --> src/codegen.rs:13:11
[INFO] [stdout]    |
[INFO] [stdout] 13 | pub const OBJECT_TAG: u64 = 0x7FFA_0000_0000_0000;
[INFO] [stdout]    |           ^^^^^^^^^^
[INFO] [stdout] 
[INFO] [stdout] 
[INFO] [stdout] warning: constant `EVENT_CLICK` is never used
[INFO] [stdout]   --> src/codegen.rs:16:11
[INFO] [stdout]    |
[INFO] [stdout] 16 | pub const EVENT_CLICK: u64 = 1;
[INFO] [stdout]    |           ^^^^^^^^^^^
[INFO] [stdout] 
[INFO] [stdout] 
[INFO] [stdout] warning: constant `EVENT_KEYDOWN` is never used
[INFO] [stdout]   --> src/codegen.rs:17:11
[INFO] [stdout]    |
[INFO] [stdout] 17 | pub const EVENT_KEYDOWN: u64 = 2;
[INFO] [stdout]    |           ^^^^^^^^^^^^^
[INFO] [stdout] 
[INFO] [stdout] 
[INFO] [stdout] warning: constant `EVENT_KEYUP` is never used
[INFO] [stdout]   --> src/codegen.rs:18:11
[INFO] [stdout]    |
[INFO] [stdout] 18 | pub const EVENT_KEYUP: u64 = 3;
[INFO] [stdout]    |           ^^^^^^^^^^^
[INFO] [stdout] 
[INFO] [stdout] 
[INFO] [stdout] warning: constant `EVENT_MOUSEMOVE` is never used
[INFO] [stdout]   --> src/codegen.rs:19:11
[INFO] [stdout]    |
[INFO] [stdout] 19 | pub const EVENT_MOUSEMOVE: u64 = 4;
[INFO] [stdout]    |           ^^^^^^^^^^^^^^^
[INFO] [stdout] 
[INFO] [stdout] 
[INFO] [stdout] warning: constant `EVENT_CHANGE` is never used
[INFO] [stdout]   --> src/codegen.rs:20:11
[INFO] [stdout]    |
[INFO] [stdout] 20 | pub const EVENT_CHANGE: u64 = 5;
[INFO] [stdout]    |           ^^^^^^^^^^^^
[INFO] [stdout] 
[INFO] [stdout] 
[INFO] [stdout] warning: constant `EVENT_SUBMIT` is never used
[INFO] [stdout]   --> src/codegen.rs:21:11
[INFO] [stdout]    |
[INFO] [stdout] 21 | pub const EVENT_SUBMIT: u64 = 6;
[INFO] [stdout]    |           ^^^^^^^^^^^^
[INFO] [stdout] 
[INFO] [stdout] 
[INFO] [stdout] warning: constant `EVENT_FOCUS` is never used
[INFO] [stdout]   --> src/codegen.rs:22:11
[INFO] [stdout]    |
[INFO] [stdout] 22 | pub const EVENT_FOCUS: u64 = 7;
[INFO] [stdout]    |           ^^^^^^^^^^^
[INFO] [stdout] 
[INFO] [stdout] 
[INFO] [stdout] warning: constant `EVENT_BLUR` is never used
[INFO] [stdout]   --> src/codegen.rs:23:11
[INFO] [stdout]    |
[INFO] [stdout] 23 | pub const EVENT_BLUR: u64 = 8;
[INFO] [stdout]    |           ^^^^^^^^^^
[INFO] [stdout] 
[INFO] [stdout] 
[INFO] [stdout] warning: constant `EVENT_CHANGE_VALUE` is never used
[INFO] [stdout]   --> src/codegen.rs:24:11
[INFO] [stdout]    |
[INFO] [stdout] 24 | pub const EVENT_CHANGE_VALUE: u64 = 9;
[INFO] [stdout]    |           ^^^^^^^^^^^^^^^^^^
[INFO] [stdout] 
[INFO] [stdout] 
[INFO] [stdout] warning: function `map_event_type` is never used
[INFO] [stdout]   --> src/codegen.rs:26:4
[INFO] [stdout]    |
[INFO] [stdout] 26 | fn map_event_type(event_name: &str) -> u64 {
[INFO] [stdout]    |    ^^^^^^^^^^^^^^
[INFO] [stdout] 
[INFO] [stdout] 
[INFO] [stdout] warning: field `is_mut` is never read
[INFO] [stdout]   --> src/codegen.rs:61:53
[INFO] [stdout]    |
[INFO] [stdout] 61 |     Var { name: String, init: Option<Box<HirExpr>>, is_mut: bool },
[INFO] [stdout]    |     --- field in this variant                       ^^^^^^
[INFO] [stdout]    |
[INFO] [stdout]    = note: `HirExpr` has derived impls for the traits `Clone` and `Debug`, but these are intentionally ignored during dead code analysis
[INFO] [stdout] 
[INFO] [stdout] 
[INFO] [stdout] warning: variants `BitAnd`, `BitOr`, `BitXor`, `Shl`, and `Shr` are never constructed
[INFO] [stdout]   --> src/codegen.rs:94:5
[INFO] [stdout]    |
[INFO] [stdout] 90 | pub enum BinOp {
[INFO] [stdout]    |          ----- variants in this enum
[INFO] [stdout] ...
[INFO] [stdout] 94 |     BitAnd, BitOr, BitXor, Shl, Shr,
[INFO] [stdout]    |     ^^^^^^  ^^^^^  ^^^^^^  ^^^  ^^^
[INFO] [stdout]    |
[INFO] [stdout]    = note: `BinOp` has derived impls for the traits `Clone` and `Debug`, but these are intentionally ignored during dead code analysis
[INFO] [stdout] 
[INFO] [stdout] 
[INFO] [stdout] warning: variants `PreInc`, `PreDec`, `PostInc`, and `PostDec` are never constructed
[INFO] [stdout]   --> src/codegen.rs:99:15
[INFO] [stdout]    |
[INFO] [stdout] 98 | pub enum UnaryOp {
[INFO] [stdout]    |          ------- variants in this enum
[INFO] [stdout] 99 |     Not, Neg, PreInc, PreDec, PostInc, PostDec,
[INFO] [stdout]    |               ^^^^^^  ^^^^^^  ^^^^^^^  ^^^^^^^
[INFO] [stdout]    |
[INFO] [stdout]    = note: `UnaryOp` has derived impls for the traits `Clone` and `Debug`, but these are intentionally ignored during dead code analysis
[INFO] [stdout] 
[INFO] [stdout] 
[INFO] [stdout] warning: field `external_functions` is never read
[INFO] [stdout]    --> src/codegen.rs:117:5
[INFO] [stdout]     |
[INFO] [stdout] 113 | pub struct CodeGen {
[INFO] [stdout]     |            ------- field in this struct
[INFO] [stdout] ...
[INFO] [stdout] 117 |     external_functions: std::collections::HashMap<String, String>,
[INFO] [stdout]     |     ^^^^^^^^^^^^^^^^^^
[INFO] [stdout] 
[INFO] [stdout] 
[INFO] [stdout] warning: methods `with_external_functions` and `set_external_functions` are never used
[INFO] [stdout]    --> src/codegen.rs:130:12
[INFO] [stdout]     |
[INFO] [stdout] 120 | impl CodeGen {
[INFO] [stdout]     | ------------ methods in this implementation
[INFO] [stdout] ...
[INFO] [stdout] 130 |     pub fn with_external_functions(mut self, functions: std::collections::HashMap<String, String>) -> Self {
[INFO] [stdout]     |            ^^^^^^^^^^^^^^^^^^^^^^^
[INFO] [stdout] ...
[INFO] [stdout] 135 |     pub fn set_external_functions(&mut self, functions: std::collections::HashMap<String, String>) {
[INFO] [stdout]     |            ^^^^^^^^^^^^^^^^^^^^^^
[INFO] [stdout] 
[INFO] [stdout] 
[INFO] [stdout] warning: constant `POINTER_TAG` is never used
[INFO] [stdout]   --> src/runtime.rs:13:7
[INFO] [stdout]    |
[INFO] [stdout] 13 | const POINTER_TAG: u64 = 0x7FFD_0000_0000_0000;
[INFO] [stdout]    |       ^^^^^^^^^^^
[INFO] [stdout] 
[INFO] [stdout] 
[INFO] [stdout] warning: constant `STRING_TAG` is never used
[INFO] [stdout]   --> src/runtime.rs:14:7
[INFO] [stdout]    |
[INFO] [stdout] 14 | const STRING_TAG: u64 = 0x7FFC_0000_0000_0000;
[INFO] [stdout]    |       ^^^^^^^^^^
[INFO] [stdout] 
[INFO] [stdout] 
[INFO] [stdout] warning: constant `ARRAY_TAG` is never used
[INFO] [stdout]   --> src/runtime.rs:15:7
[INFO] [stdout]    |
[INFO] [stdout] 15 | const ARRAY_TAG: u64 = 0x7FFB_0000_0000_0000;
[INFO] [stdout]    |       ^^^^^^^^^
[INFO] [stdout] 
[INFO] [stdout] 
[INFO] [stdout] warning: constant `OBJECT_TAG` is never used
[INFO] [stdout]   --> src/runtime.rs:16:7
[INFO] [stdout]    |
[INFO] [stdout] 16 | const OBJECT_TAG: u64 = 0x7FFA_0000_0000_0000;
[INFO] [stdout]    |       ^^^^^^^^^^
[INFO] [stdout] 
[INFO] [stdout] 
[INFO] [stdout] warning: struct `JsString` is never constructed
[INFO] [stdout]   --> src/runtime.rs:18:12
[INFO] [stdout]    |
[INFO] [stdout] 18 | pub struct JsString {
[INFO] [stdout]    |            ^^^^^^^^
[INFO] [stdout] 
[INFO] [stdout] 
[INFO] [stdout] warning: associated items `new`, `as_str`, `compute_hash`, and `concat` are never used
[INFO] [stdout]   --> src/runtime.rs:25:12
[INFO] [stdout]    |
[INFO] [stdout] 24 | impl JsString {
[INFO] [stdout]    | ------------- associated items in this implementation
[INFO] [stdout] 25 |     pub fn new(s: &str) -> NonNull<Self> {
[INFO] [stdout]    |            ^^^
[INFO] [stdout] ...
[INFO] [stdout] 47 |     pub fn as_str(&self) -> &str {
[INFO] [stdout]    |            ^^^^^^
[INFO] [stdout] ...
[INFO] [stdout] 56 |     fn compute_hash(data: &[u8]) -> u32 {
[INFO] [stdout]    |        ^^^^^^^^^^^^
[INFO] [stdout] ...
[INFO] [stdout] 64 |     pub fn concat(a: &str, b: &str) -> NonNull<Self> {
[INFO] [stdout]    |            ^^^^^^
[INFO] [stdout] 
[INFO] [stdout] 
[INFO] [stdout] warning: struct `JsArray` is never constructed
[INFO] [stdout]   --> src/runtime.rs:72:12
[INFO] [stdout]    |
[INFO] [stdout] 72 | pub struct JsArray {
[INFO] [stdout]    |            ^^^^^^^
[INFO] [stdout] 
[INFO] [stdout] 
[INFO] [stdout] warning: associated items `new`, `push`, `grow_raw`, `get`, and `set` are never used
[INFO] [stdout]    --> src/runtime.rs:79:12
[INFO] [stdout]     |
[INFO] [stdout]  78 | impl JsArray {
[INFO] [stdout]     | ------------ associated items in this implementation
[INFO] [stdout]  79 |     pub fn new(capacity: u32) -> NonNull<Self> {
[INFO] [stdout]     |            ^^^
[INFO] [stdout] ...
[INFO] [stdout]  96 |     pub unsafe fn push(ptr: &mut NonNull<JsArray>, value: u64) {
[INFO] [stdout]     |                   ^^^^
[INFO] [stdout] ...
[INFO] [stdout] 108 |     unsafe fn grow_raw(old: NonNull<JsArray>) -> NonNull<JsArray> {
[INFO] [stdout]     |               ^^^^^^^^
[INFO] [stdout] ...
[INFO] [stdout] 126 |     pub fn get(&self, index: u32) -> u64 {
[INFO] [stdout]     |            ^^^
[INFO] [stdout] ...
[INFO] [stdout] 134 |     pub unsafe fn set(ptr: &mut NonNull<JsArray>, index: u32, value: u64) {
[INFO] [stdout]     |                   ^^^
[INFO] [stdout] 
[INFO] [stdout] 
[INFO] [stdout] warning: struct `JsObject` is never constructed
[INFO] [stdout]    --> src/runtime.rs:152:12
[INFO] [stdout]     |
[INFO] [stdout] 152 | pub struct JsObject {
[INFO] [stdout]     |            ^^^^^^^^
[INFO] [stdout] 
[INFO] [stdout] 
[INFO] [stdout] warning: struct `ObjectEntry` is never constructed
[INFO] [stdout]    --> src/runtime.rs:159:12
[INFO] [stdout]     |
[INFO] [stdout] 159 | pub struct ObjectEntry {
[INFO] [stdout]     |            ^^^^^^^^^^^
[INFO] [stdout] 
[INFO] [stdout] 
[INFO] [stdout] warning: associated items `new`, `set`, `grow_raw`, and `get` are never used
[INFO] [stdout]    --> src/runtime.rs:165:12
[INFO] [stdout]     |
[INFO] [stdout] 164 | impl JsObject {
[INFO] [stdout]     | ------------- associated items in this implementation
[INFO] [stdout] 165 |     pub fn new() -> NonNull<Self> {
[INFO] [stdout]     |            ^^^
[INFO] [stdout] ...
[INFO] [stdout] 181 |     pub unsafe fn set(ptr: &mut NonNull<JsObject>, key: u64, value: u64) {
[INFO] [stdout]     |                   ^^^
[INFO] [stdout] ...
[INFO] [stdout] 203 |     unsafe fn grow_raw(old: NonNull<JsObject>) -> NonNull<JsObject> {
[INFO] [stdout]     |               ^^^^^^^^
[INFO] [stdout] ...
[INFO] [stdout] 221 |     pub fn get(&self, key: u64) -> u64 {
[INFO] [stdout]     |            ^^^
[INFO] [stdout] 
[INFO] [stdout] 
[INFO] [stdout] warning: function `nanbox_pointer` is never used
[INFO] [stdout]    --> src/runtime.rs:234:8
[INFO] [stdout]     |
[INFO] [stdout] 234 | pub fn nanbox_pointer(ptr: NonNull<()>) -> u64 {
[INFO] [stdout]     |        ^^^^^^^^^^^^^^
[INFO] [stdout] 
[INFO] [stdout] 
[INFO] [stdout] warning: function `nanbox_string` is never used
[INFO] [stdout]    --> src/runtime.rs:238:8
[INFO] [stdout]     |
[INFO] [stdout] 238 | pub fn nanbox_string(ptr: NonNull<JsString>) -> u64 {
[INFO] [stdout]     |        ^^^^^^^^^^^^^
[INFO] [stdout] 
[INFO] [stdout] 
[INFO] [stdout] warning: function `nanbox_array` is never used
[INFO] [stdout]    --> src/runtime.rs:242:8
[INFO] [stdout]     |
[INFO] [stdout] 242 | pub fn nanbox_array(ptr: NonNull<JsArray>) -> u64 {
[INFO] [stdout]     |        ^^^^^^^^^^^^
[INFO] [stdout] 
[INFO] [stdout] 
[INFO] [stdout] warning: function `nanbox_object` is never used
[INFO] [stdout]    --> src/runtime.rs:246:8
[INFO] [stdout]     |
[INFO] [stdout] 246 | pub fn nanbox_object(ptr: NonNull<JsObject>) -> u64 {
[INFO] [stdout]     |        ^^^^^^^^^^^^^
[INFO] [stdout] 
[INFO] [stdout] 
[INFO] [stdout] warning: function `get_pointer` is never used
[INFO] [stdout]    --> src/runtime.rs:250:8
[INFO] [stdout]     |
[INFO] [stdout] 250 | pub fn get_pointer(val: u64) -> *mut () {
[INFO] [stdout]     |        ^^^^^^^^^^^
[INFO] [stdout] 
[INFO] [stdout] 
[INFO] [stdout] warning: function `is_string` is never used
[INFO] [stdout]    --> src/runtime.rs:254:8
[INFO] [stdout]     |
[INFO] [stdout] 254 | pub fn is_string(val: u64) -> bool {
[INFO] [stdout]     |        ^^^^^^^^^
[INFO] [stdout] 
[INFO] [stdout] 
[INFO] [stdout] warning: function `is_array` is never used
[INFO] [stdout]    --> src/runtime.rs:258:8
[INFO] [stdout]     |
[INFO] [stdout] 258 | pub fn is_array(val: u64) -> bool {
[INFO] [stdout]     |        ^^^^^^^^
[INFO] [stdout] 
[INFO] [stdout] 
[INFO] [stdout] warning: function `is_object` is never used
[INFO] [stdout]    --> src/runtime.rs:262:8
[INFO] [stdout]     |
[INFO] [stdout] 262 | pub fn is_object(val: u64) -> bool {
[INFO] [stdout]     |        ^^^^^^^^^
[INFO] [stdout] 
[INFO] [stdout] 
[INFO] [stdout] warning: associated functions `normalize_path` and `find_crt_start` are never used
[INFO] [stdout]    --> src/linker.rs:95:8
[INFO] [stdout]     |
[INFO] [stdout]  10 | impl Linker {
[INFO] [stdout]     | ----------- associated functions in this implementation
[INFO] [stdout] ...
[INFO] [stdout]  95 |     fn normalize_path(path: std::path::PathBuf) -> Option<String> {
[INFO] [stdout]     |        ^^^^^^^^^^^^^^
[INFO] [stdout] ...
[INFO] [stdout] 105 |     fn find_crt_start() -> Option<String> {
[INFO] [stdout]     |        ^^^^^^^^^^^^^^
[INFO] [stdout] 
[INFO] [stdout] 
[INFO] [stdout] warning: struct `PeBuilder` is never constructed
[INFO] [stdout]  --> src/pe_builder.rs:4:12
[INFO] [stdout]   |
[INFO] [stdout] 4 | pub struct PeBuilder {
[INFO] [stdout]   |            ^^^^^^^^^
[INFO] [stdout] 
[INFO] [stdout] 
[INFO] [stdout] warning: multiple associated items are never used
[INFO] [stdout]    --> src/pe_builder.rs:10:12
[INFO] [stdout]     |
[INFO] [stdout]   9 | impl PeBuilder {
[INFO] [stdout]     | -------------- associated items in this implementation
[INFO] [stdout]  10 |     pub fn new() -> Self {
[INFO] [stdout]     |            ^^^
[INFO] [stdout] ...
[INFO] [stdout]  17 |     pub fn add_code(&mut self, code: &[u8]) {
[INFO] [stdout]     |            ^^^^^^^^
[INFO] [stdout] ...
[INFO] [stdout]  21 |     pub fn add_data(&mut self, data: &[u8]) -> usize {
[INFO] [stdout]     |            ^^^^^^^^
[INFO] [stdout] ...
[INFO] [stdout]  27 |     pub fn build(&self) -> Result<Vec<u8>> {
[INFO] [stdout]     |            ^^^^^
[INFO] [stdout] ...
[INFO] [stdout]  69 |     fn build_dos_header(&self) -> [u8; 64] {
[INFO] [stdout]     |        ^^^^^^^^^^^^^^^^
[INFO] [stdout] ...
[INFO] [stdout] 146 |     fn build_coff_header(&self) -> [u8; 20] {
[INFO] [stdout]     |        ^^^^^^^^^^^^^^^^^
[INFO] [stdout] ...
[INFO] [stdout] 190 |     fn build_optional_header(&self) -> Vec<u8> {
[INFO] [stdout]     |        ^^^^^^^^^^^^^^^^^^^^^
[INFO] [stdout] ...
[INFO] [stdout] 358 |     fn build_section_headers(&self) -> Vec<u8> {
[INFO] [stdout]     |        ^^^^^^^^^^^^^^^^^^^^^
[INFO] [stdout] 
[INFO] [stdout] 
[INFO] [stdout] warning: struct `CargoToml` is never constructed
[INFO] [stdout]   --> src/extension.rs:71:12
[INFO] [stdout]    |
[INFO] [stdout] 71 | pub struct CargoToml {
[INFO] [stdout]    |            ^^^^^^^^^
[INFO] [stdout] 
[INFO] [stdout] 
[INFO] [stdout] warning: struct `CargoPackage` is never constructed
[INFO] [stdout]   --> src/extension.rs:79:12
[INFO] [stdout]    |
[INFO] [stdout] 79 | pub struct CargoPackage {
[INFO] [stdout]    |            ^^^^^^^^^^^^
[INFO] [stdout] 
[INFO] [stdout] 
[INFO] [stdout] warning: struct `CargoMetadata` is never constructed
[INFO] [stdout]   --> src/extension.rs:85:12
[INFO] [stdout]    |
[INFO] [stdout] 85 | pub struct CargoMetadata {
[INFO] [stdout]    |            ^^^^^^^^^^^^^
[INFO] [stdout] 
[INFO] [stdout] 
[INFO] [stdout] warning: struct `TsNativeMetadata` is never constructed
[INFO] [stdout]   --> src/extension.rs:91:12
[INFO] [stdout]    |
[INFO] [stdout] 91 | pub struct TsNativeMetadata {
[INFO] [stdout]    |            ^^^^^^^^^^^^^^^^
[INFO] [stdout] 
[INFO] [stdout] 
[INFO] [stdout] warning: methods `get_c_name` and `is_external_function` are never used
[INFO] [stdout]    --> src/extension.rs:119:12
[INFO] [stdout]     |
[INFO] [stdout] 104 | impl ExtensionRegistry {
[INFO] [stdout]     | ---------------------- methods in this implementation
[INFO] [stdout] ...
[INFO] [stdout] 119 |     pub fn get_c_name(&self, ts_name: &str) -> Option<&String> {
[INFO] [stdout]     |            ^^^^^^^^^^
[INFO] [stdout] ...
[INFO] [stdout] 123 |     pub fn is_external_function(&self, ts_name: &str) -> bool {
[INFO] [stdout]     |            ^^^^^^^^^^^^^^^^^^^^
[INFO] [stdout] 
[INFO] [stdout] 
[INFO] [stdout] warning: function `parse_cargo_toml` is never used
[INFO] [stdout]    --> src/extension.rs:134:8
[INFO] [stdout]     |
[INFO] [stdout] 134 | pub fn parse_cargo_toml(path: &Path) -> Result<CargoToml> {
[INFO] [stdout]     |        ^^^^^^^^^^^^^^^^
[INFO] [stdout] 
[INFO] [stdout] 
[INFO] [stdout] warning: function `find_plugin_crates` is never used
[INFO] [stdout]    --> src/extension.rs:140:8
[INFO] [stdout]     |
[INFO] [stdout] 140 | pub fn find_plugin_crates(cargo_toml: &CargoToml) -> Vec<String> {
[INFO] [stdout]     |        ^^^^^^^^^^^^^^^^^^
[INFO] [stdout] 
[INFO] [stdout] 
[INFO] [stdout] warning: function `load_extension_from_path` is never used
[INFO] [stdout]    --> src/extension.rs:164:8
[INFO] [stdout]     |
[INFO] [stdout] 164 | pub fn load_extension_from_path(path: &Path) -> Result<Extension> {
[INFO] [stdout]     |        ^^^^^^^^^^^^^^^^^^^^^^^^
[INFO] [stdout] 
[INFO] [stdout] 
[INFO] [stdout] warning: function `load_extension_from_crate` is never used
[INFO] [stdout]    --> src/extension.rs:188:8
[INFO] [stdout]     |
[INFO] [stdout] 188 | pub fn load_extension_from_crate(crate_name: &str) -> Result<Extension> {
[INFO] [stdout]     |        ^^^^^^^^^^^^^^^^^^^^^^^^^
[INFO] [stdout] 
[INFO] [stdout] 
[INFO] [stdout] warning: function `find_crate_path` is never used
[INFO] [stdout]    --> src/extension.rs:193:4
[INFO] [stdout]     |
[INFO] [stdout] 193 | fn find_crate_path(crate_name: &str) -> Result<std::path::PathBuf> {
[INFO] [stdout]     |    ^^^^^^^^^^^^^^^
[INFO] [stdout] 
[INFO] [stdout] 
[INFO] [stdout] warning: function `discover_extensions_from_cargo` is never used
[INFO] [stdout]    --> src/extension.rs:217:8
[INFO] [stdout]     |
[INFO] [stdout] 217 | pub fn discover_extensions_from_cargo(cargo_toml_path: &Path) -> Result<ExtensionRegistry> {
[INFO] [stdout]     |        ^^^^^^^^^^^^^^^^^^^^^^^^^^^^^^
[INFO] [stdout] 
[INFO] [stdout] 
[INFO] [stdout] warning: struct `ProjectConfig` is never constructed
[INFO] [stdout]  --> src/config.rs:6:12
[INFO] [stdout]   |
[INFO] [stdout] 6 | pub struct ProjectConfig {
[INFO] [stdout]   |            ^^^^^^^^^^^^^
[INFO] [stdout] 
[INFO] [stdout] 
[INFO] [stdout] warning: struct `ProjectInfo` is never constructed
[INFO] [stdout]   --> src/config.rs:18:12
[INFO] [stdout]    |
[INFO] [stdout] 18 | pub struct ProjectInfo {
[INFO] [stdout]    |            ^^^^^^^^^^^
[INFO] [stdout] 
[INFO] [stdout] 
[INFO] [stdout] warning: struct `CompileConfig` is never constructed
[INFO] [stdout]   --> src/config.rs:26:12
[INFO] [stdout]    |
[INFO] [stdout] 26 | pub struct CompileConfig {
[INFO] [stdout]    |            ^^^^^^^^^^^^^
[INFO] [stdout] 
[INFO] [stdout] 
[INFO] [stdout] warning: function `default_input` is never used
[INFO] [stdout]   --> src/config.rs:35:4
[INFO] [stdout]    |
[INFO] [stdout] 35 | fn default_input() -> String {
[INFO] [stdout]    |    ^^^^^^^^^^^^^
[INFO] [stdout] 
[INFO] [stdout] 
[INFO] [stdout] warning: function `default_output` is never used
[INFO] [stdout]   --> src/config.rs:39:4
[INFO] [stdout]    |
[INFO] [stdout] 39 | fn default_output() -> String {
[INFO] [stdout]    |    ^^^^^^^^^^^^^^
[INFO] [stdout] 
[INFO] [stdout] 
[INFO] [stdout] warning: struct `ExtensionsConfig` is never constructed
[INFO] [stdout]   --> src/config.rs:44:12
[INFO] [stdout]    |
[INFO] [stdout] 44 | pub struct ExtensionsConfig {
[INFO] [stdout]    |            ^^^^^^^^^^^^^^^^
[INFO] [stdout] 
[INFO] [stdout] 
[INFO] [stdout] warning: function `default_true` is never used
[INFO] [stdout]   --> src/config.rs:53:4
[INFO] [stdout]    |
[INFO] [stdout] 53 | fn default_true() -> bool {
[INFO] [stdout]    |    ^^^^^^^^^^^^
[INFO] [stdout] 
[INFO] [stdout] 
[INFO] [stdout] warning: struct `ExtensionItem` is never constructed
[INFO] [stdout]   --> src/config.rs:58:12
[INFO] [stdout]    |
[INFO] [stdout] 58 | pub struct ExtensionItem {
[INFO] [stdout]    |            ^^^^^^^^^^^^^
[INFO] [stdout] 
[INFO] [stdout] 
[INFO] [stdout] warning: struct `LinkConfig` is never constructed
[INFO] [stdout]   --> src/config.rs:64:12
[INFO] [stdout]    |
[INFO] [stdout] 64 | pub struct LinkConfig {
[INFO] [stdout]    |            ^^^^^^^^^^
[INFO] [stdout] 
[INFO] [stdout] 
[INFO] [stdout] warning: function `default_linker` is never used
[INFO] [stdout]   --> src/config.rs:71:4
[INFO] [stdout]    |
[INFO] [stdout] 71 | fn default_linker() -> String {
[INFO] [stdout]    |    ^^^^^^^^^^^^^^
[INFO] [stdout] 
[INFO] [stdout] 
[INFO] [stdout] warning: associated items `load`, `load_from_dir`, `has_explicit_extensions`, `should_auto_discover`, and `get_excluded_extensions` are never used
[INFO] [stdout]   --> src/config.rs:76:12
[INFO] [stdout]    |
[INFO] [stdout] 75 | impl ProjectConfig {
[INFO] [stdout]    | ------------------ associated items in this implementation
[INFO] [stdout] 76 |     pub fn load(path: &std::path::Path) -> Result<Self> {
[INFO] [stdout]    |            ^^^^
[INFO] [stdout] ...
[INFO] [stdout] 86 |     pub fn load_from_dir(dir: &std::path::Path) -> Result<Self> {
[INFO] [stdout]    |            ^^^^^^^^^^^^^
[INFO] [stdout] ...
[INFO] [stdout] 91 |     pub fn has_explicit_extensions(&self) -> bool {
[INFO] [stdout]    |            ^^^^^^^^^^^^^^^^^^^^^^^
[INFO] [stdout] ...
[INFO] [stdout] 95 |     pub fn should_auto_discover(&self) -> bool {
[INFO] [stdout]    |            ^^^^^^^^^^^^^^^^^^^^
[INFO] [stdout] ...
[INFO] [stdout] 99 |     pub fn get_excluded_extensions(&self) -> &[String] {
[INFO] [stdout]    |            ^^^^^^^^^^^^^^^^^^^^^^^
[INFO] [stdout] 
[INFO] [stdout] 
[INFO] [stdout] warning: field `col` is never read
[INFO] [stdout]   --> src/syntax_check.rs:99:9
[INFO] [stdout]    |
[INFO] [stdout] 96 | pub struct UnsupportedSyntax {
[INFO] [stdout]    |            ----------------- field in this struct
[INFO] [stdout] ...
[INFO] [stdout] 99 |     pub col: usize,
[INFO] [stdout]    |         ^^^
[INFO] [stdout]    |
[INFO] [stdout]    = note: `UnsupportedSyntax` has a derived impl for the trait `Debug`, but this is intentionally ignored during dead code analysis
[INFO] [stdout] 
[INFO] [stdout] 
[INFO] [stderr]     Finished `dev` profile [unoptimized + debuginfo] target(s) in 54.93s
[INFO] running `Command { std: "docker" "inspect" "99e062e42796ae2b97f69a072f800734af4db3b386d7770446ddbae0a08621b3", kill_on_drop: false }`
[INFO] running `Command { std: "docker" "exec" "-e" "SOURCE_DIR=/opt/rustwide/workdir" "-e" "CARGO_HOME=/opt/rustwide/cargo-home" "-e" "RUSTUP_HOME=/opt/rustwide/rustup-home" "-e" "CARGO_TARGET_DIR=/opt/rustwide/target" "-e" "CARGO_INCREMENTAL=0" "-e" "RUST_BACKTRACE=full" "-e" "RUSTFLAGS=--cap-lints=warn" "-e" "RUSTDOCFLAGS=--cap-lints=warn" "-w" "/opt/rustwide/workdir" "--user" "0:0" "99e062e42796ae2b97f69a072f800734af4db3b386d7770446ddbae0a08621b3" "/opt/rustwide/cargo-home/bin/cargo" "+1.99.0-beta.8" "test" "--frozen" "--no-run" "--message-format=json", kill_on_drop: false }`
[INFO] [stderr]    Compiling ts-native v0.2.1 (/opt/rustwide/workdir)
[INFO] [stdout] warning: function `parse_simple` is never used
[INFO] [stdout]    --> src/main.rs:272:4
[INFO] [stdout]     |
[INFO] [stdout] 272 | fn parse_simple(source: &str) -> Result<Vec<HirExpr>> {
[INFO] [stdout]     |    ^^^^^^^^^^^^
[INFO] [stdout]     |
[INFO] [stdout]     = note: `#[warn(dead_code)]` (part of `#[warn(unused)]`) on by default
[INFO] [stdout] 
[INFO] [stdout] 
[INFO] [stdout] warning: constant `OBJECT_TAG` is never used
[INFO] [stdout]   --> src/codegen.rs:13:11
[INFO] [stdout]    |
[INFO] [stdout] 13 | pub const OBJECT_TAG: u64 = 0x7FFA_0000_0000_0000;
[INFO] [stdout]    |           ^^^^^^^^^^
[INFO] [stdout] 
[INFO] [stdout] 
[INFO] [stdout] warning: constant `EVENT_CLICK` is never used
[INFO] [stdout]   --> src/codegen.rs:16:11
[INFO] [stdout]    |
[INFO] [stdout] 16 | pub const EVENT_CLICK: u64 = 1;
[INFO] [stdout]    |           ^^^^^^^^^^^
[INFO] [stdout] 
[INFO] [stdout] 
[INFO] [stdout] warning: constant `EVENT_KEYDOWN` is never used
[INFO] [stdout]   --> src/codegen.rs:17:11
[INFO] [stdout]    |
[INFO] [stdout] 17 | pub const EVENT_KEYDOWN: u64 = 2;
[INFO] [stdout]    |           ^^^^^^^^^^^^^
[INFO] [stdout] 
[INFO] [stdout] 
[INFO] [stdout] warning: constant `EVENT_KEYUP` is never used
[INFO] [stdout]   --> src/codegen.rs:18:11
[INFO] [stdout]    |
[INFO] [stdout] 18 | pub const EVENT_KEYUP: u64 = 3;
[INFO] [stdout]    |           ^^^^^^^^^^^
[INFO] [stdout] 
[INFO] [stdout] 
[INFO] [stdout] warning: constant `EVENT_MOUSEMOVE` is never used
[INFO] [stdout]   --> src/codegen.rs:19:11
[INFO] [stdout]    |
[INFO] [stdout] 19 | pub const EVENT_MOUSEMOVE: u64 = 4;
[INFO] [stdout]    |           ^^^^^^^^^^^^^^^
[INFO] [stdout] 
[INFO] [stdout] 
[INFO] [stdout] warning: constant `EVENT_CHANGE` is never used
[INFO] [stdout]   --> src/codegen.rs:20:11
[INFO] [stdout]    |
[INFO] [stdout] 20 | pub const EVENT_CHANGE: u64 = 5;
[INFO] [stdout]    |           ^^^^^^^^^^^^
[INFO] [stdout] 
[INFO] [stdout] 
[INFO] [stdout] warning: constant `EVENT_SUBMIT` is never used
[INFO] [stdout]   --> src/codegen.rs:21:11
[INFO] [stdout]    |
[INFO] [stdout] 21 | pub const EVENT_SUBMIT: u64 = 6;
[INFO] [stdout]    |           ^^^^^^^^^^^^
[INFO] [stdout] 
[INFO] [stdout] 
[INFO] [stdout] warning: constant `EVENT_FOCUS` is never used
[INFO] [stdout]   --> src/codegen.rs:22:11
[INFO] [stdout]    |
[INFO] [stdout] 22 | pub const EVENT_FOCUS: u64 = 7;
[INFO] [stdout]    |           ^^^^^^^^^^^
[INFO] [stdout] 
[INFO] [stdout] 
[INFO] [stdout] warning: constant `EVENT_BLUR` is never used
[INFO] [stdout]   --> src/codegen.rs:23:11
[INFO] [stdout]    |
[INFO] [stdout] 23 | pub const EVENT_BLUR: u64 = 8;
[INFO] [stdout]    |           ^^^^^^^^^^
[INFO] [stdout] 
[INFO] [stdout] 
[INFO] [stdout] warning: constant `EVENT_CHANGE_VALUE` is never used
[INFO] [stdout]   --> src/codegen.rs:24:11
[INFO] [stdout]    |
[INFO] [stdout] 24 | pub const EVENT_CHANGE_VALUE: u64 = 9;
[INFO] [stdout]    |           ^^^^^^^^^^^^^^^^^^
[INFO] [stdout] 
[INFO] [stdout] 
[INFO] [stdout] warning: function `map_event_type` is never used
[INFO] [stdout]   --> src/codegen.rs:26:4
[INFO] [stdout]    |
[INFO] [stdout] 26 | fn map_event_type(event_name: &str) -> u64 {
[INFO] [stdout]    |    ^^^^^^^^^^^^^^
[INFO] [stdout] 
[INFO] [stdout] 
[INFO] [stdout] warning: field `is_mut` is never read
[INFO] [stdout]   --> src/codegen.rs:61:53
[INFO] [stdout]    |
[INFO] [stdout] 61 |     Var { name: String, init: Option<Box<HirExpr>>, is_mut: bool },
[INFO] [stdout]    |     --- field in this variant                       ^^^^^^
[INFO] [stdout]    |
[INFO] [stdout]    = note: `HirExpr` has derived impls for the traits `Clone` and `Debug`, but these are intentionally ignored during dead code analysis
[INFO] [stdout] 
[INFO] [stdout] 
[INFO] [stdout] warning: variants `BitAnd`, `BitOr`, `BitXor`, `Shl`, and `Shr` are never constructed
[INFO] [stdout]   --> src/codegen.rs:94:5
[INFO] [stdout]    |
[INFO] [stdout] 90 | pub enum BinOp {
[INFO] [stdout]    |          ----- variants in this enum
[INFO] [stdout] ...
[INFO] [stdout] 94 |     BitAnd, BitOr, BitXor, Shl, Shr,
[INFO] [stdout]    |     ^^^^^^  ^^^^^  ^^^^^^  ^^^  ^^^
[INFO] [stdout]    |
[INFO] [stdout]    = note: `BinOp` has derived impls for the traits `Clone` and `Debug`, but these are intentionally ignored during dead code analysis
[INFO] [stdout] 
[INFO] [stdout] 
[INFO] [stdout] warning: variants `PreInc`, `PreDec`, `PostInc`, and `PostDec` are never constructed
[INFO] [stdout]   --> src/codegen.rs:99:15
[INFO] [stdout]    |
[INFO] [stdout] 98 | pub enum UnaryOp {
[INFO] [stdout]    |          ------- variants in this enum
[INFO] [stdout] 99 |     Not, Neg, PreInc, PreDec, PostInc, PostDec,
[INFO] [stdout]    |               ^^^^^^  ^^^^^^  ^^^^^^^  ^^^^^^^
[INFO] [stdout]    |
[INFO] [stdout]    = note: `UnaryOp` has derived impls for the traits `Clone` and `Debug`, but these are intentionally ignored during dead code analysis
[INFO] [stdout] 
[INFO] [stdout] 
[INFO] [stdout] warning: field `external_functions` is never read
[INFO] [stdout]    --> src/codegen.rs:117:5
[INFO] [stdout]     |
[INFO] [stdout] 113 | pub struct CodeGen {
[INFO] [stdout]     |            ------- field in this struct
[INFO] [stdout] ...
[INFO] [stdout] 117 |     external_functions: std::collections::HashMap<String, String>,
[INFO] [stdout]     |     ^^^^^^^^^^^^^^^^^^
[INFO] [stdout] 
[INFO] [stdout] 
[INFO] [stdout] warning: methods `with_external_functions` and `set_external_functions` are never used
[INFO] [stdout]    --> src/codegen.rs:130:12
[INFO] [stdout]     |
[INFO] [stdout] 120 | impl CodeGen {
[INFO] [stdout]     | ------------ methods in this implementation
[INFO] [stdout] ...
[INFO] [stdout] 130 |     pub fn with_external_functions(mut self, functions: std::collections::HashMap<String, String>) -> Self {
[INFO] [stdout]     |            ^^^^^^^^^^^^^^^^^^^^^^^
[INFO] [stdout] ...
[INFO] [stdout] 135 |     pub fn set_external_functions(&mut self, functions: std::collections::HashMap<String, String>) {
[INFO] [stdout]     |            ^^^^^^^^^^^^^^^^^^^^^^
[INFO] [stdout] 
[INFO] [stdout] 
[INFO] [stdout] warning: constant `POINTER_TAG` is never used
[INFO] [stdout]   --> src/runtime.rs:13:7
[INFO] [stdout]    |
[INFO] [stdout] 13 | const POINTER_TAG: u64 = 0x7FFD_0000_0000_0000;
[INFO] [stdout]    |       ^^^^^^^^^^^
[INFO] [stdout] 
[INFO] [stdout] 
[INFO] [stdout] warning: constant `STRING_TAG` is never used
[INFO] [stdout]   --> src/runtime.rs:14:7
[INFO] [stdout]    |
[INFO] [stdout] 14 | const STRING_TAG: u64 = 0x7FFC_0000_0000_0000;
[INFO] [stdout]    |       ^^^^^^^^^^
[INFO] [stdout] 
[INFO] [stdout] 
[INFO] [stdout] warning: constant `ARRAY_TAG` is never used
[INFO] [stdout]   --> src/runtime.rs:15:7
[INFO] [stdout]    |
[INFO] [stdout] 15 | const ARRAY_TAG: u64 = 0x7FFB_0000_0000_0000;
[INFO] [stdout]    |       ^^^^^^^^^
[INFO] [stdout] 
[INFO] [stdout] 
[INFO] [stdout] warning: constant `OBJECT_TAG` is never used
[INFO] [stdout]   --> src/runtime.rs:16:7
[INFO] [stdout]    |
[INFO] [stdout] 16 | const OBJECT_TAG: u64 = 0x7FFA_0000_0000_0000;
[INFO] [stdout]    |       ^^^^^^^^^^
[INFO] [stdout] 
[INFO] [stdout] 
[INFO] [stdout] warning: struct `JsString` is never constructed
[INFO] [stdout]   --> src/runtime.rs:18:12
[INFO] [stdout]    |
[INFO] [stdout] 18 | pub struct JsString {
[INFO] [stdout]    |            ^^^^^^^^
[INFO] [stdout] 
[INFO] [stdout] 
[INFO] [stdout] warning: associated items `new`, `as_str`, `compute_hash`, and `concat` are never used
[INFO] [stdout]   --> src/runtime.rs:25:12
[INFO] [stdout]    |
[INFO] [stdout] 24 | impl JsString {
[INFO] [stdout]    | ------------- associated items in this implementation
[INFO] [stdout] 25 |     pub fn new(s: &str) -> NonNull<Self> {
[INFO] [stdout]    |            ^^^
[INFO] [stdout] ...
[INFO] [stdout] 47 |     pub fn as_str(&self) -> &str {
[INFO] [stdout]    |            ^^^^^^
[INFO] [stdout] ...
[INFO] [stdout] 56 |     fn compute_hash(data: &[u8]) -> u32 {
[INFO] [stdout]    |        ^^^^^^^^^^^^
[INFO] [stdout] ...
[INFO] [stdout] 64 |     pub fn concat(a: &str, b: &str) -> NonNull<Self> {
[INFO] [stdout]    |            ^^^^^^
[INFO] [stdout] 
[INFO] [stdout] 
[INFO] [stdout] warning: struct `JsArray` is never constructed
[INFO] [stdout]   --> src/runtime.rs:72:12
[INFO] [stdout]    |
[INFO] [stdout] 72 | pub struct JsArray {
[INFO] [stdout]    |            ^^^^^^^
[INFO] [stdout] 
[INFO] [stdout] 
[INFO] [stdout] warning: associated items `new`, `push`, `grow_raw`, `get`, and `set` are never used
[INFO] [stdout]    --> src/runtime.rs:79:12
[INFO] [stdout]     |
[INFO] [stdout]  78 | impl JsArray {
[INFO] [stdout]     | ------------ associated items in this implementation
[INFO] [stdout]  79 |     pub fn new(capacity: u32) -> NonNull<Self> {
[INFO] [stdout]     |            ^^^
[INFO] [stdout] ...
[INFO] [stdout]  96 |     pub unsafe fn push(ptr: &mut NonNull<JsArray>, value: u64) {
[INFO] [stdout]     |                   ^^^^
[INFO] [stdout] ...
[INFO] [stdout] 108 |     unsafe fn grow_raw(old: NonNull<JsArray>) -> NonNull<JsArray> {
[INFO] [stdout]     |               ^^^^^^^^
[INFO] [stdout] ...
[INFO] [stdout] 126 |     pub fn get(&self, index: u32) -> u64 {
[INFO] [stdout]     |            ^^^
[INFO] [stdout] ...
[INFO] [stdout] 134 |     pub unsafe fn set(ptr: &mut NonNull<JsArray>, index: u32, value: u64) {
[INFO] [stdout]     |                   ^^^
[INFO] [stdout] 
[INFO] [stdout] 
[INFO] [stdout] warning: struct `JsObject` is never constructed
[INFO] [stdout]    --> src/runtime.rs:152:12
[INFO] [stdout]     |
[INFO] [stdout] 152 | pub struct JsObject {
[INFO] [stdout]     |            ^^^^^^^^
[INFO] [stdout] 
[INFO] [stdout] 
[INFO] [stdout] warning: struct `ObjectEntry` is never constructed
[INFO] [stdout]    --> src/runtime.rs:159:12
[INFO] [stdout]     |
[INFO] [stdout] 159 | pub struct ObjectEntry {
[INFO] [stdout]     |            ^^^^^^^^^^^
[INFO] [stdout] 
[INFO] [stdout] 
[INFO] [stdout] warning: associated items `new`, `set`, `grow_raw`, and `get` are never used
[INFO] [stdout]    --> src/runtime.rs:165:12
[INFO] [stdout]     |
[INFO] [stdout] 164 | impl JsObject {
[INFO] [stdout]     | ------------- associated items in this implementation
[INFO] [stdout] 165 |     pub fn new() -> NonNull<Self> {
[INFO] [stdout]     |            ^^^
[INFO] [stdout] ...
[INFO] [stdout] 181 |     pub unsafe fn set(ptr: &mut NonNull<JsObject>, key: u64, value: u64) {
[INFO] [stdout]     |                   ^^^
[INFO] [stdout] ...
[INFO] [stdout] 203 |     unsafe fn grow_raw(old: NonNull<JsObject>) -> NonNull<JsObject> {
[INFO] [stdout]     |               ^^^^^^^^
[INFO] [stdout] ...
[INFO] [stdout] 221 |     pub fn get(&self, key: u64) -> u64 {
[INFO] [stdout]     |            ^^^
[INFO] [stdout] 
[INFO] [stdout] 
[INFO] [stdout] warning: function `nanbox_pointer` is never used
[INFO] [stdout]    --> src/runtime.rs:234:8
[INFO] [stdout]     |
[INFO] [stdout] 234 | pub fn nanbox_pointer(ptr: NonNull<()>) -> u64 {
[INFO] [stdout]     |        ^^^^^^^^^^^^^^
[INFO] [stdout] 
[INFO] [stdout] 
[INFO] [stdout] warning: function `nanbox_string` is never used
[INFO] [stdout]    --> src/runtime.rs:238:8
[INFO] [stdout]     |
[INFO] [stdout] 238 | pub fn nanbox_string(ptr: NonNull<JsString>) -> u64 {
[INFO] [stdout]     |        ^^^^^^^^^^^^^
[INFO] [stdout] 
[INFO] [stdout] 
[INFO] [stdout] warning: function `nanbox_array` is never used
[INFO] [stdout]    --> src/runtime.rs:242:8
[INFO] [stdout]     |
[INFO] [stdout] 242 | pub fn nanbox_array(ptr: NonNull<JsArray>) -> u64 {
[INFO] [stdout]     |        ^^^^^^^^^^^^
[INFO] [stdout] 
[INFO] [stdout] 
[INFO] [stdout] warning: function `nanbox_object` is never used
[INFO] [stdout]    --> src/runtime.rs:246:8
[INFO] [stdout]     |
[INFO] [stdout] 246 | pub fn nanbox_object(ptr: NonNull<JsObject>) -> u64 {
[INFO] [stdout]     |        ^^^^^^^^^^^^^
[INFO] [stdout] 
[INFO] [stdout] 
[INFO] [stdout] warning: function `get_pointer` is never used
[INFO] [stdout]    --> src/runtime.rs:250:8
[INFO] [stdout]     |
[INFO] [stdout] 250 | pub fn get_pointer(val: u64) -> *mut () {
[INFO] [stdout]     |        ^^^^^^^^^^^
[INFO] [stdout] 
[INFO] [stdout] 
[INFO] [stdout] warning: function `is_string` is never used
[INFO] [stdout]    --> src/runtime.rs:254:8
[INFO] [stdout]     |
[INFO] [stdout] 254 | pub fn is_string(val: u64) -> bool {
[INFO] [stdout]     |        ^^^^^^^^^
[INFO] [stdout] 
[INFO] [stdout] 
[INFO] [stdout] warning: function `is_array` is never used
[INFO] [stdout]    --> src/runtime.rs:258:8
[INFO] [stdout]     |
[INFO] [stdout] 258 | pub fn is_array(val: u64) -> bool {
[INFO] [stdout]     |        ^^^^^^^^
[INFO] [stdout] 
[INFO] [stdout] 
[INFO] [stdout] warning: function `is_object` is never used
[INFO] [stdout]    --> src/runtime.rs:262:8
[INFO] [stdout]     |
[INFO] [stdout] 262 | pub fn is_object(val: u64) -> bool {
[INFO] [stdout]     |        ^^^^^^^^^
[INFO] [stdout] 
[INFO] [stdout] 
[INFO] [stdout] warning: associated functions `normalize_path` and `find_crt_start` are never used
[INFO] [stdout]    --> src/linker.rs:95:8
[INFO] [stdout]     |
[INFO] [stdout]  10 | impl Linker {
[INFO] [stdout]     | ----------- associated functions in this implementation
[INFO] [stdout] ...
[INFO] [stdout]  95 |     fn normalize_path(path: std::path::PathBuf) -> Option<String> {
[INFO] [stdout]     |        ^^^^^^^^^^^^^^
[INFO] [stdout] ...
[INFO] [stdout] 105 |     fn find_crt_start() -> Option<String> {
[INFO] [stdout]     |        ^^^^^^^^^^^^^^
[INFO] [stdout] 
[INFO] [stdout] 
[INFO] [stdout] warning: struct `PeBuilder` is never constructed
[INFO] [stdout]  --> src/pe_builder.rs:4:12
[INFO] [stdout]   |
[INFO] [stdout] 4 | pub struct PeBuilder {
[INFO] [stdout]   |            ^^^^^^^^^
[INFO] [stdout] 
[INFO] [stdout] 
[INFO] [stdout] warning: multiple associated items are never used
[INFO] [stdout]    --> src/pe_builder.rs:10:12
[INFO] [stdout]     |
[INFO] [stdout]   9 | impl PeBuilder {
[INFO] [stdout]     | -------------- associated items in this implementation
[INFO] [stdout]  10 |     pub fn new() -> Self {
[INFO] [stdout]     |            ^^^
[INFO] [stdout] ...
[INFO] [stdout]  17 |     pub fn add_code(&mut self, code: &[u8]) {
[INFO] [stdout]     |            ^^^^^^^^
[INFO] [stdout] ...
[INFO] [stdout]  21 |     pub fn add_data(&mut self, data: &[u8]) -> usize {
[INFO] [stdout]     |            ^^^^^^^^
[INFO] [stdout] ...
[INFO] [stdout]  27 |     pub fn build(&self) -> Result<Vec<u8>> {
[INFO] [stdout]     |            ^^^^^
[INFO] [stdout] ...
[INFO] [stdout]  69 |     fn build_dos_header(&self) -> [u8; 64] {
[INFO] [stdout]     |        ^^^^^^^^^^^^^^^^
[INFO] [stdout] ...
[INFO] [stdout] 146 |     fn build_coff_header(&self) -> [u8; 20] {
[INFO] [stdout]     |        ^^^^^^^^^^^^^^^^^
[INFO] [stdout] ...
[INFO] [stdout] 190 |     fn build_optional_header(&self) -> Vec<u8> {
[INFO] [stdout]     |        ^^^^^^^^^^^^^^^^^^^^^
[INFO] [stdout] ...
[INFO] [stdout] 358 |     fn build_section_headers(&self) -> Vec<u8> {
[INFO] [stdout]     |        ^^^^^^^^^^^^^^^^^^^^^
[INFO] [stdout] 
[INFO] [stdout] 
[INFO] [stdout] warning: struct `CargoToml` is never constructed
[INFO] [stdout]   --> src/extension.rs:71:12
[INFO] [stdout]    |
[INFO] [stdout] 71 | pub struct CargoToml {
[INFO] [stdout]    |            ^^^^^^^^^
[INFO] [stdout] 
[INFO] [stdout] 
[INFO] [stdout] warning: struct `CargoPackage` is never constructed
[INFO] [stdout]   --> src/extension.rs:79:12
[INFO] [stdout]    |
[INFO] [stdout] 79 | pub struct CargoPackage {
[INFO] [stdout]    |            ^^^^^^^^^^^^
[INFO] [stdout] 
[INFO] [stdout] 
[INFO] [stdout] warning: struct `CargoMetadata` is never constructed
[INFO] [stdout]   --> src/extension.rs:85:12
[INFO] [stdout]    |
[INFO] [stdout] 85 | pub struct CargoMetadata {
[INFO] [stdout]    |            ^^^^^^^^^^^^^
[INFO] [stdout] 
[INFO] [stdout] 
[INFO] [stdout] warning: struct `TsNativeMetadata` is never constructed
[INFO] [stdout]   --> src/extension.rs:91:12
[INFO] [stdout]    |
[INFO] [stdout] 91 | pub struct TsNativeMetadata {
[INFO] [stdout]    |            ^^^^^^^^^^^^^^^^
[INFO] [stdout] 
[INFO] [stdout] 
[INFO] [stdout] warning: methods `get_c_name` and `is_external_function` are never used
[INFO] [stdout]    --> src/extension.rs:119:12
[INFO] [stdout]     |
[INFO] [stdout] 104 | impl ExtensionRegistry {
[INFO] [stdout]     | ---------------------- methods in this implementation
[INFO] [stdout] ...
[INFO] [stdout] 119 |     pub fn get_c_name(&self, ts_name: &str) -> Option<&String> {
[INFO] [stdout]     |            ^^^^^^^^^^
[INFO] [stdout] ...
[INFO] [stdout] 123 |     pub fn is_external_function(&self, ts_name: &str) -> bool {
[INFO] [stdout]     |            ^^^^^^^^^^^^^^^^^^^^
[INFO] [stdout] 
[INFO] [stdout] 
[INFO] [stdout] warning: function `parse_cargo_toml` is never used
[INFO] [stdout]    --> src/extension.rs:134:8
[INFO] [stdout]     |
[INFO] [stdout] 134 | pub fn parse_cargo_toml(path: &Path) -> Result<CargoToml> {
[INFO] [stdout]     |        ^^^^^^^^^^^^^^^^
[INFO] [stdout] 
[INFO] [stdout] 
[INFO] [stdout] warning: function `find_plugin_crates` is never used
[INFO] [stdout]    --> src/extension.rs:140:8
[INFO] [stdout]     |
[INFO] [stdout] 140 | pub fn find_plugin_crates(cargo_toml: &CargoToml) -> Vec<String> {
[INFO] [stdout]     |        ^^^^^^^^^^^^^^^^^^
[INFO] [stdout] 
[INFO] [stdout] 
[INFO] [stdout] warning: function `load_extension_from_path` is never used
[INFO] [stdout]    --> src/extension.rs:164:8
[INFO] [stdout]     |
[INFO] [stdout] 164 | pub fn load_extension_from_path(path: &Path) -> Result<Extension> {
[INFO] [stdout]     |        ^^^^^^^^^^^^^^^^^^^^^^^^
[INFO] [stdout] 
[INFO] [stdout] 
[INFO] [stdout] warning: function `load_extension_from_crate` is never used
[INFO] [stdout]    --> src/extension.rs:188:8
[INFO] [stdout]     |
[INFO] [stdout] 188 | pub fn load_extension_from_crate(crate_name: &str) -> Result<Extension> {
[INFO] [stdout]     |        ^^^^^^^^^^^^^^^^^^^^^^^^^
[INFO] [stdout] 
[INFO] [stdout] 
[INFO] [stdout] warning: function `find_crate_path` is never used
[INFO] [stdout]    --> src/extension.rs:193:4
[INFO] [stdout]     |
[INFO] [stdout] 193 | fn find_crate_path(crate_name: &str) -> Result<std::path::PathBuf> {
[INFO] [stdout]     |    ^^^^^^^^^^^^^^^
[INFO] [stdout] 
[INFO] [stdout] 
[INFO] [stdout] warning: function `discover_extensions_from_cargo` is never used
[INFO] [stdout]    --> src/extension.rs:217:8
[INFO] [stdout]     |
[INFO] [stdout] 217 | pub fn discover_extensions_from_cargo(cargo_toml_path: &Path) -> Result<ExtensionRegistry> {
[INFO] [stdout]     |        ^^^^^^^^^^^^^^^^^^^^^^^^^^^^^^
[INFO] [stdout] 
[INFO] [stdout] 
[INFO] [stdout] warning: associated functions `load` and `load_from_dir` are never used
[INFO] [stdout]   --> src/config.rs:76:12
[INFO] [stdout]    |
[INFO] [stdout] 75 | impl ProjectConfig {
[INFO] [stdout]    | ------------------ associated functions in this implementation
[INFO] [stdout] 76 |     pub fn load(path: &std::path::Path) -> Result<Self> {
[INFO] [stdout]    |            ^^^^
[INFO] [stdout] ...
[INFO] [stdout] 86 |     pub fn load_from_dir(dir: &std::path::Path) -> Result<Self> {
[INFO] [stdout]    |            ^^^^^^^^^^^^^
[INFO] [stdout] 
[INFO] [stdout] 
[INFO] [stdout] warning: field `col` is never read
[INFO] [stdout]   --> src/syntax_check.rs:99:9
[INFO] [stdout]    |
[INFO] [stdout] 96 | pub struct UnsupportedSyntax {
[INFO] [stdout]    |            ----------------- field in this struct
[INFO] [stdout] ...
[INFO] [stdout] 99 |     pub col: usize,
[INFO] [stdout]    |         ^^^
[INFO] [stdout]    |
[INFO] [stdout]    = note: `UnsupportedSyntax` has a derived impl for the trait `Debug`, but this is intentionally ignored during dead code analysis
[INFO] [stdout] 
[INFO] [stdout] 
[INFO] [stderr]     Finished `test` profile [unoptimized + debuginfo] target(s) in 2.62s
[INFO] running `Command { std: "docker" "inspect" "99e062e42796ae2b97f69a072f800734af4db3b386d7770446ddbae0a08621b3", kill_on_drop: false }`
[INFO] running `Command { std: "docker" "exec" "-e" "SOURCE_DIR=/opt/rustwide/workdir" "-e" "CARGO_HOME=/opt/rustwide/cargo-home" "-e" "RUSTUP_HOME=/opt/rustwide/rustup-home" "-e" "CARGO_TARGET_DIR=/opt/rustwide/target" "-e" "CARGO_INCREMENTAL=0" "-e" "RUST_BACKTRACE=full" "-e" "RUSTFLAGS=--cap-lints=warn" "-e" "RUSTDOCFLAGS=--cap-lints=warn" "-w" "/opt/rustwide/workdir" "--user" "0:0" "99e062e42796ae2b97f69a072f800734af4db3b386d7770446ddbae0a08621b3" "/opt/rustwide/cargo-home/bin/cargo" "+1.99.0-beta.8" "test" "--frozen", kill_on_drop: false }`
[INFO] [stderr] warning: function `parse_simple` is never used
[INFO] [stderr]    --> src/main.rs:272:4
[INFO] [stderr]     |
[INFO] [stderr] 272 | fn parse_simple(source: &str) -> Result<Vec<HirExpr>> {
[INFO] [stderr]     |    ^^^^^^^^^^^^
[INFO] [stderr]     |
[INFO] [stderr]     = note: `#[warn(dead_code)]` (part of `#[warn(unused)]`) on by default
[INFO] [stderr] 
[INFO] [stderr] warning: constant `OBJECT_TAG` is never used
[INFO] [stderr]   --> src/codegen.rs:13:11
[INFO] [stderr]    |
[INFO] [stderr] 13 | pub const OBJECT_TAG: u64 = 0x7FFA_0000_0000_0000;
[INFO] [stderr]    |           ^^^^^^^^^^
[INFO] [stderr] 
[INFO] [stderr] warning: constant `EVENT_CLICK` is never used
[INFO] [stderr]   --> src/codegen.rs:16:11
[INFO] [stderr]    |
[INFO] [stderr] 16 | pub const EVENT_CLICK: u64 = 1;
[INFO] [stderr]    |           ^^^^^^^^^^^
[INFO] [stderr] 
[INFO] [stderr] warning: constant `EVENT_KEYDOWN` is never used
[INFO] [stderr]   --> src/codegen.rs:17:11
[INFO] [stderr]    |
[INFO] [stderr] 17 | pub const EVENT_KEYDOWN: u64 = 2;
[INFO] [stderr]    |           ^^^^^^^^^^^^^
[INFO] [stderr] 
[INFO] [stderr] warning: constant `EVENT_KEYUP` is never used
[INFO] [stderr]   --> src/codegen.rs:18:11
[INFO] [stderr]    |
[INFO] [stderr] 18 | pub const EVENT_KEYUP: u64 = 3;
[INFO] [stderr]    |           ^^^^^^^^^^^
[INFO] [stderr] 
[INFO] [stderr] warning: constant `EVENT_MOUSEMOVE` is never used
[INFO] [stderr]   --> src/codegen.rs:19:11
[INFO] [stderr]    |
[INFO] [stderr] 19 | pub const EVENT_MOUSEMOVE: u64 = 4;
[INFO] [stderr]    |           ^^^^^^^^^^^^^^^
[INFO] [stderr] 
[INFO] [stderr] warning: constant `EVENT_CHANGE` is never used
[INFO] [stderr]   --> src/codegen.rs:20:11
[INFO] [stderr]    |
[INFO] [stderr] 20 | pub const EVENT_CHANGE: u64 = 5;
[INFO] [stderr]    |           ^^^^^^^^^^^^
[INFO] [stderr] 
[INFO] [stderr] warning: constant `EVENT_SUBMIT` is never used
[INFO] [stderr]   --> src/codegen.rs:21:11
[INFO] [stderr]    |
[INFO] [stderr] 21 | pub const EVENT_SUBMIT: u64 = 6;
[INFO] [stderr]    |           ^^^^^^^^^^^^
[INFO] [stderr] 
[INFO] [stderr] warning: constant `EVENT_FOCUS` is never used
[INFO] [stderr]   --> src/codegen.rs:22:11
[INFO] [stderr]    |
[INFO] [stderr] 22 | pub const EVENT_FOCUS: u64 = 7;
[INFO] [stderr]    |           ^^^^^^^^^^^
[INFO] [stderr] 
[INFO] [stderr] warning: constant `EVENT_BLUR` is never used
[INFO] [stderr]   --> src/codegen.rs:23:11
[INFO] [stderr]    |
[INFO] [stderr] 23 | pub const EVENT_BLUR: u64 = 8;
[INFO] [stderr]    |           ^^^^^^^^^^
[INFO] [stderr] 
[INFO] [stderr] warning: constant `EVENT_CHANGE_VALUE` is never used
[INFO] [stderr]   --> src/codegen.rs:24:11
[INFO] [stderr]    |
[INFO] [stderr] 24 | pub const EVENT_CHANGE_VALUE: u64 = 9;
[INFO] [stderr]    |           ^^^^^^^^^^^^^^^^^^
[INFO] [stderr] 
[INFO] [stderr] warning: function `map_event_type` is never used
[INFO] [stderr]   --> src/codegen.rs:26:4
[INFO] [stderr]    |
[INFO] [stderr] 26 | fn map_event_type(event_name: &str) -> u64 {
[INFO] [stderr]    |    ^^^^^^^^^^^^^^
[INFO] [stderr] 
[INFO] [stderr] warning: field `is_mut` is never read
[INFO] [stderr]   --> src/codegen.rs:61:53
[INFO] [stderr]    |
[INFO] [stderr] 61 |     Var { name: String, init: Option<Box<HirExpr>>, is_mut: bool },
[INFO] [stderr]    |     --- field in this variant                       ^^^^^^
[INFO] [stderr]    |
[INFO] [stderr]    = note: `HirExpr` has derived impls for the traits `Clone` and `Debug`, but these are intentionally ignored during dead code analysis
[INFO] [stderr] 
[INFO] [stderr] warning: variants `BitAnd`, `BitOr`, `BitXor`, `Shl`, and `Shr` are never constructed
[INFO] [stderr]   --> src/codegen.rs:94:5
[INFO] [stderr]    |
[INFO] [stderr] 90 | pub enum BinOp {
[INFO] [stderr]    |          ----- variants in this enum
[INFO] [stderr] ...
[INFO] [stderr] 94 |     BitAnd, BitOr, BitXor, Shl, Shr,
[INFO] [stderr]    |     ^^^^^^  ^^^^^  ^^^^^^  ^^^  ^^^
[INFO] [stderr]    |
[INFO] [stderr]    = note: `BinOp` has derived impls for the traits `Clone` and `Debug`, but these are intentionally ignored during dead code analysis
[INFO] [stderr] 
[INFO] [stderr] warning: variants `PreInc`, `PreDec`, `PostInc`, and `PostDec` are never constructed
[INFO] [stderr]   --> src/codegen.rs:99:15
[INFO] [stderr]    |
[INFO] [stderr] 98 | pub enum UnaryOp {
[INFO] [stderr]    |          ------- variants in this enum
[INFO] [stderr] 99 |     Not, Neg, PreInc, PreDec, PostInc, PostDec,
[INFO] [stderr]    |               ^^^^^^  ^^^^^^  ^^^^^^^  ^^^^^^^
[INFO] [stderr]    |
[INFO] [stderr]    = note: `UnaryOp` has derived impls for the traits `Clone` and `Debug`, but these are intentionally ignored during dead code analysis
[INFO] [stderr] 
[INFO] [stderr] warning: field `external_functions` is never read
[INFO] [stderr]    --> src/codegen.rs:117:5
[INFO] [stderr]     |
[INFO] [stderr] 113 | pub struct CodeGen {
[INFO] [stderr]     |            ------- field in this struct
[INFO] [stderr] ...
[INFO] [stderr] 117 |     external_functions: std::collections::HashMap<String, String>,
[INFO] [stderr]     |     ^^^^^^^^^^^^^^^^^^
[INFO] [stderr] 
[INFO] [stderr] warning: methods `with_external_functions` and `set_external_functions` are never used
[INFO] [stderr]    --> src/codegen.rs:130:12
[INFO] [stderr]     |
[INFO] [stderr] 120 | impl CodeGen {
[INFO] [stderr]     | ------------ methods in this implementation
[INFO] [stderr] ...
[INFO] [stderr] 130 |     pub fn with_external_functions(mut self, functions: std::collections::HashMap<String, String>) -> Self {
[INFO] [stderr]     |            ^^^^^^^^^^^^^^^^^^^^^^^
[INFO] [stderr] ...
[INFO] [stderr] 135 |     pub fn set_external_functions(&mut self, functions: std::collections::HashMap<String, String>) {
[INFO] [stderr]     |            ^^^^^^^^^^^^^^^^^^^^^^
[INFO] [stderr] 
[INFO] [stderr] warning: constant `POINTER_TAG` is never used
[INFO] [stderr]   --> src/runtime.rs:13:7
[INFO] [stderr]    |
[INFO] [stderr] 13 | const POINTER_TAG: u64 = 0x7FFD_0000_0000_0000;
[INFO] [stderr]    |       ^^^^^^^^^^^
[INFO] [stderr] 
[INFO] [stderr] warning: constant `STRING_TAG` is never used
[INFO] [stderr]   --> src/runtime.rs:14:7
[INFO] [stderr]    |
[INFO] [stderr] 14 | const STRING_TAG: u64 = 0x7FFC_0000_0000_0000;
[INFO] [stderr]    |       ^^^^^^^^^^
[INFO] [stderr] 
[INFO] [stderr] warning: constant `ARRAY_TAG` is never used
[INFO] [stderr]   --> src/runtime.rs:15:7
[INFO] [stderr]    |
[INFO] [stderr] 15 | const ARRAY_TAG: u64 = 0x7FFB_0000_0000_0000;
[INFO] [stderr]    |       ^^^^^^^^^
[INFO] [stderr] 
[INFO] [stderr] warning: constant `OBJECT_TAG` is never used
[INFO] [stderr]   --> src/runtime.rs:16:7
[INFO] [stderr]    |
[INFO] [stderr] 16 | const OBJECT_TAG: u64 = 0x7FFA_0000_0000_0000;
[INFO] [stderr]    |       ^^^^^^^^^^
[INFO] [stderr] 
[INFO] [stderr] warning: struct `JsString` is never constructed
[INFO] [stderr]   --> src/runtime.rs:18:12
[INFO] [stderr]    |
[INFO] [stderr] 18 | pub struct JsString {
[INFO] [stderr]    |            ^^^^^^^^
[INFO] [stderr] 
[INFO] [stderr] warning: associated items `new`, `as_str`, `compute_hash`, and `concat` are never used
[INFO] [stderr]   --> src/runtime.rs:25:12
[INFO] [stderr]    |
[INFO] [stderr] 24 | impl JsString {
[INFO] [stderr]    | ------------- associated items in this implementation
[INFO] [stderr] 25 |     pub fn new(s: &str) -> NonNull<Self> {
[INFO] [stderr]    |            ^^^
[INFO] [stderr] ...
[INFO] [stderr] 47 |     pub fn as_str(&self) -> &str {
[INFO] [stderr]    |            ^^^^^^
[INFO] [stderr] ...
[INFO] [stderr] 56 |     fn compute_hash(data: &[u8]) -> u32 {
[INFO] [stderr]    |        ^^^^^^^^^^^^
[INFO] [stderr] ...
[INFO] [stderr] 64 |     pub fn concat(a: &str, b: &str) -> NonNull<Self> {
[INFO] [stderr]    |            ^^^^^^
[INFO] [stderr] 
[INFO] [stderr] warning: struct `JsArray` is never constructed
[INFO] [stderr]   --> src/runtime.rs:72:12
[INFO] [stderr]    |
[INFO] [stderr] 72 | pub struct JsArray {
[INFO] [stderr]    |            ^^^^^^^
[INFO] [stderr] 
[INFO] [stderr] warning: associated items `new`, `push`, `grow_raw`, `get`, and `set` are never used
[INFO] [stderr]    --> src/runtime.rs:79:12
[INFO] [stderr]     |
[INFO] [stderr]  78 | impl JsArray {
[INFO] [stderr]     | ------------ associated items in this implementation
[INFO] [stderr]  79 |     pub fn new(capacity: u32) -> NonNull<Self> {
[INFO] [stderr]     |            ^^^
[INFO] [stderr] ...
[INFO] [stderr]  96 |     pub unsafe fn push(ptr: &mut NonNull<JsArray>, value: u64) {
[INFO] [stderr]     |                   ^^^^
[INFO] [stderr] ...
[INFO] [stderr] 108 |     unsafe fn grow_raw(old: NonNull<JsArray>) -> NonNull<JsArray> {
[INFO] [stderr]     |               ^^^^^^^^
[INFO] [stderr] ...
[INFO] [stderr] 126 |     pub fn get(&self, index: u32) -> u64 {
[INFO] [stderr]     |            ^^^
[INFO] [stderr] ...
[INFO] [stderr] 134 |     pub unsafe fn set(ptr: &mut NonNull<JsArray>, index: u32, value: u64) {
[INFO] [stderr]     |                   ^^^
[INFO] [stderr] 
[INFO] [stderr] warning: struct `JsObject` is never constructed
[INFO] [stderr]    --> src/runtime.rs:152:12
[INFO] [stderr]     |
[INFO] [stderr] 152 | pub struct JsObject {
[INFO] [stderr]     |            ^^^^^^^^
[INFO] [stderr] 
[INFO] [stderr] warning: struct `ObjectEntry` is never constructed
[INFO] [stderr]    --> src/runtime.rs:159:12
[INFO] [stderr]     |
[INFO] [stderr] 159 | pub struct ObjectEntry {
[INFO] [stderr]     |            ^^^^^^^^^^^
[INFO] [stderr] 
[INFO] [stderr] warning: associated items `new`, `set`, `grow_raw`, and `get` are never used
[INFO] [stderr]    --> src/runtime.rs:165:12
[INFO] [stderr]     |
[INFO] [stderr] 164 | impl JsObject {
[INFO] [stderr]     | ------------- associated items in this implementation
[INFO] [stderr] 165 |     pub fn new() -> NonNull<Self> {
[INFO] [stderr]     |            ^^^
[INFO] [stderr] ...
[INFO] [stderr] 181 |     pub unsafe fn set(ptr: &mut NonNull<JsObject>, key: u64, value: u64) {
[INFO] [stderr]     |                   ^^^
[INFO] [stderr] ...
[INFO] [stderr] 203 |     unsafe fn grow_raw(old: NonNull<JsObject>) -> NonNull<JsObject> {
[INFO] [stderr]     |               ^^^^^^^^
[INFO] [stderr] ...
[INFO] [stderr] 221 |     pub fn get(&self, key: u64) -> u64 {
[INFO] [stderr]     |            ^^^
[INFO] [stderr] 
[INFO] [stderr] warning: function `nanbox_pointer` is never used
[INFO] [stderr]    --> src/runtime.rs:234:8
[INFO] [stderr]     |
[INFO] [stderr] 234 | pub fn nanbox_pointer(ptr: NonNull<()>) -> u64 {
[INFO] [stderr]     |        ^^^^^^^^^^^^^^
[INFO] [stderr] 
[INFO] [stderr] warning: function `nanbox_string` is never used
[INFO] [stderr]    --> src/runtime.rs:238:8
[INFO] [stderr]     |
[INFO] [stderr] 238 | pub fn nanbox_string(ptr: NonNull<JsString>) -> u64 {
[INFO] [stderr]     |        ^^^^^^^^^^^^^
[INFO] [stderr] 
[INFO] [stderr] warning: function `nanbox_array` is never used
[INFO] [stderr]    --> src/runtime.rs:242:8
[INFO] [stderr]     |
[INFO] [stderr] 242 | pub fn nanbox_array(ptr: NonNull<JsArray>) -> u64 {
[INFO] [stderr]     |        ^^^^^^^^^^^^
[INFO] [stderr] 
[INFO] [stderr] warning: function `nanbox_object` is never used
[INFO] [stderr]    --> src/runtime.rs:246:8
[INFO] [stderr]     |
[INFO] [stderr] 246 | pub fn nanbox_object(ptr: NonNull<JsObject>) -> u64 {
[INFO] [stderr]     |        ^^^^^^^^^^^^^
[INFO] [stderr] 
[INFO] [stderr] warning: function `get_pointer` is never used
[INFO] [stderr]    --> src/runtime.rs:250:8
[INFO] [stderr]     |
[INFO] [stderr] 250 | pub fn get_pointer(val: u64) -> *mut () {
[INFO] [stderr]     |        ^^^^^^^^^^^
[INFO] [stderr] 
[INFO] [stderr] warning: function `is_string` is never used
[INFO] [stderr]    --> src/runtime.rs:254:8
[INFO] [stderr]     |
[INFO] [stderr] 254 | pub fn is_string(val: u64) -> bool {
[INFO] [stderr]     |        ^^^^^^^^^
[INFO] [stderr] 
[INFO] [stderr] warning: function `is_array` is never used
[INFO] [stderr]    --> src/runtime.rs:258:8
[INFO] [stderr]     |
[INFO] [stderr] 258 | pub fn is_array(val: u64) -> bool {
[INFO] [stderr]     |        ^^^^^^^^
[INFO] [stderr] 
[INFO] [stderr] warning: function `is_object` is never used
[INFO] [stderr]    --> src/runtime.rs:262:8
[INFO] [stderr]     |
[INFO] [stderr] 262 | pub fn is_object(val: u64) -> bool {
[INFO] [stderr]     |        ^^^^^^^^^
[INFO] [stderr] 
[INFO] [stderr] warning: associated functions `normalize_path` and `find_crt_start` are never used
[INFO] [stderr]    --> src/linker.rs:95:8
[INFO] [stderr]     |
[INFO] [stderr]  10 | impl Linker {
[INFO] [stderr]     | ----------- associated functions in this implementation
[INFO] [stderr] ...
[INFO] [stderr]  95 |     fn normalize_path(path: std::path::PathBuf) -> Option<String> {
[INFO] [stderr]     |        ^^^^^^^^^^^^^^
[INFO] [stderr] ...
[INFO] [stderr] 105 |     fn find_crt_start() -> Option<String> {
[INFO] [stderr]     |        ^^^^^^^^^^^^^^
[INFO] [stderr] 
[INFO] [stderr] warning: struct `PeBuilder` is never constructed
[INFO] [stderr]  --> src/pe_builder.rs:4:12
[INFO] [stderr]   |
[INFO] [stderr] 4 | pub struct PeBuilder {
[INFO] [stderr]   |            ^^^^^^^^^
[INFO] [stderr] 
[INFO] [stderr] warning: multiple associated items are never used
[INFO] [stderr]    --> src/pe_builder.rs:10:12
[INFO] [stderr]     |
[INFO] [stderr]   9 | impl PeBuilder {
[INFO] [stderr]     | -------------- associated items in this implementation
[INFO] [stderr]  10 |     pub fn new() -> Self {
[INFO] [stderr]     |            ^^^
[INFO] [stderr] ...
[INFO] [stderr]  17 |     pub fn add_code(&mut self, code: &[u8]) {
[INFO] [stderr]     |            ^^^^^^^^
[INFO] [stderr] ...
[INFO] [stderr]  21 |     pub fn add_data(&mut self, data: &[u8]) -> usize {
[INFO] [stderr]     |            ^^^^^^^^
[INFO] [stderr] ...
[INFO] [stderr]  27 |     pub fn build(&self) -> Result<Vec<u8>> {
[INFO] [stderr]     |            ^^^^^
[INFO] [stderr] ...
[INFO] [stderr]  69 |     fn build_dos_header(&self) -> [u8; 64] {
[INFO] [stderr]     |        ^^^^^^^^^^^^^^^^
[INFO] [stderr] ...
[INFO] [stderr] 146 |     fn build_coff_header(&self) -> [u8; 20] {
[INFO] [stderr]     |        ^^^^^^^^^^^^^^^^^
[INFO] [stderr] ...
[INFO] [stderr] 190 |     fn build_optional_header(&self) -> Vec<u8> {
[INFO] [stderr]     |        ^^^^^^^^^^^^^^^^^^^^^
[INFO] [stderr] ...
[INFO] [stderr] 358 |     fn build_section_headers(&self) -> Vec<u8> {
[INFO] [stderr]     |        ^^^^^^^^^^^^^^^^^^^^^
[INFO] [stderr] 
[INFO] [stderr] warning: struct `CargoToml` is never constructed
[INFO] [stderr]   --> src/extension.rs:71:12
[INFO] [stderr]    |
[INFO] [stderr] 71 | pub struct CargoToml {
[INFO] [stderr]    |            ^^^^^^^^^
[INFO] [stderr] 
[INFO] [stderr] warning: struct `CargoPackage` is never constructed
[INFO] [stderr]   --> src/extension.rs:79:12
[INFO] [stderr]    |
[INFO] [stderr] 79 | pub struct CargoPackage {
[INFO] [stderr]    |            ^^^^^^^^^^^^
[INFO] [stderr] 
[INFO] [stderr] warning: struct `CargoMetadata` is never constructed
[INFO] [stderr]   --> src/extension.rs:85:12
[INFO] [stderr]    |
[INFO] [stderr] 85 | pub struct CargoMetadata {
[INFO] [stderr]    |            ^^^^^^^^^^^^^
[INFO] [stderr] 
[INFO] [stderr] warning: struct `TsNativeMetadata` is never constructed
[INFO] [stderr]   --> src/extension.rs:91:12
[INFO] [stderr]    |
[INFO] [stderr] 91 | pub struct TsNativeMetadata {
[INFO] [stderr]    |            ^^^^^^^^^^^^^^^^
[INFO] [stderr] 
[INFO] [stderr] warning: methods `get_c_name` and `is_external_function` are never used
[INFO] [stderr]    --> src/extension.rs:119:12
[INFO] [stderr]     |
[INFO] [stderr] 104 | impl ExtensionRegistry {
[INFO] [stderr]     | ---------------------- methods in this implementation
[INFO] [stderr] ...
[INFO] [stderr] 119 |     pub fn get_c_name(&self, ts_name: &str) -> Option<&String> {
[INFO] [stderr]     |            ^^^^^^^^^^
[INFO] [stderr] ...
[INFO] [stderr] 123 |     pub fn is_external_function(&self, ts_name: &str) -> bool {
[INFO] [stderr]     |            ^^^^^^^^^^^^^^^^^^^^
[INFO] [stderr] 
[INFO] [stderr] warning: function `parse_cargo_toml` is never used
[INFO] [stderr]    --> src/extension.rs:134:8
[INFO] [stderr]     |
[INFO] [stderr] 134 | pub fn parse_cargo_toml(path: &Path) -> Result<CargoToml> {
[INFO] [stderr]     |        ^^^^^^^^^^^^^^^^
[INFO] [stderr] 
[INFO] [stderr] warning: function `find_plugin_crates` is never used
[INFO] [stderr]    --> src/extension.rs:140:8
[INFO] [stderr]     |
[INFO] [stderr] 140 | pub fn find_plugin_crates(cargo_toml: &CargoToml) -> Vec<String> {
[INFO] [stderr]     |        ^^^^^^^^^^^^^^^^^^
[INFO] [stderr] 
[INFO] [stderr] warning: function `load_extension_from_path` is never used
[INFO] [stderr]    --> src/extension.rs:164:8
[INFO] [stderr]     |
[INFO] [stderr] 164 | pub fn load_extension_from_path(path: &Path) -> Result<Extension> {
[INFO] [stderr]     |        ^^^^^^^^^^^^^^^^^^^^^^^^
[INFO] [stderr] 
[INFO] [stderr] warning: function `load_extension_from_crate` is never used
[INFO] [stderr]    --> src/extension.rs:188:8
[INFO] [stderr]     |
[INFO] [stderr] 188 | pub fn load_extension_from_crate(crate_name: &str) -> Result<Extension> {
[INFO] [stderr]     |        ^^^^^^^^^^^^^^^^^^^^^^^^^
[INFO] [stderr] 
[INFO] [stderr] warning: function `find_crate_path` is never used
[INFO] [stderr]    --> src/extension.rs:193:4
[INFO] [stderr]     |
[INFO] [stderr] 193 | fn find_crate_path(crate_name: &str) -> Result<std::path::PathBuf> {
[INFO] [stderr]     |    ^^^^^^^^^^^^^^^
[INFO] [stderr] 
[INFO] [stderr] warning: function `discover_extensions_from_cargo` is never used
[INFO] [stderr]    --> src/extension.rs:217:8
[INFO] [stderr]     |
[INFO] [stderr] 217 | pub fn discover_extensions_from_cargo(cargo_toml_path: &Path) -> Result<ExtensionRegistry> {
[INFO] [stderr]     |        ^^^^^^^^^^^^^^^^^^^^^^^^^^^^^^
[INFO] [stderr] 
[INFO] [stderr] warning: associated functions `load` and `load_from_dir` are never used
[INFO] [stderr]   --> src/config.rs:76:12
[INFO] [stderr]    |
[INFO] [stderr] 75 | impl ProjectConfig {
[INFO] [stderr]    | ------------------ associated functions in this implementation
[INFO] [stderr] 76 |     pub fn load(path: &std::path::Path) -> Result<Self> {
[INFO] [stderr]    |            ^^^^
[INFO] [stderr] ...
[INFO] [stderr] 86 |     pub fn load_from_dir(dir: &std::path::Path) -> Result<Self> {
[INFO] [stderr]    |            ^^^^^^^^^^^^^
[INFO] [stderr] 
[INFO] [stderr] warning: field `col` is never read
[INFO] [stderr]   --> src/syntax_check.rs:99:9
[INFO] [stderr]    |
[INFO] [stderr] 96 | pub struct UnsupportedSyntax {
[INFO] [stderr]    |            ----------------- field in this struct
[INFO] [stderr] ...
[INFO] [stderr] 99 |     pub col: usize,
[INFO] [stderr]    |         ^^^
[INFO] [stderr]    |
[INFO] [stderr]    = note: `UnsupportedSyntax` has a derived impl for the trait `Debug`, but this is intentionally ignored during dead code analysis
[INFO] [stderr] 
[INFO] [stderr] warning: `ts-native` (bin "ts-native" test) generated 52 warnings
[INFO] [stderr]     Finished `test` profile [unoptimized + debuginfo] target(s) in 0.24s
[INFO] [stderr]      Running unittests src/main.rs (/opt/rustwide/target/debug/deps/ts_native-7c5fe65aed99a22e)
[INFO] [stdout] 
[INFO] [stdout] running 3 tests
[INFO] [stdout] test extension::tests::test_parse_manifest ... ok
[INFO] [stdout] test config::tests::test_parse_config ... ok
[INFO] [stdout] test config::tests::test_default_config ... FAILED
[INFO] [stdout] 
[INFO] [stdout] failures:
[INFO] [stdout] 
[INFO] [stdout] ---- config::tests::test_default_config stdout ----
[INFO] [stdout] 
[INFO] [stdout] thread 'config::tests::test_default_config' (2666) panicked at src/config.rs:156:9:
[INFO] [stdout] assertion `left == right` failed
[INFO] [stdout]   left: ""
[INFO] [stdout]  right: "src/main.ts"
[INFO] [stdout] stack backtrace:
[INFO] [stdout]    0:     0x6249db8241e1 - std[70759c8f55707aa4]::backtrace_rs::backtrace::libunwind::trace
[INFO] [stdout]                                at /rustc/dfb0accb7f508ae8be965d8629557221c889dd98/library/std/src/../../backtrace/src/backtrace/libunwind.rs:117:9
[INFO] [stdout]    1:     0x6249db8241e1 - std[70759c8f55707aa4]::backtrace_rs::backtrace::trace_unsynchronized::<std[70759c8f55707aa4]::sys::backtrace::_print_fmt::{closure#1}>
[INFO] [stdout]                                at /rustc/dfb0accb7f508ae8be965d8629557221c889dd98/library/std/src/../../backtrace/src/backtrace/mod.rs:66:14
[INFO] [stdout]    2:     0x6249db8241e1 - std[70759c8f55707aa4]::sys::backtrace::_print_fmt
[INFO] [stdout]                                at /rustc/dfb0accb7f508ae8be965d8629557221c889dd98/library/std/src/sys/backtrace.rs:74:9
[INFO] [stdout]    3:     0x6249db8241e1 - <<std[70759c8f55707aa4]::sys::backtrace::BacktraceLock>::print::DisplayBacktrace as core[df12db4294e9bfd3]::fmt::Display>::fmt
[INFO] [stdout]                                at /rustc/dfb0accb7f508ae8be965d8629557221c889dd98/library/std/src/sys/backtrace.rs:44:26
[INFO] [stdout]    4:     0x6249db838f5a - <core[df12db4294e9bfd3]::fmt::rt::Argument>::fmt
[INFO] [stdout]                                at /rustc/dfb0accb7f508ae8be965d8629557221c889dd98/library/core/src/fmt/rt.rs:152:76
[INFO] [stdout]    5:     0x6249db838f5a - core[df12db4294e9bfd3]::fmt::write
[INFO] [stdout]    6:     0x6249db82867c - core[df12db4294e9bfd3]::io::write::default_write_fmt::<alloc[2182bb758b4b3781]::vec::Vec<u8>>
[INFO] [stdout]                                at /rustc/dfb0accb7f508ae8be965d8629557221c889dd98/library/core/src/io/write.rs:402:11
[INFO] [stdout]    7:     0x6249db82867c - <alloc[2182bb758b4b3781]::vec::Vec<u8> as core[df12db4294e9bfd3]::io::write::Write>::write_fmt
[INFO] [stdout]                                at /rustc/dfb0accb7f508ae8be965d8629557221c889dd98/library/core/src/io/write.rs:335:13
[INFO] [stdout]    8:     0x6249db8007d6 - <std[70759c8f55707aa4]::sys::backtrace::BacktraceLock>::print
[INFO] [stdout]                                at /rustc/dfb0accb7f508ae8be965d8629557221c889dd98/library/std/src/sys/backtrace.rs:47:9
[INFO] [stdout]    9:     0x6249db8007d6 - std[70759c8f55707aa4]::panicking::default_hook::{closure#0}
[INFO] [stdout]                                at /rustc/dfb0accb7f508ae8be965d8629557221c889dd98/library/std/src/panicking.rs:292:27
[INFO] [stdout]   10:     0x6249db81c949 - std[70759c8f55707aa4]::panicking::default_hook
[INFO] [stdout]                                at /rustc/dfb0accb7f508ae8be965d8629557221c889dd98/library/std/src/panicking.rs:316:9
[INFO] [stdout]   11:     0x6249db7afb10 - <alloc[2182bb758b4b3781]::boxed::Box<dyn for<'a, 'b> core[df12db4294e9bfd3]::ops::function::Fn<(&'a std[70759c8f55707aa4]::panic::PanicHookInfo<'b>,), Output = ()> + core[df12db4294e9bfd3]::marker::Send + core[df12db4294e9bfd3]::marker::Sync> as core[df12db4294e9bfd3]::ops::function::Fn<(&std[70759c8f55707aa4]::panic::PanicHookInfo,)>>::call
[INFO] [stdout]                                at /rustc/dfb0accb7f508ae8be965d8629557221c889dd98/library/alloc/src/boxed.rs:2334:9
[INFO] [stdout]   12:     0x6249db7afb10 - test[9d35eded1c95d3be]::test_main_inner::<test[9d35eded1c95d3be]::test_main_static::{closure#0}>::{closure#0}
[INFO] [stdout]                                at /rustc/dfb0accb7f508ae8be965d8629557221c889dd98/library/test/src/lib.rs:155:21
[INFO] [stdout]   13:     0x6249db81cb02 - <alloc[2182bb758b4b3781]::boxed::Box<dyn for<'a, 'b> core[df12db4294e9bfd3]::ops::function::Fn<(&'a std[70759c8f55707aa4]::panic::PanicHookInfo<'b>,), Output = ()> + core[df12db4294e9bfd3]::marker::Send + core[df12db4294e9bfd3]::marker::Sync> as core[df12db4294e9bfd3]::ops::function::Fn<(&std[70759c8f55707aa4]::panic::PanicHookInfo,)>>::call
[INFO] [stdout]                                at /rustc/dfb0accb7f508ae8be965d8629557221c889dd98/library/alloc/src/boxed.rs:2334:9
[INFO] [stdout]   14:     0x6249db81cb02 - std[70759c8f55707aa4]::panicking::panic_with_hook
[INFO] [stdout]                                at /rustc/dfb0accb7f508ae8be965d8629557221c889dd98/library/std/src/panicking.rs:823:13
[INFO] [stdout]   15:     0x6249db800882 - std[70759c8f55707aa4]::panicking::panic_handler::{closure#0}
[INFO] [stdout]                                at /rustc/dfb0accb7f508ae8be965d8629557221c889dd98/library/std/src/panicking.rs:688:13
[INFO] [stdout]   16:     0x6249db7f9609 - std[70759c8f55707aa4]::sys::backtrace::__rust_end_short_backtrace::<std[70759c8f55707aa4]::panicking::panic_handler::{closure#0}, !>
[INFO] [stdout]                                at /rustc/dfb0accb7f508ae8be965d8629557221c889dd98/library/std/src/sys/backtrace.rs:182:18
[INFO] [stdout]   17:     0x6249db80147d - __rustc[8fa7c3cbc660c2b3]::rust_begin_unwind
[INFO] [stdout]                                at /rustc/dfb0accb7f508ae8be965d8629557221c889dd98/library/std/src/panicking.rs:679:5
[INFO] [stdout]   18:     0x6249db8396cc - core[df12db4294e9bfd3]::panicking::panic_fmt
[INFO] [stdout]                                at /rustc/dfb0accb7f508ae8be965d8629557221c889dd98/library/core/src/panicking.rs:80:14
[INFO] [stdout]   19:     0x6249db8395e3 - core[df12db4294e9bfd3]::panicking::assert_failed_inner
[INFO] [stdout]                                at /rustc/dfb0accb7f508ae8be965d8629557221c889dd98/library/core/src/panicking.rs:452:17
[INFO] [stdout]   20:     0x6249db6c73cd - core[df12db4294e9bfd3]::panicking::assert_failed::<alloc[2182bb758b4b3781]::string::String, &str>
[INFO] [stdout]                                at /rustc/dfb0accb7f508ae8be965d8629557221c889dd98/library/core/src/panicking.rs:407:5
[INFO] [stdout]   21:     0x6249db6cf310 - ts_native[4fc5032adc6c8a5c]::config::tests::test_default_config
[INFO] [stdout]                                at /opt/rustwide/workdir/src/config.rs:156:9
[INFO] [stdout]   22:     0x6249db6ce4a7 - ts_native[4fc5032adc6c8a5c]::config::tests::test_default_config::{closure#0}
[INFO] [stdout]                                at /opt/rustwide/workdir/src/config.rs:154:29
[INFO] [stdout]   23:     0x6249db6cfba6 - <ts_native[4fc5032adc6c8a5c]::config::tests::test_default_config::{closure#0} as core[df12db4294e9bfd3]::ops::function::FnOnce<()>>::call_once
[INFO] [stdout]                                at /rustc/dfb0accb7f508ae8be965d8629557221c889dd98/library/core/src/ops/function.rs:250:5
[INFO] [stdout]   24:     0x6249db7a2dfb - <fn() -> core[df12db4294e9bfd3]::result::Result<(), alloc[2182bb758b4b3781]::string::String> as core[df12db4294e9bfd3]::ops::function::FnOnce<()>>::call_once
[INFO] [stdout]                                at /rustc/dfb0accb7f508ae8be965d8629557221c889dd98/library/core/src/ops/function.rs:250:5
[INFO] [stdout]   25:     0x6249db7a2dfb - test[9d35eded1c95d3be]::__rust_begin_short_backtrace::<core[df12db4294e9bfd3]::result::Result<(), alloc[2182bb758b4b3781]::string::String>, fn() -> core[df12db4294e9bfd3]::result::Result<(), alloc[2182bb758b4b3781]::string::String>>
[INFO] [stdout]                                at /rustc/dfb0accb7f508ae8be965d8629557221c889dd98/library/test/src/lib.rs:733:18
[INFO] [stdout]   26:     0x6249db7b0465 - test[9d35eded1c95d3be]::run_test_in_process::{closure#0}
[INFO] [stdout]                                at /rustc/dfb0accb7f508ae8be965d8629557221c889dd98/library/test/src/lib.rs:756:74
[INFO] [stdout]   27:     0x6249db7b0465 - <core[df12db4294e9bfd3]::panic::unwind_safe::AssertUnwindSafe<test[9d35eded1c95d3be]::run_test_in_process::{closure#0}> as core[df12db4294e9bfd3]::ops::function::FnOnce<()>>::call_once
[INFO] [stdout]                                at /rustc/dfb0accb7f508ae8be965d8629557221c889dd98/library/core/src/panic/unwind_safe.rs:275:9
[INFO] [stdout]   28:     0x6249db7b0465 - std[70759c8f55707aa4]::panicking::catch_unwind::do_call::<core[df12db4294e9bfd3]::panic::unwind_safe::AssertUnwindSafe<test[9d35eded1c95d3be]::run_test_in_process::{closure#0}>, core[df12db4294e9bfd3]::result::Result<(), alloc[2182bb758b4b3781]::string::String>>
[INFO] [stdout]                                at /rustc/dfb0accb7f508ae8be965d8629557221c889dd98/library/std/src/panicking.rs:576:43
[INFO] [stdout]   29:     0x6249db7b0465 - std[70759c8f55707aa4]::panicking::catch_unwind::<core[df12db4294e9bfd3]::result::Result<(), alloc[2182bb758b4b3781]::string::String>, core[df12db4294e9bfd3]::panic::unwind_safe::AssertUnwindSafe<test[9d35eded1c95d3be]::run_test_in_process::{closure#0}>>
[INFO] [stdout]                                at /rustc/dfb0accb7f508ae8be965d8629557221c889dd98/library/std/src/panicking.rs:544:19
[INFO] [stdout]   30:     0x6249db7b0465 - std[70759c8f55707aa4]::panic::catch_unwind::<core[df12db4294e9bfd3]::panic::unwind_safe::AssertUnwindSafe<test[9d35eded1c95d3be]::run_test_in_process::{closure#0}>, core[df12db4294e9bfd3]::result::Result<(), alloc[2182bb758b4b3781]::string::String>>
[INFO] [stdout]                                at /rustc/dfb0accb7f508ae8be965d8629557221c889dd98/library/std/src/panic.rs:359:14
[INFO] [stdout]   31:     0x6249db7b0465 - test[9d35eded1c95d3be]::run_test_in_process
[INFO] [stdout]                                at /rustc/dfb0accb7f508ae8be965d8629557221c889dd98/library/test/src/lib.rs:756:27
[INFO] [stdout]   32:     0x6249db7b0465 - test[9d35eded1c95d3be]::run_test::{closure#0}
[INFO] [stdout]                                at /rustc/dfb0accb7f508ae8be965d8629557221c889dd98/library/test/src/lib.rs:677:43
[INFO] [stdout]   33:     0x6249db7a9d24 - test[9d35eded1c95d3be]::run_test::{closure#1}
[INFO] [stdout]                                at /rustc/dfb0accb7f508ae8be965d8629557221c889dd98/library/test/src/lib.rs:707:41
[INFO] [stdout]   34:     0x6249db7a9d24 - std[70759c8f55707aa4]::sys::backtrace::__rust_begin_short_backtrace::<test[9d35eded1c95d3be]::run_test::{closure#1}, ()>
[INFO] [stdout]                                at /rustc/dfb0accb7f508ae8be965d8629557221c889dd98/library/std/src/sys/backtrace.rs:166:18
[INFO] [stdout]   35:     0x6249db7b35c2 - std[70759c8f55707aa4]::thread::lifecycle::spawn_unchecked::<test[9d35eded1c95d3be]::run_test::{closure#1}, ()>::{closure#1}::{closure#0}
[INFO] [stdout]                                at /rustc/dfb0accb7f508ae8be965d8629557221c889dd98/library/std/src/thread/lifecycle.rs:70:13
[INFO] [stdout]   36:     0x6249db7b35c2 - <core[df12db4294e9bfd3]::panic::unwind_safe::AssertUnwindSafe<std[70759c8f55707aa4]::thread::lifecycle::spawn_unchecked<test[9d35eded1c95d3be]::run_test::{closure#1}, ()>::{closure#1}::{closure#0}> as core[df12db4294e9bfd3]::ops::function::FnOnce<()>>::call_once
[INFO] [stdout]                                at /rustc/dfb0accb7f508ae8be965d8629557221c889dd98/library/core/src/panic/unwind_safe.rs:275:9
[INFO] [stdout]   37:     0x6249db7b35c2 - std[70759c8f55707aa4]::panicking::catch_unwind::do_call::<core[df12db4294e9bfd3]::panic::unwind_safe::AssertUnwindSafe<std[70759c8f55707aa4]::thread::lifecycle::spawn_unchecked<test[9d35eded1c95d3be]::run_test::{closure#1}, ()>::{closure#1}::{closure#0}>, ()>
[INFO] [stdout]                                at /rustc/dfb0accb7f508ae8be965d8629557221c889dd98/library/std/src/panicking.rs:576:43
[INFO] [stdout]   38:     0x6249db7b35c2 - std[70759c8f55707aa4]::panicking::catch_unwind::<(), core[df12db4294e9bfd3]::panic::unwind_safe::AssertUnwindSafe<std[70759c8f55707aa4]::thread::lifecycle::spawn_unchecked<test[9d35eded1c95d3be]::run_test::{closure#1}, ()>::{closure#1}::{closure#0}>>
[INFO] [stdout]                                at /rustc/dfb0accb7f508ae8be965d8629557221c889dd98/library/std/src/panicking.rs:544:19
[INFO] [stdout]   39:     0x6249db7b35c2 - std[70759c8f55707aa4]::panic::catch_unwind::<core[df12db4294e9bfd3]::panic::unwind_safe::AssertUnwindSafe<std[70759c8f55707aa4]::thread::lifecycle::spawn_unchecked<test[9d35eded1c95d3be]::run_test::{closure#1}, ()>::{closure#1}::{closure#0}>, ()>
[INFO] [stdout]                                at /rustc/dfb0accb7f508ae8be965d8629557221c889dd98/library/std/src/panic.rs:359:14
[INFO] [stdout]   40:     0x6249db7b35c2 - std[70759c8f55707aa4]::thread::lifecycle::spawn_unchecked::<test[9d35eded1c95d3be]::run_test::{closure#1}, ()>::{closure#1}
[INFO] [stdout]                                at /rustc/dfb0accb7f508ae8be965d8629557221c889dd98/library/std/src/thread/lifecycle.rs:68:26
[INFO] [stdout]   41:     0x6249db7b35c2 - <std[70759c8f55707aa4]::thread::lifecycle::spawn_unchecked<test[9d35eded1c95d3be]::run_test::{closure#1}, ()>::{closure#1} as core[df12db4294e9bfd3]::ops::function::FnOnce<()>>::call_once::{shim:vtable#0}
[INFO] [stdout]                                at /rustc/dfb0accb7f508ae8be965d8629557221c889dd98/library/core/src/ops/function.rs:250:5
[INFO] [stdout]   42:     0x6249db823ab9 - <alloc[2182bb758b4b3781]::boxed::Box<dyn core[df12db4294e9bfd3]::ops::function::FnOnce<(), Output = ()> + core[df12db4294e9bfd3]::marker::Send> as core[df12db4294e9bfd3]::ops::function::FnOnce<()>>::call_once
[INFO] [stdout]                                at /rustc/dfb0accb7f508ae8be965d8629557221c889dd98/library/alloc/src/boxed.rs:2320:9
[INFO] [stdout]   43:     0x6249db823ab9 - <std[70759c8f55707aa4]::sys::thread::unix::Thread>::new::thread_start
[INFO] [stdout]                                at /rustc/dfb0accb7f508ae8be965d8629557221c889dd98/library/std/src/sys/thread/unix.rs:123:17
[INFO] [stdout]   44:     0x75db87988dfa - <unknown>
[INFO] [stdout]   45:     0x75db87a1c3d4 - clone
[INFO] [stdout]   46:                0x0 - <unknown>
[INFO] [stdout] 
[INFO] [stdout] 
[INFO] [stdout] failures:
[INFO] [stdout]     config::tests::test_default_config
[INFO] [stdout] 
[INFO] [stdout] test result: FAILED. 2 passed; 1 failed; 0 ignored; 0 measured; 0 filtered out; finished in 0.10s
[INFO] [stdout] 
[INFO] [stderr] error: test failed, to rerun pass `--bin ts-native`
[INFO] running `Command { std: "docker" "inspect" "99e062e42796ae2b97f69a072f800734af4db3b386d7770446ddbae0a08621b3", kill_on_drop: false }`
[INFO] running `Command { std: "docker" "rm" "-f" "99e062e42796ae2b97f69a072f800734af4db3b386d7770446ddbae0a08621b3", kill_on_drop: false }`
[INFO] [stdout] 99e062e42796ae2b97f69a072f800734af4db3b386d7770446ddbae0a08621b3
