[INFO] fetching crate tryphon_macros 0.2.0...
[INFO] testing tryphon_macros-0.2.0 against 1.100.0-beta.1 for beta-1.100-2
[INFO] extracting crate tryphon_macros 0.2.0 into /workspace/builds/worker-4-tc2/source
[INFO] started tweaking crates.io crate tryphon_macros 0.2.0
[INFO] removed 0 missing tests
[INFO] finished tweaking crates.io crate tryphon_macros 0.2.0
[INFO] tweaked toml for crates.io crate tryphon_macros 0.2.0 written to /workspace/builds/worker-4-tc2/source/Cargo.toml
[INFO] validating manifest of crates.io crate tryphon_macros 0.2.0 on toolchain 1.100.0-beta.1
[INFO] running `Command { std: CARGO_HOME="/workspace/cargo-home" RUSTUP_HOME="/workspace/rustup-home" "/workspace/cargo-home/bin/cargo" "+1.100.0-beta.1" "metadata" "--manifest-path" "Cargo.toml" "--no-deps", kill_on_drop: false }`
[INFO] crate crates.io crate tryphon_macros 0.2.0 already has a lockfile, it will not be regenerated
[INFO] running `Command { std: CARGO_HOME="/workspace/cargo-home" RUSTUP_HOME="/workspace/rustup-home" "/workspace/cargo-home/bin/cargo" "+1.100.0-beta.1" "fetch" "--manifest-path" "Cargo.toml", kill_on_drop: false }`
[INFO] [stderr] warning: `package.homepage` is redundant with `package.repository`
[INFO] [stderr]   --> Cargo.toml:30:12
[INFO] [stderr]    |
[INFO] [stderr] 30 | homepage = "https://github.com/katlasik/tryphon"
[INFO] [stderr]    |            ^^^^^^^^^^^^^^^^^^^^^^^^^^^^^^^^^^^^^
[INFO] [stderr] ...
[INFO] [stderr] 35 | repository = "https://github.com/katlasik/tryphon"
[INFO] [stderr]    |              -------------------------------------
[INFO] [stderr]    |
[INFO] [stderr]    = note: `cargo::redundant_homepage` is set to `warn` by default
[INFO] [stderr] help: consider removing `package.homepage`
[INFO] [stderr] warning: `tryphon_macros` (manifest) generated 1 warning
[INFO] running `Command { std: "docker" "create" "-v" "/var/lib/crater-agent-workspace/builds/worker-4-tc2/source:/opt/rustwide/workdir:ro,Z" "-v" "/var/lib/crater-agent-workspace/builds/worker-4-tc2/target:/opt/rustwide/target:rw,Z" "-v" "/var/lib/crater-agent-workspace/cargo-home:/opt/rustwide/cargo-home:ro,Z" "-v" "/var/lib/crater-agent-workspace/rustup-home:/opt/rustwide/rustup-home:ro,Z" "-m" "1610612736" "--network" "none" "ghcr.io/rust-lang/crates-build-env/linux@sha256:3111399a4047eeb3a02b7a90e478d715f38a8c6669b5c4b49d30a17385265909" "sleep" "infinity", kill_on_drop: false }`
[INFO] [stdout] 2f7a9815bdc8d2344683e51ec4246445a5c912c9e38541633ce7d84d6c5476df
[INFO] running `Command { std: "docker" "start" "2f7a9815bdc8d2344683e51ec4246445a5c912c9e38541633ce7d84d6c5476df", kill_on_drop: false }`
[INFO] running `Command { std: "docker" "inspect" "2f7a9815bdc8d2344683e51ec4246445a5c912c9e38541633ce7d84d6c5476df", kill_on_drop: false }`
[INFO] running `Command { std: "docker" "exec" "-e" "SOURCE_DIR=/opt/rustwide/workdir" "-e" "CARGO_HOME=/opt/rustwide/cargo-home" "-e" "RUSTUP_HOME=/opt/rustwide/rustup-home" "-e" "CARGO_TARGET_DIR=/opt/rustwide/target" "-w" "/opt/rustwide/workdir" "--user" "0:0" "2f7a9815bdc8d2344683e51ec4246445a5c912c9e38541633ce7d84d6c5476df" "/opt/rustwide/cargo-home/bin/cargo" "+1.100.0-beta.1" "metadata" "--no-deps" "--format-version=1", kill_on_drop: false }`
[INFO] running `Command { std: "docker" "inspect" "2f7a9815bdc8d2344683e51ec4246445a5c912c9e38541633ce7d84d6c5476df", kill_on_drop: false }`
[INFO] running `Command { std: "docker" "exec" "-e" "SOURCE_DIR=/opt/rustwide/workdir" "-e" "CARGO_HOME=/opt/rustwide/cargo-home" "-e" "RUSTUP_HOME=/opt/rustwide/rustup-home" "-e" "CARGO_TARGET_DIR=/opt/rustwide/target" "-e" "CARGO_INCREMENTAL=0" "-e" "RUST_BACKTRACE=full" "-e" "RUSTFLAGS=--cap-lints=warn" "-e" "RUSTDOCFLAGS=--cap-lints=warn" "-w" "/opt/rustwide/workdir" "--user" "0:0" "2f7a9815bdc8d2344683e51ec4246445a5c912c9e38541633ce7d84d6c5476df" "/opt/rustwide/cargo-home/bin/cargo" "+1.100.0-beta.1" "build" "--frozen" "--message-format=json", kill_on_drop: false }`
[INFO] [stderr] warning: `package.homepage` is redundant with `package.repository`
[INFO] [stderr]   --> Cargo.toml:30:12
[INFO] [stderr]    |
[INFO] [stderr] 30 | homepage = "https://github.com/katlasik/tryphon"
[INFO] [stderr]    |            ^^^^^^^^^^^^^^^^^^^^^^^^^^^^^^^^^^^^^
[INFO] [stderr] ...
[INFO] [stderr] 35 | repository = "https://github.com/katlasik/tryphon"
[INFO] [stderr]    |              -------------------------------------
[INFO] [stderr]    |
[INFO] [stderr]    = note: `cargo::redundant_homepage` is set to `warn` by default
[INFO] [stderr] help: consider removing `package.homepage`
[INFO] [stderr] warning: `tryphon_macros` (manifest) generated 1 warning
[INFO] [stderr]    Compiling quote v1.0.41
[INFO] [stderr]    Compiling syn v2.0.108
[INFO] [stderr]    Compiling tryphon_macros v0.2.0 (/opt/rustwide/workdir)
[INFO] [stderr]     Finished `dev` profile [unoptimized + debuginfo] target(s) in 6.79s
[INFO] running `Command { std: "docker" "inspect" "2f7a9815bdc8d2344683e51ec4246445a5c912c9e38541633ce7d84d6c5476df", kill_on_drop: false }`
[INFO] running `Command { std: "docker" "exec" "-e" "SOURCE_DIR=/opt/rustwide/workdir" "-e" "CARGO_HOME=/opt/rustwide/cargo-home" "-e" "RUSTUP_HOME=/opt/rustwide/rustup-home" "-e" "CARGO_TARGET_DIR=/opt/rustwide/target" "-e" "CARGO_INCREMENTAL=0" "-e" "RUST_BACKTRACE=full" "-e" "RUSTFLAGS=--cap-lints=warn" "-e" "RUSTDOCFLAGS=--cap-lints=warn" "-w" "/opt/rustwide/workdir" "--user" "0:0" "2f7a9815bdc8d2344683e51ec4246445a5c912c9e38541633ce7d84d6c5476df" "/opt/rustwide/cargo-home/bin/cargo" "+1.100.0-beta.1" "test" "--frozen" "--no-run" "--message-format=json", kill_on_drop: false }`
[INFO] [stderr] warning: `package.homepage` is redundant with `package.repository`
[INFO] [stderr]   --> Cargo.toml:30:12
[INFO] [stderr]    |
[INFO] [stderr] 30 | homepage = "https://github.com/katlasik/tryphon"
[INFO] [stderr]    |            ^^^^^^^^^^^^^^^^^^^^^^^^^^^^^^^^^^^^^
[INFO] [stderr] ...
[INFO] [stderr] 35 | repository = "https://github.com/katlasik/tryphon"
[INFO] [stderr]    |              -------------------------------------
[INFO] [stderr]    |
[INFO] [stderr]    = note: `cargo::redundant_homepage` is set to `warn` by default
[INFO] [stderr] help: consider removing `package.homepage`
[INFO] [stderr] warning: `tryphon_macros` (manifest) generated 1 warning
[INFO] [stderr]    Compiling proc-macro2 v1.0.103
[INFO] [stderr]    Compiling unicode-ident v1.0.22
[INFO] [stderr]    Compiling target-triple v1.0.0
[INFO] [stderr]    Compiling winnow v0.7.13
[INFO] [stderr]    Compiling serde v1.0.228
[INFO] [stderr]    Compiling toml_writer v1.0.4
[INFO] [stderr]    Compiling glob v0.3.3
[INFO] [stderr]    Compiling quote v1.0.41
[INFO] [stderr]    Compiling toml_datetime v0.7.3
[INFO] [stderr]    Compiling serde_spanned v1.0.3
[INFO] [stderr]    Compiling serde_json v1.0.145
[INFO] [stderr]    Compiling syn v2.0.108
[INFO] [stderr]    Compiling toml_parser v1.0.4
[INFO] [stderr]    Compiling toml v0.9.8
[INFO] [stderr]    Compiling serde_derive v1.0.228
[INFO] [stderr]    Compiling tryphon_macros v0.2.0 (/opt/rustwide/workdir)
[INFO] [stderr]    Compiling trybuild v1.0.114
[INFO] [stderr]     Finished `test` profile [unoptimized + debuginfo] target(s) in 17.18s
[INFO] running `Command { std: "docker" "inspect" "2f7a9815bdc8d2344683e51ec4246445a5c912c9e38541633ce7d84d6c5476df", kill_on_drop: false }`
[INFO] running `Command { std: "docker" "exec" "-e" "SOURCE_DIR=/opt/rustwide/workdir" "-e" "CARGO_HOME=/opt/rustwide/cargo-home" "-e" "RUSTUP_HOME=/opt/rustwide/rustup-home" "-e" "CARGO_TARGET_DIR=/opt/rustwide/target" "-e" "CARGO_INCREMENTAL=0" "-e" "RUST_BACKTRACE=full" "-e" "RUSTFLAGS=--cap-lints=warn" "-e" "RUSTDOCFLAGS=--cap-lints=warn" "-w" "/opt/rustwide/workdir" "--user" "0:0" "2f7a9815bdc8d2344683e51ec4246445a5c912c9e38541633ce7d84d6c5476df" "/opt/rustwide/cargo-home/bin/cargo" "+1.100.0-beta.1" "test" "--frozen", kill_on_drop: false }`
[INFO] [stderr] warning: `package.homepage` is redundant with `package.repository`
[INFO] [stderr]   --> Cargo.toml:30:12
[INFO] [stderr]    |
[INFO] [stderr] 30 | homepage = "https://github.com/katlasik/tryphon"
[INFO] [stderr]    |            ^^^^^^^^^^^^^^^^^^^^^^^^^^^^^^^^^^^^^
[INFO] [stderr] ...
[INFO] [stderr] 35 | repository = "https://github.com/katlasik/tryphon"
[INFO] [stderr]    |              -------------------------------------
[INFO] [stderr]    |
[INFO] [stderr]    = note: `cargo::redundant_homepage` is set to `warn` by default
[INFO] [stderr] help: consider removing `package.homepage`
[INFO] [stderr] warning: `tryphon_macros` (manifest) generated 1 warning
[INFO] [stderr]     Finished `test` profile [unoptimized + debuginfo] target(s) in 0.05s
[INFO] [stderr]      Running unittests src/lib.rs (/opt/rustwide/target/debug/build/tryphon_macros/3b361847839ed613/out/tryphon_macros-3b361847839ed613)
[INFO] [stdout] 
[INFO] [stdout] running 0 tests
[INFO] [stdout] 
[INFO] [stdout] test result: ok. 0 passed; 0 failed; 0 ignored; 0 measured; 0 filtered out; finished in 0.00s
[INFO] [stdout] 
[INFO] [stderr]      Running tests/ui_tests.rs (/opt/rustwide/target/debug/build/tryphon_macros/0bd42231140f103e/out/ui_tests-0bd42231140f103e)
[INFO] [stdout] 
[INFO] [stdout] running 2 tests
[INFO] [stderr] warning: `package.homepage` is redundant with `package.repository`
[INFO] [stderr]   --> /opt/rustwide/workdir/Cargo.toml:30:12
[INFO] [stderr]    |
[INFO] [stderr] 30 | homepage = "https://github.com/katlasik/tryphon"
[INFO] [stderr]    |            ^^^^^^^^^^^^^^^^^^^^^^^^^^^^^^^^^^^^^
[INFO] [stderr] ...
[INFO] [stderr] 35 | repository = "https://github.com/katlasik/tryphon"
[INFO] [stderr]    |              -------------------------------------
[INFO] [stderr]    |
[INFO] [stderr]    = note: `cargo::redundant_homepage` is set to `warn` by default
[INFO] [stderr] help: consider removing `package.homepage`
[INFO] [stderr] warning: `tryphon_macros` (manifest) generated 1 warning
[INFO] [stderr]    Compiling proc-macro2 v1.0.103
[INFO] [stderr]    Compiling quote v1.0.41
[INFO] [stderr]    Compiling unicode-ident v1.0.22
[INFO] [stderr]     Checking syn v2.0.108
[INFO] [stderr]    Compiling tryphon_macros v0.2.0 (/opt/rustwide/workdir)
[INFO] [stderr]     Checking tryphon_macros-tests v0.0.0 (/opt/rustwide/target/tests/trybuild/tryphon_macros)
[INFO] [stderr]     Finished `dev` profile [unoptimized + debuginfo] target(s) in 9.33s
[INFO] [stderr] 
[INFO] [stderr] 
[INFO] [stderr] test tests/ui/fail/blank_env_name.rs ... mismatch
[INFO] [stderr] 
[INFO] [stderr] EXPECTED:
[INFO] [stderr] ┈┈┈┈┈┈┈┈┈┈┈┈┈┈┈┈┈┈┈┈┈┈┈┈┈┈┈┈┈┈┈┈┈┈┈┈┈┈┈┈┈┈┈┈┈┈┈┈┈┈┈┈┈┈┈┈┈┈┈┈
[INFO] [stderr] error: Environment variable can't be empty nor blank
[INFO] [stderr]  --> tests/ui/fail/blank_env_name.rs:5:7
[INFO] [stderr]   |
[INFO] [stderr] 5 |     #[env("   ")]
[INFO] [stderr]   |       ^^^
[INFO] [stderr] 
[INFO] [stderr] error: No env attribute found
[INFO] [stderr]  --> tests/ui/fail/blank_env_name.rs:5:5
[INFO] [stderr]   |
[INFO] [stderr] 5 |     #[env("   ")]
[INFO] [stderr]   |     ^
[INFO] [stderr] ┈┈┈┈┈┈┈┈┈┈┈┈┈┈┈┈┈┈┈┈┈┈┈┈┈┈┈┈┈┈┈┈┈┈┈┈┈┈┈┈┈┈┈┈┈┈┈┈┈┈┈┈┈┈┈┈┈┈┈┈
[INFO] [stderr] 
[INFO] [stderr] ACTUAL OUTPUT:
[INFO] [stderr] ┈┈┈┈┈┈┈┈┈┈┈┈┈┈┈┈┈┈┈┈┈┈┈┈┈┈┈┈┈┈┈┈┈┈┈┈┈┈┈┈┈┈┈┈┈┈┈┈┈┈┈┈┈┈┈┈┈┈┈┈
[INFO] [stderr] error[E0432]: unresolved import `tryphon`
[INFO] [stderr]  --> tests/ui/fail/blank_env_name.rs:1:5
[INFO] [stderr]   |
[INFO] [stderr] 1 | use tryphon::Config;
[INFO] [stderr]   |     ^^^^^^^ use of unresolved module or unlinked crate `tryphon`
[INFO] [stderr]   |
[INFO] [stderr]   = help: if you wanted to use a crate named `tryphon`, use `cargo add tryphon` to add it to your `Cargo.toml`
[INFO] [stderr] 
[INFO] [stderr] error: cannot find attribute `env` in this scope
[INFO] [stderr]  --> tests/ui/fail/blank_env_name.rs:5:7
[INFO] [stderr]   |
[INFO] [stderr] 5 |     #[env("   ")]
[INFO] [stderr]   |       ^^^
[INFO] [stderr]   |
[INFO] [stderr]   = note: `env` is an attribute that can be used by the derive macro `Config`, you might be missing a `derive` attribute
[INFO] [stderr]   = note: `env` is in scope, but it is a function-like macro
[INFO] [stderr] ┈┈┈┈┈┈┈┈┈┈┈┈┈┈┈┈┈┈┈┈┈┈┈┈┈┈┈┈┈┈┈┈┈┈┈┈┈┈┈┈┈┈┈┈┈┈┈┈┈┈┈┈┈┈┈┈┈┈┈┈
[INFO] [stderr] note: If the actual output is the correct output you can bless it by rerunning
[INFO] [stderr]       your test with the environment variable TRYBUILD=overwrite
[INFO] [stderr] 
[INFO] [stderr] test tests/ui/fail/both_env_and_config.rs ... mismatch
[INFO] [stderr] 
[INFO] [stderr] EXPECTED:
[INFO] [stderr] ┈┈┈┈┈┈┈┈┈┈┈┈┈┈┈┈┈┈┈┈┈┈┈┈┈┈┈┈┈┈┈┈┈┈┈┈┈┈┈┈┈┈┈┈┈┈┈┈┈┈┈┈┈┈┈┈┈┈┈┈
[INFO] [stderr] error: You can either mark field as nested config or provide env variables to read from, not both.
[INFO] [stderr]  --> tests/ui/fail/both_env_and_config.rs:5:5
[INFO] [stderr]   |
[INFO] [stderr] 5 |     #[env("DB_HOST")]
[INFO] [stderr]   |     ^
[INFO] [stderr] ┈┈┈┈┈┈┈┈┈┈┈┈┈┈┈┈┈┈┈┈┈┈┈┈┈┈┈┈┈┈┈┈┈┈┈┈┈┈┈┈┈┈┈┈┈┈┈┈┈┈┈┈┈┈┈┈┈┈┈┈
[INFO] [stderr] 
[INFO] [stderr] ACTUAL OUTPUT:
[INFO] [stderr] ┈┈┈┈┈┈┈┈┈┈┈┈┈┈┈┈┈┈┈┈┈┈┈┈┈┈┈┈┈┈┈┈┈┈┈┈┈┈┈┈┈┈┈┈┈┈┈┈┈┈┈┈┈┈┈┈┈┈┈┈
[INFO] [stderr] error[E0432]: unresolved import `tryphon`
[INFO] [stderr]  --> tests/ui/fail/both_env_and_config.rs:1:5
[INFO] [stderr]   |
[INFO] [stderr] 1 | use tryphon::Config;
[INFO] [stderr]   |     ^^^^^^^ use of unresolved module or unlinked crate `tryphon`
[INFO] [stderr]   |
[INFO] [stderr]   = help: if you wanted to use a crate named `tryphon`, use `cargo add tryphon` to add it to your `Cargo.toml`
[INFO] [stderr] 
[INFO] [stderr] error: cannot find attribute `env` in this scope
[INFO] [stderr]  --> tests/ui/fail/both_env_and_config.rs:5:7
[INFO] [stderr]   |
[INFO] [stderr] 5 |     #[env("DB_HOST")]
[INFO] [stderr]   |       ^^^
[INFO] [stderr]   |
[INFO] [stderr]   = note: `env` is an attribute that can be used by the derive macro `Config`, you might be missing a `derive` attribute
[INFO] [stderr]   = note: `env` is in scope, but it is a function-like macro
[INFO] [stderr] 
[INFO] [stderr] error: cannot find attribute `config` in this scope
[INFO] [stderr]  --> tests/ui/fail/both_env_and_config.rs:6:7
[INFO] [stderr]   |
[INFO] [stderr] 6 |     #[config]
[INFO] [stderr]   |       ^^^^^^
[INFO] [stderr]   |
[INFO] [stderr]   = note: `config` is an attribute that can be used by the derive macro `Config`, you might be missing a `derive` attribute
[INFO] [stderr] ┈┈┈┈┈┈┈┈┈┈┈┈┈┈┈┈┈┈┈┈┈┈┈┈┈┈┈┈┈┈┈┈┈┈┈┈┈┈┈┈┈┈┈┈┈┈┈┈┈┈┈┈┈┈┈┈┈┈┈┈
[INFO] [stderr] note: If the actual output is the correct output you can bless it by rerunning
[INFO] [stderr]       your test with the environment variable TRYBUILD=overwrite
[INFO] [stderr] 
[INFO] [stderr] test tests/ui/fail/config_on_option.rs ... mismatch
[INFO] [stderr] 
[INFO] [stderr] EXPECTED:
[INFO] [stderr] ┈┈┈┈┈┈┈┈┈┈┈┈┈┈┈┈┈┈┈┈┈┈┈┈┈┈┈┈┈┈┈┈┈┈┈┈┈┈┈┈┈┈┈┈┈┈┈┈┈┈┈┈┈┈┈┈┈┈┈┈
[INFO] [stderr] error[E0277]: the trait bound `Option<NestedConfig>: Config` is not satisfied
[INFO] [stderr]   --> tests/ui/fail/config_on_option.rs:12:13
[INFO] [stderr]    |
[INFO] [stderr] 12 |     nested: Option<NestedConfig>,  // Invalid
[INFO] [stderr]    |             ^^^^^^^^^^^^^^^^^^^^ the trait `Config` is not implemented for `Option<NestedConfig>`
[INFO] [stderr]    |
[INFO] [stderr]    = help: the following other types implement trait `Config`:
[INFO] [stderr]              BadConfig
[INFO] [stderr]              NestedConfig
[INFO] [stderr] ┈┈┈┈┈┈┈┈┈┈┈┈┈┈┈┈┈┈┈┈┈┈┈┈┈┈┈┈┈┈┈┈┈┈┈┈┈┈┈┈┈┈┈┈┈┈┈┈┈┈┈┈┈┈┈┈┈┈┈┈
[INFO] [stderr] 
[INFO] [stderr] ACTUAL OUTPUT:
[INFO] [stderr] ┈┈┈┈┈┈┈┈┈┈┈┈┈┈┈┈┈┈┈┈┈┈┈┈┈┈┈┈┈┈┈┈┈┈┈┈┈┈┈┈┈┈┈┈┈┈┈┈┈┈┈┈┈┈┈┈┈┈┈┈
[INFO] [stderr] error[E0432]: unresolved import `tryphon`
[INFO] [stderr]  --> tests/ui/fail/config_on_option.rs:1:5
[INFO] [stderr]   |
[INFO] [stderr] 1 | use tryphon::Config;
[INFO] [stderr]   |     ^^^^^^^ use of unresolved module or unlinked crate `tryphon`
[INFO] [stderr]   |
[INFO] [stderr]   = help: if you wanted to use a crate named `tryphon`, use `cargo add tryphon` to add it to your `Cargo.toml`
[INFO] [stderr] 
[INFO] [stderr] error: cannot find attribute `config` in this scope
[INFO] [stderr]   --> tests/ui/fail/config_on_option.rs:11:7
[INFO] [stderr]    |
[INFO] [stderr] 11 |     #[config]
[INFO] [stderr]    |       ^^^^^^
[INFO] [stderr]    |
[INFO] [stderr]    = note: `config` is an attribute that can be used by the derive macro `Config`, you might be missing a `derive` attribute
[INFO] [stderr] 
[INFO] [stderr] error: cannot find attribute `env` in this scope
[INFO] [stderr]  --> tests/ui/fail/config_on_option.rs:5:7
[INFO] [stderr]   |
[INFO] [stderr] 5 |     #[env("VALUE")]
[INFO] [stderr]   |       ^^^
[INFO] [stderr]   |
[INFO] [stderr]   = note: `env` is an attribute that can be used by the derive macro `Config`, you might be missing a `derive` attribute
[INFO] [stderr]   = note: `env` is in scope, but it is a function-like macro
[INFO] [stderr] ┈┈┈┈┈┈┈┈┈┈┈┈┈┈┈┈┈┈┈┈┈┈┈┈┈┈┈┈┈┈┈┈┈┈┈┈┈┈┈┈┈┈┈┈┈┈┈┈┈┈┈┈┈┈┈┈┈┈┈┈
[INFO] [stderr] note: If the actual output is the correct output you can bless it by rerunning
[INFO] [stderr]       your test with the environment variable TRYBUILD=overwrite
[INFO] [stderr] 
[INFO] [stderr] test tests/ui/fail/decoder_multi_field.rs ... mismatch
[INFO] [stderr] 
[INFO] [stderr] EXPECTED:
[INFO] [stderr] ┈┈┈┈┈┈┈┈┈┈┈┈┈┈┈┈┈┈┈┈┈┈┈┈┈┈┈┈┈┈┈┈┈┈┈┈┈┈┈┈┈┈┈┈┈┈┈┈┈┈┈┈┈┈┈┈┈┈┈┈
[INFO] [stderr] error: You can only derive ConfigValueDecoder for newtype structs with a single field
[INFO] [stderr]  --> tests/ui/fail/decoder_multi_field.rs:3:10
[INFO] [stderr]   |
[INFO] [stderr] 3 | #[derive(ConfigValueDecoder)]
[INFO] [stderr]   |          ^^^^^^^^^^^^^^^^^^
[INFO] [stderr]   |
[INFO] [stderr]   = note: this error originates in the derive macro `ConfigValueDecoder` (in Nightly builds, run with -Z macro-backtrace for more info)
[INFO] [stderr] ┈┈┈┈┈┈┈┈┈┈┈┈┈┈┈┈┈┈┈┈┈┈┈┈┈┈┈┈┈┈┈┈┈┈┈┈┈┈┈┈┈┈┈┈┈┈┈┈┈┈┈┈┈┈┈┈┈┈┈┈
[INFO] [stderr] 
[INFO] [stderr] ACTUAL OUTPUT:
[INFO] [stderr] ┈┈┈┈┈┈┈┈┈┈┈┈┈┈┈┈┈┈┈┈┈┈┈┈┈┈┈┈┈┈┈┈┈┈┈┈┈┈┈┈┈┈┈┈┈┈┈┈┈┈┈┈┈┈┈┈┈┈┈┈
[INFO] [stderr] error[E0432]: unresolved import `tryphon`
[INFO] [stderr]  --> tests/ui/fail/decoder_multi_field.rs:1:5
[INFO] [stderr]   |
[INFO] [stderr] 1 | use tryphon::ConfigValueDecoder;
[INFO] [stderr]   |     ^^^^^^^ use of unresolved module or unlinked crate `tryphon`
[INFO] [stderr]   |
[INFO] [stderr]   = help: if you wanted to use a crate named `tryphon`, use `cargo add tryphon` to add it to your `Cargo.toml`
[INFO] [stderr] ┈┈┈┈┈┈┈┈┈┈┈┈┈┈┈┈┈┈┈┈┈┈┈┈┈┈┈┈┈┈┈┈┈┈┈┈┈┈┈┈┈┈┈┈┈┈┈┈┈┈┈┈┈┈┈┈┈┈┈┈
[INFO] [stderr] note: If the actual output is the correct output you can bless it by rerunning
[INFO] [stderr]       your test with the environment variable TRYBUILD=overwrite
[INFO] [stderr] 
[INFO] [stderr] test tests/ui/fail/decoder_union.rs ... mismatch
[INFO] [stderr] 
[INFO] [stderr] EXPECTED:
[INFO] [stderr] ┈┈┈┈┈┈┈┈┈┈┈┈┈┈┈┈┈┈┈┈┈┈┈┈┈┈┈┈┈┈┈┈┈┈┈┈┈┈┈┈┈┈┈┈┈┈┈┈┈┈┈┈┈┈┈┈┈┈┈┈
[INFO] [stderr] error: You can only derive ConfigValueDecoder for enums without fields or newtype structs
[INFO] [stderr]  --> tests/ui/fail/decoder_union.rs:3:10
[INFO] [stderr]   |
[INFO] [stderr] 3 | #[derive(ConfigValueDecoder)]
[INFO] [stderr]   |          ^^^^^^^^^^^^^^^^^^
[INFO] [stderr]   |
[INFO] [stderr]   = note: this error originates in the derive macro `ConfigValueDecoder` (in Nightly builds, run with -Z macro-backtrace for more info)
[INFO] [stderr] ┈┈┈┈┈┈┈┈┈┈┈┈┈┈┈┈┈┈┈┈┈┈┈┈┈┈┈┈┈┈┈┈┈┈┈┈┈┈┈┈┈┈┈┈┈┈┈┈┈┈┈┈┈┈┈┈┈┈┈┈
[INFO] [stderr] 
[INFO] [stderr] ACTUAL OUTPUT:
[INFO] [stderr] ┈┈┈┈┈┈┈┈┈┈┈┈┈┈┈┈┈┈┈┈┈┈┈┈┈┈┈┈┈┈┈┈┈┈┈┈┈┈┈┈┈┈┈┈┈┈┈┈┈┈┈┈┈┈┈┈┈┈┈┈
[INFO] [stderr] error[E0432]: unresolved import `tryphon`
[INFO] [stderr]  --> tests/ui/fail/decoder_union.rs:1:5
[INFO] [stderr]   |
[INFO] [stderr] 1 | use tryphon::ConfigValueDecoder;
[INFO] [stderr]   |     ^^^^^^^ use of unresolved module or unlinked crate `tryphon`
[INFO] [stderr]   |
[INFO] [stderr]   = help: if you wanted to use a crate named `tryphon`, use `cargo add tryphon` to add it to your `Cargo.toml`
[INFO] [stderr] ┈┈┈┈┈┈┈┈┈┈┈┈┈┈┈┈┈┈┈┈┈┈┈┈┈┈┈┈┈┈┈┈┈┈┈┈┈┈┈┈┈┈┈┈┈┈┈┈┈┈┈┈┈┈┈┈┈┈┈┈
[INFO] [stderr] note: If the actual output is the correct output you can bless it by rerunning
[INFO] [stderr]       your test with the environment variable TRYBUILD=overwrite
[INFO] [stderr] 
[INFO] [stderr] test tests/ui/fail/decoder_unit_struct.rs ... mismatch
[INFO] [stderr] 
[INFO] [stderr] EXPECTED:
[INFO] [stderr] ┈┈┈┈┈┈┈┈┈┈┈┈┈┈┈┈┈┈┈┈┈┈┈┈┈┈┈┈┈┈┈┈┈┈┈┈┈┈┈┈┈┈┈┈┈┈┈┈┈┈┈┈┈┈┈┈┈┈┈┈
[INFO] [stderr] error: You can only derive ConfigValueDecoder for newtype structs with a single field
[INFO] [stderr]  --> tests/ui/fail/decoder_unit_struct.rs:3:10
[INFO] [stderr]   |
[INFO] [stderr] 3 | #[derive(ConfigValueDecoder)]
[INFO] [stderr]   |          ^^^^^^^^^^^^^^^^^^
[INFO] [stderr]   |
[INFO] [stderr]   = note: this error originates in the derive macro `ConfigValueDecoder` (in Nightly builds, run with -Z macro-backtrace for more info)
[INFO] [stderr] ┈┈┈┈┈┈┈┈┈┈┈┈┈┈┈┈┈┈┈┈┈┈┈┈┈┈┈┈┈┈┈┈┈┈┈┈┈┈┈┈┈┈┈┈┈┈┈┈┈┈┈┈┈┈┈┈┈┈┈┈
[INFO] [stderr] 
[INFO] [stderr] ACTUAL OUTPUT:
[INFO] [stderr] ┈┈┈┈┈┈┈┈┈┈┈┈┈┈┈┈┈┈┈┈┈┈┈┈┈┈┈┈┈┈┈┈┈┈┈┈┈┈┈┈┈┈┈┈┈┈┈┈┈┈┈┈┈┈┈┈┈┈┈┈
[INFO] [stderr] error[E0432]: unresolved import `tryphon`
[INFO] [stderr]  --> tests/ui/fail/decoder_unit_struct.rs:1:5
[INFO] [stderr]   |
[INFO] [stderr] 1 | use tryphon::ConfigValueDecoder;
[INFO] [stderr]   |     ^^^^^^^ use of unresolved module or unlinked crate `tryphon`
[INFO] [stderr]   |
[INFO] [stderr]   = help: if you wanted to use a crate named `tryphon`, use `cargo add tryphon` to add it to your `Cargo.toml`
[INFO] [stderr] ┈┈┈┈┈┈┈┈┈┈┈┈┈┈┈┈┈┈┈┈┈┈┈┈┈┈┈┈┈┈┈┈┈┈┈┈┈┈┈┈┈┈┈┈┈┈┈┈┈┈┈┈┈┈┈┈┈┈┈┈
[INFO] [stderr] note: If the actual output is the correct output you can bless it by rerunning
[INFO] [stderr]       your test with the environment variable TRYBUILD=overwrite
[INFO] [stderr] 
[INFO] [stderr] test tests/ui/fail/empty_env_name.rs ... mismatch
[INFO] [stderr] 
[INFO] [stderr] EXPECTED:
[INFO] [stderr] ┈┈┈┈┈┈┈┈┈┈┈┈┈┈┈┈┈┈┈┈┈┈┈┈┈┈┈┈┈┈┈┈┈┈┈┈┈┈┈┈┈┈┈┈┈┈┈┈┈┈┈┈┈┈┈┈┈┈┈┈
[INFO] [stderr] error: Environment variable can't be empty nor blank
[INFO] [stderr]  --> tests/ui/fail/empty_env_name.rs:5:7
[INFO] [stderr]   |
[INFO] [stderr] 5 |     #[env("")]
[INFO] [stderr]   |       ^^^
[INFO] [stderr] 
[INFO] [stderr] error: No env attribute found
[INFO] [stderr]  --> tests/ui/fail/empty_env_name.rs:5:5
[INFO] [stderr]   |
[INFO] [stderr] 5 |     #[env("")]
[INFO] [stderr]   |     ^
[INFO] [stderr] ┈┈┈┈┈┈┈┈┈┈┈┈┈┈┈┈┈┈┈┈┈┈┈┈┈┈┈┈┈┈┈┈┈┈┈┈┈┈┈┈┈┈┈┈┈┈┈┈┈┈┈┈┈┈┈┈┈┈┈┈
[INFO] [stderr] 
[INFO] [stderr] ACTUAL OUTPUT:
[INFO] [stderr] ┈┈┈┈┈┈┈┈┈┈┈┈┈┈┈┈┈┈┈┈┈┈┈┈┈┈┈┈┈┈┈┈┈┈┈┈┈┈┈┈┈┈┈┈┈┈┈┈┈┈┈┈┈┈┈┈┈┈┈┈
[INFO] [stderr] error[E0432]: unresolved import `tryphon`
[INFO] [stderr]  --> tests/ui/fail/empty_env_name.rs:1:5
[INFO] [stderr]   |
[INFO] [stderr] 1 | use tryphon::Config;
[INFO] [stderr]   |     ^^^^^^^ use of unresolved module or unlinked crate `tryphon`
[INFO] [stderr]   |
[INFO] [stderr]   = help: if you wanted to use a crate named `tryphon`, use `cargo add tryphon` to add it to your `Cargo.toml`
[INFO] [stderr] 
[INFO] [stderr] error: cannot find attribute `env` in this scope
[INFO] [stderr]  --> tests/ui/fail/empty_env_name.rs:5:7
[INFO] [stderr]   |
[INFO] [stderr] 5 |     #[env("")]
[INFO] [stderr]   |       ^^^
[INFO] [stderr]   |
[INFO] [stderr]   = note: `env` is an attribute that can be used by the derive macro `Config`, you might be missing a `derive` attribute
[INFO] [stderr]   = note: `env` is in scope, but it is a function-like macro
[INFO] [stderr] ┈┈┈┈┈┈┈┈┈┈┈┈┈┈┈┈┈┈┈┈┈┈┈┈┈┈┈┈┈┈┈┈┈┈┈┈┈┈┈┈┈┈┈┈┈┈┈┈┈┈┈┈┈┈┈┈┈┈┈┈
[INFO] [stderr] note: If the actual output is the correct output you can bless it by rerunning
[INFO] [stderr]       your test with the environment variable TRYBUILD=overwrite
[INFO] [stderr] 
[INFO] [stderr] test tests/ui/fail/enum_struct_variant.rs ... mismatch
[INFO] [stderr] 
[INFO] [stderr] EXPECTED:
[INFO] [stderr] ┈┈┈┈┈┈┈┈┈┈┈┈┈┈┈┈┈┈┈┈┈┈┈┈┈┈┈┈┈┈┈┈┈┈┈┈┈┈┈┈┈┈┈┈┈┈┈┈┈┈┈┈┈┈┈┈┈┈┈┈
[INFO] [stderr] error: You can only derive ConfigValueDecoder for enums without fields
[INFO] [stderr]  --> tests/ui/fail/enum_struct_variant.rs:3:10
[INFO] [stderr]   |
[INFO] [stderr] 3 | #[derive(ConfigValueDecoder)]
[INFO] [stderr]   |          ^^^^^^^^^^^^^^^^^^
[INFO] [stderr]   |
[INFO] [stderr]   = note: this error originates in the derive macro `ConfigValueDecoder` (in Nightly builds, run with -Z macro-backtrace for more info)
[INFO] [stderr] ┈┈┈┈┈┈┈┈┈┈┈┈┈┈┈┈┈┈┈┈┈┈┈┈┈┈┈┈┈┈┈┈┈┈┈┈┈┈┈┈┈┈┈┈┈┈┈┈┈┈┈┈┈┈┈┈┈┈┈┈
[INFO] [stderr] 
[INFO] [stderr] ACTUAL OUTPUT:
[INFO] [stderr] ┈┈┈┈┈┈┈┈┈┈┈┈┈┈┈┈┈┈┈┈┈┈┈┈┈┈┈┈┈┈┈┈┈┈┈┈┈┈┈┈┈┈┈┈┈┈┈┈┈┈┈┈┈┈┈┈┈┈┈┈
[INFO] [stderr] error[E0432]: unresolved import `tryphon`
[INFO] [stderr]  --> tests/ui/fail/enum_struct_variant.rs:1:5
[INFO] [stderr]   |
[INFO] [stderr] 1 | use tryphon::ConfigValueDecoder;
[INFO] [stderr]   |     ^^^^^^^ use of unresolved module or unlinked crate `tryphon`
[INFO] [stderr]   |
[INFO] [stderr]   = help: if you wanted to use a crate named `tryphon`, use `cargo add tryphon` to add it to your `Cargo.toml`
[INFO] [stderr] ┈┈┈┈┈┈┈┈┈┈┈┈┈┈┈┈┈┈┈┈┈┈┈┈┈┈┈┈┈┈┈┈┈┈┈┈┈┈┈┈┈┈┈┈┈┈┈┈┈┈┈┈┈┈┈┈┈┈┈┈
[INFO] [stderr] note: If the actual output is the correct output you can bless it by rerunning
[INFO] [stderr]       your test with the environment variable TRYBUILD=overwrite
[INFO] [stderr] 
[INFO] [stderr] test tests/ui/fail/enum_tuple_variant.rs ... mismatch
[INFO] [stderr] 
[INFO] [stderr] EXPECTED:
[INFO] [stderr] ┈┈┈┈┈┈┈┈┈┈┈┈┈┈┈┈┈┈┈┈┈┈┈┈┈┈┈┈┈┈┈┈┈┈┈┈┈┈┈┈┈┈┈┈┈┈┈┈┈┈┈┈┈┈┈┈┈┈┈┈
[INFO] [stderr] error: You can only derive ConfigValueDecoder for enums without fields
[INFO] [stderr]  --> tests/ui/fail/enum_tuple_variant.rs:3:10
[INFO] [stderr]   |
[INFO] [stderr] 3 | #[derive(ConfigValueDecoder)]
[INFO] [stderr]   |          ^^^^^^^^^^^^^^^^^^
[INFO] [stderr]   |
[INFO] [stderr]   = note: this error originates in the derive macro `ConfigValueDecoder` (in Nightly builds, run with -Z macro-backtrace for more info)
[INFO] [stderr] ┈┈┈┈┈┈┈┈┈┈┈┈┈┈┈┈┈┈┈┈┈┈┈┈┈┈┈┈┈┈┈┈┈┈┈┈┈┈┈┈┈┈┈┈┈┈┈┈┈┈┈┈┈┈┈┈┈┈┈┈
[INFO] [stderr] 
[INFO] [stderr] ACTUAL OUTPUT:
[INFO] [stderr] ┈┈┈┈┈┈┈┈┈┈┈┈┈┈┈┈┈┈┈┈┈┈┈┈┈┈┈┈┈┈┈┈┈┈┈┈┈┈┈┈┈┈┈┈┈┈┈┈┈┈┈┈┈┈┈┈┈┈┈┈
[INFO] [stderr] error[E0432]: unresolved import `tryphon`
[INFO] [stderr]  --> tests/ui/fail/enum_tuple_variant.rs:1:5
[INFO] [stderr]   |
[INFO] [stderr] 1 | use tryphon::ConfigValueDecoder;
[INFO] [stderr]   |     ^^^^^^^ use of unresolved module or unlinked crate `tryphon`
[INFO] [stderr]   |
[INFO] [stderr]   = help: if you wanted to use a crate named `tryphon`, use `cargo add tryphon` to add it to your `Cargo.toml`
[INFO] [stderr] ┈┈┈┈┈┈┈┈┈┈┈┈┈┈┈┈┈┈┈┈┈┈┈┈┈┈┈┈┈┈┈┈┈┈┈┈┈┈┈┈┈┈┈┈┈┈┈┈┈┈┈┈┈┈┈┈┈┈┈┈
[INFO] [stderr] note: If the actual output is the correct output you can bless it by rerunning
[INFO] [stderr]       your test with the environment variable TRYBUILD=overwrite
[INFO] [stderr] 
[INFO] [stderr] test tests/ui/fail/enum_with_fields.rs ... mismatch
[INFO] [stderr] 
[INFO] [stderr] EXPECTED:
[INFO] [stderr] ┈┈┈┈┈┈┈┈┈┈┈┈┈┈┈┈┈┈┈┈┈┈┈┈┈┈┈┈┈┈┈┈┈┈┈┈┈┈┈┈┈┈┈┈┈┈┈┈┈┈┈┈┈┈┈┈┈┈┈┈
[INFO] [stderr] error: You can only derive ConfigValueDecoder for enums without fields
[INFO] [stderr]  --> tests/ui/fail/enum_with_fields.rs:3:10
[INFO] [stderr]   |
[INFO] [stderr] 3 | #[derive(ConfigValueDecoder)]
[INFO] [stderr]   |          ^^^^^^^^^^^^^^^^^^
[INFO] [stderr]   |
[INFO] [stderr]   = note: this error originates in the derive macro `ConfigValueDecoder` (in Nightly builds, run with -Z macro-backtrace for more info)
[INFO] [stderr] ┈┈┈┈┈┈┈┈┈┈┈┈┈┈┈┈┈┈┈┈┈┈┈┈┈┈┈┈┈┈┈┈┈┈┈┈┈┈┈┈┈┈┈┈┈┈┈┈┈┈┈┈┈┈┈┈┈┈┈┈
[INFO] [stderr] 
[INFO] [stderr] ACTUAL OUTPUT:
[INFO] [stderr] ┈┈┈┈┈┈┈┈┈┈┈┈┈┈┈┈┈┈┈┈┈┈┈┈┈┈┈┈┈┈┈┈┈┈┈┈┈┈┈┈┈┈┈┈┈┈┈┈┈┈┈┈┈┈┈┈┈┈┈┈
[INFO] [stderr] error[E0432]: unresolved import `tryphon`
[INFO] [stderr]  --> tests/ui/fail/enum_with_fields.rs:1:5
[INFO] [stderr]   |
[INFO] [stderr] 1 | use tryphon::ConfigValueDecoder;
[INFO] [stderr]   |     ^^^^^^^ use of unresolved module or unlinked crate `tryphon`
[INFO] [stderr]   |
[INFO] [stderr]   = help: if you wanted to use a crate named `tryphon`, use `cargo add tryphon` to add it to your `Cargo.toml`
[INFO] [stderr] ┈┈┈┈┈┈┈┈┈┈┈┈┈┈┈┈┈┈┈┈┈┈┈┈┈┈┈┈┈┈┈┈┈┈┈┈┈┈┈┈┈┈┈┈┈┈┈┈┈┈┈┈┈┈┈┈┈┈┈┈
[INFO] [stderr] note: If the actual output is the correct output you can bless it by rerunning
[INFO] [stderr]       your test with the environment variable TRYBUILD=overwrite
[INFO] [stderr] 
[INFO] [stderr] test tests/ui/fail/invalid_default.rs ... mismatch
[INFO] [stderr] 
[INFO] [stderr] EXPECTED:
[INFO] [stderr] ┈┈┈┈┈┈┈┈┈┈┈┈┈┈┈┈┈┈┈┈┈┈┈┈┈┈┈┈┈┈┈┈┈┈┈┈┈┈┈┈┈┈┈┈┈┈┈┈┈┈┈┈┈┈┈┈┈┈┈┈
[INFO] [stderr] error[E0425]: cannot find function `some_function` in this scope
[INFO] [stderr]  --> tests/ui/fail/invalid_default.rs:6:15
[INFO] [stderr]   |
[INFO] [stderr] 6 |     #[default(some_function())]
[INFO] [stderr]   |               ^^^^^^^^^^^^^ not found in this scope
[INFO] [stderr] ┈┈┈┈┈┈┈┈┈┈┈┈┈┈┈┈┈┈┈┈┈┈┈┈┈┈┈┈┈┈┈┈┈┈┈┈┈┈┈┈┈┈┈┈┈┈┈┈┈┈┈┈┈┈┈┈┈┈┈┈
[INFO] [stderr] 
[INFO] [stderr] ACTUAL OUTPUT:
[INFO] [stderr] ┈┈┈┈┈┈┈┈┈┈┈┈┈┈┈┈┈┈┈┈┈┈┈┈┈┈┈┈┈┈┈┈┈┈┈┈┈┈┈┈┈┈┈┈┈┈┈┈┈┈┈┈┈┈┈┈┈┈┈┈
[INFO] [stderr] error[E0432]: unresolved import `tryphon`
[INFO] [stderr]  --> tests/ui/fail/invalid_default.rs:1:5
[INFO] [stderr]   |
[INFO] [stderr] 1 | use tryphon::Config;
[INFO] [stderr]   |     ^^^^^^^ use of unresolved module or unlinked crate `tryphon`
[INFO] [stderr]   |
[INFO] [stderr]   = help: if you wanted to use a crate named `tryphon`, use `cargo add tryphon` to add it to your `Cargo.toml`
[INFO] [stderr] 
[INFO] [stderr] error: cannot find attribute `env` in this scope
[INFO] [stderr]  --> tests/ui/fail/invalid_default.rs:5:7
[INFO] [stderr]   |
[INFO] [stderr] 5 |     #[env("PORT")]
[INFO] [stderr]   |       ^^^
[INFO] [stderr]   |
[INFO] [stderr]   = note: `env` is an attribute that can be used by the derive macro `Config`, you might be missing a `derive` attribute
[INFO] [stderr]   = note: `env` is in scope, but it is a function-like macro
[INFO] [stderr] 
[INFO] [stderr] error: cannot find attribute `default` in this scope
[INFO] [stderr]  --> tests/ui/fail/invalid_default.rs:6:7
[INFO] [stderr]   |
[INFO] [stderr] 6 |     #[default(some_function())]
[INFO] [stderr]   |       ^^^^^^^
[INFO] [stderr]   |
[INFO] [stderr]   = note: `default` is an attribute that can be used by the derive macro `Config`, you might be missing a `derive` attribute
[INFO] [stderr] ┈┈┈┈┈┈┈┈┈┈┈┈┈┈┈┈┈┈┈┈┈┈┈┈┈┈┈┈┈┈┈┈┈┈┈┈┈┈┈┈┈┈┈┈┈┈┈┈┈┈┈┈┈┈┈┈┈┈┈┈
[INFO] [stderr] note: If the actual output is the correct output you can bless it by rerunning
[INFO] [stderr]       your test with the environment variable TRYBUILD=overwrite
[INFO] [stderr] 
[INFO] [stderr] test tests/ui/fail/missing_attributes.rs ... mismatch
[INFO] [stderr] 
[INFO] [stderr] EXPECTED:
[INFO] [stderr] ┈┈┈┈┈┈┈┈┈┈┈┈┈┈┈┈┈┈┈┈┈┈┈┈┈┈┈┈┈┈┈┈┈┈┈┈┈┈┈┈┈┈┈┈┈┈┈┈┈┈┈┈┈┈┈┈┈┈┈┈
[INFO] [stderr] error: No env attribute found
[INFO] [stderr]  --> tests/ui/fail/missing_attributes.rs:6:5
[INFO] [stderr]   |
[INFO] [stderr] 6 |     host: String,
[INFO] [stderr]   |     ^^^^
[INFO] [stderr] ┈┈┈┈┈┈┈┈┈┈┈┈┈┈┈┈┈┈┈┈┈┈┈┈┈┈┈┈┈┈┈┈┈┈┈┈┈┈┈┈┈┈┈┈┈┈┈┈┈┈┈┈┈┈┈┈┈┈┈┈
[INFO] [stderr] 
[INFO] [stderr] ACTUAL OUTPUT:
[INFO] [stderr] ┈┈┈┈┈┈┈┈┈┈┈┈┈┈┈┈┈┈┈┈┈┈┈┈┈┈┈┈┈┈┈┈┈┈┈┈┈┈┈┈┈┈┈┈┈┈┈┈┈┈┈┈┈┈┈┈┈┈┈┈
[INFO] [stderr] error[E0432]: unresolved import `tryphon`
[INFO] [stderr]  --> tests/ui/fail/missing_attributes.rs:1:5
[INFO] [stderr]   |
[INFO] [stderr] 1 | use tryphon::Config;
[INFO] [stderr]   |     ^^^^^^^ use of unresolved module or unlinked crate `tryphon`
[INFO] [stderr]   |
[INFO] [stderr]   = help: if you wanted to use a crate named `tryphon`, use `cargo add tryphon` to add it to your `Cargo.toml`
[INFO] [stderr] ┈┈┈┈┈┈┈┈┈┈┈┈┈┈┈┈┈┈┈┈┈┈┈┈┈┈┈┈┈┈┈┈┈┈┈┈┈┈┈┈┈┈┈┈┈┈┈┈┈┈┈┈┈┈┈┈┈┈┈┈
[INFO] [stderr] note: If the actual output is the correct output you can bless it by rerunning
[INFO] [stderr]       your test with the environment variable TRYBUILD=overwrite
[INFO] [stderr] 
[INFO] [stderr] test tests/ui/fail/multiple_defaults.rs ... mismatch
[INFO] [stderr] 
[INFO] [stderr] EXPECTED:
[INFO] [stderr] ┈┈┈┈┈┈┈┈┈┈┈┈┈┈┈┈┈┈┈┈┈┈┈┈┈┈┈┈┈┈┈┈┈┈┈┈┈┈┈┈┈┈┈┈┈┈┈┈┈┈┈┈┈┈┈┈┈┈┈┈
[INFO] [stderr] error: You can define only one default attribute
[INFO] [stderr]  --> tests/ui/fail/multiple_defaults.rs:7:7
[INFO] [stderr]   |
[INFO] [stderr] 7 |     #[default(3000)]
[INFO] [stderr]   |       ^^^^^^^
[INFO] [stderr] ┈┈┈┈┈┈┈┈┈┈┈┈┈┈┈┈┈┈┈┈┈┈┈┈┈┈┈┈┈┈┈┈┈┈┈┈┈┈┈┈┈┈┈┈┈┈┈┈┈┈┈┈┈┈┈┈┈┈┈┈
[INFO] [stderr] 
[INFO] [stderr] ACTUAL OUTPUT:
[INFO] [stderr] ┈┈┈┈┈┈┈┈┈┈┈┈┈┈┈┈┈┈┈┈┈┈┈┈┈┈┈┈┈┈┈┈┈┈┈┈┈┈┈┈┈┈┈┈┈┈┈┈┈┈┈┈┈┈┈┈┈┈┈┈
[INFO] [stderr] error[E0432]: unresolved import `tryphon`
[INFO] [stderr]  --> tests/ui/fail/multiple_defaults.rs:1:5
[INFO] [stderr]   |
[INFO] [stderr] 1 | use tryphon::Config;
[INFO] [stderr]   |     ^^^^^^^ use of unresolved module or unlinked crate `tryphon`
[INFO] [stderr]   |
[INFO] [stderr]   = help: if you wanted to use a crate named `tryphon`, use `cargo add tryphon` to add it to your `Cargo.toml`
[INFO] [stderr] 
[INFO] [stderr] error: cannot find attribute `env` in this scope
[INFO] [stderr]  --> tests/ui/fail/multiple_defaults.rs:5:7
[INFO] [stderr]   |
[INFO] [stderr] 5 |     #[env("PORT")]
[INFO] [stderr]   |       ^^^
[INFO] [stderr]   |
[INFO] [stderr]   = note: `env` is an attribute that can be used by the derive macro `Config`, you might be missing a `derive` attribute
[INFO] [stderr]   = note: `env` is in scope, but it is a function-like macro
[INFO] [stderr] 
[INFO] [stderr] error: cannot find attribute `default` in this scope
[INFO] [stderr]  --> tests/ui/fail/multiple_defaults.rs:6:7
[INFO] [stderr]   |
[INFO] [stderr] 6 |     #[default(8080)]
[INFO] [stderr]   |       ^^^^^^^
[INFO] [stderr]   |
[INFO] [stderr]   = note: `default` is an attribute that can be used by the derive macro `Config`, you might be missing a `derive` attribute
[INFO] [stderr] 
[INFO] [stderr] error: cannot find attribute `default` in this scope
[INFO] [stderr]  --> tests/ui/fail/multiple_defaults.rs:7:7
[INFO] [stderr]   |
[INFO] [stderr] 7 |     #[default(3000)]
[INFO] [stderr]   |       ^^^^^^^
[INFO] [stderr]   |
[INFO] [stderr]   = note: `default` is an attribute that can be used by the derive macro `Config`, you might be missing a `derive` attribute
[INFO] [stderr] ┈┈┈┈┈┈┈┈┈┈┈┈┈┈┈┈┈┈┈┈┈┈┈┈┈┈┈┈┈┈┈┈┈┈┈┈┈┈┈┈┈┈┈┈┈┈┈┈┈┈┈┈┈┈┈┈┈┈┈┈
[INFO] [stderr] note: If the actual output is the correct output you can bless it by rerunning
[INFO] [stderr]       your test with the environment variable TRYBUILD=overwrite
[INFO] [stderr] 
[INFO] [stderr] test tests/ui/fail/non_string_env.rs ... mismatch
[INFO] [stderr] 
[INFO] [stderr] EXPECTED:
[INFO] [stderr] ┈┈┈┈┈┈┈┈┈┈┈┈┈┈┈┈┈┈┈┈┈┈┈┈┈┈┈┈┈┈┈┈┈┈┈┈┈┈┈┈┈┈┈┈┈┈┈┈┈┈┈┈┈┈┈┈┈┈┈┈
[INFO] [stderr] error: Expecting a string literal
[INFO] [stderr]  --> tests/ui/fail/non_string_env.rs:5:7
[INFO] [stderr]   |
[INFO] [stderr] 5 |     #[env(123)]
[INFO] [stderr]   |       ^^^
[INFO] [stderr] 
[INFO] [stderr] error: No env attribute found
[INFO] [stderr]  --> tests/ui/fail/non_string_env.rs:5:5
[INFO] [stderr]   |
[INFO] [stderr] 5 |     #[env(123)]
[INFO] [stderr]   |     ^
[INFO] [stderr] ┈┈┈┈┈┈┈┈┈┈┈┈┈┈┈┈┈┈┈┈┈┈┈┈┈┈┈┈┈┈┈┈┈┈┈┈┈┈┈┈┈┈┈┈┈┈┈┈┈┈┈┈┈┈┈┈┈┈┈┈
[INFO] [stderr] 
[INFO] [stderr] ACTUAL OUTPUT:
[INFO] [stderr] ┈┈┈┈┈┈┈┈┈┈┈┈┈┈┈┈┈┈┈┈┈┈┈┈┈┈┈┈┈┈┈┈┈┈┈┈┈┈┈┈┈┈┈┈┈┈┈┈┈┈┈┈┈┈┈┈┈┈┈┈
[INFO] [stderr] error[E0432]: unresolved import `tryphon`
[INFO] [stderr]  --> tests/ui/fail/non_string_env.rs:1:5
[INFO] [stderr]   |
[INFO] [stderr] 1 | use tryphon::Config;
[INFO] [stderr]   |     ^^^^^^^ use of unresolved module or unlinked crate `tryphon`
[INFO] [stderr]   |
[INFO] [stderr]   = help: if you wanted to use a crate named `tryphon`, use `cargo add tryphon` to add it to your `Cargo.toml`
[INFO] [stderr] 
[INFO] [stderr] error: cannot find attribute `env` in this scope
[INFO] [stderr]  --> tests/ui/fail/non_string_env.rs:5:7
[INFO] [stderr]   |
[INFO] [stderr] 5 |     #[env(123)]
[INFO] [stderr]   |       ^^^
[INFO] [stderr]   |
[INFO] [stderr]   = note: `env` is an attribute that can be used by the derive macro `Config`, you might be missing a `derive` attribute
[INFO] [stderr]   = note: `env` is in scope, but it is a function-like macro
[INFO] [stderr] ┈┈┈┈┈┈┈┈┈┈┈┈┈┈┈┈┈┈┈┈┈┈┈┈┈┈┈┈┈┈┈┈┈┈┈┈┈┈┈┈┈┈┈┈┈┈┈┈┈┈┈┈┈┈┈┈┈┈┈┈
[INFO] [stderr] note: If the actual output is the correct output you can bless it by rerunning
[INFO] [stderr]       your test with the environment variable TRYBUILD=overwrite
[INFO] [stderr] 
[INFO] [stderr] test tests/ui/fail/union_config.rs ... mismatch
[INFO] [stderr] 
[INFO] [stderr] EXPECTED:
[INFO] [stderr] ┈┈┈┈┈┈┈┈┈┈┈┈┈┈┈┈┈┈┈┈┈┈┈┈┈┈┈┈┈┈┈┈┈┈┈┈┈┈┈┈┈┈┈┈┈┈┈┈┈┈┈┈┈┈┈┈┈┈┈┈
[INFO] [stderr] error: Union type is not supported!
[INFO] [stderr]  --> tests/ui/fail/union_config.rs:3:10
[INFO] [stderr]   |
[INFO] [stderr] 3 | #[derive(Config)]
[INFO] [stderr]   |          ^^^^^^
[INFO] [stderr]   |
[INFO] [stderr]   = note: this error originates in the derive macro `Config` (in Nightly builds, run with -Z macro-backtrace for more info)
[INFO] [stderr] ┈┈┈┈┈┈┈┈┈┈┈┈┈┈┈┈┈┈┈┈┈┈┈┈┈┈┈┈┈┈┈┈┈┈┈┈┈┈┈┈┈┈┈┈┈┈┈┈┈┈┈┈┈┈┈┈┈┈┈┈
[INFO] [stderr] 
[INFO] [stderr] ACTUAL OUTPUT:
[INFO] [stderr] ┈┈┈┈┈┈┈┈┈┈┈┈┈┈┈┈┈┈┈┈┈┈┈┈┈┈┈┈┈┈┈┈┈┈┈┈┈┈┈┈┈┈┈┈┈┈┈┈┈┈┈┈┈┈┈┈┈┈┈┈
[INFO] [stderr] error[E0432]: unresolved import `tryphon`
[INFO] [stderr]  --> tests/ui/fail/union_config.rs:1:5
[INFO] [stderr]   |
[INFO] [stderr] 1 | use tryphon::Config;
[INFO] [stderr]   |     ^^^^^^^ use of unresolved module or unlinked crate `tryphon`
[INFO] [stderr]   |
[INFO] [stderr]   = help: if you wanted to use a crate named `tryphon`, use `cargo add tryphon` to add it to your `Cargo.toml`
[INFO] [stderr] ┈┈┈┈┈┈┈┈┈┈┈┈┈┈┈┈┈┈┈┈┈┈┈┈┈┈┈┈┈┈┈┈┈┈┈┈┈┈┈┈┈┈┈┈┈┈┈┈┈┈┈┈┈┈┈┈┈┈┈┈
[INFO] [stderr] note: If the actual output is the correct output you can bless it by rerunning
[INFO] [stderr]       your test with the environment variable TRYBUILD=overwrite
[INFO] [stderr] 
[INFO] [stderr] 
[INFO] [stderr] 
[INFO] [stdout] test ui_fail_tests ... FAILED
[INFO] [stderr] warning: `package.homepage` is redundant with `package.repository`
[INFO] [stderr]   --> /opt/rustwide/workdir/Cargo.toml:30:12
[INFO] [stderr]    |
[INFO] [stderr] 30 | homepage = "https://github.com/katlasik/tryphon"
[INFO] [stderr]    |            ^^^^^^^^^^^^^^^^^^^^^^^^^^^^^^^^^^^^^
[INFO] [stderr] ...
[INFO] [stderr] 35 | repository = "https://github.com/katlasik/tryphon"
[INFO] [stderr]    |              -------------------------------------
[INFO] [stderr]    |
[INFO] [stderr]    = note: `cargo::redundant_homepage` is set to `warn` by default
[INFO] [stderr] help: consider removing `package.homepage`
[INFO] [stderr] warning: `tryphon_macros` (manifest) generated 1 warning
[INFO] [stderr]    Compiling unicode-ident v1.0.22
[INFO] [stderr]    Compiling proc-macro2 v1.0.103
[INFO] [stderr]    Compiling quote v1.0.41
[INFO] [stderr]    Compiling syn v2.0.108
[INFO] [stderr]    Compiling tryphon_macros-tests v0.0.0 (/opt/rustwide/target/tests/trybuild/tryphon_macros)
[INFO] [stderr]     Finished `dev` profile [unoptimized + debuginfo] target(s) in 7.56s
[INFO] [stderr] 
[INFO] [stderr] 
[INFO] [stderr] test tests/ui/pass/basic_struct.rs ... error
[INFO] [stderr] ┈┈┈┈┈┈┈┈┈┈┈┈┈┈┈┈┈┈┈┈┈┈┈┈┈┈┈┈┈┈┈┈┈┈┈┈┈┈┈┈┈┈┈┈┈┈┈┈┈┈┈┈┈┈┈┈┈┈┈┈
[INFO] [stderr] error[E0432]: unresolved import `tryphon`
[INFO] [stderr]  --> tests/ui/pass/basic_struct.rs:1:5
[INFO] [stderr]   |
[INFO] [stderr] 1 | use tryphon::Config;
[INFO] [stderr]   |     ^^^^^^^ use of unresolved module or unlinked crate `tryphon`
[INFO] [stderr]   |
[INFO] [stderr]   = help: if you wanted to use a crate named `tryphon`, use `cargo add tryphon` to add it to your `Cargo.toml`
[INFO] [stderr] 
[INFO] [stderr] error: cannot find attribute `env` in this scope
[INFO] [stderr]  --> tests/ui/pass/basic_struct.rs:5:7
[INFO] [stderr]   |
[INFO] [stderr] 5 |     #[env("HOST")]
[INFO] [stderr]   |       ^^^
[INFO] [stderr]   |
[INFO] [stderr]   = note: `env` is an attribute that can be used by the derive macro `Config`, you might be missing a `derive` attribute
[INFO] [stderr]   = note: `env` is in scope, but it is a function-like macro
[INFO] [stderr] ┈┈┈┈┈┈┈┈┈┈┈┈┈┈┈┈┈┈┈┈┈┈┈┈┈┈┈┈┈┈┈┈┈┈┈┈┈┈┈┈┈┈┈┈┈┈┈┈┈┈┈┈┈┈┈┈┈┈┈┈
[INFO] [stderr] 
[INFO] [stderr] test tests/ui/pass/complex_nested.rs ... error
[INFO] [stderr] ┈┈┈┈┈┈┈┈┈┈┈┈┈┈┈┈┈┈┈┈┈┈┈┈┈┈┈┈┈┈┈┈┈┈┈┈┈┈┈┈┈┈┈┈┈┈┈┈┈┈┈┈┈┈┈┈┈┈┈┈
[INFO] [stderr] error[E0432]: unresolved import `tryphon`
[INFO] [stderr]  --> tests/ui/pass/complex_nested.rs:1:5
[INFO] [stderr]   |
[INFO] [stderr] 1 | use tryphon::Config;
[INFO] [stderr]   |     ^^^^^^^ use of unresolved module or unlinked crate `tryphon`
[INFO] [stderr]   |
[INFO] [stderr]   = help: if you wanted to use a crate named `tryphon`, use `cargo add tryphon` to add it to your `Cargo.toml`
[INFO] [stderr] 
[INFO] [stderr] error: cannot find attribute `config` in this scope
[INFO] [stderr]   --> tests/ui/pass/complex_nested.rs:25:7
[INFO] [stderr]    |
[INFO] [stderr] 25 |     #[config]
[INFO] [stderr]    |       ^^^^^^
[INFO] [stderr]    |
[INFO] [stderr]    = note: `config` is an attribute that can be used by the derive macro `Config`, you might be missing a `derive` attribute
[INFO] [stderr] 
[INFO] [stderr] error: cannot find attribute `config` in this scope
[INFO] [stderr]   --> tests/ui/pass/complex_nested.rs:28:7
[INFO] [stderr]    |
[INFO] [stderr] 28 |     #[config]
[INFO] [stderr]    |       ^^^^^^
[INFO] [stderr]    |
[INFO] [stderr]    = note: `config` is an attribute that can be used by the derive macro `Config`, you might be missing a `derive` attribute
[INFO] [stderr] 
[INFO] [stderr] error: cannot find attribute `env` in this scope
[INFO] [stderr]   --> tests/ui/pass/complex_nested.rs:31:7
[INFO] [stderr]    |
[INFO] [stderr] 31 |     #[env("SERVER_PORT")]
[INFO] [stderr]    |       ^^^
[INFO] [stderr]    |
[INFO] [stderr]    = note: `env` is an attribute that can be used by the derive macro `Config`, you might be missing a `derive` attribute
[INFO] [stderr]    = note: `env` is in scope, but it is a function-like macro
[INFO] [stderr] 
[INFO] [stderr] error: cannot find attribute `default` in this scope
[INFO] [stderr]   --> tests/ui/pass/complex_nested.rs:32:7
[INFO] [stderr]    |
[INFO] [stderr] 32 |     #[default(8080)]
[INFO] [stderr]    |       ^^^^^^^
[INFO] [stderr]    |
[INFO] [stderr]    = note: `default` is an attribute that can be used by the derive macro `Config`, you might be missing a `derive` attribute
[INFO] [stderr] 
[INFO] [stderr] error: cannot find attribute `env` in this scope
[INFO] [stderr]   --> tests/ui/pass/complex_nested.rs:35:7
[INFO] [stderr]    |
[INFO] [stderr] 35 |     #[env("DEBUG")]
[INFO] [stderr]    |       ^^^
[INFO] [stderr]    |
[INFO] [stderr]    = note: `env` is an attribute that can be used by the derive macro `Config`, you might be missing a `derive` attribute
[INFO] [stderr]    = note: `env` is in scope, but it is a function-like macro
[INFO] [stderr] 
[INFO] [stderr] error: cannot find attribute `env` in this scope
[INFO] [stderr]   --> tests/ui/pass/complex_nested.rs:15:7
[INFO] [stderr]    |
[INFO] [stderr] 15 |     #[env("CACHE_HOST")]
[INFO] [stderr]    |       ^^^
[INFO] [stderr]    |
[INFO] [stderr]    = note: `env` is an attribute that can be used by the derive macro `Config`, you might be missing a `derive` attribute
[INFO] [stderr]    = note: `env` is in scope, but it is a function-like macro
[INFO] [stderr] 
[INFO] [stderr] error: cannot find attribute `env` in this scope
[INFO] [stderr]   --> tests/ui/pass/complex_nested.rs:18:7
[INFO] [stderr]    |
[INFO] [stderr] 18 |     #[env("CACHE_TTL")]
[INFO] [stderr]    |       ^^^
[INFO] [stderr]    |
[INFO] [stderr]    = note: `env` is an attribute that can be used by the derive macro `Config`, you might be missing a `derive` attribute
[INFO] [stderr]    = note: `env` is in scope, but it is a function-like macro
[INFO] [stderr] 
[INFO] [stderr] error: cannot find attribute `default` in this scope
[INFO] [stderr]   --> tests/ui/pass/complex_nested.rs:19:7
[INFO] [stderr]    |
[INFO] [stderr] 19 |     #[default(300)]
[INFO] [stderr]    |       ^^^^^^^
[INFO] [stderr]    |
[INFO] [stderr]    = note: `default` is an attribute that can be used by the derive macro `Config`, you might be missing a `derive` attribute
[INFO] [stderr] 
[INFO] [stderr] error: cannot find attribute `env` in this scope
[INFO] [stderr]  --> tests/ui/pass/complex_nested.rs:5:7
[INFO] [stderr]   |
[INFO] [stderr] 5 |     #[env("DB_HOST")]
[INFO] [stderr]   |       ^^^
[INFO] [stderr]   |
[INFO] [stderr]   = note: `env` is an attribute that can be used by the derive macro `Config`, you might be missing a `derive` attribute
[INFO] [stderr]   = note: `env` is in scope, but it is a function-like macro
[INFO] [stderr] 
[INFO] [stderr] error: cannot find attribute `env` in this scope
[INFO] [stderr]  --> tests/ui/pass/complex_nested.rs:8:7
[INFO] [stderr]   |
[INFO] [stderr] 8 |     #[env("DB_PORT")]
[INFO] [stderr]   |       ^^^
[INFO] [stderr]   |
[INFO] [stderr]   = note: `env` is an attribute that can be used by the derive macro `Config`, you might be missing a `derive` attribute
[INFO] [stderr]   = note: `env` is in scope, but it is a function-like macro
[INFO] [stderr] 
[INFO] [stderr] error: cannot find attribute `default` in this scope
[INFO] [stderr]  --> tests/ui/pass/complex_nested.rs:9:7
[INFO] [stderr]   |
[INFO] [stderr] 9 |     #[default(5432)]
[INFO] [stderr]   |       ^^^^^^^
[INFO] [stderr]   |
[INFO] [stderr]   = note: `default` is an attribute that can be used by the derive macro `Config`, you might be missing a `derive` attribute
[INFO] [stderr] ┈┈┈┈┈┈┈┈┈┈┈┈┈┈┈┈┈┈┈┈┈┈┈┈┈┈┈┈┈┈┈┈┈┈┈┈┈┈┈┈┈┈┈┈┈┈┈┈┈┈┈┈┈┈┈┈┈┈┈┈
[INFO] [stderr] 
[INFO] [stderr] test tests/ui/pass/enum_decoder.rs ... error
[INFO] [stderr] ┈┈┈┈┈┈┈┈┈┈┈┈┈┈┈┈┈┈┈┈┈┈┈┈┈┈┈┈┈┈┈┈┈┈┈┈┈┈┈┈┈┈┈┈┈┈┈┈┈┈┈┈┈┈┈┈┈┈┈┈
[INFO] [stderr] error[E0432]: unresolved import `tryphon`
[INFO] [stderr]  --> tests/ui/pass/enum_decoder.rs:1:5
[INFO] [stderr]   |
[INFO] [stderr] 1 | use tryphon::ConfigValueDecoder;
[INFO] [stderr]   |     ^^^^^^^ use of unresolved module or unlinked crate `tryphon`
[INFO] [stderr]   |
[INFO] [stderr]   = help: if you wanted to use a crate named `tryphon`, use `cargo add tryphon` to add it to your `Cargo.toml`
[INFO] [stderr] ┈┈┈┈┈┈┈┈┈┈┈┈┈┈┈┈┈┈┈┈┈┈┈┈┈┈┈┈┈┈┈┈┈┈┈┈┈┈┈┈┈┈┈┈┈┈┈┈┈┈┈┈┈┈┈┈┈┈┈┈
[INFO] [stderr] 
[INFO] [stderr] test tests/ui/pass/multiple_env_fallback.rs ... error
[INFO] [stderr] ┈┈┈┈┈┈┈┈┈┈┈┈┈┈┈┈┈┈┈┈┈┈┈┈┈┈┈┈┈┈┈┈┈┈┈┈┈┈┈┈┈┈┈┈┈┈┈┈┈┈┈┈┈┈┈┈┈┈┈┈
[INFO] [stderr] error[E0432]: unresolved import `tryphon`
[INFO] [stderr]  --> tests/ui/pass/multiple_env_fallback.rs:1:5
[INFO] [stderr]   |
[INFO] [stderr] 1 | use tryphon::Config;
[INFO] [stderr]   |     ^^^^^^^ use of unresolved module or unlinked crate `tryphon`
[INFO] [stderr]   |
[INFO] [stderr]   = help: if you wanted to use a crate named `tryphon`, use `cargo add tryphon` to add it to your `Cargo.toml`
[INFO] [stderr] 
[INFO] [stderr] error: cannot find attribute `env` in this scope
[INFO] [stderr]  --> tests/ui/pass/multiple_env_fallback.rs:5:7
[INFO] [stderr]   |
[INFO] [stderr] 5 |     #[env("APP_PORT")]
[INFO] [stderr]   |       ^^^
[INFO] [stderr]   |
[INFO] [stderr]   = note: `env` is an attribute that can be used by the derive macro `Config`, you might be missing a `derive` attribute
[INFO] [stderr]   = note: `env` is in scope, but it is a function-like macro
[INFO] [stderr] 
[INFO] [stderr] error: cannot find attribute `env` in this scope
[INFO] [stderr]  --> tests/ui/pass/multiple_env_fallback.rs:6:7
[INFO] [stderr]   |
[INFO] [stderr] 6 |     #[env("PORT")]
[INFO] [stderr]   |       ^^^
[INFO] [stderr]   |
[INFO] [stderr]   = note: `env` is an attribute that can be used by the derive macro `Config`, you might be missing a `derive` attribute
[INFO] [stderr]   = note: `env` is in scope, but it is a function-like macro
[INFO] [stderr] 
[INFO] [stderr] error: cannot find attribute `env` in this scope
[INFO] [stderr]  --> tests/ui/pass/multiple_env_fallback.rs:7:7
[INFO] [stderr]   |
[INFO] [stderr] 7 |     #[env("DEFAULT_PORT")]
[INFO] [stderr]   |       ^^^
[INFO] [stderr]   |
[INFO] [stderr]   = note: `env` is an attribute that can be used by the derive macro `Config`, you might be missing a `derive` attribute
[INFO] [stderr]   = note: `env` is in scope, but it is a function-like macro
[INFO] [stderr] ┈┈┈┈┈┈┈┈┈┈┈┈┈┈┈┈┈┈┈┈┈┈┈┈┈┈┈┈┈┈┈┈┈┈┈┈┈┈┈┈┈┈┈┈┈┈┈┈┈┈┈┈┈┈┈┈┈┈┈┈
[INFO] [stderr] 
[INFO] [stderr] test tests/ui/pass/nested_config.rs ... error
[INFO] [stderr] ┈┈┈┈┈┈┈┈┈┈┈┈┈┈┈┈┈┈┈┈┈┈┈┈┈┈┈┈┈┈┈┈┈┈┈┈┈┈┈┈┈┈┈┈┈┈┈┈┈┈┈┈┈┈┈┈┈┈┈┈
[INFO] [stderr] error[E0432]: unresolved import `tryphon`
[INFO] [stderr]  --> tests/ui/pass/nested_config.rs:1:5
[INFO] [stderr]   |
[INFO] [stderr] 1 | use tryphon::Config;
[INFO] [stderr]   |     ^^^^^^^ use of unresolved module or unlinked crate `tryphon`
[INFO] [stderr]   |
[INFO] [stderr]   = help: if you wanted to use a crate named `tryphon`, use `cargo add tryphon` to add it to your `Cargo.toml`
[INFO] [stderr] 
[INFO] [stderr] error: cannot find attribute `config` in this scope
[INFO] [stderr]   --> tests/ui/pass/nested_config.rs:15:7
[INFO] [stderr]    |
[INFO] [stderr] 15 |     #[config]
[INFO] [stderr]    |       ^^^^^^
[INFO] [stderr]    |
[INFO] [stderr]    = note: `config` is an attribute that can be used by the derive macro `Config`, you might be missing a `derive` attribute
[INFO] [stderr] 
[INFO] [stderr] error: cannot find attribute `env` in this scope
[INFO] [stderr]   --> tests/ui/pass/nested_config.rs:18:7
[INFO] [stderr]    |
[INFO] [stderr] 18 |     #[env("APP_NAME")]
[INFO] [stderr]    |       ^^^
[INFO] [stderr]    |
[INFO] [stderr]    = note: `env` is an attribute that can be used by the derive macro `Config`, you might be missing a `derive` attribute
[INFO] [stderr]    = note: `env` is in scope, but it is a function-like macro
[INFO] [stderr] 
[INFO] [stderr] error: cannot find attribute `env` in this scope
[INFO] [stderr]  --> tests/ui/pass/nested_config.rs:5:7
[INFO] [stderr]   |
[INFO] [stderr] 5 |     #[env("DB_HOST")]
[INFO] [stderr]   |       ^^^
[INFO] [stderr]   |
[INFO] [stderr]   = note: `env` is an attribute that can be used by the derive macro `Config`, you might be missing a `derive` attribute
[INFO] [stderr]   = note: `env` is in scope, but it is a function-like macro
[INFO] [stderr] 
[INFO] [stderr] error: cannot find attribute `env` in this scope
[INFO] [stderr]  --> tests/ui/pass/nested_config.rs:8:7
[INFO] [stderr]   |
[INFO] [stderr] 8 |     #[env("DB_PORT")]
[INFO] [stderr]   |       ^^^
[INFO] [stderr]   |
[INFO] [stderr]   = note: `env` is an attribute that can be used by the derive macro `Config`, you might be missing a `derive` attribute
[INFO] [stderr]   = note: `env` is in scope, but it is a function-like macro
[INFO] [stderr] 
[INFO] [stderr] error: cannot find attribute `default` in this scope
[INFO] [stderr]  --> tests/ui/pass/nested_config.rs:9:7
[INFO] [stderr]   |
[INFO] [stderr] 9 |     #[default(5432)]
[INFO] [stderr]   |       ^^^^^^^
[INFO] [stderr]   |
[INFO] [stderr]   = note: `default` is an attribute that can be used by the derive macro `Config`, you might be missing a `derive` attribute
[INFO] [stderr] ┈┈┈┈┈┈┈┈┈┈┈┈┈┈┈┈┈┈┈┈┈┈┈┈┈┈┈┈┈┈┈┈┈┈┈┈┈┈┈┈┈┈┈┈┈┈┈┈┈┈┈┈┈┈┈┈┈┈┈┈
[INFO] [stderr] 
[INFO] [stderr] test tests/ui/pass/newtype_decoder.rs ... error
[INFO] [stderr] ┈┈┈┈┈┈┈┈┈┈┈┈┈┈┈┈┈┈┈┈┈┈┈┈┈┈┈┈┈┈┈┈┈┈┈┈┈┈┈┈┈┈┈┈┈┈┈┈┈┈┈┈┈┈┈┈┈┈┈┈
[INFO] [stderr] error[E0432]: unresolved import `tryphon`
[INFO] [stderr]  --> tests/ui/pass/newtype_decoder.rs:1:5
[INFO] [stderr]   |
[INFO] [stderr] 1 | use tryphon::ConfigValueDecoder;
[INFO] [stderr]   |     ^^^^^^^ use of unresolved module or unlinked crate `tryphon`
[INFO] [stderr]   |
[INFO] [stderr]   = help: if you wanted to use a crate named `tryphon`, use `cargo add tryphon` to add it to your `Cargo.toml`
[INFO] [stderr] ┈┈┈┈┈┈┈┈┈┈┈┈┈┈┈┈┈┈┈┈┈┈┈┈┈┈┈┈┈┈┈┈┈┈┈┈┈┈┈┈┈┈┈┈┈┈┈┈┈┈┈┈┈┈┈┈┈┈┈┈
[INFO] [stderr] 
[INFO] [stderr] test tests/ui/pass/optional_fields.rs ... error
[INFO] [stderr] ┈┈┈┈┈┈┈┈┈┈┈┈┈┈┈┈┈┈┈┈┈┈┈┈┈┈┈┈┈┈┈┈┈┈┈┈┈┈┈┈┈┈┈┈┈┈┈┈┈┈┈┈┈┈┈┈┈┈┈┈
[INFO] [stderr] error[E0432]: unresolved import `tryphon`
[INFO] [stderr]  --> tests/ui/pass/optional_fields.rs:1:5
[INFO] [stderr]   |
[INFO] [stderr] 1 | use tryphon::Config;
[INFO] [stderr]   |     ^^^^^^^ use of unresolved module or unlinked crate `tryphon`
[INFO] [stderr]   |
[INFO] [stderr]   = help: if you wanted to use a crate named `tryphon`, use `cargo add tryphon` to add it to your `Cargo.toml`
[INFO] [stderr] 
[INFO] [stderr] error: cannot find attribute `env` in this scope
[INFO] [stderr]  --> tests/ui/pass/optional_fields.rs:5:7
[INFO] [stderr]   |
[INFO] [stderr] 5 |     #[env("REQUIRED")]
[INFO] [stderr]   |       ^^^
[INFO] [stderr]   |
[INFO] [stderr]   = note: `env` is an attribute that can be used by the derive macro `Config`, you might be missing a `derive` attribute
[INFO] [stderr]   = note: `env` is in scope, but it is a function-like macro
[INFO] [stderr] 
[INFO] [stderr] error: cannot find attribute `env` in this scope
[INFO] [stderr]  --> tests/ui/pass/optional_fields.rs:8:7
[INFO] [stderr]   |
[INFO] [stderr] 8 |     #[env("OPTIONAL")]
[INFO] [stderr]   |       ^^^
[INFO] [stderr]   |
[INFO] [stderr]   = note: `env` is an attribute that can be used by the derive macro `Config`, you might be missing a `derive` attribute
[INFO] [stderr]   = note: `env` is in scope, but it is a function-like macro
[INFO] [stderr] ┈┈┈┈┈┈┈┈┈┈┈┈┈┈┈┈┈┈┈┈┈┈┈┈┈┈┈┈┈┈┈┈┈┈┈┈┈┈┈┈┈┈┈┈┈┈┈┈┈┈┈┈┈┈┈┈┈┈┈┈
[INFO] [stderr] 
[INFO] [stderr] test tests/ui/pass/tuple_struct.rs ... error
[INFO] [stderr] ┈┈┈┈┈┈┈┈┈┈┈┈┈┈┈┈┈┈┈┈┈┈┈┈┈┈┈┈┈┈┈┈┈┈┈┈┈┈┈┈┈┈┈┈┈┈┈┈┈┈┈┈┈┈┈┈┈┈┈┈
[INFO] [stderr] error[E0432]: unresolved import `tryphon`
[INFO] [stderr]  --> tests/ui/pass/tuple_struct.rs:1:5
[INFO] [stderr]   |
[INFO] [stderr] 1 | use tryphon::Config;
[INFO] [stderr]   |     ^^^^^^^ use of unresolved module or unlinked crate `tryphon`
[INFO] [stderr]   |
[INFO] [stderr]   = help: if you wanted to use a crate named `tryphon`, use `cargo add tryphon` to add it to your `Cargo.toml`
[INFO] [stderr] 
[INFO] [stderr] error: cannot find attribute `env` in this scope
[INFO] [stderr]  --> tests/ui/pass/tuple_struct.rs:5:7
[INFO] [stderr]   |
[INFO] [stderr] 5 |     #[env("FIRST")] String,
[INFO] [stderr]   |       ^^^
[INFO] [stderr]   |
[INFO] [stderr]   = note: `env` is an attribute that can be used by the derive macro `Config`, you might be missing a `derive` attribute
[INFO] [stderr]   = note: `env` is in scope, but it is a function-like macro
[INFO] [stderr] 
[INFO] [stderr] error: cannot find attribute `env` in this scope
[INFO] [stderr]  --> tests/ui/pass/tuple_struct.rs:6:7
[INFO] [stderr]   |
[INFO] [stderr] 6 |     #[env("SECOND")] i32,
[INFO] [stderr]   |       ^^^
[INFO] [stderr]   |
[INFO] [stderr]   = note: `env` is an attribute that can be used by the derive macro `Config`, you might be missing a `derive` attribute
[INFO] [stderr]   = note: `env` is in scope, but it is a function-like macro
[INFO] [stderr] 
[INFO] [stderr] error: cannot find attribute `env` in this scope
[INFO] [stderr]  --> tests/ui/pass/tuple_struct.rs:7:7
[INFO] [stderr]   |
[INFO] [stderr] 7 |     #[env("THIRD")] bool,
[INFO] [stderr]   |       ^^^
[INFO] [stderr]   |
[INFO] [stderr]   = note: `env` is an attribute that can be used by the derive macro `Config`, you might be missing a `derive` attribute
[INFO] [stderr]   = note: `env` is in scope, but it is a function-like macro
[INFO] [stderr] ┈┈┈┈┈┈┈┈┈┈┈┈┈┈┈┈┈┈┈┈┈┈┈┈┈┈┈┈┈┈┈┈┈┈┈┈┈┈┈┈┈┈┈┈┈┈┈┈┈┈┈┈┈┈┈┈┈┈┈┈
[INFO] [stderr] 
[INFO] [stderr] test tests/ui/pass/with_defaults.rs ... error
[INFO] [stderr] ┈┈┈┈┈┈┈┈┈┈┈┈┈┈┈┈┈┈┈┈┈┈┈┈┈┈┈┈┈┈┈┈┈┈┈┈┈┈┈┈┈┈┈┈┈┈┈┈┈┈┈┈┈┈┈┈┈┈┈┈
[INFO] [stderr] error[E0432]: unresolved import `tryphon`
[INFO] [stderr]  --> tests/ui/pass/with_defaults.rs:1:5
[INFO] [stderr]   |
[INFO] [stderr] 1 | use tryphon::Config;
[INFO] [stderr]   |     ^^^^^^^ use of unresolved module or unlinked crate `tryphon`
[INFO] [stderr]   |
[INFO] [stderr]   = help: if you wanted to use a crate named `tryphon`, use `cargo add tryphon` to add it to your `Cargo.toml`
[INFO] [stderr] 
[INFO] [stderr] error: cannot find attribute `env` in this scope
[INFO] [stderr]  --> tests/ui/pass/with_defaults.rs:5:7
[INFO] [stderr]   |
[INFO] [stderr] 5 |     #[env("PORT")]
[INFO] [stderr]   |       ^^^
[INFO] [stderr]   |
[INFO] [stderr]   = note: `env` is an attribute that can be used by the derive macro `Config`, you might be missing a `derive` attribute
[INFO] [stderr]   = note: `env` is in scope, but it is a function-like macro
[INFO] [stderr] 
[INFO] [stderr] error: cannot find attribute `default` in this scope
[INFO] [stderr]  --> tests/ui/pass/with_defaults.rs:6:7
[INFO] [stderr]   |
[INFO] [stderr] 6 |     #[default(8080)]
[INFO] [stderr]   |       ^^^^^^^
[INFO] [stderr]   |
[INFO] [stderr]   = note: `default` is an attribute that can be used by the derive macro `Config`, you might be missing a `derive` attribute
[INFO] [stderr] 
[INFO] [stderr] error: cannot find attribute `env` in this scope
[INFO] [stderr]  --> tests/ui/pass/with_defaults.rs:9:7
[INFO] [stderr]   |
[INFO] [stderr] 9 |     #[env("HOST")]
[INFO] [stderr]   |       ^^^
[INFO] [stderr]   |
[INFO] [stderr]   = note: `env` is an attribute that can be used by the derive macro `Config`, you might be missing a `derive` attribute
[INFO] [stderr]   = note: `env` is in scope, but it is a function-like macro
[INFO] [stderr] 
[INFO] [stderr] error: cannot find attribute `default` in this scope
[INFO] [stderr]   --> tests/ui/pass/with_defaults.rs:10:7
[INFO] [stderr]    |
[INFO] [stderr] 10 |     #[default("localhost")]
[INFO] [stderr]    |       ^^^^^^^
[INFO] [stderr]    |
[INFO] [stderr]    = note: `default` is an attribute that can be used by the derive macro `Config`, you might be missing a `derive` attribute
[INFO] [stderr] ┈┈┈┈┈┈┈┈┈┈┈┈┈┈┈┈┈┈┈┈┈┈┈┈┈┈┈┈┈┈┈┈┈┈┈┈┈┈┈┈┈┈┈┈┈┈┈┈┈┈┈┈┈┈┈┈┈┈┈┈
[INFO] [stderr] 
[INFO] [stderr] 
[INFO] [stderr] 
[INFO] [stdout] test ui_pass_tests ... FAILED
[INFO] [stdout] 
[INFO] [stdout] failures:
[INFO] [stdout] 
[INFO] [stdout] ---- ui_fail_tests stdout ----
[INFO] [stdout] 
[INFO] [stdout] thread 'ui_fail_tests' (548) panicked at /opt/rustwide/cargo-home/registry/src/index.crates.io-1949cf8c6b5b557f/trybuild-1.0.114/src/run.rs:102:13:
[INFO] [stdout] 15 of 15 tests failed
[INFO] [stdout] stack backtrace:
[INFO] [stdout]    0:     0x5935ec60d7f1 - std[617be2ca0a6fd877]::backtrace_rs::backtrace::libunwind::trace
[INFO] [stdout]                                at /rustc/e3feeb59cd1bdd011a2bfcc0747b55125d9b8527/library/std/src/../../backtrace/src/backtrace/libunwind.rs:117:9
[INFO] [stdout]    1:     0x5935ec60d7f1 - std[617be2ca0a6fd877]::backtrace_rs::backtrace::trace_unsynchronized::<std[617be2ca0a6fd877]::sys::backtrace::_print_fmt::{closure#1}>
[INFO] [stdout]                                at /rustc/e3feeb59cd1bdd011a2bfcc0747b55125d9b8527/library/std/src/../../backtrace/src/backtrace/mod.rs:66:14
[INFO] [stdout]    2:     0x5935ec60d7f1 - std[617be2ca0a6fd877]::sys::backtrace::_print_fmt
[INFO] [stdout]                                at /rustc/e3feeb59cd1bdd011a2bfcc0747b55125d9b8527/library/std/src/sys/backtrace.rs:74:9
[INFO] [stdout]    3:     0x5935ec60d7f1 - <<std[617be2ca0a6fd877]::sys::backtrace::BacktraceLock>::print::DisplayBacktrace as core[a373ad73a504971]::fmt::Display>::fmt
[INFO] [stdout]                                at /rustc/e3feeb59cd1bdd011a2bfcc0747b55125d9b8527/library/std/src/sys/backtrace.rs:44:26
[INFO] [stdout]    4:     0x5935ec623cea - <core[a373ad73a504971]::fmt::rt::Argument>::fmt
[INFO] [stdout]                                at /rustc/e3feeb59cd1bdd011a2bfcc0747b55125d9b8527/library/core/src/fmt/rt.rs:152:76
[INFO] [stdout]    5:     0x5935ec623cea - core[a373ad73a504971]::fmt::write
[INFO] [stdout]    6:     0x5935ec6120ec - core[a373ad73a504971]::io::write::default_write_fmt::<alloc[2e1b2a31b91974c5]::vec::Vec<u8>>
[INFO] [stdout]                                at /rustc/e3feeb59cd1bdd011a2bfcc0747b55125d9b8527/library/core/src/io/write.rs:402:11
[INFO] [stdout]    7:     0x5935ec6120ec - <alloc[2e1b2a31b91974c5]::vec::Vec<u8> as core[a373ad73a504971]::io::write::Write>::write_fmt
[INFO] [stdout]                                at /rustc/e3feeb59cd1bdd011a2bfcc0747b55125d9b8527/library/core/src/io/write.rs:335:13
[INFO] [stdout]    8:     0x5935ec5e6c56 - <std[617be2ca0a6fd877]::sys::backtrace::BacktraceLock>::print
[INFO] [stdout]                                at /rustc/e3feeb59cd1bdd011a2bfcc0747b55125d9b8527/library/std/src/sys/backtrace.rs:47:9
[INFO] [stdout]    9:     0x5935ec5e6c56 - std[617be2ca0a6fd877]::panicking::default_hook::{closure#0}
[INFO] [stdout]                                at /rustc/e3feeb59cd1bdd011a2bfcc0747b55125d9b8527/library/std/src/panicking.rs:289:27
[INFO] [stdout]   10:     0x5935ec604d99 - std[617be2ca0a6fd877]::panicking::default_hook
[INFO] [stdout]                                at /rustc/e3feeb59cd1bdd011a2bfcc0747b55125d9b8527/library/std/src/panicking.rs:313:9
[INFO] [stdout]   11:     0x5935ec59e340 - <alloc[2e1b2a31b91974c5]::boxed::Box<dyn for<'a, 'b> core[a373ad73a504971]::ops::function::Fn<(&'a std[617be2ca0a6fd877]::panic::PanicHookInfo<'b>,), Output = ()> + core[a373ad73a504971]::marker::Sync + core[a373ad73a504971]::marker::Send> as core[a373ad73a504971]::ops::function::Fn<(&std[617be2ca0a6fd877]::panic::PanicHookInfo,)>>::call
[INFO] [stdout]                                at /rustc/e3feeb59cd1bdd011a2bfcc0747b55125d9b8527/library/alloc/src/boxed.rs:2328:9
[INFO] [stdout]   12:     0x5935ec59e340 - test[aada8e7e76ba119b]::test_main_inner::{closure#0}
[INFO] [stdout]                                at /rustc/e3feeb59cd1bdd011a2bfcc0747b55125d9b8527/library/test/src/lib.rs:137:21
[INFO] [stdout]   13:     0x5935ec604f52 - <alloc[2e1b2a31b91974c5]::boxed::Box<dyn for<'a, 'b> core[a373ad73a504971]::ops::function::Fn<(&'a std[617be2ca0a6fd877]::panic::PanicHookInfo<'b>,), Output = ()> + core[a373ad73a504971]::marker::Sync + core[a373ad73a504971]::marker::Send> as core[a373ad73a504971]::ops::function::Fn<(&std[617be2ca0a6fd877]::panic::PanicHookInfo,)>>::call
[INFO] [stdout]                                at /rustc/e3feeb59cd1bdd011a2bfcc0747b55125d9b8527/library/alloc/src/boxed.rs:2328:9
[INFO] [stdout]   14:     0x5935ec604f52 - std[617be2ca0a6fd877]::panicking::panic_with_hook
[INFO] [stdout]                                at /rustc/e3feeb59cd1bdd011a2bfcc0747b55125d9b8527/library/std/src/panicking.rs:819:13
[INFO] [stdout]   15:     0x5935ec5e6d02 - std[617be2ca0a6fd877]::panicking::panic_handler::{closure#0}
[INFO] [stdout]                                at /rustc/e3feeb59cd1bdd011a2bfcc0747b55125d9b8527/library/std/src/panicking.rs:685:13
[INFO] [stdout]   16:     0x5935ec5df529 - std[617be2ca0a6fd877]::sys::backtrace::__rust_end_short_backtrace::<std[617be2ca0a6fd877]::panicking::panic_handler::{closure#0}, !>
[INFO] [stdout]                                at /rustc/e3feeb59cd1bdd011a2bfcc0747b55125d9b8527/library/std/src/sys/backtrace.rs:182:18
[INFO] [stdout]   17:     0x5935ec5e790d - __rustc[ea4f61d10b84890b]::rust_begin_unwind
[INFO] [stdout]                                at /rustc/e3feeb59cd1bdd011a2bfcc0747b55125d9b8527/library/std/src/panicking.rs:676:5
[INFO] [stdout]   18:     0x5935ec6244dc - core[a373ad73a504971]::panicking::panic_fmt
[INFO] [stdout]                                at /rustc/e3feeb59cd1bdd011a2bfcc0747b55125d9b8527/library/core/src/panicking.rs:80:14
[INFO] [stdout]   19:     0x5935ec481ea4 - <trybuild[45a224d44d084786]::Runner>::run
[INFO] [stdout]                                at /opt/rustwide/cargo-home/registry/src/index.crates.io-1949cf8c6b5b557f/trybuild-1.0.114/src/run.rs:102:13
[INFO] [stdout]   20:     0x5935ec48d888 - <trybuild[45a224d44d084786]::TestCases as core[a373ad73a504971]::ops::drop::Drop>::drop
[INFO] [stdout]                                at /opt/rustwide/cargo-home/registry/src/index.crates.io-1949cf8c6b5b557f/trybuild-1.0.114/src/lib.rs:342:38
[INFO] [stdout]   21:     0x5935ec374d77 - core[a373ad73a504971]::ptr::drop_glue::<trybuild[45a224d44d084786]::TestCases>
[INFO] [stdout]                                at /rustc/e3feeb59cd1bdd011a2bfcc0747b55125d9b8527/library/core/src/ptr/mod.rs:848:1
[INFO] [stdout]   22:     0x5935ec374fd3 - ui_tests[177a3bac4412eb28]::ui_fail_tests
[INFO] [stdout]                                at /opt/rustwide/workdir/tests/ui_tests.rs:11:1
[INFO] [stdout]   23:     0x5935ec374ed7 - ui_tests[177a3bac4412eb28]::ui_fail_tests::{closure#0}
[INFO] [stdout]                                at /opt/rustwide/workdir/tests/ui_tests.rs:8:19
[INFO] [stdout]   24:     0x5935ec3754a6 - <ui_tests[177a3bac4412eb28]::ui_fail_tests::{closure#0} as core[a373ad73a504971]::ops::function::FnOnce<()>>::call_once
[INFO] [stdout]                                at /rustc/e3feeb59cd1bdd011a2bfcc0747b55125d9b8527/library/core/src/ops/function.rs:250:5
[INFO] [stdout]   25:     0x5935ec59178b - <fn() -> core[a373ad73a504971]::result::Result<(), alloc[2e1b2a31b91974c5]::string::String> as core[a373ad73a504971]::ops::function::FnOnce<()>>::call_once
[INFO] [stdout]                                at /rustc/e3feeb59cd1bdd011a2bfcc0747b55125d9b8527/library/core/src/ops/function.rs:250:5
[INFO] [stdout]   26:     0x5935ec59178b - test[aada8e7e76ba119b]::__rust_begin_short_backtrace::<core[a373ad73a504971]::result::Result<(), alloc[2e1b2a31b91974c5]::string::String>, fn() -> core[a373ad73a504971]::result::Result<(), alloc[2e1b2a31b91974c5]::string::String>>
[INFO] [stdout]                                at /rustc/e3feeb59cd1bdd011a2bfcc0747b55125d9b8527/library/test/src/lib.rs:701:18
[INFO] [stdout]   27:     0x5935ec59e965 - test[aada8e7e76ba119b]::run_test_in_process::{closure#0}
[INFO] [stdout]                                at /rustc/e3feeb59cd1bdd011a2bfcc0747b55125d9b8527/library/test/src/lib.rs:724:74
[INFO] [stdout]   28:     0x5935ec59e965 - <core[a373ad73a504971]::panic::unwind_safe::AssertUnwindSafe<test[aada8e7e76ba119b]::run_test_in_process::{closure#0}> as core[a373ad73a504971]::ops::function::FnOnce<()>>::call_once
[INFO] [stdout]                                at /rustc/e3feeb59cd1bdd011a2bfcc0747b55125d9b8527/library/core/src/panic/unwind_safe.rs:275:9
[INFO] [stdout]   29:     0x5935ec59e965 - std[617be2ca0a6fd877]::panicking::catch_unwind::do_call::<core[a373ad73a504971]::panic::unwind_safe::AssertUnwindSafe<test[aada8e7e76ba119b]::run_test_in_process::{closure#0}>, core[a373ad73a504971]::result::Result<(), alloc[2e1b2a31b91974c5]::string::String>>
[INFO] [stdout]                                at /rustc/e3feeb59cd1bdd011a2bfcc0747b55125d9b8527/library/std/src/panicking.rs:573:43
[INFO] [stdout]   30:     0x5935ec59e965 - std[617be2ca0a6fd877]::panicking::catch_unwind::<core[a373ad73a504971]::result::Result<(), alloc[2e1b2a31b91974c5]::string::String>, core[a373ad73a504971]::panic::unwind_safe::AssertUnwindSafe<test[aada8e7e76ba119b]::run_test_in_process::{closure#0}>>
[INFO] [stdout]                                at /rustc/e3feeb59cd1bdd011a2bfcc0747b55125d9b8527/library/std/src/panicking.rs:541:19
[INFO] [stdout]   31:     0x5935ec59e965 - std[617be2ca0a6fd877]::panic::catch_unwind::<core[a373ad73a504971]::panic::unwind_safe::AssertUnwindSafe<test[aada8e7e76ba119b]::run_test_in_process::{closure#0}>, core[a373ad73a504971]::result::Result<(), alloc[2e1b2a31b91974c5]::string::String>>
[INFO] [stdout]                                at /rustc/e3feeb59cd1bdd011a2bfcc0747b55125d9b8527/library/std/src/panic.rs:359:14
[INFO] [stdout]   32:     0x5935ec59e965 - test[aada8e7e76ba119b]::run_test_in_process
[INFO] [stdout]                                at /rustc/e3feeb59cd1bdd011a2bfcc0747b55125d9b8527/library/test/src/lib.rs:724:27
[INFO] [stdout]   33:     0x5935ec59e965 - test[aada8e7e76ba119b]::run_test::{closure#0}
[INFO] [stdout]                                at /rustc/e3feeb59cd1bdd011a2bfcc0747b55125d9b8527/library/test/src/lib.rs:645:43
[INFO] [stdout]   34:     0x5935ec598254 - test[aada8e7e76ba119b]::run_test::{closure#1}
[INFO] [stdout]                                at /rustc/e3feeb59cd1bdd011a2bfcc0747b55125d9b8527/library/test/src/lib.rs:675:41
[INFO] [stdout]   35:     0x5935ec598254 - std[617be2ca0a6fd877]::sys::backtrace::__rust_begin_short_backtrace::<test[aada8e7e76ba119b]::run_test::{closure#1}, ()>
[INFO] [stdout]                                at /rustc/e3feeb59cd1bdd011a2bfcc0747b55125d9b8527/library/std/src/sys/backtrace.rs:166:18
[INFO] [stdout]   36:     0x5935ec5a19f2 - std[617be2ca0a6fd877]::thread::lifecycle::spawn_unchecked::<test[aada8e7e76ba119b]::run_test::{closure#1}, ()>::{closure#1}::{closure#0}
[INFO] [stdout]                                at /rustc/e3feeb59cd1bdd011a2bfcc0747b55125d9b8527/library/std/src/thread/lifecycle.rs:70:13
[INFO] [stdout]   37:     0x5935ec5a19f2 - <core[a373ad73a504971]::panic::unwind_safe::AssertUnwindSafe<std[617be2ca0a6fd877]::thread::lifecycle::spawn_unchecked<test[aada8e7e76ba119b]::run_test::{closure#1}, ()>::{closure#1}::{closure#0}> as core[a373ad73a504971]::ops::function::FnOnce<()>>::call_once
[INFO] [stdout]                                at /rustc/e3feeb59cd1bdd011a2bfcc0747b55125d9b8527/library/core/src/panic/unwind_safe.rs:275:9
[INFO] [stdout]   38:     0x5935ec5a19f2 - std[617be2ca0a6fd877]::panicking::catch_unwind::do_call::<core[a373ad73a504971]::panic::unwind_safe::AssertUnwindSafe<std[617be2ca0a6fd877]::thread::lifecycle::spawn_unchecked<test[aada8e7e76ba119b]::run_test::{closure#1}, ()>::{closure#1}::{closure#0}>, ()>
[INFO] [stdout]                                at /rustc/e3feeb59cd1bdd011a2bfcc0747b55125d9b8527/library/std/src/panicking.rs:573:43
[INFO] [stdout]   39:     0x5935ec5a19f2 - std[617be2ca0a6fd877]::panicking::catch_unwind::<(), core[a373ad73a504971]::panic::unwind_safe::AssertUnwindSafe<std[617be2ca0a6fd877]::thread::lifecycle::spawn_unchecked<test[aada8e7e76ba119b]::run_test::{closure#1}, ()>::{closure#1}::{closure#0}>>
[INFO] [stdout]                                at /rustc/e3feeb59cd1bdd011a2bfcc0747b55125d9b8527/library/std/src/panicking.rs:541:19
[INFO] [stdout]   40:     0x5935ec5a19f2 - std[617be2ca0a6fd877]::panic::catch_unwind::<core[a373ad73a504971]::panic::unwind_safe::AssertUnwindSafe<std[617be2ca0a6fd877]::thread::lifecycle::spawn_unchecked<test[aada8e7e76ba119b]::run_test::{closure#1}, ()>::{closure#1}::{closure#0}>, ()>
[INFO] [stdout]                                at /rustc/e3feeb59cd1bdd011a2bfcc0747b55125d9b8527/library/std/src/panic.rs:359:14
[INFO] [stdout]   41:     0x5935ec5a19f2 - std[617be2ca0a6fd877]::thread::lifecycle::spawn_unchecked::<test[aada8e7e76ba119b]::run_test::{closure#1}, ()>::{closure#1}
[INFO] [stdout]                                at /rustc/e3feeb59cd1bdd011a2bfcc0747b55125d9b8527/library/std/src/thread/lifecycle.rs:68:26
[INFO] [stdout]   42:     0x5935ec5a19f2 - <std[617be2ca0a6fd877]::thread::lifecycle::spawn_unchecked<test[aada8e7e76ba119b]::run_test::{closure#1}, ()>::{closure#1} as core[a373ad73a504971]::ops::function::FnOnce<()>>::call_once::{shim:vtable#0}
[INFO] [stdout]                                at /rustc/e3feeb59cd1bdd011a2bfcc0747b55125d9b8527/library/core/src/ops/function.rs:250:5
[INFO] [stdout]   43:     0x5935ec60ca4f - <alloc[2e1b2a31b91974c5]::boxed::Box<dyn core[a373ad73a504971]::ops::function::FnOnce<(), Output = ()> + core[a373ad73a504971]::marker::Send> as core[a373ad73a504971]::ops::function::FnOnce<()>>::call_once
[INFO] [stdout]                                at /rustc/e3feeb59cd1bdd011a2bfcc0747b55125d9b8527/library/alloc/src/boxed.rs:2314:9
[INFO] [stdout]   44:     0x5935ec60ca4f - <std[617be2ca0a6fd877]::sys::thread::unix::Thread>::new::thread_start
[INFO] [stdout]                                at /rustc/e3feeb59cd1bdd011a2bfcc0747b55125d9b8527/library/std/src/sys/thread/unix.rs:127:17
[INFO] [stdout]   45:     0x779d8823ddfa - <unknown>
[INFO] [stdout]   46:     0x779d882d13d4 - clone
[INFO] [stdout]   47:                0x0 - <unknown>
[INFO] [stdout] 
[INFO] [stdout] ---- ui_pass_tests stdout ----
[INFO] [stdout] 
[INFO] [stdout] thread 'ui_pass_tests' (549) panicked at /opt/rustwide/cargo-home/registry/src/index.crates.io-1949cf8c6b5b557f/trybuild-1.0.114/src/run.rs:102:13:
[INFO] [stdout] 9 of 9 tests failed
[INFO] [stdout] stack backtrace:
[INFO] [stdout]    0:     0x5935ec60d7f1 - std[617be2ca0a6fd877]::backtrace_rs::backtrace::libunwind::trace
[INFO] [stdout]                                at /rustc/e3feeb59cd1bdd011a2bfcc0747b55125d9b8527/library/std/src/../../backtrace/src/backtrace/libunwind.rs:117:9
[INFO] [stdout]    1:     0x5935ec60d7f1 - std[617be2ca0a6fd877]::backtrace_rs::backtrace::trace_unsynchronized::<std[617be2ca0a6fd877]::sys::backtrace::_print_fmt::{closure#1}>
[INFO] [stdout]                                at /rustc/e3feeb59cd1bdd011a2bfcc0747b55125d9b8527/library/std/src/../../backtrace/src/backtrace/mod.rs:66:14
[INFO] [stdout]    2:     0x5935ec60d7f1 - std[617be2ca0a6fd877]::sys::backtrace::_print_fmt
[INFO] [stdout]                                at /rustc/e3feeb59cd1bdd011a2bfcc0747b55125d9b8527/library/std/src/sys/backtrace.rs:74:9
[INFO] [stdout]    3:     0x5935ec60d7f1 - <<std[617be2ca0a6fd877]::sys::backtrace::BacktraceLock>::print::DisplayBacktrace as core[a373ad73a504971]::fmt::Display>::fmt
[INFO] [stdout]                                at /rustc/e3feeb59cd1bdd011a2bfcc0747b55125d9b8527/library/std/src/sys/backtrace.rs:44:26
[INFO] [stdout]    4:     0x5935ec623cea - <core[a373ad73a504971]::fmt::rt::Argument>::fmt
[INFO] [stdout]                                at /rustc/e3feeb59cd1bdd011a2bfcc0747b55125d9b8527/library/core/src/fmt/rt.rs:152:76
[INFO] [stdout]    5:     0x5935ec623cea - core[a373ad73a504971]::fmt::write
[INFO] [stdout]    6:     0x5935ec6120ec - core[a373ad73a504971]::io::write::default_write_fmt::<alloc[2e1b2a31b91974c5]::vec::Vec<u8>>
[INFO] [stdout]                                at /rustc/e3feeb59cd1bdd011a2bfcc0747b55125d9b8527/library/core/src/io/write.rs:402:11
[INFO] [stdout]    7:     0x5935ec6120ec - <alloc[2e1b2a31b91974c5]::vec::Vec<u8> as core[a373ad73a504971]::io::write::Write>::write_fmt
[INFO] [stdout]                                at /rustc/e3feeb59cd1bdd011a2bfcc0747b55125d9b8527/library/core/src/io/write.rs:335:13
[INFO] [stdout]    8:     0x5935ec5e6c56 - <std[617be2ca0a6fd877]::sys::backtrace::BacktraceLock>::print
[INFO] [stdout]                                at /rustc/e3feeb59cd1bdd011a2bfcc0747b55125d9b8527/library/std/src/sys/backtrace.rs:47:9
[INFO] [stdout]    9:     0x5935ec5e6c56 - std[617be2ca0a6fd877]::panicking::default_hook::{closure#0}
[INFO] [stdout]                                at /rustc/e3feeb59cd1bdd011a2bfcc0747b55125d9b8527/library/std/src/panicking.rs:289:27
[INFO] [stdout]   10:     0x5935ec604d99 - std[617be2ca0a6fd877]::panicking::default_hook
[INFO] [stdout]                                at /rustc/e3feeb59cd1bdd011a2bfcc0747b55125d9b8527/library/std/src/panicking.rs:313:9
[INFO] [stdout]   11:     0x5935ec59e340 - <alloc[2e1b2a31b91974c5]::boxed::Box<dyn for<'a, 'b> core[a373ad73a504971]::ops::function::Fn<(&'a std[617be2ca0a6fd877]::panic::PanicHookInfo<'b>,), Output = ()> + core[a373ad73a504971]::marker::Sync + core[a373ad73a504971]::marker::Send> as core[a373ad73a504971]::ops::function::Fn<(&std[617be2ca0a6fd877]::panic::PanicHookInfo,)>>::call
[INFO] [stdout]                                at /rustc/e3feeb59cd1bdd011a2bfcc0747b55125d9b8527/library/alloc/src/boxed.rs:2328:9
[INFO] [stdout]   12:     0x5935ec59e340 - test[aada8e7e76ba119b]::test_main_inner::{closure#0}
[INFO] [stdout]                                at /rustc/e3feeb59cd1bdd011a2bfcc0747b55125d9b8527/library/test/src/lib.rs:137:21
[INFO] [stdout]   13:     0x5935ec604f52 - <alloc[2e1b2a31b91974c5]::boxed::Box<dyn for<'a, 'b> core[a373ad73a504971]::ops::function::Fn<(&'a std[617be2ca0a6fd877]::panic::PanicHookInfo<'b>,), Output = ()> + core[a373ad73a504971]::marker::Sync + core[a373ad73a504971]::marker::Send> as core[a373ad73a504971]::ops::function::Fn<(&std[617be2ca0a6fd877]::panic::PanicHookInfo,)>>::call
[INFO] [stdout]                                at /rustc/e3feeb59cd1bdd011a2bfcc0747b55125d9b8527/library/alloc/src/boxed.rs:2328:9
[INFO] [stdout]   14:     0x5935ec604f52 - std[617be2ca0a6fd877]::panicking::panic_with_hook
[INFO] [stdout]                                at /rustc/e3feeb59cd1bdd011a2bfcc0747b55125d9b8527/library/std/src/panicking.rs:819:13
[INFO] [stdout]   15:     0x5935ec5e6d02 - std[617be2ca0a6fd877]::panicking::panic_handler::{closure#0}
[INFO] [stdout]                                at /rustc/e3feeb59cd1bdd011a2bfcc0747b55125d9b8527/library/std/src/panicking.rs:685:13
[INFO] [stdout]   16:     0x5935ec5df529 - std[617be2ca0a6fd877]::sys::backtrace::__rust_end_short_backtrace::<std[617be2ca0a6fd877]::panicking::panic_handler::{closure#0}, !>
[INFO] [stdout]                                at /rustc/e3feeb59cd1bdd011a2bfcc0747b55125d9b8527/library/std/src/sys/backtrace.rs:182:18
[INFO] [stdout]   17:     0x5935ec5e790d - __rustc[ea4f61d10b84890b]::rust_begin_unwind
[INFO] [stdout]                                at /rustc/e3feeb59cd1bdd011a2bfcc0747b55125d9b8527/library/std/src/panicking.rs:676:5
[INFO] [stdout]   18:     0x5935ec6244dc - core[a373ad73a504971]::panicking::panic_fmt
[INFO] [stdout]                                at /rustc/e3feeb59cd1bdd011a2bfcc0747b55125d9b8527/library/core/src/panicking.rs:80:14
[INFO] [stdout]   19:     0x5935ec481ea4 - <trybuild[45a224d44d084786]::Runner>::run
[INFO] [stdout]                                at /opt/rustwide/cargo-home/registry/src/index.crates.io-1949cf8c6b5b557f/trybuild-1.0.114/src/run.rs:102:13
[INFO] [stdout]   20:     0x5935ec48d888 - <trybuild[45a224d44d084786]::TestCases as core[a373ad73a504971]::ops::drop::Drop>::drop
[INFO] [stdout]                                at /opt/rustwide/cargo-home/registry/src/index.crates.io-1949cf8c6b5b557f/trybuild-1.0.114/src/lib.rs:342:38
[INFO] [stdout]   21:     0x5935ec374d77 - core[a373ad73a504971]::ptr::drop_glue::<trybuild[45a224d44d084786]::TestCases>
[INFO] [stdout]                                at /rustc/e3feeb59cd1bdd011a2bfcc0747b55125d9b8527/library/core/src/ptr/mod.rs:848:1
[INFO] [stdout]   22:     0x5935ec375043 - ui_tests[177a3bac4412eb28]::ui_pass_tests
[INFO] [stdout]                                at /opt/rustwide/workdir/tests/ui_tests.rs:5:1
[INFO] [stdout]   23:     0x5935ec374f07 - ui_tests[177a3bac4412eb28]::ui_pass_tests::{closure#0}
[INFO] [stdout]                                at /opt/rustwide/workdir/tests/ui_tests.rs:2:19
[INFO] [stdout]   24:     0x5935ec3754c6 - <ui_tests[177a3bac4412eb28]::ui_pass_tests::{closure#0} as core[a373ad73a504971]::ops::function::FnOnce<()>>::call_once
[INFO] [stdout]                                at /rustc/e3feeb59cd1bdd011a2bfcc0747b55125d9b8527/library/core/src/ops/function.rs:250:5
[INFO] [stdout]   25:     0x5935ec59178b - <fn() -> core[a373ad73a504971]::result::Result<(), alloc[2e1b2a31b91974c5]::string::String> as core[a373ad73a504971]::ops::function::FnOnce<()>>::call_once
[INFO] [stdout]                                at /rustc/e3feeb59cd1bdd011a2bfcc0747b55125d9b8527/library/core/src/ops/function.rs:250:5
[INFO] [stdout]   26:     0x5935ec59178b - test[aada8e7e76ba119b]::__rust_begin_short_backtrace::<core[a373ad73a504971]::result::Result<(), alloc[2e1b2a31b91974c5]::string::String>, fn() -> core[a373ad73a504971]::result::Result<(), alloc[2e1b2a31b91974c5]::string::String>>
[INFO] [stdout]                                at /rustc/e3feeb59cd1bdd011a2bfcc0747b55125d9b8527/library/test/src/lib.rs:701:18
[INFO] [stdout]   27:     0x5935ec59e965 - test[aada8e7e76ba119b]::run_test_in_process::{closure#0}
[INFO] [stdout]                                at /rustc/e3feeb59cd1bdd011a2bfcc0747b55125d9b8527/library/test/src/lib.rs:724:74
[INFO] [stdout]   28:     0x5935ec59e965 - <core[a373ad73a504971]::panic::unwind_safe::AssertUnwindSafe<test[aada8e7e76ba119b]::run_test_in_process::{closure#0}> as core[a373ad73a504971]::ops::function::FnOnce<()>>::call_once
[INFO] [stdout]                                at /rustc/e3feeb59cd1bdd011a2bfcc0747b55125d9b8527/library/core/src/panic/unwind_safe.rs:275:9
[INFO] [stdout]   29:     0x5935ec59e965 - std[617be2ca0a6fd877]::panicking::catch_unwind::do_call::<core[a373ad73a504971]::panic::unwind_safe::AssertUnwindSafe<test[aada8e7e76ba119b]::run_test_in_process::{closure#0}>, core[a373ad73a504971]::result::Result<(), alloc[2e1b2a31b91974c5]::string::String>>
[INFO] [stdout]                                at /rustc/e3feeb59cd1bdd011a2bfcc0747b55125d9b8527/library/std/src/panicking.rs:573:43
[INFO] [stdout]   30:     0x5935ec59e965 - std[617be2ca0a6fd877]::panicking::catch_unwind::<core[a373ad73a504971]::result::Result<(), alloc[2e1b2a31b91974c5]::string::String>, core[a373ad73a504971]::panic::unwind_safe::AssertUnwindSafe<test[aada8e7e76ba119b]::run_test_in_process::{closure#0}>>
[INFO] [stdout]                                at /rustc/e3feeb59cd1bdd011a2bfcc0747b55125d9b8527/library/std/src/panicking.rs:541:19
[INFO] [stdout]   31:     0x5935ec59e965 - std[617be2ca0a6fd877]::panic::catch_unwind::<core[a373ad73a504971]::panic::unwind_safe::AssertUnwindSafe<test[aada8e7e76ba119b]::run_test_in_process::{closure#0}>, core[a373ad73a504971]::result::Result<(), alloc[2e1b2a31b91974c5]::string::String>>
[INFO] [stdout]                                at /rustc/e3feeb59cd1bdd011a2bfcc0747b55125d9b8527/library/std/src/panic.rs:359:14
[INFO] [stdout]   32:     0x5935ec59e965 - test[aada8e7e76ba119b]::run_test_in_process
[INFO] [stdout]                                at /rustc/e3feeb59cd1bdd011a2bfcc0747b55125d9b8527/library/test/src/lib.rs:724:27
[INFO] [stdout]   33:     0x5935ec59e965 - test[aada8e7e76ba119b]::run_test::{closure#0}
[INFO] [stdout]                                at /rustc/e3feeb59cd1bdd011a2bfcc0747b55125d9b8527/library/test/src/lib.rs:645:43
[INFO] [stdout]   34:     0x5935ec598254 - test[aada8e7e76ba119b]::run_test::{closure#1}
[INFO] [stdout]                                at /rustc/e3feeb59cd1bdd011a2bfcc0747b55125d9b8527/library/test/src/lib.rs:675:41
[INFO] [stdout]   35:     0x5935ec598254 - std[617be2ca0a6fd877]::sys::backtrace::__rust_begin_short_backtrace::<test[aada8e7e76ba119b]::run_test::{closure#1}, ()>
[INFO] [stdout]                                at /rustc/e3feeb59cd1bdd011a2bfcc0747b55125d9b8527/library/std/src/sys/backtrace.rs:166:18
[INFO] [stdout]   36:     0x5935ec5a19f2 - std[617be2ca0a6fd877]::thread::lifecycle::spawn_unchecked::<test[aada8e7e76ba119b]::run_test::{closure#1}, ()>::{closure#1}::{closure#0}
[INFO] [stdout]                                at /rustc/e3feeb59cd1bdd011a2bfcc0747b55125d9b8527/library/std/src/thread/lifecycle.rs:70:13
[INFO] [stdout]   37:     0x5935ec5a19f2 - <core[a373ad73a504971]::panic::unwind_safe::AssertUnwindSafe<std[617be2ca0a6fd877]::thread::lifecycle::spawn_unchecked<test[aada8e7e76ba119b]::run_test::{closure#1}, ()>::{closure#1}::{closure#0}> as core[a373ad73a504971]::ops::function::FnOnce<()>>::call_once
[INFO] [stdout]                                at /rustc/e3feeb59cd1bdd011a2bfcc0747b55125d9b8527/library/core/src/panic/unwind_safe.rs:275:9
[INFO] [stdout]   38:     0x5935ec5a19f2 - std[617be2ca0a6fd877]::panicking::catch_unwind::do_call::<core[a373ad73a504971]::panic::unwind_safe::AssertUnwindSafe<std[617be2ca0a6fd877]::thread::lifecycle::spawn_unchecked<test[aada8e7e76ba119b]::run_test::{closure#1}, ()>::{closure#1}::{closure#0}>, ()>
[INFO] [stdout]                                at /rustc/e3feeb59cd1bdd011a2bfcc0747b55125d9b8527/library/std/src/panicking.rs:573:43
[INFO] [stdout]   39:     0x5935ec5a19f2 - std[617be2ca0a6fd877]::panicking::catch_unwind::<(), core[a373ad73a504971]::panic::unwind_safe::AssertUnwindSafe<std[617be2ca0a6fd877]::thread::lifecycle::spawn_unchecked<test[aada8e7e76ba119b]::run_test::{closure#1}, ()>::{closure#1}::{closure#0}>>
[INFO] [stdout]                                at /rustc/e3feeb59cd1bdd011a2bfcc0747b55125d9b8527/library/std/src/panicking.rs:541:19
[INFO] [stdout]   40:     0x5935ec5a19f2 - std[617be2ca0a6fd877]::panic::catch_unwind::<core[a373ad73a504971]::panic::unwind_safe::AssertUnwindSafe<std[617be2ca0a6fd877]::thread::lifecycle::spawn_unchecked<test[aada8e7e76ba119b]::run_test::{closure#1}, ()>::{closure#1}::{closure#0}>, ()>
[INFO] [stdout]                                at /rustc/e3feeb59cd1bdd011a2bfcc0747b55125d9b8527/library/std/src/panic.rs:359:14
[INFO] [stdout]   41:     0x5935ec5a19f2 - std[617be2ca0a6fd877]::thread::lifecycle::spawn_unchecked::<test[aada8e7e76ba119b]::run_test::{closure#1}, ()>::{closure#1}
[INFO] [stdout]                                at /rustc/e3feeb59cd1bdd011a2bfcc0747b55125d9b8527/library/std/src/thread/lifecycle.rs:68:26
[INFO] [stdout]   42:     0x5935ec5a19f2 - <std[617be2ca0a6fd877]::thread::lifecycle::spawn_unchecked<test[aada8e7e76ba119b]::run_test::{closure#1}, ()>::{closure#1} as core[a373ad73a504971]::ops::function::FnOnce<()>>::call_once::{shim:vtable#0}
[INFO] [stdout]                                at /rustc/e3feeb59cd1bdd011a2bfcc0747b55125d9b8527/library/core/src/ops/function.rs:250:5
[INFO] [stdout]   43:     0x5935ec60ca4f - <alloc[2e1b2a31b91974c5]::boxed::Box<dyn core[a373ad73a504971]::ops::function::FnOnce<(), Output = ()> + core[a373ad73a504971]::marker::Send> as core[a373ad73a504971]::ops::function::FnOnce<()>>::call_once
[INFO] [stdout]                                at /rustc/e3feeb59cd1bdd011a2bfcc0747b55125d9b8527/library/alloc/src/boxed.rs:2314:9
[INFO] [stdout]   44:     0x5935ec60ca4f - <std[617be2ca0a6fd877]::sys::thread::unix::Thread>::new::thread_start
[INFO] [stdout]                                at /rustc/e3feeb59cd1bdd011a2bfcc0747b55125d9b8527/library/std/src/sys/thread/unix.rs:127:17
[INFO] [stdout]   45:     0x779d8823ddfa - <unknown>
[INFO] [stdout]   46:     0x779d882d13d4 - clone
[INFO] [stdout]   47:                0x0 - <unknown>
[INFO] [stdout] 
[INFO] [stdout] 
[INFO] [stdout] failures:
[INFO] [stdout]     ui_fail_tests
[INFO] [stdout]     ui_pass_tests
[INFO] [stdout] 
[INFO] [stdout] test result: FAILED. 0 passed; 2 failed; 0 ignored; 0 measured; 0 filtered out; finished in 19.05s
[INFO] [stdout] 
[INFO] [stderr] error: test failed, to rerun pass `--test ui_tests`
[INFO] running `Command { std: "docker" "inspect" "2f7a9815bdc8d2344683e51ec4246445a5c912c9e38541633ce7d84d6c5476df", kill_on_drop: false }`
[INFO] running `Command { std: "docker" "rm" "-f" "2f7a9815bdc8d2344683e51ec4246445a5c912c9e38541633ce7d84d6c5476df", kill_on_drop: false }`
[INFO] [stdout] 2f7a9815bdc8d2344683e51ec4246445a5c912c9e38541633ce7d84d6c5476df
