[INFO] fetching crate try_convert 0.1.1...
[INFO] testing try_convert-0.1.1 against 1.100.0-beta.1 for beta-1.100-2
[INFO] extracting crate try_convert 0.1.1 into /workspace/builds/worker-6-tc2/source
[INFO] started tweaking crates.io crate try_convert 0.1.1
[INFO] finished tweaking crates.io crate try_convert 0.1.1
[INFO] tweaked toml for crates.io crate try_convert 0.1.1 written to /workspace/builds/worker-6-tc2/source/Cargo.toml
[INFO] validating manifest of crates.io crate try_convert 0.1.1 on toolchain 1.100.0-beta.1
[INFO] running `Command { std: CARGO_HOME="/workspace/cargo-home" RUSTUP_HOME="/workspace/rustup-home" "/workspace/cargo-home/bin/cargo" "+1.100.0-beta.1" "metadata" "--manifest-path" "Cargo.toml" "--no-deps", kill_on_drop: false }`
[INFO] running `Command { std: CARGO_HOME="/workspace/cargo-home" RUSTUP_HOME="/workspace/rustup-home" "/workspace/cargo-home/bin/cargo" "+1.100.0-beta.1" "generate-lockfile" "--manifest-path" "Cargo.toml", kill_on_drop: false }`
[INFO] [stderr]     Updating crates.io index
[INFO] [stderr]      Locking 10 packages to highest compatible versions
[INFO] [stderr]       Adding convert_case v0.6.0 (available: v0.12.0)
[INFO] [stderr]       Adding itertools v0.11.0 (available: v0.15.0)
[INFO] [stderr]       Adding syn v2.0.119 (available: v3.0.6)
[INFO] [stderr]       Adding thiserror v1.0.69 (available: v2.0.21)
[INFO] running `Command { std: CARGO_HOME="/workspace/cargo-home" RUSTUP_HOME="/workspace/rustup-home" "/workspace/cargo-home/bin/cargo" "+1.100.0-beta.1" "fetch" "--manifest-path" "Cargo.toml", kill_on_drop: false }`
[INFO] running `Command { std: "docker" "create" "-v" "/var/lib/crater-agent-workspace/builds/worker-6-tc2/source:/opt/rustwide/workdir:ro,Z" "-v" "/var/lib/crater-agent-workspace/builds/worker-6-tc2/target:/opt/rustwide/target:rw,Z" "-v" "/var/lib/crater-agent-workspace/cargo-home:/opt/rustwide/cargo-home:ro,Z" "-v" "/var/lib/crater-agent-workspace/rustup-home:/opt/rustwide/rustup-home:ro,Z" "-m" "1610612736" "--network" "none" "ghcr.io/rust-lang/crates-build-env/linux@sha256:3111399a4047eeb3a02b7a90e478d715f38a8c6669b5c4b49d30a17385265909" "sleep" "infinity", kill_on_drop: false }`
[INFO] [stdout] 8c90f202f73d3912d0e118c32e31dca243d6bb0743ff9ca4f4d4c0eceb303dc2
[INFO] running `Command { std: "docker" "start" "8c90f202f73d3912d0e118c32e31dca243d6bb0743ff9ca4f4d4c0eceb303dc2", kill_on_drop: false }`
[INFO] running `Command { std: "docker" "inspect" "8c90f202f73d3912d0e118c32e31dca243d6bb0743ff9ca4f4d4c0eceb303dc2", kill_on_drop: false }`
[INFO] running `Command { std: "docker" "exec" "-e" "SOURCE_DIR=/opt/rustwide/workdir" "-e" "CARGO_HOME=/opt/rustwide/cargo-home" "-e" "RUSTUP_HOME=/opt/rustwide/rustup-home" "-e" "CARGO_TARGET_DIR=/opt/rustwide/target" "-w" "/opt/rustwide/workdir" "--user" "0:0" "8c90f202f73d3912d0e118c32e31dca243d6bb0743ff9ca4f4d4c0eceb303dc2" "/opt/rustwide/cargo-home/bin/cargo" "+1.100.0-beta.1" "metadata" "--no-deps" "--format-version=1", kill_on_drop: false }`
[INFO] running `Command { std: "docker" "inspect" "8c90f202f73d3912d0e118c32e31dca243d6bb0743ff9ca4f4d4c0eceb303dc2", kill_on_drop: false }`
[INFO] running `Command { std: "docker" "exec" "-e" "SOURCE_DIR=/opt/rustwide/workdir" "-e" "CARGO_HOME=/opt/rustwide/cargo-home" "-e" "RUSTUP_HOME=/opt/rustwide/rustup-home" "-e" "CARGO_TARGET_DIR=/opt/rustwide/target" "-e" "CARGO_INCREMENTAL=0" "-e" "RUST_BACKTRACE=full" "-e" "RUSTFLAGS=--cap-lints=warn" "-e" "RUSTDOCFLAGS=--cap-lints=warn" "-w" "/opt/rustwide/workdir" "--user" "0:0" "8c90f202f73d3912d0e118c32e31dca243d6bb0743ff9ca4f4d4c0eceb303dc2" "/opt/rustwide/cargo-home/bin/cargo" "+1.100.0-beta.1" "build" "--frozen" "--message-format=json", kill_on_drop: false }`
[INFO] [stderr]    Compiling proc-macro2 v1.0.107
[INFO] [stderr]    Compiling either v1.19.0
[INFO] [stderr]    Compiling unicode-segmentation v1.13.3
[INFO] [stderr]    Compiling itertools v0.11.0
[INFO] [stderr]    Compiling convert_case v0.6.0
[INFO] [stderr]    Compiling quote v1.0.47
[INFO] [stderr]    Compiling syn v2.0.119
[INFO] [stderr]    Compiling try_convert v0.1.1 (/opt/rustwide/workdir)
[INFO] [stderr]     Finished `dev` profile [unoptimized + debuginfo] target(s) in 5.87s
[INFO] running `Command { std: "docker" "inspect" "8c90f202f73d3912d0e118c32e31dca243d6bb0743ff9ca4f4d4c0eceb303dc2", kill_on_drop: false }`
[INFO] running `Command { std: "docker" "exec" "-e" "SOURCE_DIR=/opt/rustwide/workdir" "-e" "CARGO_HOME=/opt/rustwide/cargo-home" "-e" "RUSTUP_HOME=/opt/rustwide/rustup-home" "-e" "CARGO_TARGET_DIR=/opt/rustwide/target" "-e" "CARGO_INCREMENTAL=0" "-e" "RUST_BACKTRACE=full" "-e" "RUSTFLAGS=--cap-lints=warn" "-e" "RUSTDOCFLAGS=--cap-lints=warn" "-w" "/opt/rustwide/workdir" "--user" "0:0" "8c90f202f73d3912d0e118c32e31dca243d6bb0743ff9ca4f4d4c0eceb303dc2" "/opt/rustwide/cargo-home/bin/cargo" "+1.100.0-beta.1" "test" "--frozen" "--no-run" "--message-format=json", kill_on_drop: false }`
[INFO] [stderr]    Compiling unicode-ident v1.0.26
[INFO] [stderr]    Compiling either v1.19.0
[INFO] [stderr]    Compiling convert_case v0.6.0
[INFO] [stderr]    Compiling proc-macro2 v1.0.107
[INFO] [stderr]    Compiling itertools v0.11.0
[INFO] [stderr]    Compiling quote v1.0.47
[INFO] [stderr]    Compiling syn v2.0.119
[INFO] [stderr]    Compiling thiserror-impl v1.0.69
[INFO] [stderr]    Compiling try_convert v0.1.1 (/opt/rustwide/workdir)
[INFO] [stderr]    Compiling thiserror v1.0.69
[INFO] [stderr]     Finished `test` profile [unoptimized + debuginfo] target(s) in 7.35s
[INFO] running `Command { std: "docker" "inspect" "8c90f202f73d3912d0e118c32e31dca243d6bb0743ff9ca4f4d4c0eceb303dc2", kill_on_drop: false }`
[INFO] running `Command { std: "docker" "exec" "-e" "SOURCE_DIR=/opt/rustwide/workdir" "-e" "CARGO_HOME=/opt/rustwide/cargo-home" "-e" "RUSTUP_HOME=/opt/rustwide/rustup-home" "-e" "CARGO_TARGET_DIR=/opt/rustwide/target" "-e" "CARGO_INCREMENTAL=0" "-e" "RUST_BACKTRACE=full" "-e" "RUSTFLAGS=--cap-lints=warn" "-e" "RUSTDOCFLAGS=--cap-lints=warn" "-w" "/opt/rustwide/workdir" "--user" "0:0" "8c90f202f73d3912d0e118c32e31dca243d6bb0743ff9ca4f4d4c0eceb303dc2" "/opt/rustwide/cargo-home/bin/cargo" "+1.100.0-beta.1" "test" "--frozen", kill_on_drop: false }`
[INFO] [stdout] 
[INFO] [stderr]     Finished `test` profile [unoptimized + debuginfo] target(s) in 0.04s
[INFO] [stdout] running 0 tests
[INFO] [stderr]      Running unittests src/lib.rs (/opt/rustwide/target/debug/build/try_convert/e2239a2bc7372338/out/try_convert-e2239a2bc7372338)
[INFO] [stdout] 
[INFO] [stderr]      Running tests/tests.rs (/opt/rustwide/target/debug/build/try_convert/d975f6fe6566d0f8/out/tests-d975f6fe6566d0f8)
[INFO] [stdout] test result: ok. 0 passed; 0 failed; 0 ignored; 0 measured; 0 filtered out; finished in 0.00s
[INFO] [stdout] 
[INFO] [stderr]    Doc-tests try_convert
[INFO] [stdout] 
[INFO] [stdout] running 2 tests
[INFO] [stdout] test tests::test_try_convert ... ok
[INFO] [stdout] test tests::test_try_convert_error ... ok
[INFO] [stdout] 
[INFO] [stdout] test result: ok. 2 passed; 0 failed; 0 ignored; 0 measured; 0 filtered out; finished in 0.00s
[INFO] [stdout] 
[INFO] [stdout] 
[INFO] [stdout] running 3 tests
[INFO] [stdout] test src/lib.rs - to_pascal_case (line 31) ... FAILED
[INFO] [stdout] test src/lib.rs - (line 50) ... ok
[INFO] [stdout] test src/lib.rs - (line 110) ... FAILED
[INFO] [stdout] 
[INFO] [stdout] failures:
[INFO] [stdout] 
[INFO] [stdout] ---- src/lib.rs - to_pascal_case (line 31) stdout ----
[INFO] [stdout] error: cannot find macro `quote` in this scope
[INFO] [stdout]   --> src/lib.rs:32:20
[INFO] [stdout]    |
[INFO] [stdout] 32 | let token_stream = quote! { some_field::Name<i32> };
[INFO] [stdout]    |                    ^^^^^
[INFO] [stdout]    |
[INFO] [stdout]    = note: `quote` is in scope, but it is a crate, not a macro
[INFO] [stdout] 
[INFO] [stdout] error[E0425]: cannot find function `to_pascal_case` in this scope
[INFO] [stdout]   --> src/lib.rs:33:19
[INFO] [stdout]    |
[INFO] [stdout] 33 | let pascal_case = to_pascal_case(&token_stream);
[INFO] [stdout]    |                   ^^^^^^^^^^^^^^ not found in this scope
[INFO] [stdout] 
[INFO] [stdout] error: aborting due to 2 previous errors
[INFO] [stdout] 
[INFO] [stdout] For more information about this error, try `rustc --explain E0425`.
[INFO] [stdout] Couldn't compile the test.
[INFO] [stdout] ---- src/lib.rs - (line 110) stdout ----
[INFO] [stdout] error[E0433]: cannot find module or crate `source` in this scope
[INFO] [stdout]    --> src/lib.rs:179:17
[INFO] [stdout]     |
[INFO] [stdout] 179 |                 source::Enum::D { .. } => return Err(MyEnumError::D),
[INFO] [stdout]     |                 ^^^^^^ use of unresolved module or unlinked crate `source`
[INFO] [stdout]     |
[INFO] [stdout]     = help: if you wanted to use a crate named `source`, use `cargo add source` to add it to your `Cargo.toml`
[INFO] [stdout] 
[INFO] [stdout] error[E0433]: cannot find module or crate `source` in this scope
[INFO] [stdout]    --> src/lib.rs:180:17
[INFO] [stdout]     |
[INFO] [stdout] 180 |                 source::Enum::E => return Err(MyEnumError::E),
[INFO] [stdout]     |                 ^^^^^^ use of unresolved module or unlinked crate `source`
[INFO] [stdout]     |
[INFO] [stdout]     = help: if you wanted to use a crate named `source`, use `cargo add source` to add it to your `Cargo.toml`
[INFO] [stdout] 
[INFO] [stdout] error[E0433]: cannot find module or crate `source` in this scope
[INFO] [stdout]    --> src/lib.rs:181:17
[INFO] [stdout]     |
[INFO] [stdout] 181 |                 source::Enum::A(f0) => {
[INFO] [stdout]     |                 ^^^^^^ use of unresolved module or unlinked crate `source`
[INFO] [stdout]     |
[INFO] [stdout]     = help: if you wanted to use a crate named `source`, use `cargo add source` to add it to your `Cargo.toml`
[INFO] [stdout] 
[INFO] [stdout] error[E0433]: cannot find module or crate `source` in this scope
[INFO] [stdout]    --> src/lib.rs:185:17
[INFO] [stdout]     |
[INFO] [stdout] 185 |                 source::Enum::B { a, b } => {
[INFO] [stdout]     |                 ^^^^^^ use of unresolved module or unlinked crate `source`
[INFO] [stdout]     |
[INFO] [stdout]     = help: if you wanted to use a crate named `source`, use `cargo add source` to add it to your `Cargo.toml`
[INFO] [stdout] 
[INFO] [stdout] error[E0433]: cannot find module or crate `source` in this scope
[INFO] [stdout]    --> src/lib.rs:194:17
[INFO] [stdout]     |
[INFO] [stdout] 194 |                 source::Enum::C => Self::C,
[INFO] [stdout]     |                 ^^^^^^ use of unresolved module or unlinked crate `source`
[INFO] [stdout]     |
[INFO] [stdout]     = help: if you wanted to use a crate named `source`, use `cargo add source` to add it to your `Cargo.toml`
[INFO] [stdout] 
[INFO] [stdout] error[E0425]: cannot find type `MyEnum` in this scope
[INFO] [stdout]    --> src/lib.rs:120:23
[INFO] [stdout]     |
[INFO] [stdout] 120 |     SomeEnumToMyEnum(<MyEnum as TryFrom<source::Enum>>::Error),
[INFO] [stdout]     |                       ^^^^^^ not found in this scope
[INFO] [stdout] 
[INFO] [stdout] error[E0425]: cannot find type `MyStruct` in this scope
[INFO] [stdout]    --> src/lib.rs:125:34
[INFO] [stdout]     |
[INFO] [stdout] 125 | impl TryFrom<source::Struct> for MyStruct {
[INFO] [stdout]     |                                  ^^^^^^^^ not found in this scope
[INFO] [stdout] 
[INFO] [stdout] error[E0425]: cannot find type `MyEnum` in this scope
[INFO] [stdout]    --> src/lib.rs:143:30
[INFO] [stdout]     |
[INFO] [stdout] 143 |             let some_enum = <MyEnum as TryFrom<source::Enum>>::try_from(from.some_enum)
[INFO] [stdout]     |                              ^^^^^^ not found in this scope
[INFO] [stdout] 
[INFO] [stdout] error[E0425]: cannot find type `MyEnum` in this scope
[INFO] [stdout]    --> src/lib.rs:173:32
[INFO] [stdout]     |
[INFO] [stdout] 173 | impl TryFrom<source::Enum> for MyEnum {
[INFO] [stdout]     |                                ^^^^^^ not found in this scope
[INFO] [stdout] 
[INFO] [stdout] error[E0220]: associated type `B` not found for `Self`
[INFO] [stdout]    --> src/lib.rs:192:27
[INFO] [stdout]     |
[INFO] [stdout] 192 |                     Self::B { a, renamed }
[INFO] [stdout]     |                           ^ help: `Self` has the following associated type: `Error`
[INFO] [stdout] 
[INFO] [stdout] error[E0433]: cannot find module or crate `source` in this scope
[INFO] [stdout]    --> src/lib.rs:120:41
[INFO] [stdout]     |
[INFO] [stdout] 120 |     SomeEnumToMyEnum(<MyEnum as TryFrom<source::Enum>>::Error),
[INFO] [stdout]     |                                         ^^^^^^ use of unresolved module or unlinked crate `source`
[INFO] [stdout]     |
[INFO] [stdout]     = help: if you wanted to use a crate named `source`, use `cargo add source` to add it to your `Cargo.toml`
[INFO] [stdout] 
[INFO] [stdout] error[E0433]: cannot find module or crate `source` in this scope
[INFO] [stdout]    --> src/lib.rs:125:14
[INFO] [stdout]     |
[INFO] [stdout] 125 | impl TryFrom<source::Struct> for MyStruct {
[INFO] [stdout]     |              ^^^^^^ use of unresolved module or unlinked crate `source`
[INFO] [stdout]     |
[INFO] [stdout]     = help: if you wanted to use a crate named `source`, use `cargo add source` to add it to your `Cargo.toml`
[INFO] [stdout] 
[INFO] [stdout] error[E0433]: cannot find module or crate `source` in this scope
[INFO] [stdout]    --> src/lib.rs:128:23
[INFO] [stdout]     |
[INFO] [stdout] 128 |     fn try_from(from: source::Struct) -> Result<Self, Self::Error> {
[INFO] [stdout]     |                       ^^^^^^ use of unresolved module or unlinked crate `source`
[INFO] [stdout]     |
[INFO] [stdout]     = help: if you wanted to use a crate named `source`, use `cargo add source` to add it to your `Cargo.toml`
[INFO] [stdout] 
[INFO] [stdout] error[E0433]: cannot find module or crate `source` in this scope
[INFO] [stdout]    --> src/lib.rs:143:48
[INFO] [stdout]     |
[INFO] [stdout] 143 |             let some_enum = <MyEnum as TryFrom<source::Enum>>::try_from(from.some_enum)
[INFO] [stdout]     |                                                ^^^^^^ use of unresolved module or unlinked crate `source`
[INFO] [stdout]     |
[INFO] [stdout]     = help: if you wanted to use a crate named `source`, use `cargo add source` to add it to your `Cargo.toml`
[INFO] [stdout] 
[INFO] [stdout] error[E0433]: cannot find module or crate `source` in this scope
[INFO] [stdout]    --> src/lib.rs:173:14
[INFO] [stdout]     |
[INFO] [stdout] 173 | impl TryFrom<source::Enum> for MyEnum {
[INFO] [stdout]     |              ^^^^^^ use of unresolved module or unlinked crate `source`
[INFO] [stdout]     |
[INFO] [stdout]     = help: if you wanted to use a crate named `source`, use `cargo add source` to add it to your `Cargo.toml`
[INFO] [stdout] 
[INFO] [stdout] error[E0433]: cannot find module or crate `source` in this scope
[INFO] [stdout]    --> src/lib.rs:176:23
[INFO] [stdout]     |
[INFO] [stdout] 176 |     fn try_from(from: source::Enum) -> Result<Self, Self::Error> {
[INFO] [stdout]     |                       ^^^^^^ use of unresolved module or unlinked crate `source`
[INFO] [stdout]     |
[INFO] [stdout]     = help: if you wanted to use a crate named `source`, use `cargo add source` to add it to your `Cargo.toml`
[INFO] [stdout] 
[INFO] [stdout] error: aborting due to 16 previous errors
[INFO] [stdout] 
[INFO] [stdout] Some errors have detailed explanations: E0220, E0425, E0433.
[INFO] [stdout] For more information about an error, try `rustc --explain E0220`.
[INFO] [stdout] Couldn't compile the test.
[INFO] [stdout] 
[INFO] [stdout] failures:
[INFO] [stdout]     src/lib.rs - (line 110)
[INFO] [stdout]     src/lib.rs - to_pascal_case (line 31)
[INFO] [stdout] 
[INFO] [stdout] test result: FAILED. 1 passed; 2 failed; 0 ignored; 0 measured; 0 filtered out; finished in 0.26s
[INFO] [stdout] 
[INFO] [stderr] error: doctest failed, to rerun pass `--doc`
[INFO] running `Command { std: "docker" "inspect" "8c90f202f73d3912d0e118c32e31dca243d6bb0743ff9ca4f4d4c0eceb303dc2", kill_on_drop: false }`
[INFO] running `Command { std: "docker" "rm" "-f" "8c90f202f73d3912d0e118c32e31dca243d6bb0743ff9ca4f4d4c0eceb303dc2", kill_on_drop: false }`
[INFO] [stdout] 8c90f202f73d3912d0e118c32e31dca243d6bb0743ff9ca4f4d4c0eceb303dc2
