[INFO] fetching crate try-me-maybe-core 0.1.0...
[INFO] testing try-me-maybe-core-0.1.0 against 1.100.0-beta.1 for beta-1.100-2
[INFO] extracting crate try-me-maybe-core 0.1.0 into /workspace/builds/worker-6-tc2/source
[INFO] started tweaking crates.io crate try-me-maybe-core 0.1.0
[INFO] removed 0 missing tests
[INFO] finished tweaking crates.io crate try-me-maybe-core 0.1.0
[INFO] tweaked toml for crates.io crate try-me-maybe-core 0.1.0 written to /workspace/builds/worker-6-tc2/source/Cargo.toml
[INFO] validating manifest of crates.io crate try-me-maybe-core 0.1.0 on toolchain 1.100.0-beta.1
[INFO] running `Command { std: CARGO_HOME="/workspace/cargo-home" RUSTUP_HOME="/workspace/rustup-home" "/workspace/cargo-home/bin/cargo" "+1.100.0-beta.1" "metadata" "--manifest-path" "Cargo.toml" "--no-deps", kill_on_drop: false }`
[INFO] crate crates.io crate try-me-maybe-core 0.1.0 already has a lockfile, it will not be regenerated
[INFO] running `Command { std: CARGO_HOME="/workspace/cargo-home" RUSTUP_HOME="/workspace/rustup-home" "/workspace/cargo-home/bin/cargo" "+1.100.0-beta.1" "fetch" "--manifest-path" "Cargo.toml", kill_on_drop: false }`
[INFO] [stderr] warning: `package.homepage` is redundant with `package.repository`
[INFO] [stderr]   --> Cargo.toml:54:12
[INFO] [stderr]    |
[INFO] [stderr] 54 | homepage = "https://github.com/indexzero/try.rs"
[INFO] [stderr]    |            ^^^^^^^^^^^^^^^^^^^^^^^^^^^^^^^^^^^^^
[INFO] [stderr] ...
[INFO] [stderr] 59 | repository = "https://github.com/indexzero/try.rs"
[INFO] [stderr]    |              -------------------------------------
[INFO] [stderr]    |
[INFO] [stderr]    = note: `cargo::redundant_homepage` is set to `warn` by default
[INFO] [stderr] help: consider removing `package.homepage`
[INFO] [stderr] warning: `try-me-maybe-core` (manifest) generated 1 warning
[INFO] running `Command { std: "docker" "create" "-v" "/var/lib/crater-agent-workspace/builds/worker-6-tc2/source:/opt/rustwide/workdir:ro,Z" "-v" "/var/lib/crater-agent-workspace/builds/worker-6-tc2/target:/opt/rustwide/target:rw,Z" "-v" "/var/lib/crater-agent-workspace/cargo-home:/opt/rustwide/cargo-home:ro,Z" "-v" "/var/lib/crater-agent-workspace/rustup-home:/opt/rustwide/rustup-home:ro,Z" "-m" "1610612736" "--network" "none" "ghcr.io/rust-lang/crates-build-env/linux@sha256:3111399a4047eeb3a02b7a90e478d715f38a8c6669b5c4b49d30a17385265909" "sleep" "infinity", kill_on_drop: false }`
[INFO] [stdout] 4b4fef188cf4563959593b29a5f8d3ba1e1059f04ce4021df8c46ed2da87c22b
[INFO] running `Command { std: "docker" "start" "4b4fef188cf4563959593b29a5f8d3ba1e1059f04ce4021df8c46ed2da87c22b", kill_on_drop: false }`
[INFO] running `Command { std: "docker" "inspect" "4b4fef188cf4563959593b29a5f8d3ba1e1059f04ce4021df8c46ed2da87c22b", kill_on_drop: false }`
[INFO] running `Command { std: "docker" "exec" "-e" "SOURCE_DIR=/opt/rustwide/workdir" "-e" "CARGO_HOME=/opt/rustwide/cargo-home" "-e" "RUSTUP_HOME=/opt/rustwide/rustup-home" "-e" "CARGO_TARGET_DIR=/opt/rustwide/target" "-w" "/opt/rustwide/workdir" "--user" "0:0" "4b4fef188cf4563959593b29a5f8d3ba1e1059f04ce4021df8c46ed2da87c22b" "/opt/rustwide/cargo-home/bin/cargo" "+1.100.0-beta.1" "metadata" "--no-deps" "--format-version=1", kill_on_drop: false }`
[INFO] running `Command { std: "docker" "inspect" "4b4fef188cf4563959593b29a5f8d3ba1e1059f04ce4021df8c46ed2da87c22b", kill_on_drop: false }`
[INFO] running `Command { std: "docker" "exec" "-e" "SOURCE_DIR=/opt/rustwide/workdir" "-e" "CARGO_HOME=/opt/rustwide/cargo-home" "-e" "RUSTUP_HOME=/opt/rustwide/rustup-home" "-e" "CARGO_TARGET_DIR=/opt/rustwide/target" "-e" "CARGO_INCREMENTAL=0" "-e" "RUST_BACKTRACE=full" "-e" "RUSTFLAGS=--cap-lints=warn" "-e" "RUSTDOCFLAGS=--cap-lints=warn" "-w" "/opt/rustwide/workdir" "--user" "0:0" "4b4fef188cf4563959593b29a5f8d3ba1e1059f04ce4021df8c46ed2da87c22b" "/opt/rustwide/cargo-home/bin/cargo" "+1.100.0-beta.1" "build" "--frozen" "--message-format=json", kill_on_drop: false }`
[INFO] [stderr] warning: `package.homepage` is redundant with `package.repository`
[INFO] [stderr]   --> Cargo.toml:54:12
[INFO] [stderr]    |
[INFO] [stderr] 54 | homepage = "https://github.com/indexzero/try.rs"
[INFO] [stderr]    |            ^^^^^^^^^^^^^^^^^^^^^^^^^^^^^^^^^^^^^
[INFO] [stderr] ...
[INFO] [stderr] 59 | repository = "https://github.com/indexzero/try.rs"
[INFO] [stderr]    |              -------------------------------------
[INFO] [stderr]    |
[INFO] [stderr]    = note: `cargo::redundant_homepage` is set to `warn` by default
[INFO] [stderr] help: consider removing `package.homepage`
[INFO] [stderr] warning: `try-me-maybe-core` (manifest) generated 1 warning
[INFO] [stderr]    Compiling libc v0.2.186
[INFO] [stderr]    Compiling autocfg v1.5.1
[INFO] [stderr]    Compiling rustix v1.1.4
[INFO] [stderr]    Compiling signal-hook v0.4.4
[INFO] [stderr]    Compiling iana-time-zone v0.1.65
[INFO] [stderr]    Compiling num-traits v0.2.19
[INFO] [stderr]    Compiling chrono v0.4.45
[INFO] [stderr]    Compiling errno v0.3.14
[INFO] [stderr]    Compiling signal-hook-registry v1.4.8
[INFO] [stderr]    Compiling try-me-maybe-core v0.1.0 (/opt/rustwide/workdir)
[INFO] [stderr]     Finished `dev` profile [unoptimized + debuginfo] target(s) in 5.60s
[INFO] running `Command { std: "docker" "inspect" "4b4fef188cf4563959593b29a5f8d3ba1e1059f04ce4021df8c46ed2da87c22b", kill_on_drop: false }`
[INFO] running `Command { std: "docker" "exec" "-e" "SOURCE_DIR=/opt/rustwide/workdir" "-e" "CARGO_HOME=/opt/rustwide/cargo-home" "-e" "RUSTUP_HOME=/opt/rustwide/rustup-home" "-e" "CARGO_TARGET_DIR=/opt/rustwide/target" "-e" "CARGO_INCREMENTAL=0" "-e" "RUST_BACKTRACE=full" "-e" "RUSTFLAGS=--cap-lints=warn" "-e" "RUSTDOCFLAGS=--cap-lints=warn" "-w" "/opt/rustwide/workdir" "--user" "0:0" "4b4fef188cf4563959593b29a5f8d3ba1e1059f04ce4021df8c46ed2da87c22b" "/opt/rustwide/cargo-home/bin/cargo" "+1.100.0-beta.1" "test" "--frozen" "--no-run" "--message-format=json", kill_on_drop: false }`
[INFO] [stderr] warning: `package.homepage` is redundant with `package.repository`
[INFO] [stderr]   --> Cargo.toml:54:12
[INFO] [stderr]    |
[INFO] [stderr] 54 | homepage = "https://github.com/indexzero/try.rs"
[INFO] [stderr]    |            ^^^^^^^^^^^^^^^^^^^^^^^^^^^^^^^^^^^^^
[INFO] [stderr] ...
[INFO] [stderr] 59 | repository = "https://github.com/indexzero/try.rs"
[INFO] [stderr]    |              -------------------------------------
[INFO] [stderr]    |
[INFO] [stderr]    = note: `cargo::redundant_homepage` is set to `warn` by default
[INFO] [stderr] help: consider removing `package.homepage`
[INFO] [stderr] warning: `try-me-maybe-core` (manifest) generated 1 warning
[INFO] [stderr]    Compiling proc-macro2 v1.0.106
[INFO] [stderr]    Compiling quote v1.0.46
[INFO] [stderr]    Compiling rustix v1.1.4
[INFO] [stderr]    Compiling serde_core v1.0.228
[INFO] [stderr]    Compiling serde v1.0.228
[INFO] [stderr]    Compiling serde_json v1.0.150
[INFO] [stderr]    Compiling getrandom v0.4.3
[INFO] [stderr]    Compiling syn v2.0.118
[INFO] [stderr]    Compiling tempfile v3.27.0
[INFO] [stderr]    Compiling try-me-maybe-core v0.1.0 (/opt/rustwide/workdir)
[INFO] [stderr]    Compiling serde_derive v1.0.228
[INFO] [stderr]     Finished `test` profile [unoptimized + debuginfo] target(s) in 11.42s
[INFO] running `Command { std: "docker" "inspect" "4b4fef188cf4563959593b29a5f8d3ba1e1059f04ce4021df8c46ed2da87c22b", kill_on_drop: false }`
[INFO] running `Command { std: "docker" "exec" "-e" "SOURCE_DIR=/opt/rustwide/workdir" "-e" "CARGO_HOME=/opt/rustwide/cargo-home" "-e" "RUSTUP_HOME=/opt/rustwide/rustup-home" "-e" "CARGO_TARGET_DIR=/opt/rustwide/target" "-e" "CARGO_INCREMENTAL=0" "-e" "RUST_BACKTRACE=full" "-e" "RUSTFLAGS=--cap-lints=warn" "-e" "RUSTDOCFLAGS=--cap-lints=warn" "-w" "/opt/rustwide/workdir" "--user" "0:0" "4b4fef188cf4563959593b29a5f8d3ba1e1059f04ce4021df8c46ed2da87c22b" "/opt/rustwide/cargo-home/bin/cargo" "+1.100.0-beta.1" "test" "--frozen", kill_on_drop: false }`
[INFO] [stderr] warning: `package.homepage` is redundant with `package.repository`
[INFO] [stderr]   --> Cargo.toml:54:12
[INFO] [stderr]    |
[INFO] [stderr] 54 | homepage = "https://github.com/indexzero/try.rs"
[INFO] [stderr]    |            ^^^^^^^^^^^^^^^^^^^^^^^^^^^^^^^^^^^^^
[INFO] [stderr] ...
[INFO] [stderr] 59 | repository = "https://github.com/indexzero/try.rs"
[INFO] [stderr]    |              -------------------------------------
[INFO] [stderr]    |
[INFO] [stderr]    = note: `cargo::redundant_homepage` is set to `warn` by default
[INFO] [stderr] help: consider removing `package.homepage`
[INFO] [stderr] warning: `try-me-maybe-core` (manifest) generated 1 warning
[INFO] [stderr]     Finished `test` profile [unoptimized + debuginfo] target(s) in 0.08s
[INFO] [stderr]      Running unittests src/lib.rs (/opt/rustwide/target/debug/build/try-me-maybe-core/be0e4cecb59c2f93/out/tryme_core-be0e4cecb59c2f93)
[INFO] [stdout] 
[INFO] [stdout] running 61 tests
[INFO] [stdout] test argv::tests::trailing_flag_without_value_yields_none ... ok
[INFO] [stdout] test argv::tests::test_flags_extracted_before_command_shift ... ok
[INFO] [stdout] test dispatch::tests::clone_emits_script_with_dated_name ... ok
[INFO] [stdout] test argv::tests::color_aliases_delete_all_occurrences ... ok
[INFO] [stdout] test argv::tests::path_last_wins_and_earlier_occurrences_stay_in_argv ... ok
[INFO] [stderr] [H
[K🏠[1;38;5;214m Try Directory Selection[39m[22m                                                     [0m
[INFO] [stdout] test dispatch::tests::bare_dot_requires_name ... ok
[INFO] [stderr] 
[K[38;5;245m───────────────────────────────────────────────────────────────────────────────[39m[0m
[INFO] [stdout] test dispatch::tests::clone_missing_and_bad_uri_exit_1 ... ok
[INFO] [stderr] 
[K[38;5;245mSearch: [39m                                                                       [0m
[INFO] [stdout] test dispatch::tests::bare_invocation_help_exit_2_stdout_empty ... ok
[INFO] [stderr] 
[K[38;5;245m───────────────────────────────────────────────────────────────────────────────[39m[0m
[INFO] [stdout] test dispatch::tests::version_and_help_exit_0_on_stderr ... ok
[INFO] [stderr] 
[K                                                                               
[INFO] [stdout] test fuzzy::tests::sort_descending_and_limit ... ok
[INFO] [stderr] 
[K                                                                               
[INFO] [stdout] test dispatch::tests::selector_path_cancels_with_stdout_cancelled ... ok
[INFO] [stderr] 
[K                                                                               
[INFO] [stdout] test dispatch::tests::init_emits_wrapper_on_stdout ... ok
[INFO] [stderr] 
[K                                                                               
[INFO] [stdout] test giturl::tests::github_https_and_ssh ... ok
[INFO] [stderr] 
[K                                                                               
[INFO] [stdout] test argv::tests::flags_anywhere_and_unknowns_become_query ... ok
[INFO] [stderr] 
[K                                                                               
[INFO] [stdout] test dispatch::tests::url_shorthand_routes_to_clone ... ok
[INFO] [stderr] 
[K                                                                               
[INFO] [stdout] test dispatch::tests::worktree_dir_token_means_cwd ... ok
[INFO] [stderr] 
[K                                                                               
[INFO] [stdout] test emit::tests::single_command_has_no_chain ... ok
[INFO] [stderr] 
[K                                                                               
[INFO] [stdout] test emit::tests::script_format_matches_upstream ... ok
[INFO] [stderr] 
[K                                                                               
[INFO] [stdout] test fuzzy::tests::hand_computed_exact_score ... ok
[INFO] [stderr] 
[K                                                                               
[INFO] [stdout] test fuzzy::tests::word_boundary_is_ascii_only ... ok
[INFO] [stderr] 
[K                                                                               
[INFO] [stdout] test giturl::tests::unparseable_returns_none ... ok
[INFO] [stderr] 
[K                                                                               
[INFO] [stdout] test emit::tests::quotes_plain_and_embedded_single_quotes ... ok
[INFO] [stderr] 
[K                                                                               
[INFO] [stderr] 
[K                                                                               
[INFO] [stderr] 
[K                                                                               
[INFO] [stderr] 
[K                                                                               
[INFO] [stderr] 
[K                                                                               
[INFO] [stderr] 
[K[38;5;245m───────────────────────────────────────────────────────────────────────────────[39m[0m
[INFO] [stdout] test giturl::tests::trailing_path_segments_ignored_like_upstream_regex ... ok
[INFO] [stdout] test help::tests::help_first_line_and_key_sections ... ok
[INFO] [stdout] test scan::tests::date_prefix_detection ... ok
[INFO] [stdout] test fuzzy::tests::empty_query_returns_raw_base_score_before_multipliers ... ok
[INFO] [stdout] test fuzzy::tests::expanding_downcase_matches_ruby ... ok
[INFO] [stdout] test scan::tests::scan_skips_hidden_and_files_and_scores_dates ... ok
[INFO] [stdout] test naming::tests::no_digits_appends_dash_n ... ok
[INFO] [stdout] test scripts::tests::cd_script_touch_echo_cd ... ok
[INFO] [stdout] test giturl::tests::generic_hosts ... ok
[INFO] [stdout] test fuzzy::tests::all_query_chars_must_match_in_order ... ok
[INFO] [stdout] test giturl::tests::clone_name_custom_verbatim_no_date ... ok
[INFO] [stdout] test naming::tests::whitespace_runs_become_single_hyphens ... ok
[INFO] [stdout] test giturl::tests::is_git_uri_matches_upstream_predicate ... ok
[INFO] [stdout] test scripts::tests::ascend_mv_symlink_echo_cd ... ok
[INFO] [stdout] test scripts::tests::clone_script_hardcoded_uri_quotes ... ok
[INFO] [stdout] test scripts::tests::delete_uses_basenames_and_pwd_fallback ... ok
[INFO] [stdout] test scripts::tests::rename_cd_mv_echo_cd ... ok
[INFO] [stdout] test selector::tests::truncate_with_ansi_counts_visible_only ... ok
[INFO] [stdout] test selector::tests::relative_time_boundaries ... ok
[INFO] [stdout] test selector::tests::formatted_name_dims_date_and_highlights_hyphen_at_10 ... ok
[INFO] [stdout] test testkeys::tests::raw_mode_keeps_escape_sequences_whole ... ok
[INFO] [stdout] test testkeys::tests::unknown_tokens_silently_dropped_vim_nav_quirk ... ok
[INFO] [stdout] test testkeys::tests::token_mode_basics ... ok
[INFO] [stdout] test naming::tests::no_collision_returns_base_unchanged ... ok
[INFO] [stdout] test tui::tests::input_field_inverts_cursor_cell ... ok
[INFO] [stdout] test wrappers::tests::bash_wrapper_explicit_path_quoted_literal ... ok
[INFO] [stdout] test scripts::tests::worktree_detach_and_always_exit_zero ... ok
[INFO] [stdout] test wrappers::tests::fish_wrapper_has_no_bashisms ... ok
[INFO] [stdout] test testkeys::tests::type_injection_and_single_chars ... ok
[INFO] [stdout] test naming::tests::trailing_digits_bump ... ok
[INFO] [stdout] test selector::tests::word_boundary_backward_skips_symbols_then_words ... ok
[INFO] [stdout] test testkeys::tests::empty_spec_is_none ... ok
[INFO] [stdout] test tui::tests::text_wrappers_respect_color_gate ... ok
[INFO] [stdout] test tui::tests::truncate_from_start_keeps_leading_escapes_and_tail ... ok
[INFO] [stdout] test tui::tests::truncate_preserves_escapes_and_rstrips ... ok
[INFO] [stdout] test tui::tests::width_table_is_naive_on_purpose ... ok
[INFO] [stdout] test wrappers::tests::bash_wrapper_bytes ... ok
[INFO] [stdout] test wrappers::tests::expand_path_tilde_relative_and_dotdot ... ok
[INFO] [stdout] test wrappers::tests::shell_detection_from_env ... ok
[INFO] [stdout] 
[INFO] [stdout] test result: ok. 61 passed; 0 failed; 0 ignored; 0 measured; 0 filtered out; finished in 0.01s
[INFO] [stdout] 
[INFO] [stderr] 
[K  [38;5;245m↑/↓: Navigate  Enter: Select  ^R: Rename  ^G: Graduate  ^D: Delete  Esc: C…  [0m[3;9H[?25h[0m     Running tests/fuzzy_oracle.rs (/opt/rustwide/target/debug/build/try-me-maybe-core/f8810f16ca4f9d20/out/fuzzy_oracle-f8810f16ca4f9d20)
[INFO] [stdout] 
[INFO] [stdout] running 1 test
[INFO] [stdout] test matches_upstream_ruby_bit_for_bit ... FAILED
[INFO] [stdout] 
[INFO] [stdout] failures:
[INFO] [stdout] 
[INFO] [stdout] ---- matches_upstream_ruby_bit_for_bit stdout ----
[INFO] [stdout] 
[INFO] [stdout] thread 'matches_upstream_ruby_bit_for_bit' (820) panicked at tests/fuzzy_oracle.rs:27:6:
[INFO] [stdout] oracle fixture missing — run scripts/gen-fuzzy-oracle.sh: Os { code: 2, kind: NotFound, message: "No such file or directory" }
[INFO] [stdout] stack backtrace:
[INFO] [stdout]    0:     0x5940f25b38f1 - std[617be2ca0a6fd877]::backtrace_rs::backtrace::libunwind::trace
[INFO] [stdout]                                at /rustc/e3feeb59cd1bdd011a2bfcc0747b55125d9b8527/library/std/src/../../backtrace/src/backtrace/libunwind.rs:117:9
[INFO] [stdout]    1:     0x5940f25b38f1 - std[617be2ca0a6fd877]::backtrace_rs::backtrace::trace_unsynchronized::<std[617be2ca0a6fd877]::sys::backtrace::_print_fmt::{closure#1}>
[INFO] [stdout]                                at /rustc/e3feeb59cd1bdd011a2bfcc0747b55125d9b8527/library/std/src/../../backtrace/src/backtrace/mod.rs:66:14
[INFO] [stdout]    2:     0x5940f25b38f1 - std[617be2ca0a6fd877]::sys::backtrace::_print_fmt
[INFO] [stdout]                                at /rustc/e3feeb59cd1bdd011a2bfcc0747b55125d9b8527/library/std/src/sys/backtrace.rs:74:9
[INFO] [stdout]    3:     0x5940f25b38f1 - <<std[617be2ca0a6fd877]::sys::backtrace::BacktraceLock>::print::DisplayBacktrace as core[a373ad73a504971]::fmt::Display>::fmt
[INFO] [stdout]                                at /rustc/e3feeb59cd1bdd011a2bfcc0747b55125d9b8527/library/std/src/sys/backtrace.rs:44:26
[INFO] [stdout]    4:     0x5940f25c83fa - <core[a373ad73a504971]::fmt::rt::Argument>::fmt
[INFO] [stdout]                                at /rustc/e3feeb59cd1bdd011a2bfcc0747b55125d9b8527/library/core/src/fmt/rt.rs:152:76
[INFO] [stdout]    5:     0x5940f25c83fa - core[a373ad73a504971]::fmt::write
[INFO] [stdout]    6:     0x5940f25b7b0c - core[a373ad73a504971]::io::write::default_write_fmt::<alloc[2e1b2a31b91974c5]::vec::Vec<u8>>
[INFO] [stdout]                                at /rustc/e3feeb59cd1bdd011a2bfcc0747b55125d9b8527/library/core/src/io/write.rs:402:11
[INFO] [stdout]    7:     0x5940f25b7b0c - <alloc[2e1b2a31b91974c5]::vec::Vec<u8> as core[a373ad73a504971]::io::write::Write>::write_fmt
[INFO] [stdout]                                at /rustc/e3feeb59cd1bdd011a2bfcc0747b55125d9b8527/library/core/src/io/write.rs:335:13
[INFO] [stdout]    8:     0x5940f258f9f6 - <std[617be2ca0a6fd877]::sys::backtrace::BacktraceLock>::print
[INFO] [stdout]                                at /rustc/e3feeb59cd1bdd011a2bfcc0747b55125d9b8527/library/std/src/sys/backtrace.rs:47:9
[INFO] [stdout]    9:     0x5940f258f9f6 - std[617be2ca0a6fd877]::panicking::default_hook::{closure#0}
[INFO] [stdout]                                at /rustc/e3feeb59cd1bdd011a2bfcc0747b55125d9b8527/library/std/src/panicking.rs:289:27
[INFO] [stdout]   10:     0x5940f25abc29 - std[617be2ca0a6fd877]::panicking::default_hook
[INFO] [stdout]                                at /rustc/e3feeb59cd1bdd011a2bfcc0747b55125d9b8527/library/std/src/panicking.rs:313:9
[INFO] [stdout]   11:     0x5940f253e8a0 - <alloc[2e1b2a31b91974c5]::boxed::Box<dyn for<'a, 'b> core[a373ad73a504971]::ops::function::Fn<(&'a std[617be2ca0a6fd877]::panic::PanicHookInfo<'b>,), Output = ()> + core[a373ad73a504971]::marker::Sync + core[a373ad73a504971]::marker::Send> as core[a373ad73a504971]::ops::function::Fn<(&std[617be2ca0a6fd877]::panic::PanicHookInfo,)>>::call
[INFO] [stdout]                                at /rustc/e3feeb59cd1bdd011a2bfcc0747b55125d9b8527/library/alloc/src/boxed.rs:2328:9
[INFO] [stdout]   12:     0x5940f253e8a0 - test[aada8e7e76ba119b]::test_main_inner::{closure#0}
[INFO] [stdout]                                at /rustc/e3feeb59cd1bdd011a2bfcc0747b55125d9b8527/library/test/src/lib.rs:137:21
[INFO] [stdout]   13:     0x5940f25abde2 - <alloc[2e1b2a31b91974c5]::boxed::Box<dyn for<'a, 'b> core[a373ad73a504971]::ops::function::Fn<(&'a std[617be2ca0a6fd877]::panic::PanicHookInfo<'b>,), Output = ()> + core[a373ad73a504971]::marker::Sync + core[a373ad73a504971]::marker::Send> as core[a373ad73a504971]::ops::function::Fn<(&std[617be2ca0a6fd877]::panic::PanicHookInfo,)>>::call
[INFO] [stdout]                                at /rustc/e3feeb59cd1bdd011a2bfcc0747b55125d9b8527/library/alloc/src/boxed.rs:2328:9
[INFO] [stdout]   14:     0x5940f25abde2 - std[617be2ca0a6fd877]::panicking::panic_with_hook
[INFO] [stdout]                                at /rustc/e3feeb59cd1bdd011a2bfcc0747b55125d9b8527/library/std/src/panicking.rs:819:13
[INFO] [stdout]   15:     0x5940f258faa2 - std[617be2ca0a6fd877]::panicking::panic_handler::{closure#0}
[INFO] [stdout]                                at /rustc/e3feeb59cd1bdd011a2bfcc0747b55125d9b8527/library/std/src/panicking.rs:685:13
[INFO] [stdout]   16:     0x5940f2588629 - std[617be2ca0a6fd877]::sys::backtrace::__rust_end_short_backtrace::<std[617be2ca0a6fd877]::panicking::panic_handler::{closure#0}, !>
[INFO] [stdout]                                at /rustc/e3feeb59cd1bdd011a2bfcc0747b55125d9b8527/library/std/src/sys/backtrace.rs:182:18
[INFO] [stdout]   17:     0x5940f25906ad - __rustc[ea4f61d10b84890b]::rust_begin_unwind
[INFO] [stdout]                                at /rustc/e3feeb59cd1bdd011a2bfcc0747b55125d9b8527/library/std/src/panicking.rs:676:5
[INFO] [stdout]   18:     0x5940f25c8bec - core[a373ad73a504971]::panicking::panic_fmt
[INFO] [stdout]                                at /rustc/e3feeb59cd1bdd011a2bfcc0747b55125d9b8527/library/core/src/panicking.rs:80:14
[INFO] [stdout]   19:     0x5940f25c8942 - core[a373ad73a504971]::result::unwrap_failed
[INFO] [stdout]                                at /rustc/e3feeb59cd1bdd011a2bfcc0747b55125d9b8527/library/core/src/result.rs:1870:5
[INFO] [stdout]   20:     0x5940f2509f53 - <core[a373ad73a504971]::result::Result<alloc[2e1b2a31b91974c5]::string::String, core[a373ad73a504971]::io::error::Error>>::expect
[INFO] [stdout]                                at /rustc/e3feeb59cd1bdd011a2bfcc0747b55125d9b8527/library/core/src/result.rs:1184:23
[INFO] [stdout]   21:     0x5940f2513464 - fuzzy_oracle[2829828fec71ecdc]::matches_upstream_ruby_bit_for_bit
[INFO] [stdout]                                at /opt/rustwide/workdir/tests/fuzzy_oracle.rs:27:6
[INFO] [stdout]   22:     0x5940f25133c7 - fuzzy_oracle[2829828fec71ecdc]::matches_upstream_ruby_bit_for_bit::{closure#0}
[INFO] [stdout]                                at /opt/rustwide/workdir/tests/fuzzy_oracle.rs:22:39
[INFO] [stdout]   23:     0x5940f250cb56 - <fuzzy_oracle[2829828fec71ecdc]::matches_upstream_ruby_bit_for_bit::{closure#0} as core[a373ad73a504971]::ops::function::FnOnce<()>>::call_once
[INFO] [stdout]                                at /rustc/e3feeb59cd1bdd011a2bfcc0747b55125d9b8527/library/core/src/ops/function.rs:250:5
[INFO] [stdout]   24:     0x5940f2531ceb - <fn() -> core[a373ad73a504971]::result::Result<(), alloc[2e1b2a31b91974c5]::string::String> as core[a373ad73a504971]::ops::function::FnOnce<()>>::call_once
[INFO] [stdout]                                at /rustc/e3feeb59cd1bdd011a2bfcc0747b55125d9b8527/library/core/src/ops/function.rs:250:5
[INFO] [stdout]   25:     0x5940f2531ceb - test[aada8e7e76ba119b]::__rust_begin_short_backtrace::<core[a373ad73a504971]::result::Result<(), alloc[2e1b2a31b91974c5]::string::String>, fn() -> core[a373ad73a504971]::result::Result<(), alloc[2e1b2a31b91974c5]::string::String>>
[INFO] [stdout]                                at /rustc/e3feeb59cd1bdd011a2bfcc0747b55125d9b8527/library/test/src/lib.rs:701:18
[INFO] [stdout]   26:     0x5940f253eec5 - test[aada8e7e76ba119b]::run_test_in_process::{closure#0}
[INFO] [stdout]                                at /rustc/e3feeb59cd1bdd011a2bfcc0747b55125d9b8527/library/test/src/lib.rs:724:74
[INFO] [stdout]   27:     0x5940f253eec5 - <core[a373ad73a504971]::panic::unwind_safe::AssertUnwindSafe<test[aada8e7e76ba119b]::run_test_in_process::{closure#0}> as core[a373ad73a504971]::ops::function::FnOnce<()>>::call_once
[INFO] [stdout]                                at /rustc/e3feeb59cd1bdd011a2bfcc0747b55125d9b8527/library/core/src/panic/unwind_safe.rs:275:9
[INFO] [stdout]   28:     0x5940f253eec5 - std[617be2ca0a6fd877]::panicking::catch_unwind::do_call::<core[a373ad73a504971]::panic::unwind_safe::AssertUnwindSafe<test[aada8e7e76ba119b]::run_test_in_process::{closure#0}>, core[a373ad73a504971]::result::Result<(), alloc[2e1b2a31b91974c5]::string::String>>
[INFO] [stdout]                                at /rustc/e3feeb59cd1bdd011a2bfcc0747b55125d9b8527/library/std/src/panicking.rs:573:43
[INFO] [stdout]   29:     0x5940f253eec5 - std[617be2ca0a6fd877]::panicking::catch_unwind::<core[a373ad73a504971]::result::Result<(), alloc[2e1b2a31b91974c5]::string::String>, core[a373ad73a504971]::panic::unwind_safe::AssertUnwindSafe<test[aada8e7e76ba119b]::run_test_in_process::{closure#0}>>
[INFO] [stdout]                                at /rustc/e3feeb59cd1bdd011a2bfcc0747b55125d9b8527/library/std/src/panicking.rs:541:19
[INFO] [stdout]   30:     0x5940f253eec5 - std[617be2ca0a6fd877]::panic::catch_unwind::<core[a373ad73a504971]::panic::unwind_safe::AssertUnwindSafe<test[aada8e7e76ba119b]::run_test_in_process::{closure#0}>, core[a373ad73a504971]::result::Result<(), alloc[2e1b2a31b91974c5]::string::String>>
[INFO] [stdout]                                at /rustc/e3feeb59cd1bdd011a2bfcc0747b55125d9b8527/library/std/src/panic.rs:359:14
[INFO] [stdout]   31:     0x5940f253eec5 - test[aada8e7e76ba119b]::run_test_in_process
[INFO] [stdout]                                at /rustc/e3feeb59cd1bdd011a2bfcc0747b55125d9b8527/library/test/src/lib.rs:724:27
[INFO] [stdout]   32:     0x5940f253eec5 - test[aada8e7e76ba119b]::run_test::{closure#0}
[INFO] [stdout]                                at /rustc/e3feeb59cd1bdd011a2bfcc0747b55125d9b8527/library/test/src/lib.rs:645:43
[INFO] [stdout]   33:     0x5940f25387b4 - test[aada8e7e76ba119b]::run_test::{closure#1}
[INFO] [stdout]                                at /rustc/e3feeb59cd1bdd011a2bfcc0747b55125d9b8527/library/test/src/lib.rs:675:41
[INFO] [stdout]   34:     0x5940f25387b4 - std[617be2ca0a6fd877]::sys::backtrace::__rust_begin_short_backtrace::<test[aada8e7e76ba119b]::run_test::{closure#1}, ()>
[INFO] [stdout]                                at /rustc/e3feeb59cd1bdd011a2bfcc0747b55125d9b8527/library/std/src/sys/backtrace.rs:166:18
[INFO] [stdout]   35:     0x5940f2541f52 - std[617be2ca0a6fd877]::thread::lifecycle::spawn_unchecked::<test[aada8e7e76ba119b]::run_test::{closure#1}, ()>::{closure#1}::{closure#0}
[INFO] [stdout]                                at /rustc/e3feeb59cd1bdd011a2bfcc0747b55125d9b8527/library/std/src/thread/lifecycle.rs:70:13
[INFO] [stdout]   36:     0x5940f2541f52 - <core[a373ad73a504971]::panic::unwind_safe::AssertUnwindSafe<std[617be2ca0a6fd877]::thread::lifecycle::spawn_unchecked<test[aada8e7e76ba119b]::run_test::{closure#1}, ()>::{closure#1}::{closure#0}> as core[a373ad73a504971]::ops::function::FnOnce<()>>::call_once
[INFO] [stdout]                                at /rustc/e3feeb59cd1bdd011a2bfcc0747b55125d9b8527/library/core/src/panic/unwind_safe.rs:275:9
[INFO] [stdout]   37:     0x5940f2541f52 - std[617be2ca0a6fd877]::panicking::catch_unwind::do_call::<core[a373ad73a504971]::panic::unwind_safe::AssertUnwindSafe<std[617be2ca0a6fd877]::thread::lifecycle::spawn_unchecked<test[aada8e7e76ba119b]::run_test::{closure#1}, ()>::{closure#1}::{closure#0}>, ()>
[INFO] [stdout]                                at /rustc/e3feeb59cd1bdd011a2bfcc0747b55125d9b8527/library/std/src/panicking.rs:573:43
[INFO] [stdout]   38:     0x5940f2541f52 - std[617be2ca0a6fd877]::panicking::catch_unwind::<(), core[a373ad73a504971]::panic::unwind_safe::AssertUnwindSafe<std[617be2ca0a6fd877]::thread::lifecycle::spawn_unchecked<test[aada8e7e76ba119b]::run_test::{closure#1}, ()>::{closure#1}::{closure#0}>>
[INFO] [stdout]                                at /rustc/e3feeb59cd1bdd011a2bfcc0747b55125d9b8527/library/std/src/panicking.rs:541:19
[INFO] [stdout]   39:     0x5940f2541f52 - std[617be2ca0a6fd877]::panic::catch_unwind::<core[a373ad73a504971]::panic::unwind_safe::AssertUnwindSafe<std[617be2ca0a6fd877]::thread::lifecycle::spawn_unchecked<test[aada8e7e76ba119b]::run_test::{closure#1}, ()>::{closure#1}::{closure#0}>, ()>
[INFO] [stdout]                                at /rustc/e3feeb59cd1bdd011a2bfcc0747b55125d9b8527/library/std/src/panic.rs:359:14
[INFO] [stdout]   40:     0x5940f2541f52 - std[617be2ca0a6fd877]::thread::lifecycle::spawn_unchecked::<test[aada8e7e76ba119b]::run_test::{closure#1}, ()>::{closure#1}
[INFO] [stdout]                                at /rustc/e3feeb59cd1bdd011a2bfcc0747b55125d9b8527/library/std/src/thread/lifecycle.rs:68:26
[INFO] [stdout]   41:     0x5940f2541f52 - <std[617be2ca0a6fd877]::thread::lifecycle::spawn_unchecked<test[aada8e7e76ba119b]::run_test::{closure#1}, ()>::{closure#1} as core[a373ad73a504971]::ops::function::FnOnce<()>>::call_once::{shim:vtable#0}
[INFO] [stdout]                                at /rustc/e3feeb59cd1bdd011a2bfcc0747b55125d9b8527/library/core/src/ops/function.rs:250:5
[INFO] [stdout]   42:     0x5940f25b2def - <alloc[2e1b2a31b91974c5]::boxed::Box<dyn core[a373ad73a504971]::ops::function::FnOnce<(), Output = ()> + core[a373ad73a504971]::marker::Send> as core[a373ad73a504971]::ops::function::FnOnce<()>>::call_once
[INFO] [stdout]                                at /rustc/e3feeb59cd1bdd011a2bfcc0747b55125d9b8527/library/alloc/src/boxed.rs:2314:9
[INFO] [stdout]   43:     0x5940f25b2def - <std[617be2ca0a6fd877]::sys::thread::unix::Thread>::new::thread_start
[INFO] [stdout]                                at /rustc/e3feeb59cd1bdd011a2bfcc0747b55125d9b8527/library/std/src/sys/thread/unix.rs:127:17
[INFO] [stdout]   44:     0x79355e625dfa - <unknown>
[INFO] [stdout]   45:     0x79355e6b93d4 - clone
[INFO] [stdout]   46:                0x0 - <unknown>
[INFO] [stdout] 
[INFO] [stdout] 
[INFO] [stdout] failures:
[INFO] [stdout]     matches_upstream_ruby_bit_for_bit
[INFO] [stdout] 
[INFO] [stdout] test result: FAILED. 0 passed; 1 failed; 0 ignored; 0 measured; 0 filtered out; finished in 0.03s
[INFO] [stdout] 
[INFO] [stderr] error: test failed, to rerun pass `--test fuzzy_oracle`
[INFO] running `Command { std: "docker" "inspect" "4b4fef188cf4563959593b29a5f8d3ba1e1059f04ce4021df8c46ed2da87c22b", kill_on_drop: false }`
[INFO] running `Command { std: "docker" "rm" "-f" "4b4fef188cf4563959593b29a5f8d3ba1e1059f04ce4021df8c46ed2da87c22b", kill_on_drop: false }`
[INFO] [stdout] 4b4fef188cf4563959593b29a5f8d3ba1e1059f04ce4021df8c46ed2da87c22b
