[INFO] fetching crate trusty-controller 0.2.0...
[INFO] testing trusty-controller-0.2.0 against 1.100.0-beta.1 for beta-1.100-2
[INFO] extracting crate trusty-controller 0.2.0 into /workspace/builds/worker-3-tc2/source
[INFO] started tweaking crates.io crate trusty-controller 0.2.0
[INFO] finished tweaking crates.io crate trusty-controller 0.2.0
[INFO] tweaked toml for crates.io crate trusty-controller 0.2.0 written to /workspace/builds/worker-3-tc2/source/Cargo.toml
[INFO] validating manifest of crates.io crate trusty-controller 0.2.0 on toolchain 1.100.0-beta.1
[INFO] running `Command { std: CARGO_HOME="/workspace/cargo-home" RUSTUP_HOME="/workspace/rustup-home" "/workspace/cargo-home/bin/cargo" "+1.100.0-beta.1" "metadata" "--manifest-path" "Cargo.toml" "--no-deps", kill_on_drop: false }`
[INFO] crate crates.io crate trusty-controller 0.2.0 already has a lockfile, it will not be regenerated
[INFO] running `Command { std: CARGO_HOME="/workspace/cargo-home" RUSTUP_HOME="/workspace/rustup-home" "/workspace/cargo-home/bin/cargo" "+1.100.0-beta.1" "fetch" "--manifest-path" "Cargo.toml", kill_on_drop: false }`
[INFO] running `Command { std: "docker" "create" "-v" "/var/lib/crater-agent-workspace/builds/worker-3-tc2/source:/opt/rustwide/workdir:ro,Z" "-v" "/var/lib/crater-agent-workspace/builds/worker-3-tc2/target:/opt/rustwide/target:rw,Z" "-v" "/var/lib/crater-agent-workspace/cargo-home:/opt/rustwide/cargo-home:ro,Z" "-v" "/var/lib/crater-agent-workspace/rustup-home:/opt/rustwide/rustup-home:ro,Z" "-m" "1610612736" "--network" "none" "ghcr.io/rust-lang/crates-build-env/linux@sha256:3111399a4047eeb3a02b7a90e478d715f38a8c6669b5c4b49d30a17385265909" "sleep" "infinity", kill_on_drop: false }`
[INFO] [stdout] 3e449b68efd1235bdc3034cdc4e9273a19db04d9bec85587b98b2ac522f08fdf
[INFO] running `Command { std: "docker" "start" "3e449b68efd1235bdc3034cdc4e9273a19db04d9bec85587b98b2ac522f08fdf", kill_on_drop: false }`
[INFO] running `Command { std: "docker" "inspect" "3e449b68efd1235bdc3034cdc4e9273a19db04d9bec85587b98b2ac522f08fdf", kill_on_drop: false }`
[INFO] running `Command { std: "docker" "exec" "-e" "SOURCE_DIR=/opt/rustwide/workdir" "-e" "CARGO_HOME=/opt/rustwide/cargo-home" "-e" "RUSTUP_HOME=/opt/rustwide/rustup-home" "-e" "CARGO_TARGET_DIR=/opt/rustwide/target" "-w" "/opt/rustwide/workdir" "--user" "0:0" "3e449b68efd1235bdc3034cdc4e9273a19db04d9bec85587b98b2ac522f08fdf" "/opt/rustwide/cargo-home/bin/cargo" "+1.100.0-beta.1" "metadata" "--no-deps" "--format-version=1", kill_on_drop: false }`
[INFO] running `Command { std: "docker" "inspect" "3e449b68efd1235bdc3034cdc4e9273a19db04d9bec85587b98b2ac522f08fdf", kill_on_drop: false }`
[INFO] running `Command { std: "docker" "exec" "-e" "SOURCE_DIR=/opt/rustwide/workdir" "-e" "CARGO_HOME=/opt/rustwide/cargo-home" "-e" "RUSTUP_HOME=/opt/rustwide/rustup-home" "-e" "CARGO_TARGET_DIR=/opt/rustwide/target" "-e" "CARGO_INCREMENTAL=0" "-e" "RUST_BACKTRACE=full" "-e" "RUSTFLAGS=--cap-lints=warn" "-e" "RUSTDOCFLAGS=--cap-lints=warn" "-w" "/opt/rustwide/workdir" "--user" "0:0" "3e449b68efd1235bdc3034cdc4e9273a19db04d9bec85587b98b2ac522f08fdf" "/opt/rustwide/cargo-home/bin/cargo" "+1.100.0-beta.1" "build" "--frozen" "--message-format=json", kill_on_drop: false }`
[INFO] [stderr]    Compiling parking_lot_core v0.9.12
[INFO] [stderr]    Compiling bytes v1.11.1
[INFO] [stderr]    Compiling synstructure v0.13.2
[INFO] [stderr]    Compiling zerovec-derive v0.11.3
[INFO] [stderr]    Compiling displaydoc v0.2.5
[INFO] [stderr]    Compiling tokio-macros v2.7.0
[INFO] [stderr]    Compiling cc v1.2.62
[INFO] [stderr]    Compiling zeroize v1.8.2
[INFO] [stderr]    Compiling futures-macro v0.3.32
[INFO] [stderr]    Compiling errno v0.3.14
[INFO] [stderr]    Compiling socket2 v0.6.3
[INFO] [stderr]    Compiling mio v1.2.0
[INFO] [stderr]    Compiling icu_normalizer_data v2.2.0
[INFO] [stderr]    Compiling icu_properties_data v2.2.0
[INFO] [stderr]    Compiling getrandom v0.2.17
[INFO] [stderr]    Compiling slab v0.4.12
[INFO] [stderr]    Compiling signal-hook-registry v1.4.8
[INFO] [stderr]    Compiling rustls-pki-types v1.14.1
[INFO] [stderr]    Compiling serde_derive v1.0.228
[INFO] [stderr]    Compiling tracing-attributes v0.1.31
[INFO] [stderr]    Compiling rustls v0.23.40
[INFO] [stderr]    Compiling futures-channel v0.3.32
[INFO] [stderr]    Compiling num-traits v0.2.19
[INFO] [stderr]    Compiling sync_wrapper v1.0.2
[INFO] [stderr]    Compiling serde_json v1.0.150
[INFO] [stderr]    Compiling parking_lot v0.12.5
[INFO] [stderr]    Compiling http v1.4.0
[INFO] [stderr]    Compiling portable-atomic v1.13.1
[INFO] [stderr]    Compiling regex-syntax v0.8.10
[INFO] [stderr]    Compiling ipnet v2.12.0
[INFO] [stderr]    Compiling anstyle-parse v1.0.0
[INFO] [stderr]    Compiling webpki-roots v1.0.7
[INFO] [stderr]    Compiling zerofrom-derive v0.1.7
[INFO] [stderr]    Compiling yoke-derive v0.8.2
[INFO] [stderr]    Compiling anstyle v1.0.14
[INFO] [stderr]    Compiling colorchoice v1.0.5
[INFO] [stderr]    Compiling rustix v0.38.44
[INFO] [stderr]    Compiling futures-sink v0.3.32
[INFO] [stderr]    Compiling anyhow v1.0.102
[INFO] [stderr]    Compiling option-ext v0.2.0
[INFO] [stderr]    Compiling dirs-sys v0.4.1
[INFO] [stderr]    Compiling anstream v1.0.0
[INFO] [stderr]    Compiling futures-util v0.3.32
[INFO] [stderr]    Compiling tokio v1.52.3
[INFO] [stderr]    Compiling console v0.15.11
[INFO] [stderr]    Compiling thiserror-impl v1.0.69
[INFO] [stderr]    Compiling clap_lex v1.1.0
[INFO] [stderr]    Compiling number_prefix v0.4.0
[INFO] [stderr]    Compiling http-body v1.0.1
[INFO] [stderr]    Compiling tracing v0.1.44
[INFO] [stderr]    Compiling http-body-util v0.1.3
[INFO] [stderr]    Compiling clap_builder v4.6.0
[INFO] [stderr]    Compiling clap_derive v4.6.1
[INFO] [stderr]    Compiling indicatif v0.17.11
[INFO] [stderr]    Compiling regex-automata v0.4.14
[INFO] [stderr]    Compiling ring v0.17.14
[INFO] [stderr]    Compiling dirs v5.0.1
[INFO] [stderr]    Compiling sysinfo v0.33.1
[INFO] [stderr]    Compiling colored v2.2.0
[INFO] [stderr]    Compiling zerofrom v0.1.8
[INFO] [stderr]    Compiling async-trait v0.1.89
[INFO] [stderr]    Compiling yoke v0.8.2
[INFO] [stderr]    Compiling unsafe-libyaml v0.2.11
[INFO] [stderr]    Compiling thiserror v1.0.69
[INFO] [stderr]    Compiling home v0.5.12
[INFO] [stderr]    Compiling zerovec v0.11.6
[INFO] [stderr]    Compiling zerotrie v0.2.4
[INFO] [stderr]    Compiling either v1.16.0
[INFO] [stderr]    Compiling trusty-progress v0.1.0
[INFO] [stderr]    Compiling tinystr v0.8.3
[INFO] [stderr]    Compiling potential_utf v0.1.5
[INFO] [stderr]    Compiling icu_locale_core v2.2.0
[INFO] [stderr]    Compiling icu_collections v2.2.0
[INFO] [stderr]    Compiling serde v1.0.228
[INFO] [stderr]    Compiling clap v4.6.1
[INFO] [stderr]    Compiling which v6.0.3
[INFO] [stderr]    Compiling serde_urlencoded v0.7.1
[INFO] [stderr]    Compiling chrono v0.4.44
[INFO] [stderr]    Compiling serde_yaml v0.9.34+deprecated
[INFO] [stderr]    Compiling icu_provider v2.2.0
[INFO] [stderr]    Compiling icu_properties v2.2.0
[INFO] [stderr]    Compiling icu_normalizer v2.2.0
[INFO] [stderr]    Compiling matchers v0.2.0
[INFO] [stderr]    Compiling tracing-subscriber v0.3.23
[INFO] [stderr]    Compiling idna_adapter v1.2.2
[INFO] [stderr]    Compiling idna v1.1.0
[INFO] [stderr]    Compiling url v2.5.8
[INFO] [stderr]    Compiling hyper v1.9.0
[INFO] [stderr]    Compiling tower v0.5.3
[INFO] [stderr]    Compiling tokio-util v0.7.18
[INFO] [stderr]    Compiling rustls-webpki v0.103.13
[INFO] [stderr]    Compiling tower-http v0.6.11
[INFO] [stderr]    Compiling hyper-util v0.1.20
[INFO] [stderr]    Compiling tokio-rustls v0.26.4
[INFO] [stderr]    Compiling hyper-rustls v0.27.9
[INFO] [stderr]    Compiling reqwest v0.12.28
[INFO] [stderr]    Compiling trusty-common v0.15.3
[INFO] [stderr]    Compiling trusty-controller v0.2.0 (/opt/rustwide/workdir)
[INFO] [stderr]     Finished `dev` profile [unoptimized + debuginfo] target(s) in 45.89s
[INFO] running `Command { std: "docker" "inspect" "3e449b68efd1235bdc3034cdc4e9273a19db04d9bec85587b98b2ac522f08fdf", kill_on_drop: false }`
[INFO] running `Command { std: "docker" "exec" "-e" "SOURCE_DIR=/opt/rustwide/workdir" "-e" "CARGO_HOME=/opt/rustwide/cargo-home" "-e" "RUSTUP_HOME=/opt/rustwide/rustup-home" "-e" "CARGO_TARGET_DIR=/opt/rustwide/target" "-e" "CARGO_INCREMENTAL=0" "-e" "RUST_BACKTRACE=full" "-e" "RUSTFLAGS=--cap-lints=warn" "-e" "RUSTDOCFLAGS=--cap-lints=warn" "-w" "/opt/rustwide/workdir" "--user" "0:0" "3e449b68efd1235bdc3034cdc4e9273a19db04d9bec85587b98b2ac522f08fdf" "/opt/rustwide/cargo-home/bin/cargo" "+1.100.0-beta.1" "test" "--frozen" "--no-run" "--message-format=json", kill_on_drop: false }`
[INFO] [stderr]    Compiling getrandom v0.4.2
[INFO] [stderr]    Compiling fastrand v2.4.1
[INFO] [stderr]    Compiling rustix v1.1.4
[INFO] [stderr]    Compiling tempfile v3.27.0
[INFO] [stderr]    Compiling trusty-controller v0.2.0 (/opt/rustwide/workdir)
[INFO] [stderr]     Finished `test` profile [unoptimized + debuginfo] target(s) in 6.67s
[INFO] running `Command { std: "docker" "inspect" "3e449b68efd1235bdc3034cdc4e9273a19db04d9bec85587b98b2ac522f08fdf", kill_on_drop: false }`
[INFO] running `Command { std: "docker" "exec" "-e" "SOURCE_DIR=/opt/rustwide/workdir" "-e" "CARGO_HOME=/opt/rustwide/cargo-home" "-e" "RUSTUP_HOME=/opt/rustwide/rustup-home" "-e" "CARGO_TARGET_DIR=/opt/rustwide/target" "-e" "CARGO_INCREMENTAL=0" "-e" "RUST_BACKTRACE=full" "-e" "RUSTFLAGS=--cap-lints=warn" "-e" "RUSTDOCFLAGS=--cap-lints=warn" "-w" "/opt/rustwide/workdir" "--user" "0:0" "3e449b68efd1235bdc3034cdc4e9273a19db04d9bec85587b98b2ac522f08fdf" "/opt/rustwide/cargo-home/bin/cargo" "+1.100.0-beta.1" "test" "--frozen", kill_on_drop: false }`
[INFO] [stderr]     Finished `test` profile [unoptimized + debuginfo] target(s) in 0.27s
[INFO] [stderr]      Running unittests src/lib.rs (/opt/rustwide/target/debug/build/trusty-controller/cf3829b49e8fc312/out/trusty_controller-cf3829b49e8fc312)
[INFO] [stdout] 
[INFO] [stdout] running 184 tests
[INFO] [stdout] test cli::tests::parse_doctor_self_check ... ok
[INFO] [stdout] test cli::tests::parse_install ... ok
[INFO] [stdout] test cli::tests::parse_install_members ... ok
[INFO] [stdout] test cli::tests::parse_ensure_wait ... ok
[INFO] [stdout] test cli::tests::parse_port ... ok
[INFO] [stdout] test cli::tests::parse_stack_doctor ... ok
[INFO] [stdout] test cli::tests::parse_start ... ok
[INFO] [stdout] test cli::tests::global_scope_propagates ... ok
[INFO] [stdout] test cli::tests::parse_status ... ok
[INFO] [stdout] test cli::tests::parse_stack_doctor_member ... ok
[INFO] [stdout] test cli::tests::parse_passthrough ... ok
[INFO] [stdout] test cli::tests::parse_stop ... ok
[INFO] [stdout] test cli::tests::parse_config ... ok
[INFO] [stdout] test cli::tests::bare_tctl_fails ... ok
[INFO] [stdout] test cli::tests::parse_up ... ok
[INFO] [stdout] test cli::tests::parse_stack_health ... ok
[INFO] [stdout] test cli::tests::global_timeout_propagates ... ok
[INFO] [stdout] test cli::tests::parse_ui ... ok
[INFO] [stdout] test cli::tests::parse_up_analyze_core ... ok
[INFO] [stdout] test cli::tests::parse_up_combined_flags ... ok
[INFO] [stdout] test cli::tests::parse_up_with_and_no_mpm_conflict ... ok
[INFO] [stdout] test cli::tests::parse_ensure ... ok
[INFO] [stdout] test cli::tests::parse_version_json ... ok
[INFO] [stdout] test cli::tests::parse_port_addr ... ok
[INFO] [stdout] test cli::tests::parse_version ... ok
[INFO] [stdout] test cli::tests::parse_up_with_mpm ... ok
[INFO] [stdout] test cli::tests::parse_upgrade_check ... ok
[INFO] [stdout] test cli::tests::parse_port_member ... ok
[INFO] [stdout] test cli::tests::parse_port_json_port ... ok
[INFO] [stdout] test commands::auto_update::tests::notice_for_some ... ok
[INFO] [stdout] test commands::auto_update::tests::notice_for_zero_is_none ... ok
[INFO] [stdout] test commands::config::tests::aggregate_all_ok ... ok
[INFO] [stdout] test commands::config::tests::aggregate_serialises ... ok
[INFO] [stdout] test commands::config::tests::run_unknown_member_is_error ... ok
[INFO] [stdout] test cli::tests::parse_update_alias ... ok
[INFO] [stdout] test commands::doctor::tests::exit_code_reflects_conformance ... ok
[INFO] [stdout] test commands::ensure::tests::report_serialises ... ok
[INFO] [stdout] test commands::ensure::tests::mcp_members_table ... ok
[INFO] [stdout] test commands::ensure::tests::report_all_ok ... ok
[INFO] [stdout] test commands::ensure::tests::wait_deferred_exit_code ... ok
[INFO] [stdout] test commands::install::tests::cargo_bin_dir_from_env_honours_value ... ok
[INFO] [stdout] test commands::install::tests::exit_code_reflects_all_ok ... ok
[INFO] [stdout] test commands::install::tests::report_all_ok ... ok
[INFO] [stdout] test commands::lifecycle::tests::exit_code_reflects_all_ok ... ok
[INFO] [stdout] test commands::install::tests::report_serialises ... ok
[INFO] [stdout] test commands::install::tests::run_unknown_member_is_error ... ok
[INFO] [stdout] test commands::lifecycle::tests::ordering_is_directional ... ok
[INFO] [stdout] test commands::lifecycle::tests::own_verb_path_for_absent_binary_errors ... ok
[INFO] [stdout] test commands::lifecycle::tests::report_serialises ... ok
[INFO] [stdout] test commands::lifecycle::tests::verb_name ... ok
[INFO] [stdout] test commands::passthrough::tests::empty_args_does_not_panic ... ok
[INFO] [stdout] test commands::passthrough::tests::json_mode_does_not_panic ... ok
[INFO] [stdout] test commands::passthrough::tests::two_args_does_not_panic ... ok
[INFO] [stdout] test commands::doctor::tests::missing_member_is_usage_error ... ok
[INFO] [stdout] test commands::doctor::tests::result_serialises ... ok
[INFO] [stdout] test commands::install::tests::cargo_bin_dir_from_env_falls_back ... ok
[INFO] [stdout] test cli::tests::yes_short_flag ... ok
[INFO] [stdout] test commands::plist_label::tests::plist_path_layout ... ok
[INFO] [stdout] test commands::auto_update::tests::disabled_by_default ... ok
[INFO] [stdout] test commands::port::tests::default_member_is_search ... ok
[INFO] [stdout] test commands::port::tests::format_output_json ... ok
[INFO] [stdout] test commands::port::tests::format_output_addr ... ok
[INFO] [stdout] test commands::port::tests::format_output_malformed_returns_none ... ok
[INFO] [stdout] test commands::port::tests::format_precedence ... ok
[INFO] [stdout] test cli::tests::port_json_port_precedence_over_global_json ... ok
[INFO] [stdout] test cli::tests::parse_restart ... ok
[INFO] [stdout] test commands::port::tests::parse_port_zero ... ok
[INFO] [stdout] test commands::probe::tests::health_string_mapping ... ok
[INFO] [stdout] test commands::port::tests::parse_port_no_colon ... ok
[INFO] [stdout] test commands::port::tests::parse_port_overflow ... ok
[INFO] [stdout] test commands::port::tests::parse_port_standard ... ok
[INFO] [stdout] test commands::probe::tests::own_verb_member_is_unknown ... ok
[INFO] [stdout] test commands::port::tests::parse_port_ipv6 ... ok
[INFO] [stdout] test commands::progress_ui::tests::is_tty_returns_bool ... ok
[INFO] [stdout] test commands::probe::tests::parsed_status_classifies ... ok
[INFO] [stdout] test commands::probe::tests::unparseable_health_is_down ... ok
[INFO] [stdout] test commands::probe::tests::validate_version_envelope_missing_contract ... ok
[INFO] [stdout] test commands::probe::tests::validate_version_envelope_missing_verbs ... ok
[INFO] [stdout] test commands::port::tests::format_output_default ... ok
[INFO] [stdout] test commands::stable_set::tests::select_empty_returns_all ... ok
[INFO] [stdout] test commands::stable_set::tests::daemon_flags_match_spec ... ok
[INFO] [stdout] test commands::stable_set::tests::non_daemon_has_no_strategy ... ok
[INFO] [stdout] test commands::probe::tests::validate_version_envelope_conformant ... ok
[INFO] [stdout] test commands::plist_label::tests::default_derivation ... ok
[INFO] [stdout] test commands::plist_label::tests::overrides_match_reality ... ok
[INFO] [stdout] test commands::stable_set::tests::daemons_use_launchd ... ok
[INFO] [stdout] test commands::stable_set::tests::mpm_uses_own_verb ... ok
[INFO] [stdout] test commands::stable_set::tests::select_subset_preserves_order ... ok
[INFO] [stdout] test commands::progress_ui::tests::progress_mode_json_is_plain ... ok
[INFO] [stdout] test commands::stable_set::tests::select_reports_unknown ... ok
[INFO] [stdout] test commands::stable_set::tests::stable_set_is_pinned ... ok
[INFO] [stdout] test commands::probe::tests::validate_version_envelope_zero_contract_rejected ... ok
[INFO] [stdout] test commands::stack::doctor::tests::member_ok_requires_path_and_not_down ... ok
[INFO] [stdout] test commands::stack::health::tests::exit_code_reflects_verdict ... ok
[INFO] [stdout] test commands::stack::doctor::tests::report_verdict_ok ... ok
[INFO] [stdout] test commands::stack::doctor::tests::report_serialises ... ok
[INFO] [stdout] test commands::stack::health::tests::verdict_down_is_degraded ... ok
[INFO] [stdout] test commands::stack::health::tests::verdict_not_installed_is_degraded ... ok
[INFO] [stdout] test commands::stack::health::tests::verdict_unknown_is_ready ... ok
[INFO] [stdout] test commands::ui::tests::resolve_url_from_bytes ... ok
[INFO] [stdout] test commands::status::tests::exit_code_reflects_verdict ... ok
[INFO] [stdout] test commands::up::tests::analyze_core_targets_default ... ok
[INFO] [stdout] test commands::status::tests::report_serialises ... ok
[INFO] [stdout] test commands::status::tests::unknown_health_does_not_degrade ... ok
[INFO] [stdout] test commands::up::tests::analyze_mode_flag_over_config ... ok
[INFO] [stdout] test commands::status::tests::verdict_missing_is_incomplete ... ok
[INFO] [stdout] test commands::up::tests::analyze_mode_parses ... ok
[INFO] [stdout] test commands::up::tests::claude_current_confirms_managed_path ... ok
[INFO] [stdout] test commands::up::tests::claude_non_tty_warns_never_applies ... ok
[INFO] [stdout] test commands::status::tests::verdict_down_is_degraded ... ok
[INFO] [stdout] test commands::up::tests::claude_present_policy_accepts ... ok
[INFO] [stdout] test commands::ui::tests::resolve_url_missing_port_is_none ... ok
[INFO] [stdout] test commands::up::tests::claude_skip_upgrade_accepts ... ok
[INFO] [stdout] test commands::stack::health::tests::report_serialises ... ok
[INFO] [stdout] test commands::up::tests::claude_stale_consent_upgrades ... ok
[INFO] [stdout] test cli::tests::parse_updates ... ok
[INFO] [stdout] test commands::up::tests::claude_stale_decline_keeps ... ok
[INFO] [stdout] test commands::up::tests::claude_upgrade_failure_reported ... ok
[INFO] [stdout] test commands::up::tests::console_url_parses ... ok
[INFO] [stdout] test commands::up::tests::controller_default_off ... ok
[INFO] [stdout] test commands::up::tests::default_manifest_matches_spec_table ... ok
[INFO] [stdout] test commands::up::tests::ensure_healthy_is_noop ... ok
[INFO] [stdout] test commands::up::tests::config_parses_controller ... ok
[INFO] [stdout] test commands::up::tests::ensure_missing_opt_in_guides ... ok
[INFO] [stdout] test commands::up::tests::ensure_missing_always_on_installs ... ok
[INFO] [stdout] test commands::up::tests::config_with_mpm_true ... ok
[INFO] [stdout] test commands::up::tests::ensure_start_failure_reported ... ok
[INFO] [stdout] test commands::up::tests::exit_code_clean_is_0 ... ok
[INFO] [stdout] test commands::up::tests::ensure_down_starts ... ok
[INFO] [stdout] test commands::up::tests::exit_code_console_down_is_2 ... ok
[INFO] [stdout] test commands::up::tests::exit_code_core_failure_is_1 ... ok
[INFO] [stdout] test commands::up::tests::ensure_install_failure_reported ... ok
[INFO] [stdout] test commands::up::tests::load_parses_yaml ... ok
[INFO] [stdout] test commands::up::tests::load_empty_file_is_default ... ok
[INFO] [stdout] test commands::up::tests::lock_is_exclusive ... ok
[INFO] [stdout] test commands::up::tests::orchestrator_has_claude_code_runtime ... ok
[INFO] [stdout] test commands::up::tests::exit_code_skipped_orchestrator_is_0 ... ok
[INFO] [stdout] test commands::up::tests::load_absent_is_default ... ok
[INFO] [stdout] test commands::up::tests::members_in_stage_filters ... ok
[INFO] [stdout] test commands::up::tests::analyze_targets_config_override ... ok
[INFO] [stdout] test commands::up::tests::classify_status_maps_known_values ... ok
[INFO] [stdout] test commands::up::tests::sequence_analyze_daemon_down_degrades_not_fails ... ok
[INFO] [stdout] test commands::up::tests::claude_absent_guides ... ok
[INFO] [stdout] test commands::up::tests::sequence_analyze_skip ... ok
[INFO] [stdout] test commands::stable_set::tests::tga_crate_and_binary_names ... ok
[INFO] [stdout] test commands::ui::tests::default_url_is_localhost_7788 ... ok
[INFO] [stdout] test commands::stack::doctor::tests::report_verdict_degraded ... ok
[INFO] [stdout] test commands::up::tests::sequence_core_down_skips_orchestrator_but_starts_console ... ok
[INFO] [stdout] test commands::up::tests::skip_claude_upgrade_flag_or_config ... ok
[INFO] [stdout] test commands::up::tests::tty_unset_prompts ... ok
[INFO] [stdout] test commands::up::tests::with_mpm_flag_precedence ... ok
[INFO] [stdout] test commands::update_engine::tests::decide_non_tty_needs_confirmation ... ok
[INFO] [stdout] test commands::update_engine::tests::decide_nothing_to_do ... ok
[INFO] [stdout] test commands::up::tests::sequence_optin_on_ensures_runtime ... ok
[INFO] [stdout] test commands::up::tests::sequence_optin_on_runtime_absent_degrades ... ok
[INFO] [stdout] test commands::up::tests::render_json_is_valid ... ok
[INFO] [stdout] test commands::up::tests::sequence_clean_all_ok ... ok
[INFO] [stdout] test commands::updates::tests::report_serialises ... ok
[INFO] [stdout] test commands::up::tests::sequence_console_skipped_when_no_core_healthy ... ok
[INFO] [stdout] test commands::upgrade::tests::applied_report_all_ok ... ok
[INFO] [stdout] test commands::upgrade::tests::exit_codes_per_status ... ok
[INFO] [stdout] test commands::update_engine::tests::decide_tty_no_declines ... ok
[INFO] [stdout] test commands::update_engine::tests::decide_tty_yes_applies ... ok
[INFO] [stdout] test commands::upgrade::tests::run_check_is_readonly ... ignored, performs a live crates.io probe; run with --include-ignored
[INFO] [stdout] test commands::update_engine::tests::decide_yes_applies ... ok
[INFO] [stdout] test commands::upgrade::tests::report_serialises ... ok
[INFO] [stdout] test commands::runtime::tests::with_runtime_reuses_handle ... ok
[INFO] [stdout] test commands::upgrade::tests::run_unknown_member_is_error ... ok
[INFO] [stdout] test output::tests::not_yet_implemented_serialises ... ok
[INFO] [stdout] test commands::version::tests::run_does_not_panic ... ok
[INFO] [stdout] test commands::version::tests::stack_version_non_empty ... ok
[INFO] [stdout] test commands::update_engine::tests::extract_version_from_line ... ok
[INFO] [stdout] test commands::upgrade::tests::prompt_gate_matches_apply_inputs ... ok
[INFO] [stdout] test output::tests::render_json_does_not_panic ... ok
[INFO] [stdout] test scope::tests::explicit_scope_wins ... ok
[INFO] [stdout] test cli::tests::parse_updates_latest ... ok
[INFO] [stdout] test commands::updates::tests::empty_report_count_zero ... ok
[INFO] [stdout] test scope::tests::no_git_root_gives_system ... ok
[INFO] [stdout] test commands::runtime::tests::block_on_runs_future ... ok
[INFO] [stdout] test cli::tests::parse_upgrade ... ok
[INFO] [stdout] test commands::up::tests::non_tty_defaults_off ... ok
[INFO] [stdout] test commands::up::tests::render_human_does_not_panic ... ok
[INFO] [stdout] test scope::tests::none_scope_detects ... FAILED
[INFO] [stdout] test scope::tests::git_root_gives_all ... FAILED
[INFO] [stdout] 
[INFO] [stdout] failures:
[INFO] [stdout] 
[INFO] [stdout] ---- scope::tests::none_scope_detects stdout ----
[INFO] [stdout] 
[INFO] [stdout] thread 'scope::tests::none_scope_detects' (2070) panicked at src/scope.rs:122:9:
[INFO] [stdout] assertion `left == right` failed
[INFO] [stdout]   left: System
[INFO] [stdout]  right: All
[INFO] [stdout] stack backtrace:
[INFO] [stdout]    0:     0x5c6ef694cca1 - std[617be2ca0a6fd877]::backtrace_rs::backtrace::libunwind::trace
[INFO] [stdout]                                at /rustc/e3feeb59cd1bdd011a2bfcc0747b55125d9b8527/library/std/src/../../backtrace/src/backtrace/libunwind.rs:117:9
[INFO] [stdout]    1:     0x5c6ef694cca1 - std[617be2ca0a6fd877]::backtrace_rs::backtrace::trace_unsynchronized::<std[617be2ca0a6fd877]::sys::backtrace::_print_fmt::{closure#1}>
[INFO] [stdout]                                at /rustc/e3feeb59cd1bdd011a2bfcc0747b55125d9b8527/library/std/src/../../backtrace/src/backtrace/mod.rs:66:14
[INFO] [stdout]    2:     0x5c6ef694cca1 - std[617be2ca0a6fd877]::sys::backtrace::_print_fmt
[INFO] [stdout]                                at /rustc/e3feeb59cd1bdd011a2bfcc0747b55125d9b8527/library/std/src/sys/backtrace.rs:74:9
[INFO] [stdout]    3:     0x5c6ef694cca1 - <<std[617be2ca0a6fd877]::sys::backtrace::BacktraceLock>::print::DisplayBacktrace as core[a373ad73a504971]::fmt::Display>::fmt
[INFO] [stdout]                                at /rustc/e3feeb59cd1bdd011a2bfcc0747b55125d9b8527/library/std/src/sys/backtrace.rs:44:26
[INFO] [stdout]    4:     0x5c6ef6964fda - <core[a373ad73a504971]::fmt::rt::Argument>::fmt
[INFO] [stdout]                                at /rustc/e3feeb59cd1bdd011a2bfcc0747b55125d9b8527/library/core/src/fmt/rt.rs:152:76
[INFO] [stdout]    5:     0x5c6ef6964fda - core[a373ad73a504971]::fmt::write
[INFO] [stdout]    6:     0x5c6ef695292c - core[a373ad73a504971]::io::write::default_write_fmt::<alloc[2e1b2a31b91974c5]::vec::Vec<u8>>
[INFO] [stdout]                                at /rustc/e3feeb59cd1bdd011a2bfcc0747b55125d9b8527/library/core/src/io/write.rs:402:11
[INFO] [stdout]    7:     0x5c6ef695292c - <alloc[2e1b2a31b91974c5]::vec::Vec<u8> as core[a373ad73a504971]::io::write::Write>::write_fmt
[INFO] [stdout]                                at /rustc/e3feeb59cd1bdd011a2bfcc0747b55125d9b8527/library/core/src/io/write.rs:335:13
[INFO] [stdout]    8:     0x5c6ef6925686 - <std[617be2ca0a6fd877]::sys::backtrace::BacktraceLock>::print
[INFO] [stdout]                                at /rustc/e3feeb59cd1bdd011a2bfcc0747b55125d9b8527/library/std/src/sys/backtrace.rs:47:9
[INFO] [stdout]    9:     0x5c6ef6925686 - std[617be2ca0a6fd877]::panicking::default_hook::{closure#0}
[INFO] [stdout]                                at /rustc/e3feeb59cd1bdd011a2bfcc0747b55125d9b8527/library/std/src/panicking.rs:289:27
[INFO] [stdout]   10:     0x5c6ef6943eb9 - std[617be2ca0a6fd877]::panicking::default_hook
[INFO] [stdout]                                at /rustc/e3feeb59cd1bdd011a2bfcc0747b55125d9b8527/library/std/src/panicking.rs:313:9
[INFO] [stdout]   11:     0x5c6ef62ff770 - <alloc[2e1b2a31b91974c5]::boxed::Box<dyn for<'a, 'b> core[a373ad73a504971]::ops::function::Fn<(&'a std[617be2ca0a6fd877]::panic::PanicHookInfo<'b>,), Output = ()> + core[a373ad73a504971]::marker::Sync + core[a373ad73a504971]::marker::Send> as core[a373ad73a504971]::ops::function::Fn<(&std[617be2ca0a6fd877]::panic::PanicHookInfo,)>>::call
[INFO] [stdout]                                at /rustc/e3feeb59cd1bdd011a2bfcc0747b55125d9b8527/library/alloc/src/boxed.rs:2328:9
[INFO] [stdout]   12:     0x5c6ef62ff770 - test[aada8e7e76ba119b]::test_main_inner::{closure#0}
[INFO] [stdout]                                at /rustc/e3feeb59cd1bdd011a2bfcc0747b55125d9b8527/library/test/src/lib.rs:137:21
[INFO] [stdout]   13:     0x5c6ef69441e2 - <alloc[2e1b2a31b91974c5]::boxed::Box<dyn for<'a, 'b> core[a373ad73a504971]::ops::function::Fn<(&'a std[617be2ca0a6fd877]::panic::PanicHookInfo<'b>,), Output = ()> + core[a373ad73a504971]::marker::Sync + core[a373ad73a504971]::marker::Send> as core[a373ad73a504971]::ops::function::Fn<(&std[617be2ca0a6fd877]::panic::PanicHookInfo,)>>::call
[INFO] [stdout]                                at /rustc/e3feeb59cd1bdd011a2bfcc0747b55125d9b8527/library/alloc/src/boxed.rs:2328:9
[INFO] [stdout]   14:     0x5c6ef69441e2 - std[617be2ca0a6fd877]::panicking::panic_with_hook
[INFO] [stdout]                                at /rustc/e3feeb59cd1bdd011a2bfcc0747b55125d9b8527/library/std/src/panicking.rs:819:13
[INFO] [stdout]   15:     0x5c6ef6925732 - std[617be2ca0a6fd877]::panicking::panic_handler::{closure#0}
[INFO] [stdout]                                at /rustc/e3feeb59cd1bdd011a2bfcc0747b55125d9b8527/library/std/src/panicking.rs:685:13
[INFO] [stdout]   16:     0x5c6ef691daa9 - std[617be2ca0a6fd877]::sys::backtrace::__rust_end_short_backtrace::<std[617be2ca0a6fd877]::panicking::panic_handler::{closure#0}, !>
[INFO] [stdout]                                at /rustc/e3feeb59cd1bdd011a2bfcc0747b55125d9b8527/library/std/src/sys/backtrace.rs:182:18
[INFO] [stdout]   17:     0x5c6ef69266bd - __rustc[ea4f61d10b84890b]::rust_begin_unwind
[INFO] [stdout]                                at /rustc/e3feeb59cd1bdd011a2bfcc0747b55125d9b8527/library/std/src/panicking.rs:676:5
[INFO] [stdout]   18:     0x5c6ef696582c - core[a373ad73a504971]::panicking::panic_fmt
[INFO] [stdout]                                at /rustc/e3feeb59cd1bdd011a2bfcc0747b55125d9b8527/library/core/src/panicking.rs:80:14
[INFO] [stdout]   19:     0x5c6ef6965693 - core[a373ad73a504971]::panicking::assert_failed_inner
[INFO] [stdout]                                at /rustc/e3feeb59cd1bdd011a2bfcc0747b55125d9b8527/library/core/src/panicking.rs:452:17
[INFO] [stdout]   20:     0x5c6ef6214e11 - core[a373ad73a504971]::panicking::assert_failed::<trusty_controller[4c0ed47c213661f5]::cli::ScopeArg, trusty_controller[4c0ed47c213661f5]::cli::ScopeArg>
[INFO] [stdout]                                at /rustc/e3feeb59cd1bdd011a2bfcc0747b55125d9b8527/library/core/src/panicking.rs:407:5
[INFO] [stdout]   21:     0x5c6ef620937d - trusty_controller[4c0ed47c213661f5]::scope::tests::none_scope_detects
[INFO] [stdout]                                at /opt/rustwide/workdir/src/scope.rs:122:9
[INFO] [stdout]   22:     0x5c6ef6208107 - trusty_controller[4c0ed47c213661f5]::scope::tests::none_scope_detects::{closure#0}
[INFO] [stdout]                                at /opt/rustwide/workdir/src/scope.rs:120:28
[INFO] [stdout]   23:     0x5c6ef623de96 - <trusty_controller[4c0ed47c213661f5]::scope::tests::none_scope_detects::{closure#0} as core[a373ad73a504971]::ops::function::FnOnce<()>>::call_once
[INFO] [stdout]                                at /rustc/e3feeb59cd1bdd011a2bfcc0747b55125d9b8527/library/core/src/ops/function.rs:250:5
[INFO] [stdout]   24:     0x5c6ef62f2bbb - <fn() -> core[a373ad73a504971]::result::Result<(), alloc[2e1b2a31b91974c5]::string::String> as core[a373ad73a504971]::ops::function::FnOnce<()>>::call_once
[INFO] [stdout]                                at /rustc/e3feeb59cd1bdd011a2bfcc0747b55125d9b8527/library/core/src/ops/function.rs:250:5
[INFO] [stderr] error: test failed, to rerun pass `--lib`
[INFO] [stdout]   25:     0x5c6ef62f2bbb - test[aada8e7e76ba119b]::__rust_begin_short_backtrace::<core[a373ad73a504971]::result::Result<(), alloc[2e1b2a31b91974c5]::string::String>, fn() -> core[a373ad73a504971]::result::Result<(), alloc[2e1b2a31b91974c5]::string::String>>
[INFO] [stdout]                                at /rustc/e3feeb59cd1bdd011a2bfcc0747b55125d9b8527/library/test/src/lib.rs:701:18
[INFO] [stdout]   26:     0x5c6ef62ffd95 - test[aada8e7e76ba119b]::run_test_in_process::{closure#0}
[INFO] [stdout]                                at /rustc/e3feeb59cd1bdd011a2bfcc0747b55125d9b8527/library/test/src/lib.rs:724:74
[INFO] [stdout]   27:     0x5c6ef62ffd95 - <core[a373ad73a504971]::panic::unwind_safe::AssertUnwindSafe<test[aada8e7e76ba119b]::run_test_in_process::{closure#0}> as core[a373ad73a504971]::ops::function::FnOnce<()>>::call_once
[INFO] [stdout]                                at /rustc/e3feeb59cd1bdd011a2bfcc0747b55125d9b8527/library/core/src/panic/unwind_safe.rs:275:9
[INFO] [stdout]   28:     0x5c6ef62ffd95 - std[617be2ca0a6fd877]::panicking::catch_unwind::do_call::<core[a373ad73a504971]::panic::unwind_safe::AssertUnwindSafe<test[aada8e7e76ba119b]::run_test_in_process::{closure#0}>, core[a373ad73a504971]::result::Result<(), alloc[2e1b2a31b91974c5]::string::String>>
[INFO] [stdout]                                at /rustc/e3feeb59cd1bdd011a2bfcc0747b55125d9b8527/library/std/src/panicking.rs:573:43
[INFO] [stdout]   29:     0x5c6ef62ffd95 - std[617be2ca0a6fd877]::panicking::catch_unwind::<core[a373ad73a504971]::result::Result<(), alloc[2e1b2a31b91974c5]::string::String>, core[a373ad73a504971]::panic::unwind_safe::AssertUnwindSafe<test[aada8e7e76ba119b]::run_test_in_process::{closure#0}>>
[INFO] [stdout]                                at /rustc/e3feeb59cd1bdd011a2bfcc0747b55125d9b8527/library/std/src/panicking.rs:541:19
[INFO] [stdout]   30:     0x5c6ef62ffd95 - std[617be2ca0a6fd877]::panic::catch_unwind::<core[a373ad73a504971]::panic::unwind_safe::AssertUnwindSafe<test[aada8e7e76ba119b]::run_test_in_process::{closure#0}>, core[a373ad73a504971]::result::Result<(), alloc[2e1b2a31b91974c5]::string::String>>
[INFO] [stdout]                                at /rustc/e3feeb59cd1bdd011a2bfcc0747b55125d9b8527/library/std/src/panic.rs:359:14
[INFO] [stdout]   31:     0x5c6ef62ffd95 - test[aada8e7e76ba119b]::run_test_in_process
[INFO] [stdout]                                at /rustc/e3feeb59cd1bdd011a2bfcc0747b55125d9b8527/library/test/src/lib.rs:724:27
[INFO] [stdout]   32:     0x5c6ef62ffd95 - test[aada8e7e76ba119b]::run_test::{closure#0}
[INFO] [stdout]                                at /rustc/e3feeb59cd1bdd011a2bfcc0747b55125d9b8527/library/test/src/lib.rs:645:43
[INFO] [stdout]   33:     0x5c6ef62f9684 - test[aada8e7e76ba119b]::run_test::{closure#1}
[INFO] [stdout]                                at /rustc/e3feeb59cd1bdd011a2bfcc0747b55125d9b8527/library/test/src/lib.rs:675:41
[INFO] [stdout]   34:     0x5c6ef62f9684 - std[617be2ca0a6fd877]::sys::backtrace::__rust_begin_short_backtrace::<test[aada8e7e76ba119b]::run_test::{closure#1}, ()>
[INFO] [stdout]                                at /rustc/e3feeb59cd1bdd011a2bfcc0747b55125d9b8527/library/std/src/sys/backtrace.rs:166:18
[INFO] [stdout]   35:     0x5c6ef6302e22 - std[617be2ca0a6fd877]::thread::lifecycle::spawn_unchecked::<test[aada8e7e76ba119b]::run_test::{closure#1}, ()>::{closure#1}::{closure#0}
[INFO] [stdout]                                at /rustc/e3feeb59cd1bdd011a2bfcc0747b55125d9b8527/library/std/src/thread/lifecycle.rs:70:13
[INFO] [stdout]   36:     0x5c6ef6302e22 - <core[a373ad73a504971]::panic::unwind_safe::AssertUnwindSafe<std[617be2ca0a6fd877]::thread::lifecycle::spawn_unchecked<test[aada8e7e76ba119b]::run_test::{closure#1}, ()>::{closure#1}::{closure#0}> as core[a373ad73a504971]::ops::function::FnOnce<()>>::call_once
[INFO] [stdout]                                at /rustc/e3feeb59cd1bdd011a2bfcc0747b55125d9b8527/library/core/src/panic/unwind_safe.rs:275:9
[INFO] [stdout]   37:     0x5c6ef6302e22 - std[617be2ca0a6fd877]::panicking::catch_unwind::do_call::<core[a373ad73a504971]::panic::unwind_safe::AssertUnwindSafe<std[617be2ca0a6fd877]::thread::lifecycle::spawn_unchecked<test[aada8e7e76ba119b]::run_test::{closure#1}, ()>::{closure#1}::{closure#0}>, ()>
[INFO] [stdout]                                at /rustc/e3feeb59cd1bdd011a2bfcc0747b55125d9b8527/library/std/src/panicking.rs:573:43
[INFO] [stdout]   38:     0x5c6ef6302e22 - std[617be2ca0a6fd877]::panicking::catch_unwind::<(), core[a373ad73a504971]::panic::unwind_safe::AssertUnwindSafe<std[617be2ca0a6fd877]::thread::lifecycle::spawn_unchecked<test[aada8e7e76ba119b]::run_test::{closure#1}, ()>::{closure#1}::{closure#0}>>
[INFO] [stdout]                                at /rustc/e3feeb59cd1bdd011a2bfcc0747b55125d9b8527/library/std/src/panicking.rs:541:19
[INFO] [stdout]   39:     0x5c6ef6302e22 - std[617be2ca0a6fd877]::panic::catch_unwind::<core[a373ad73a504971]::panic::unwind_safe::AssertUnwindSafe<std[617be2ca0a6fd877]::thread::lifecycle::spawn_unchecked<test[aada8e7e76ba119b]::run_test::{closure#1}, ()>::{closure#1}::{closure#0}>, ()>
[INFO] [stdout]                                at /rustc/e3feeb59cd1bdd011a2bfcc0747b55125d9b8527/library/std/src/panic.rs:359:14
[INFO] [stdout]   40:     0x5c6ef6302e22 - std[617be2ca0a6fd877]::thread::lifecycle::spawn_unchecked::<test[aada8e7e76ba119b]::run_test::{closure#1}, ()>::{closure#1}
[INFO] [stdout]                                at /rustc/e3feeb59cd1bdd011a2bfcc0747b55125d9b8527/library/std/src/thread/lifecycle.rs:68:26
[INFO] [stdout]   41:     0x5c6ef6302e22 - <std[617be2ca0a6fd877]::thread::lifecycle::spawn_unchecked<test[aada8e7e76ba119b]::run_test::{closure#1}, ()>::{closure#1} as core[a373ad73a504971]::ops::function::FnOnce<()>>::call_once::{shim:vtable#0}
[INFO] [stdout]                                at /rustc/e3feeb59cd1bdd011a2bfcc0747b55125d9b8527/library/core/src/ops/function.rs:250:5
[INFO] [stdout]   42:     0x5c6ef694bc0f - <alloc[2e1b2a31b91974c5]::boxed::Box<dyn core[a373ad73a504971]::ops::function::FnOnce<(), Output = ()> + core[a373ad73a504971]::marker::Send> as core[a373ad73a504971]::ops::function::FnOnce<()>>::call_once
[INFO] [stdout]                                at /rustc/e3feeb59cd1bdd011a2bfcc0747b55125d9b8527/library/alloc/src/boxed.rs:2314:9
[INFO] [stdout]   43:     0x5c6ef694bc0f - <std[617be2ca0a6fd877]::sys::thread::unix::Thread>::new::thread_start
[INFO] [stdout]                                at /rustc/e3feeb59cd1bdd011a2bfcc0747b55125d9b8527/library/std/src/sys/thread/unix.rs:127:17
[INFO] [stdout]   44:     0x769a6d65bdfa - <unknown>
[INFO] [stdout]   45:     0x769a6d6ef3d4 - clone
[INFO] [stdout]   46:                0x0 - <unknown>
[INFO] [stdout] 
[INFO] [stdout] ---- scope::tests::git_root_gives_all stdout ----
[INFO] [stdout] 
[INFO] [stdout] thread 'scope::tests::git_root_gives_all' (2068) panicked at src/scope.rs:93:9:
[INFO] [stdout] assertion `left == right` failed
[INFO] [stdout]   left: System
[INFO] [stdout]  right: All
[INFO] [stdout] stack backtrace:
[INFO] [stdout]    0:     0x5c6ef694cca1 - std[617be2ca0a6fd877]::backtrace_rs::backtrace::libunwind::trace
[INFO] [stdout]                                at /rustc/e3feeb59cd1bdd011a2bfcc0747b55125d9b8527/library/std/src/../../backtrace/src/backtrace/libunwind.rs:117:9
[INFO] [stdout]    1:     0x5c6ef694cca1 - std[617be2ca0a6fd877]::backtrace_rs::backtrace::trace_unsynchronized::<std[617be2ca0a6fd877]::sys::backtrace::_print_fmt::{closure#1}>
[INFO] [stdout]                                at /rustc/e3feeb59cd1bdd011a2bfcc0747b55125d9b8527/library/std/src/../../backtrace/src/backtrace/mod.rs:66:14
[INFO] [stdout]    2:     0x5c6ef694cca1 - std[617be2ca0a6fd877]::sys::backtrace::_print_fmt
[INFO] [stdout]                                at /rustc/e3feeb59cd1bdd011a2bfcc0747b55125d9b8527/library/std/src/sys/backtrace.rs:74:9
[INFO] [stdout]    3:     0x5c6ef694cca1 - <<std[617be2ca0a6fd877]::sys::backtrace::BacktraceLock>::print::DisplayBacktrace as core[a373ad73a504971]::fmt::Display>::fmt
[INFO] [stdout]                                at /rustc/e3feeb59cd1bdd011a2bfcc0747b55125d9b8527/library/std/src/sys/backtrace.rs:44:26
[INFO] [stdout]    4:     0x5c6ef6964fda - <core[a373ad73a504971]::fmt::rt::Argument>::fmt
[INFO] [stdout]                                at /rustc/e3feeb59cd1bdd011a2bfcc0747b55125d9b8527/library/core/src/fmt/rt.rs:152:76
[INFO] [stdout]    5:     0x5c6ef6964fda - core[a373ad73a504971]::fmt::write
[INFO] [stdout]    6:     0x5c6ef695292c - core[a373ad73a504971]::io::write::default_write_fmt::<alloc[2e1b2a31b91974c5]::vec::Vec<u8>>
[INFO] [stdout]                                at /rustc/e3feeb59cd1bdd011a2bfcc0747b55125d9b8527/library/core/src/io/write.rs:402:11
[INFO] [stdout]    7:     0x5c6ef695292c - <alloc[2e1b2a31b91974c5]::vec::Vec<u8> as core[a373ad73a504971]::io::write::Write>::write_fmt
[INFO] [stdout]                                at /rustc/e3feeb59cd1bdd011a2bfcc0747b55125d9b8527/library/core/src/io/write.rs:335:13
[INFO] [stdout]    8:     0x5c6ef6925686 - <std[617be2ca0a6fd877]::sys::backtrace::BacktraceLock>::print
[INFO] [stdout]                                at /rustc/e3feeb59cd1bdd011a2bfcc0747b55125d9b8527/library/std/src/sys/backtrace.rs:47:9
[INFO] [stdout]    9:     0x5c6ef6925686 - std[617be2ca0a6fd877]::panicking::default_hook::{closure#0}
[INFO] [stdout]                                at /rustc/e3feeb59cd1bdd011a2bfcc0747b55125d9b8527/library/std/src/panicking.rs:289:27
[INFO] [stdout]   10:     0x5c6ef6943eb9 - std[617be2ca0a6fd877]::panicking::default_hook
[INFO] [stdout]                                at /rustc/e3feeb59cd1bdd011a2bfcc0747b55125d9b8527/library/std/src/panicking.rs:313:9
[INFO] [stdout]   11:     0x5c6ef62ff770 - <alloc[2e1b2a31b91974c5]::boxed::Box<dyn for<'a, 'b> core[a373ad73a504971]::ops::function::Fn<(&'a std[617be2ca0a6fd877]::panic::PanicHookInfo<'b>,), Output = ()> + core[a373ad73a504971]::marker::Sync + core[a373ad73a504971]::marker::Send> as core[a373ad73a504971]::ops::function::Fn<(&std[617be2ca0a6fd877]::panic::PanicHookInfo,)>>::call
[INFO] [stdout]                                at /rustc/e3feeb59cd1bdd011a2bfcc0747b55125d9b8527/library/alloc/src/boxed.rs:2328:9
[INFO] [stdout]   12:     0x5c6ef62ff770 - test[aada8e7e76ba119b]::test_main_inner::{closure#0}
[INFO] [stdout]                                at /rustc/e3feeb59cd1bdd011a2bfcc0747b55125d9b8527/library/test/src/lib.rs:137:21
[INFO] [stdout]   13:     0x5c6ef69441e2 - <alloc[2e1b2a31b91974c5]::boxed::Box<dyn for<'a, 'b> core[a373ad73a504971]::ops::function::Fn<(&'a std[617be2ca0a6fd877]::panic::PanicHookInfo<'b>,), Output = ()> + core[a373ad73a504971]::marker::Sync + core[a373ad73a504971]::marker::Send> as core[a373ad73a504971]::ops::function::Fn<(&std[617be2ca0a6fd877]::panic::PanicHookInfo,)>>::call
[INFO] [stdout]                                at /rustc/e3feeb59cd1bdd011a2bfcc0747b55125d9b8527/library/alloc/src/boxed.rs:2328:9
[INFO] [stdout]   14:     0x5c6ef69441e2 - std[617be2ca0a6fd877]::panicking::panic_with_hook
[INFO] [stdout]                                at /rustc/e3feeb59cd1bdd011a2bfcc0747b55125d9b8527/library/std/src/panicking.rs:819:13
[INFO] [stdout]   15:     0x5c6ef6925732 - std[617be2ca0a6fd877]::panicking::panic_handler::{closure#0}
[INFO] [stdout]                                at /rustc/e3feeb59cd1bdd011a2bfcc0747b55125d9b8527/library/std/src/panicking.rs:685:13
[INFO] [stdout]   16:     0x5c6ef691daa9 - std[617be2ca0a6fd877]::sys::backtrace::__rust_end_short_backtrace::<std[617be2ca0a6fd877]::panicking::panic_handler::{closure#0}, !>
[INFO] [stdout]                                at /rustc/e3feeb59cd1bdd011a2bfcc0747b55125d9b8527/library/std/src/sys/backtrace.rs:182:18
[INFO] [stdout]   17:     0x5c6ef69266bd - __rustc[ea4f61d10b84890b]::rust_begin_unwind
[INFO] [stdout]                                at /rustc/e3feeb59cd1bdd011a2bfcc0747b55125d9b8527/library/std/src/panicking.rs:676:5
[INFO] [stdout]   18:     0x5c6ef696582c - core[a373ad73a504971]::panicking::panic_fmt
[INFO] [stdout]                                at /rustc/e3feeb59cd1bdd011a2bfcc0747b55125d9b8527/library/core/src/panicking.rs:80:14
[INFO] [stdout]   19:     0x5c6ef6965693 - core[a373ad73a504971]::panicking::assert_failed_inner
[INFO] [stdout]                                at /rustc/e3feeb59cd1bdd011a2bfcc0747b55125d9b8527/library/core/src/panicking.rs:452:17
[INFO] [stdout]   20:     0x5c6ef6214e11 - core[a373ad73a504971]::panicking::assert_failed::<trusty_controller[4c0ed47c213661f5]::cli::ScopeArg, trusty_controller[4c0ed47c213661f5]::cli::ScopeArg>
[INFO] [stdout]                                at /rustc/e3feeb59cd1bdd011a2bfcc0747b55125d9b8527/library/core/src/panicking.rs:407:5
[INFO] [stdout]   21:     0x5c6ef6209285 - trusty_controller[4c0ed47c213661f5]::scope::tests::git_root_gives_all
[INFO] [stdout]                                at /opt/rustwide/workdir/src/scope.rs:93:9
[INFO] [stdout]   22:     0x5c6ef62080d7 - trusty_controller[4c0ed47c213661f5]::scope::tests::git_root_gives_all::{closure#0}
[INFO] [stdout]                                at /opt/rustwide/workdir/src/scope.rs:90:28
[INFO] [stdout]   23:     0x5c6ef623de76 - <trusty_controller[4c0ed47c213661f5]::scope::tests::git_root_gives_all::{closure#0} as core[a373ad73a504971]::ops::function::FnOnce<()>>::call_once
[INFO] [stdout]                                at /rustc/e3feeb59cd1bdd011a2bfcc0747b55125d9b8527/library/core/src/ops/function.rs:250:5
[INFO] [stdout]   24:     0x5c6ef62f2bbb - <fn() -> core[a373ad73a504971]::result::Result<(), alloc[2e1b2a31b91974c5]::string::String> as core[a373ad73a504971]::ops::function::FnOnce<()>>::call_once
[INFO] [stdout]                                at /rustc/e3feeb59cd1bdd011a2bfcc0747b55125d9b8527/library/core/src/ops/function.rs:250:5
[INFO] [stdout]   25:     0x5c6ef62f2bbb - test[aada8e7e76ba119b]::__rust_begin_short_backtrace::<core[a373ad73a504971]::result::Result<(), alloc[2e1b2a31b91974c5]::string::String>, fn() -> core[a373ad73a504971]::result::Result<(), alloc[2e1b2a31b91974c5]::string::String>>
[INFO] [stdout]                                at /rustc/e3feeb59cd1bdd011a2bfcc0747b55125d9b8527/library/test/src/lib.rs:701:18
[INFO] [stdout]   26:     0x5c6ef62ffd95 - test[aada8e7e76ba119b]::run_test_in_process::{closure#0}
[INFO] [stdout]                                at /rustc/e3feeb59cd1bdd011a2bfcc0747b55125d9b8527/library/test/src/lib.rs:724:74
[INFO] [stdout]   27:     0x5c6ef62ffd95 - <core[a373ad73a504971]::panic::unwind_safe::AssertUnwindSafe<test[aada8e7e76ba119b]::run_test_in_process::{closure#0}> as core[a373ad73a504971]::ops::function::FnOnce<()>>::call_once
[INFO] [stdout]                                at /rustc/e3feeb59cd1bdd011a2bfcc0747b55125d9b8527/library/core/src/panic/unwind_safe.rs:275:9
[INFO] [stdout]   28:     0x5c6ef62ffd95 - std[617be2ca0a6fd877]::panicking::catch_unwind::do_call::<core[a373ad73a504971]::panic::unwind_safe::AssertUnwindSafe<test[aada8e7e76ba119b]::run_test_in_process::{closure#0}>, core[a373ad73a504971]::result::Result<(), alloc[2e1b2a31b91974c5]::string::String>>
[INFO] [stdout]                                at /rustc/e3feeb59cd1bdd011a2bfcc0747b55125d9b8527/library/std/src/panicking.rs:573:43
[INFO] [stdout]   29:     0x5c6ef62ffd95 - std[617be2ca0a6fd877]::panicking::catch_unwind::<core[a373ad73a504971]::result::Result<(), alloc[2e1b2a31b91974c5]::string::String>, core[a373ad73a504971]::panic::unwind_safe::AssertUnwindSafe<test[aada8e7e76ba119b]::run_test_in_process::{closure#0}>>
[INFO] [stdout]                                at /rustc/e3feeb59cd1bdd011a2bfcc0747b55125d9b8527/library/std/src/panicking.rs:541:19
[INFO] [stdout]   30:     0x5c6ef62ffd95 - std[617be2ca0a6fd877]::panic::catch_unwind::<core[a373ad73a504971]::panic::unwind_safe::AssertUnwindSafe<test[aada8e7e76ba119b]::run_test_in_process::{closure#0}>, core[a373ad73a504971]::result::Result<(), alloc[2e1b2a31b91974c5]::string::String>>
[INFO] [stdout]                                at /rustc/e3feeb59cd1bdd011a2bfcc0747b55125d9b8527/library/std/src/panic.rs:359:14
[INFO] [stdout]   31:     0x5c6ef62ffd95 - test[aada8e7e76ba119b]::run_test_in_process
[INFO] [stdout]                                at /rustc/e3feeb59cd1bdd011a2bfcc0747b55125d9b8527/library/test/src/lib.rs:724:27
[INFO] [stdout]   32:     0x5c6ef62ffd95 - test[aada8e7e76ba119b]::run_test::{closure#0}
[INFO] [stdout]                                at /rustc/e3feeb59cd1bdd011a2bfcc0747b55125d9b8527/library/test/src/lib.rs:645:43
[INFO] [stdout]   33:     0x5c6ef62f9684 - test[aada8e7e76ba119b]::run_test::{closure#1}
[INFO] [stdout]                                at /rustc/e3feeb59cd1bdd011a2bfcc0747b55125d9b8527/library/test/src/lib.rs:675:41
[INFO] [stdout]   34:     0x5c6ef62f9684 - std[617be2ca0a6fd877]::sys::backtrace::__rust_begin_short_backtrace::<test[aada8e7e76ba119b]::run_test::{closure#1}, ()>
[INFO] [stdout]                                at /rustc/e3feeb59cd1bdd011a2bfcc0747b55125d9b8527/library/std/src/sys/backtrace.rs:166:18
[INFO] [stdout]   35:     0x5c6ef6302e22 - std[617be2ca0a6fd877]::thread::lifecycle::spawn_unchecked::<test[aada8e7e76ba119b]::run_test::{closure#1}, ()>::{closure#1}::{closure#0}
[INFO] [stdout]                                at /rustc/e3feeb59cd1bdd011a2bfcc0747b55125d9b8527/library/std/src/thread/lifecycle.rs:70:13
[INFO] [stdout]   36:     0x5c6ef6302e22 - <core[a373ad73a504971]::panic::unwind_safe::AssertUnwindSafe<std[617be2ca0a6fd877]::thread::lifecycle::spawn_unchecked<test[aada8e7e76ba119b]::run_test::{closure#1}, ()>::{closure#1}::{closure#0}> as core[a373ad73a504971]::ops::function::FnOnce<()>>::call_once
[INFO] [stdout]                                at /rustc/e3feeb59cd1bdd011a2bfcc0747b55125d9b8527/library/core/src/panic/unwind_safe.rs:275:9
[INFO] [stdout]   37:     0x5c6ef6302e22 - std[617be2ca0a6fd877]::panicking::catch_unwind::do_call::<core[a373ad73a504971]::panic::unwind_safe::AssertUnwindSafe<std[617be2ca0a6fd877]::thread::lifecycle::spawn_unchecked<test[aada8e7e76ba119b]::run_test::{closure#1}, ()>::{closure#1}::{closure#0}>, ()>
[INFO] [stdout]                                at /rustc/e3feeb59cd1bdd011a2bfcc0747b55125d9b8527/library/std/src/panicking.rs:573:43
[INFO] [stdout]   38:     0x5c6ef6302e22 - std[617be2ca0a6fd877]::panicking::catch_unwind::<(), core[a373ad73a504971]::panic::unwind_safe::AssertUnwindSafe<std[617be2ca0a6fd877]::thread::lifecycle::spawn_unchecked<test[aada8e7e76ba119b]::run_test::{closure#1}, ()>::{closure#1}::{closure#0}>>
[INFO] [stdout]                                at /rustc/e3feeb59cd1bdd011a2bfcc0747b55125d9b8527/library/std/src/panicking.rs:541:19
[INFO] [stdout]   39:     0x5c6ef6302e22 - std[617be2ca0a6fd877]::panic::catch_unwind::<core[a373ad73a504971]::panic::unwind_safe::AssertUnwindSafe<std[617be2ca0a6fd877]::thread::lifecycle::spawn_unchecked<test[aada8e7e76ba119b]::run_test::{closure#1}, ()>::{closure#1}::{closure#0}>, ()>
[INFO] [stdout]                                at /rustc/e3feeb59cd1bdd011a2bfcc0747b55125d9b8527/library/std/src/panic.rs:359:14
[INFO] [stdout]   40:     0x5c6ef6302e22 - std[617be2ca0a6fd877]::thread::lifecycle::spawn_unchecked::<test[aada8e7e76ba119b]::run_test::{closure#1}, ()>::{closure#1}
[INFO] [stdout]                                at /rustc/e3feeb59cd1bdd011a2bfcc0747b55125d9b8527/library/std/src/thread/lifecycle.rs:68:26
[INFO] [stdout]   41:     0x5c6ef6302e22 - <std[617be2ca0a6fd877]::thread::lifecycle::spawn_unchecked<test[aada8e7e76ba119b]::run_test::{closure#1}, ()>::{closure#1} as core[a373ad73a504971]::ops::function::FnOnce<()>>::call_once::{shim:vtable#0}
[INFO] [stdout]                                at /rustc/e3feeb59cd1bdd011a2bfcc0747b55125d9b8527/library/core/src/ops/function.rs:250:5
[INFO] [stdout]   42:     0x5c6ef694bc0f - <alloc[2e1b2a31b91974c5]::boxed::Box<dyn core[a373ad73a504971]::ops::function::FnOnce<(), Output = ()> + core[a373ad73a504971]::marker::Send> as core[a373ad73a504971]::ops::function::FnOnce<()>>::call_once
[INFO] [stdout]                                at /rustc/e3feeb59cd1bdd011a2bfcc0747b55125d9b8527/library/alloc/src/boxed.rs:2314:9
[INFO] [stdout]   43:     0x5c6ef694bc0f - <std[617be2ca0a6fd877]::sys::thread::unix::Thread>::new::thread_start
[INFO] [stdout]                                at /rustc/e3feeb59cd1bdd011a2bfcc0747b55125d9b8527/library/std/src/sys/thread/unix.rs:127:17
[INFO] [stdout]   44:     0x769a6d65bdfa - <unknown>
[INFO] [stdout]   45:     0x769a6d6ef3d4 - clone
[INFO] [stdout]   46:                0x0 - <unknown>
[INFO] [stdout] 
[INFO] [stdout] 
[INFO] [stdout] failures:
[INFO] [stdout]     scope::tests::git_root_gives_all
[INFO] [stdout]     scope::tests::none_scope_detects
[INFO] [stdout] 
[INFO] [stdout] test result: FAILED. 181 passed; 2 failed; 1 ignored; 0 measured; 0 filtered out; finished in 0.14s
[INFO] [stdout] 
[INFO] running `Command { std: "docker" "inspect" "3e449b68efd1235bdc3034cdc4e9273a19db04d9bec85587b98b2ac522f08fdf", kill_on_drop: false }`
[INFO] running `Command { std: "docker" "rm" "-f" "3e449b68efd1235bdc3034cdc4e9273a19db04d9bec85587b98b2ac522f08fdf", kill_on_drop: false }`
[INFO] [stdout] 3e449b68efd1235bdc3034cdc4e9273a19db04d9bec85587b98b2ac522f08fdf
