[INFO] fetching crate tritium-nn 1.1.0-rc.2...
[INFO] testing tritium-nn-1.1.0-rc.2 against 1.99.0-beta.8 for beta-1.100-2
[INFO] extracting crate tritium-nn 1.1.0-rc.2 into /workspace/builds/worker-0-tc1/source
[INFO] started tweaking crates.io crate tritium-nn 1.1.0-rc.2
[INFO] removed 0 missing examples
[INFO] removed 0 missing tests
[INFO] finished tweaking crates.io crate tritium-nn 1.1.0-rc.2
[INFO] tweaked toml for crates.io crate tritium-nn 1.1.0-rc.2 written to /workspace/builds/worker-0-tc1/source/Cargo.toml
[INFO] validating manifest of crates.io crate tritium-nn 1.1.0-rc.2 on toolchain 1.99.0-beta.8
[INFO] running `Command { std: CARGO_HOME="/workspace/cargo-home" RUSTUP_HOME="/workspace/rustup-home" "/workspace/cargo-home/bin/cargo" "+1.99.0-beta.8" "metadata" "--manifest-path" "Cargo.toml" "--no-deps", kill_on_drop: false }`
[INFO] crate crates.io crate tritium-nn 1.1.0-rc.2 already has a lockfile, it will not be regenerated
[INFO] running `Command { std: CARGO_HOME="/workspace/cargo-home" RUSTUP_HOME="/workspace/rustup-home" "/workspace/cargo-home/bin/cargo" "+1.99.0-beta.8" "fetch" "--manifest-path" "Cargo.toml", kill_on_drop: false }`
[INFO] [stderr]     Updating crates.io index
[INFO] [stderr]  Downloading crates ...
[INFO] [stderr]   Downloaded tritium-core v1.1.0-rc.2
[INFO] [stderr]   Downloaded tritium-build-info v1.1.0-rc.2
[INFO] [stderr]   Downloaded linkme-impl v0.3.37
[INFO] [stderr]   Downloaded tritium-runtime v1.1.0-rc.2
[INFO] [stderr]   Downloaded linkme v0.3.37
[INFO] [stderr]   Downloaded tritium-cpu v1.1.0-rc.2
[INFO] [stderr]   Downloaded tritium-spec v1.1.0-rc.2
[INFO] [stderr]   Downloaded blake3 v1.8.7
[INFO] [stderr]   Downloaded tritium-train v1.1.0-rc.2
[INFO] [stderr]   Downloaded tritium-format v1.1.0-rc.2
[INFO] [stderr]   Downloaded tritium-quantize v1.1.0-rc.2
[INFO] [stderr]   Downloaded tritium-cuda v1.1.0-rc.2
[INFO] [stderr]   Downloaded cudarc v0.19.9
[INFO] [stderr]   Downloaded tritium-testkit v1.1.0-rc.2
[INFO] running `Command { std: "docker" "create" "-v" "/var/lib/crater-agent-workspace/builds/worker-0-tc1/source:/opt/rustwide/workdir:ro,Z" "-v" "/var/lib/crater-agent-workspace/builds/worker-0-tc1/target:/opt/rustwide/target:rw,Z" "-v" "/var/lib/crater-agent-workspace/cargo-home:/opt/rustwide/cargo-home:ro,Z" "-v" "/var/lib/crater-agent-workspace/rustup-home:/opt/rustwide/rustup-home:ro,Z" "-m" "1610612736" "--network" "none" "ghcr.io/rust-lang/crates-build-env/linux@sha256:3111399a4047eeb3a02b7a90e478d715f38a8c6669b5c4b49d30a17385265909" "sleep" "infinity", kill_on_drop: false }`
[INFO] [stdout] be0e1c9b02a39b5a6823fb904ec3b311b4fb0bb44650fa55321662598caf6dfa
[INFO] running `Command { std: "docker" "start" "be0e1c9b02a39b5a6823fb904ec3b311b4fb0bb44650fa55321662598caf6dfa", kill_on_drop: false }`
[INFO] running `Command { std: "docker" "inspect" "be0e1c9b02a39b5a6823fb904ec3b311b4fb0bb44650fa55321662598caf6dfa", kill_on_drop: false }`
[INFO] running `Command { std: "docker" "exec" "-e" "SOURCE_DIR=/opt/rustwide/workdir" "-e" "CARGO_HOME=/opt/rustwide/cargo-home" "-e" "RUSTUP_HOME=/opt/rustwide/rustup-home" "-e" "CARGO_TARGET_DIR=/opt/rustwide/target" "-w" "/opt/rustwide/workdir" "--user" "0:0" "be0e1c9b02a39b5a6823fb904ec3b311b4fb0bb44650fa55321662598caf6dfa" "/opt/rustwide/cargo-home/bin/cargo" "+1.99.0-beta.8" "metadata" "--no-deps" "--format-version=1", kill_on_drop: false }`
[INFO] running `Command { std: "docker" "inspect" "be0e1c9b02a39b5a6823fb904ec3b311b4fb0bb44650fa55321662598caf6dfa", kill_on_drop: false }`
[INFO] running `Command { std: "docker" "exec" "-e" "SOURCE_DIR=/opt/rustwide/workdir" "-e" "CARGO_HOME=/opt/rustwide/cargo-home" "-e" "RUSTUP_HOME=/opt/rustwide/rustup-home" "-e" "CARGO_TARGET_DIR=/opt/rustwide/target" "-e" "CARGO_INCREMENTAL=0" "-e" "RUST_BACKTRACE=full" "-e" "RUSTFLAGS=--cap-lints=warn" "-e" "RUSTDOCFLAGS=--cap-lints=warn" "-w" "/opt/rustwide/workdir" "--user" "0:0" "be0e1c9b02a39b5a6823fb904ec3b311b4fb0bb44650fa55321662598caf6dfa" "/opt/rustwide/cargo-home/bin/cargo" "+1.99.0-beta.8" "build" "--frozen" "--message-format=json", kill_on_drop: false }`
[INFO] [stderr]    Compiling proc-macro2 v1.0.107
[INFO] [stderr]    Compiling find-msvc-tools v0.1.11
[INFO] [stderr]    Compiling constant_time_eq v0.4.2
[INFO] [stderr]    Compiling crossbeam-utils v0.8.22
[INFO] [stderr]    Compiling zerocopy v0.8.56
[INFO] [stderr]    Compiling crossbeam-epoch v0.9.20
[INFO] [stderr]    Compiling crossbeam-deque v0.8.7
[INFO] [stderr]    Compiling linkme-impl v0.3.37
[INFO] [stderr]    Compiling rayon-core v1.13.0
[INFO] [stderr]    Compiling linkme v0.3.37
[INFO] [stderr]    Compiling bytemuck v1.25.2
[INFO] [stderr]    Compiling either v1.18.0
[INFO] [stderr]    Compiling cc v1.4.4
[INFO] [stderr]    Compiling quote v1.0.47
[INFO] [stderr]    Compiling syn v3.0.4
[INFO] [stderr]    Compiling syn v2.0.119
[INFO] [stderr]    Compiling blake3 v1.8.7
[INFO] [stderr]    Compiling rayon v1.12.0
[INFO] [stderr]    Compiling serde_derive v1.0.229
[INFO] [stderr]    Compiling tritium-build-info v1.1.0-rc.2
[INFO] [stderr]    Compiling tritium-train v1.1.0-rc.2
[INFO] [stderr]    Compiling zerocopy-derive v0.8.56
[INFO] [stderr]    Compiling serde v1.0.229
[INFO] [stderr]    Compiling tritium-core v1.1.0-rc.2
[INFO] [stderr]    Compiling tritium-spec v1.1.0-rc.2
[INFO] [stderr]    Compiling tritium-runtime v1.1.0-rc.2
[INFO] [stderr]    Compiling half v2.7.1
[INFO] [stderr]    Compiling tritium-format v1.1.0-rc.2
[INFO] [stderr]    Compiling tritium-testkit v1.1.0-rc.2
[INFO] [stderr]    Compiling tritium-nn v1.1.0-rc.2 (/opt/rustwide/workdir)
[INFO] [stderr]     Finished `dev` profile [unoptimized + debuginfo] target(s) in 30.58s
[INFO] running `Command { std: "docker" "inspect" "be0e1c9b02a39b5a6823fb904ec3b311b4fb0bb44650fa55321662598caf6dfa", kill_on_drop: false }`
[INFO] running `Command { std: "docker" "exec" "-e" "SOURCE_DIR=/opt/rustwide/workdir" "-e" "CARGO_HOME=/opt/rustwide/cargo-home" "-e" "RUSTUP_HOME=/opt/rustwide/rustup-home" "-e" "CARGO_TARGET_DIR=/opt/rustwide/target" "-e" "CARGO_INCREMENTAL=0" "-e" "RUST_BACKTRACE=full" "-e" "RUSTFLAGS=--cap-lints=warn" "-e" "RUSTDOCFLAGS=--cap-lints=warn" "-w" "/opt/rustwide/workdir" "--user" "0:0" "be0e1c9b02a39b5a6823fb904ec3b311b4fb0bb44650fa55321662598caf6dfa" "/opt/rustwide/cargo-home/bin/cargo" "+1.99.0-beta.8" "test" "--frozen" "--no-run" "--message-format=json", kill_on_drop: false }`
[INFO] [stderr]    Compiling libc v0.2.189
[INFO] [stderr]    Compiling fastrand v2.5.0
[INFO] [stderr]    Compiling num-traits v0.2.19
[INFO] [stderr]    Compiling ppv-lite86 v0.2.21
[INFO] [stderr]    Compiling tritium-quantize v1.1.0-rc.2
[INFO] [stderr]    Compiling tritium-cpu v1.1.0-rc.2
[INFO] [stderr]    Compiling getrandom v0.3.4
[INFO] [stderr]    Compiling getrandom v0.4.3
[INFO] [stderr]    Compiling wait-timeout v0.2.1
[INFO] [stderr]    Compiling tempfile v3.27.0
[INFO] [stderr]    Compiling rand_core v0.9.5
[INFO] [stderr]    Compiling rusty-fork v0.3.1
[INFO] [stderr]    Compiling rand_chacha v0.9.0
[INFO] [stderr]    Compiling rand v0.9.5
[INFO] [stderr]    Compiling rand_xorshift v0.4.0
[INFO] [stderr]    Compiling proptest v1.11.0
[INFO] [stderr]    Compiling tritium-nn v1.1.0-rc.2 (/opt/rustwide/workdir)
[INFO] [stderr]     Finished `test` profile [unoptimized + debuginfo] target(s) in 33.31s
[INFO] running `Command { std: "docker" "inspect" "be0e1c9b02a39b5a6823fb904ec3b311b4fb0bb44650fa55321662598caf6dfa", kill_on_drop: false }`
[INFO] running `Command { std: "docker" "exec" "-e" "SOURCE_DIR=/opt/rustwide/workdir" "-e" "CARGO_HOME=/opt/rustwide/cargo-home" "-e" "RUSTUP_HOME=/opt/rustwide/rustup-home" "-e" "CARGO_TARGET_DIR=/opt/rustwide/target" "-e" "CARGO_INCREMENTAL=0" "-e" "RUST_BACKTRACE=full" "-e" "RUSTFLAGS=--cap-lints=warn" "-e" "RUSTDOCFLAGS=--cap-lints=warn" "-w" "/opt/rustwide/workdir" "--user" "0:0" "be0e1c9b02a39b5a6823fb904ec3b311b4fb0bb44650fa55321662598caf6dfa" "/opt/rustwide/cargo-home/bin/cargo" "+1.99.0-beta.8" "test" "--frozen", kill_on_drop: false }`
[INFO] [stderr]     Finished `test` profile [unoptimized + debuginfo] target(s) in 0.23s
[INFO] [stderr]      Running unittests src/lib.rs (/opt/rustwide/target/debug/deps/tritium_nn-5d3c6cccc2938016)
[INFO] [stdout] 
[INFO] [stdout] running 136 tests
[INFO] [stdout] test config::tests::derived_dims ... ok
[INFO] [stdout] test calibrate::tests::norm_tensors_pair_every_norm_with_its_name ... ok
[INFO] [stdout] test calibrate::tests::weight_names_are_the_hf_spellings ... ok
[INFO] [stdout] test config::tests::from_hf_config_missing_required_key_errors ... ok
[INFO] [stdout] test config::tests::from_hf_config_defaults_kv_to_mha_and_relu2 ... ok
[INFO] [stdout] test layers::dense::tests::forward_rejects_length_overflow_before_allocation ... ok
[INFO] [stdout] test layers::dense::tests::forward_rejects_mutated_weight_geometry_without_touching_output ... ok
[INFO] [stdout] test config::tests::from_hf_config_rejects_nonfinite_or_nonpositive_scalars ... ok
[INFO] [stdout] test layers::dense::tests::new_rejects_bad_shape ... ok
[INFO] [stdout] test config::tests::from_hf_config_smollm2_swiglu ... ok
[INFO] [stdout] test evaluation::tests::rejects_nonfinite_logits_and_bad_targets ... ok
[INFO] [stdout] test evaluation::tests::rejects_partial_or_degenerate_windows ... ok
[INFO] [stdout] test config::tests::from_hf_config_rejects_mistyped_or_unsupported_semantics ... ok
[INFO] [stdout] test layers::q2::tests::constructor_rejects_nonternary_codes_nonfinite_scales_and_bad_geometry ... ok
[INFO] [stdout] test layers::q2::tests::uniform_override_is_source_bound_and_zero_blocks_remain_zero ... ok
[INFO] [stdout] test config::tests::from_hf_config_rejects_rope_scaling ... ok
[INFO] [stdout] test layers::dense::tests::forward_matches_reference ... ok
[INFO] [stdout] test layers::packed_salt::tests::streamed_builder_matches_owned_and_clone_shares_arenas ... ok
[INFO] [stdout] test config::tests::from_hf_config_rejects_zero_heads_and_u32_truncation ... ok
[INFO] [stdout] test config::tests::gguf_path_accepts_only_bitnet_dialects ... ok
[INFO] [stdout] test layers::salt_v2_host::tests::transformed_tensor_fails_closed ... ok
[INFO] [stdout] test model::hf::tests::config_reader_rejects_nonregular_and_oversized_files ... ok
[INFO] [stdout] test layers::salt_v2_host::tests::g64_host_projection_and_gather_match_semantic_runtime ... ok
[INFO] [stdout] test evaluation::tests::scores_whole_windows_resets_and_counts_exactly ... ok
[INFO] [stdout] test model::hf::tests::load_hf_builds_a_standard_swiglu_model ... ok
[INFO] [stdout] test layers::qwen35_deltanet::activation_parity::native_activations_match_the_shared_golden_vectors ... ok
[INFO] [stdout] test layers::qwen35_full_attention::tests::direct_invalid_rollback_is_a_noop ... ok
[INFO] [stdout] test evaluation::tests::stable_f64_logsumexp_handles_extreme_finite_logits ... ok
[INFO] [stdout] test layers::qwen35_full_attention::tests::rollback_preflight_rejects_a_future_target_without_mutation ... ok
[INFO] [stdout] test model::hf::tests::optional_attention_flags_reject_present_wrong_types ... ok
[INFO] [stdout] test model::hf::tests::standard_builder_rejects_nonfinite_swiglu_projection ... ok
[INFO] [stdout] test layers::qwen35_full_attention::tests::provisional_append_can_be_preflighted_and_rolled_back_exactly ... ok
[INFO] [stdout] test layers::salt_v2_host::tests::compact_host_projection_is_bit_exact_across_rows_groups_and_tile_boundary ... ok
[INFO] [stdout] test model::hf_shards::tests::exact_widening_observes_the_decoded_raw_chunks_from_the_open_handle ... ok
[INFO] [stdout] test layers::qwen35_deltanet::tests::staged_state_is_invisible_until_commit_and_abort_is_allocation_free ... ok
[INFO] [stdout] test model::hf_shards::tests::duplicate_tensor_names_across_shards_fail_closed ... ok
[INFO] [stdout] test model::hf_shards::tests::oversized_sparse_index_fails_before_reading ... ok
[INFO] [stdout] test model::hf_shards::tests::metadata_is_global_name_order_with_stable_shard_identity ... ok
[INFO] [stdout] test model::hf_shards::tests::excessive_tensor_rank_fails_the_aggregate_metadata_budget ... ok
[INFO] [stdout] test model::qwen35_execution::tests::canonical_untrusted_transcript_v1_is_frozen ... ok
[INFO] [stdout] test model::qwen35_hf_source::tests::frozen_canonical_config_matches_the_parsed_pinned_fixture ... ok
[INFO] [stdout] test model::hf_shards::tests::shard_index_rejects_duplicate_non_string_and_escaping_mappings ... ok
[INFO] [stdout] test model::hf_shards::tests::exact_widening_rejects_shape_before_read_and_preserves_typed_failures ... ok
[INFO] [stdout] test model::hf_shards::tests::shard_index_must_cover_every_tensor_in_referenced_shards ... ok
[INFO] [stdout] test layers::packed_salt::tests::builder_preflight_rejects_nonfinite_scale_without_mutation ... ok
[INFO] [stdout] test layers::mlp::tests::swiglu_matches_hand_reference ... ok
[INFO] [stdout] test model::hf_shards::tests::raw_visitor_uses_open_handle_and_preserves_sink_error ... ok
[INFO] [stdout] test layers::token_embedding::host_tests::host_salt_v2_table_gathers_and_unembeds_from_shared_storage ... ok
[INFO] [stdout] test model::qwen35_mtp::tests::empty_input_plan_fails_closed ... ok
[INFO] [stdout] test model::qwen35_mtp::tests::only_production_checkpoint_receipt_qualifies_for_production ... ok
[INFO] [stdout] test model::qwen35_mtp_oracle::tests::compiled_allowlist_has_no_production_evidence_row ... ok
[INFO] [stdout] test model::qwen35_mtp_oracle::tests::first_argmax_matches_torch_first_maximum_tie_break ... ok
[INFO] [stdout] test model::qwen35_mtp_oracle::tests::compiled_allowlist_rows_are_unique ... ok
[INFO] [stdout] test model::hf_shards::tests::shard_index_must_match_the_declared_tensor_location ... ok
[INFO] [stdout] test model::qwen35_mtp_oracle::tests::parser_rejects_hostile_declared_token_length_without_allocating ... ok
[INFO] [stdout] test model::qwen35_hf::public_schema_tests::public_language_mtp_schema_retains_roles_ranks_and_order ... ok
[INFO] [stdout] test model::qwen35_mtp_oracle::tests::parser_rejects_sampled_token_that_is_not_target_argmax ... ok
[INFO] [stdout] test model::qwen35_mtp_oracle::tests::parser_rejects_trailing_bytes ... ok
[INFO] [stdout] test model::qwen35_mtp_oracle::tests::parser_rejects_loaded_geometry_mismatch ... ok
[INFO] [stdout] test model::qwen35_mtp_oracle::tests::parser_rejects_source_config_digest_mismatch ... ok
[INFO] [stdout] test model::qwen35_mtp_oracle::tests::parser_rejects_artifacts_over_sixteen_mib ... ok
[INFO] [stdout] test model::qwen35_mtp::tests::position_overflow_fails_closed ... ok
[INFO] [stdout] test model::qwen35_mtp_oracle::tests::parser_rejects_noncontiguous_cached_decode ... ok
[INFO] [stdout] test model::qwen35_mtp_oracle::tests::strict_parser_understands_production_profile_without_authorizing_it ... ok
[INFO] [stdout] test model::qwen35_mtp_oracle::tests::authorization_rejects_unlisted_body_before_hostile_vector_lengths ... ok
[INFO] [stdout] test model::qwen35_mtp_oracle::tests::parser_rejects_nonfinite_numeric_lane ... ok
[INFO] [stdout] test model::qwen35_salt_v2::tests::split_source_rejects_role_and_shape_drift_before_assembly ... ok
[INFO] [stdout] test model::qwen35_mtp_oracle::tests::strict_parser_decodes_fixture_contract ... ok
[INFO] [stdout] test model::qwen35_salt_v2::tests::bundle_loader_rejects_duplicate_manifest_fields_before_assets ... ok
[INFO] [stdout] test model::qwen35_salt_v2::tests::bundle_loader_rejects_parent_traversal_before_opening_files ... ok
[INFO] [stdout] test model::qwen35_salt_v2::tests::preserved_reader_rejects_shape_and_dtype_substitution ... ok
[INFO] [stdout] test model::qwen35_salt_v2::tests::split_source_enforces_coverage_and_builds_packed_values ... ok
[INFO] [stdout] test model::training_salt::tests::parses_replayable_v2_growth_receipt ... ok
[INFO] [stdout] test model::weights::tests::payload_rejects_offset_and_range_overflow ... ok
[INFO] [stdout] test model::weights::tests::q2_within_row_scales_remain_exact_without_dense_shadow ... ok
[INFO] [stdout] test model::weights::tests::q2_row_scales_load_and_forward_matches_tq2_sibling ... ok
[INFO] [stdout] test model::training_salt::tests::parses_legacy_v1_widened_growth_receipt ... ok
[INFO] [stdout] test model::weights::tests::tq2_row_scales_load_per_row_and_uniform_stays_scalar ... ok
[INFO] [stdout] test model::weights::tests::tq2_within_row_nonuniform_refuses ... ok
[INFO] [stdout] test ops::act_quant::tests::known_row_matches_explicit_torch_dump ... ok
[INFO] [stdout] test ops::act_quant::tests::negative_values_and_saturation ... ok
[INFO] [stdout] test ops::act_quant::tests::round_half_to_even_matches_torch ... ok
[INFO] [stdout] test model::qwen35_mtp::tests::late_shared_head_failure_rolls_back_mtp_cache_and_retry_succeeds ... ok
[INFO] [stdout] test ops::act_quant::tests::shape_mismatch_errors ... ok
[INFO] [stdout] test ops::rmsnorm::tests::rmsnorm_shape_error ... ok
[INFO] [stdout] test ops::rmsnorm::tests::rmsnorm_unit_weights ... ok
[INFO] [stdout] test ops::act_quant::tests::all_zero_row_yields_zeros_and_zero_scale ... ok
[INFO] [stdout] test ops::act_quant::tests::single_element_row ... ok
[INFO] [stdout] test ops::sampling::tests::greedy_picks_argmax ... ok
[INFO] [stdout] test qwen35_config::tests::generic_model_config_still_rejects_qwen35 ... ok
[INFO] [stdout] test qwen35_config::tests::official_oracle_geometry_allows_zero_width_unused_mrope_axes ... ok
[INFO] [stdout] test qwen35_config::tests::malformed_nested_config_is_rejected ... ok
[INFO] [stdout] test model::training_salt::tests::rejects_row_plane_mismatch_and_nonfinite_norm ... ok
[INFO] [stdout] test qwen35_config::tests::pinned_qwen36_27b_representative_passes ... ok
[INFO] [stdout] test qwen35_config::tests::small_semantically_valid_fixture_passes_family_parser ... ok
[INFO] [stdout] test qwen35_config::tests::non_integral_partial_rotary_width_is_rejected ... ok
[INFO] [stdout] test qwen35_config::tests::unsafe_dimensions_are_rejected ... ok
[INFO] [stdout] test qwen35_config::tests::pinned_validator_rejects_wrong_revision_or_family_geometry ... ok
[INFO] [stdout] test ops::act_quant::tests::random_rows_match_reference ... ok
[INFO] [stdout] test qwen35_config::tests::unsupported_execution_semantics_are_rejected ... ok
[INFO] [stdout] test model::training_salt::tests::rejects_v2_growth_receipt_tampering_and_noncanonical_json ... ok
[INFO] [stdout] test layers::salt_v2_host::tests::compact_index_and_gather_cross_the_rank_prefix_boundary ... ok
[INFO] [stdout] test salt_v2_growth::tests::coefficient_and_width_overflow_fail_closed ... ok
[INFO] [stdout] test salt_v2_growth::tests::geometry_axis_must_fit_the_portable_u32_receipt ... ok
[INFO] [stdout] test qwen35_config::tests::wrong_pattern_and_mismatched_layer_count_are_rejected ... ok
[INFO] [stdout] test salt_v2_growth::tests::deterministic_expected_mapping_is_bound_to_widths_and_seed ... ok
[INFO] [stdout] test salt_v2_growth::tests::mixed_plane_ledger_must_cover_each_projection_geometry_exactly ... ok
[INFO] [stdout] test salt_v2_growth::tests::fifty_billion_endpoint_requires_whole_head_and_hidden_growth ... ok
[INFO] [stdout] test salt_v2_growth::tests::growth_plan_cannot_replay_against_a_different_source_checkpoint ... ok
[INFO] [stdout] test salt_v2_growth::tests::planned_width_is_the_minimum_width_that_meets_the_floor ... ok
[INFO] [stdout] test salt_v2_growth::tests::canonical_oracle_descriptor_rejects_recomputed_semantic_tampering ... ok
[INFO] [stdout] test salt_v2_growth::tests::identity_target_keeps_the_existing_intermediate_width ... ok
[INFO] [stdout] test salt_v2_growth::tests::mixed_plane_ledger_counts_every_projection_exactly ... ok
[INFO] [stdout] test salt_v2_growth::tests::canonical_result_identity_is_nonzero_and_requires_the_materialized_model ... ok
[INFO] [stdout] test salt_v2_growth::tests::source_model_identity_rejects_the_unbound_zero_digest ... ok
[INFO] [stdout] test model::training_salt::tests::rejects_wrong_markers_planes_provenance_and_growth ... ok
[INFO] [stdout] test salt_v2_growth::tests::post_widen_result_validation_failure_restores_digest_geometry_and_weights ... ok
[INFO] [stdout] test salt_v2_growth::tests::tracked_payload_preflight_exposes_the_non_streaming_model_blocker ... ok
[INFO] [stdout] test salt_v2_growth::tests::post_widen_receipt_failure_restores_digest_geometry_and_weights ... ok
[INFO] [stdout] test teacher_cache::tests::teacher_cache_fails_closed_on_key_or_length ... ok
[INFO] [stdout] test tensor::tests::ignores_trailing_odd_byte ... ok
[INFO] [stdout] test tensor::tests::widens_known_values ... ok
[INFO] [stdout] test model::training_salt::tests::untied_format_loads_a_separate_exact_head ... ok
[INFO] [stdout] test model::training_salt::tests::self_contained_load_matches_manual_exact_dense_reference ... ok
[INFO] [stdout] test salt_v2_growth::tests::post_widen_oracle_failure_restores_digest_geometry_and_weights ... ok
[INFO] [stdout] test teacher_cache::tests::teacher_cache_hashes_are_order_and_geometry_sensitive ... ok
[INFO] [stdout] test training::tests::widening_staging_failure_after_an_earlier_layer_is_atomic ... ok
[INFO] [stdout] test teacher_cache::tests::streaming_teacher_cache_roundtrips_random_access ... ok
[INFO] [stdout] test model::hf::tests::load_salt_retains_packed_weights_and_runs ... ok
[INFO] [stdout] test model::qwen35_salt_v2::tests::complete_bundle_loads_and_executes_language_and_mtp_without_dense_matrix_shadows ... ok
[INFO] [stdout] test model::training_salt::tests::rejects_architecture_config_and_tensor_contract_mismatches ... ok
[INFO] [stdout] test layers::linear::tests::forward_rejects_mutated_scale_and_device_geometry_without_output_mutation ... ok
[INFO] [stdout] test model::weights::tests::malformed_exact_scale_metadata_refuses_load ... ok
[INFO] [stdout] test salt_v2_growth::tests::staged_target_keeps_whole_head_and_hidden_growth_explicit ... ok
[INFO] [stdout] test salt_v2_growth::tests::qwen_8b_like_geometry_uses_exact_additive_coefficient_arithmetic ... ok
[INFO] [stdout] test calibrate::tests::weight_names_match_extract_layout ... ok
[INFO] [stdout] 
[INFO] [stdout] test result: ok. 136 passed; 0 failed; 0 ignored; 0 measured; 0 filtered out; finished in 0.24s
[INFO] [stdout] 
[INFO] [stderr]      Running tests/a8_activation_cost.rs (/opt/rustwide/target/debug/deps/a8_activation_cost-e33134e8e28f4c8c)
[INFO] [stdout] 
[INFO] [stdout] running 1 test
[INFO] [stdout] test int8_activation_cost_across_plane_counts ... ignored, several full evaluations of a real model on CPU
[INFO] [stdout] 
[INFO] [stdout] test result: ok. 0 passed; 0 failed; 1 ignored; 0 measured; 0 filtered out; finished in 0.00s
[INFO] [stdout] 
[INFO] [stderr]      Running tests/acceptance.rs (/opt/rustwide/target/debug/deps/acceptance-8ebc14e54b7a872c)
[INFO] [stdout] 
[INFO] [stdout] running 2 tests
[INFO] [stdout] test cpu_longer_greedy_matches_transformers ... ok
[INFO] [stderr]      Running tests/attention_golden.rs (/opt/rustwide/target/debug/deps/attention_golden-7288252d698d81c2)
[INFO] [stdout] test cpu_truncate_kv_matches_fresh_prefill ... ok
[INFO] [stdout] 
[INFO] [stdout] test result: ok. 2 passed; 0 failed; 0 ignored; 0 measured; 0 filtered out; finished in 0.02s
[INFO] [stdout] 
[INFO] [stdout] 
[INFO] [stdout] running 6 tests
[INFO] [stdout] test softmax_rejects_bad_row_len ... ok
[INFO] [stdout] test gqa_rejects_bad_dims ... ok
[INFO] [stdout] test gqa_fully_masked_row_is_nan ... ok
[INFO] [stdout] test softmax_matches_torch_goldens ... ok
[INFO] [stdout] test softmax_large_magnitude_is_stable ... ok
[INFO] [stdout] test gqa_matches_torch_goldens ... ok
[INFO] [stdout] 
[INFO] [stdout] test result: ok. 6 passed; 0 failed; 0 ignored; 0 measured; 0 filtered out; finished in 0.12s
[INFO] [stdout] 
[INFO] [stderr]      Running tests/baseline_rtn_vs_salt.rs (/opt/rustwide/target/debug/deps/baseline_rtn_vs_salt-7760d65cbf6ae5dc)
[INFO] [stdout] 
[INFO] [stdout] running 1 test
[INFO] [stdout] test salt_vs_rtn_quality_per_byte ... ignored, slow PTQ baseline comparison; set TRITIUM_MODEL_DIR + TRITIUM_CORPUS; run explicitly
[INFO] [stdout] 
[INFO] [stdout] test result: ok. 0 passed; 0 failed; 1 ignored; 0 measured; 0 filtered out; finished in 0.00s
[INFO] [stdout] 
[INFO] [stderr]      Running tests/batch_adopt.rs (/opt/rustwide/target/debug/deps/batch_adopt-7963aef0d83d32ff)
[INFO] [stdout] 
[INFO] [stdout] running 0 tests
[INFO] [stdout] 
[INFO] [stdout] test result: ok. 0 passed; 0 failed; 0 ignored; 0 measured; 0 filtered out; finished in 0.00s
[INFO] [stdout] 
[INFO] [stderr]      Running tests/batch_spec_kv_bench.rs (/opt/rustwide/target/debug/deps/batch_spec_kv_bench-979c002fa6a7c10b)
[INFO] [stdout] 
[INFO] [stderr]      Running tests/batched_throughput.rs (/opt/rustwide/target/debug/deps/batched_throughput-70899201f41a00ef)
[INFO] [stdout] running 0 tests
[INFO] [stdout] 
[INFO] [stdout] test result: ok. 0 passed; 0 failed; 0 ignored; 0 measured; 0 filtered out; finished in 0.00s
[INFO] [stdout] 
[INFO] [stdout] 
[INFO] [stdout] running 0 tests
[INFO] [stdout] 
[INFO] [stdout] test result: ok. 0 passed; 0 failed; 0 ignored; 0 measured; 0 filtered out; finished in 0.00s
[INFO] [stdout] 
[INFO] [stderr]      Running tests/bench_cpu_hotpaths.rs (/opt/rustwide/target/debug/deps/bench_cpu_hotpaths-b2dba433b2e9bbf9)
[INFO] [stdout] 
[INFO] [stdout] running 4 tests
[INFO] [stdout] test bench_quantize_alloc ... ok
[INFO] [stdout] test bench_softmax ... ok
[INFO] [stdout] test bench_rope ... ok
[INFO] [stdout] test bench_rmsnorm_prefill ... ok
[INFO] [stdout] 
[INFO] [stdout] test result: ok. 4 passed; 0 failed; 0 ignored; 0 measured; 0 filtered out; finished in 7.19s
[INFO] [stdout] 
[INFO] [stderr]      Running tests/checkpoint_pool_memory_ab.rs (/opt/rustwide/target/debug/deps/checkpoint_pool_memory_ab-b6dacb1a113e3ba8)
[INFO] [stdout] 
[INFO] [stdout] running 0 tests
[INFO] [stdout] 
[INFO] [stdout] test result: ok. 0 passed; 0 failed; 0 ignored; 0 measured; 0 filtered out; finished in 0.00s
[INFO] [stdout] 
[INFO] [stderr]      Running tests/convert_anchor_diagnostic.rs (/opt/rustwide/target/debug/deps/convert_anchor_diagnostic-a0df98eaed0b9cce)
[INFO] [stdout] 
[INFO] [stdout] running 1 test
[INFO] [stdout] test locate_the_gap_between_the_artifact_and_the_anchor ... ignored, four full evaluations of a 360M model on CPU
[INFO] [stdout] 
[INFO] [stdout] test result: ok. 0 passed; 0 failed; 1 ignored; 0 measured; 0 filtered out; finished in 0.00s
[INFO] [stdout] 
[INFO] [stderr]      Running tests/device_eval_parity.rs (/opt/rustwide/target/debug/deps/device_eval_parity-2474b913a1beff88)
[INFO] [stderr]      Running tests/device_tape_real_model.rs (/opt/rustwide/target/debug/deps/device_tape_real_model-7ef5bb441ae933d2)
[INFO] [stdout] 
[INFO] [stdout] running 0 tests
[INFO] [stdout] 
[INFO] [stdout] test result: ok. 0 passed; 0 failed; 0 ignored; 0 measured; 0 filtered out; finished in 0.00s
[INFO] [stdout] 
[INFO] [stderr]      Running tests/drafter_catchup_bench.rs (/opt/rustwide/target/debug/deps/drafter_catchup_bench-6e6387759c78a366)
[INFO] [stdout] 
[INFO] [stdout] running 0 tests
[INFO] [stdout] 
[INFO] [stdout] test result: ok. 0 passed; 0 failed; 0 ignored; 0 measured; 0 filtered out; finished in 0.00s
[INFO] [stdout] 
[INFO] [stdout] 
[INFO] [stdout] running 0 tests
[INFO] [stdout] 
[INFO] [stdout] test result: ok. 0 passed; 0 failed; 0 ignored; 0 measured; 0 filtered out; finished in 0.00s
[INFO] [stdout] 
[INFO] [stderr]      Running tests/fidelity_ladder.rs (/opt/rustwide/target/debug/deps/fidelity_ladder-cac9a367e3de2821)
[INFO] [stdout] 
[INFO] [stdout] running 1 test
[INFO] [stdout] test fidelity_ladder_cpu ... ok
[INFO] [stdout] 
[INFO] [stdout] test result: ok. 1 passed; 0 failed; 0 ignored; 0 measured; 0 filtered out; finished in 0.01s
[INFO] [stdout] 
[INFO] [stderr]      Running tests/gqa_attention_contract.rs (/opt/rustwide/target/debug/deps/gqa_attention_contract-12907282111ab561)
[INFO] [stdout] 
[INFO] [stdout] running 8 tests
[INFO] [stdout] test empty_context_rejects_nonempty_sequence_without_publishing_output ... ok
[INFO] [stdout] test nonfinite_scale_is_rejected_without_publishing_output ... ok
[INFO] [stdout] test zero_attention_dimensions_are_rejected ... ok
[INFO] [stdout] test overflowing_causal_extent_rejects_without_publishing_output ... ok
[INFO] [stdout] test causal_extent_past_context_rejects_without_publishing_output ... ok
[INFO] [stdout] test overflowing_dimension_products_return_errors_instead_of_panicking ... ok
[INFO] [stdout] test empty_sequence_remains_a_valid_noop ... ok
[INFO] [stdout] test valid_grouped_attention_keeps_its_exact_bits ... ok
[INFO] [stdout] 
[INFO] [stdout] test result: ok. 8 passed; 0 failed; 0 ignored; 0 measured; 0 filtered out; finished in 0.01s
[INFO] [stdout] 
[INFO] [stderr]      Running tests/hf_inference.rs (/opt/rustwide/target/debug/deps/hf_inference-316fa44910bc6e35)
[INFO] [stdout] 
[INFO] [stdout] running 3 tests
[INFO] [stdout] test qwen25_greedy_matches_transformers ... ignored, needs Qwen2.5-0.5B under ~/.cache/tritium-models/qwen2.5-0.5b; run explicitly
[INFO] [stdout] test qwen3_greedy_matches_transformers ... ignored, needs Qwen3-0.6B under ~/.cache/tritium-models/qwen3-0.6b; run explicitly
[INFO] [stdout] test smollm2_greedy_matches_transformers ... ignored, needs SmolLM2-135M under ~/.cache/tritium-models/smollm2-135m; run explicitly
[INFO] [stdout] 
[INFO] [stdout] test result: ok. 0 passed; 0 failed; 3 ignored; 0 measured; 0 filtered out; finished in 0.00s
[INFO] [stdout] 
[INFO] [stderr]      Running tests/kv_cache.rs (/opt/rustwide/target/debug/deps/kv_cache-8c4a9f8ddaf301d0)
[INFO] [stdout] 
[INFO] [stdout] running 7 tests
[INFO] [stdout] test reset_rewinds_and_allows_reuse ... ok
[INFO] [stdout] test incremental_decode_matches_full_prefill ... ok
[INFO] [stdout] test append_past_capacity_errors_without_corruption ... ok
[INFO] [stdout] test declared_max_context_is_lazy_and_row_geometry_is_fallible ... ok
[INFO] [stdout] test append_rejects_mismatched_lengths ... ok
[INFO] [stdout] test chunked_append_overflow_is_atomic ... ok
[INFO] [stderr]      Running tests/ladder_f16_scale_underflow.rs (/opt/rustwide/target/debug/deps/ladder_f16_scale_underflow-0193d664f9d56a60)
[INFO] [stdout] test incremental_decode_crosses_chunk_boundary ... ok
[INFO] [stdout] 
[INFO] [stdout] test result: ok. 7 passed; 0 failed; 0 ignored; 0 measured; 0 filtered out; finished in 0.02s
[INFO] [stdout] 
[INFO] [stdout] 
[INFO] [stderr]      Running tests/layers.rs (/opt/rustwide/target/debug/deps/layers-a77687147aeb2f98)
[INFO] [stdout] running 2 tests
[INFO] [stdout] test artifact_decodes_to_the_fit_on_a_real_model ... ignored, needs a real fp master and a converted artifact
[INFO] [stdout] test f16_block_scales_preserve_every_ladder_plane ... ignored, needs a real fp master
[INFO] [stdout] 
[INFO] [stdout] test result: ok. 0 passed; 0 failed; 2 ignored; 0 measured; 0 filtered out; finished in 0.00s
[INFO] [stdout] 
[INFO] [stdout] 
[INFO] [stdout] running 5 tests
[INFO] [stdout] test transformer_block_shape_errors ... ok
[INFO] [stdout] test ternary_linear_shape_errors ... ok
[INFO] [stdout] test relu2_mlp_matches_torch ... ok
[INFO] [stdout] test ternary_linear_matches_reference ... ok
[INFO] [stdout] test transformer_block_smoke ... ok
[INFO] [stdout] 
[INFO] [stdout] test result: ok. 5 passed; 0 failed; 0 ignored; 0 measured; 0 filtered out; finished in 0.01s
[INFO] [stdout] 
[INFO] [stderr]      Running tests/lm_head_ppl.rs (/opt/rustwide/target/debug/deps/lm_head_ppl-ad2dc8305a85b777)
[INFO] [stdout] 
[INFO] [stdout] running 1 test
[INFO] [stdout] test lm_head_i8_ppl_within_1_001x_of_f16 ... ignored, real-model quality gate: needs the 2B4T bundle + WT-103 corpus + a CUDA device
[INFO] [stderr]      Running tests/long_ctx.rs (/opt/rustwide/target/debug/deps/long_ctx-3bed0966fa9bf966)
[INFO] [stdout] 
[INFO] [stdout] test result: ok. 0 passed; 0 failed; 1 ignored; 0 measured; 0 filtered out; finished in 0.00s
[INFO] [stdout] 
[INFO] [stdout] 
[INFO] [stdout] running 0 tests
[INFO] [stdout] 
[INFO] [stdout] test result: ok. 0 passed; 0 failed; 0 ignored; 0 measured; 0 filtered out; finished in 0.00s
[INFO] [stdout] 
[INFO] [stderr]      Running tests/model_config.rs (/opt/rustwide/target/debug/deps/model_config-6ea97d92cae3e45c)
[INFO] [stdout] 
[INFO] [stdout] running 1 test
[INFO] [stdout] test model_config_from_real_gguf ... FAILED
[INFO] [stdout] 
[INFO] [stdout] failures:
[INFO] [stdout] 
[INFO] [stdout] ---- model_config_from_real_gguf stdout ----
[INFO] [stdout] 
[INFO] [stdout] thread 'model_config_from_real_gguf' (3101) panicked at tests/model_config.rs:13:37:
[INFO] [stdout] read fixture: Os { code: 2, kind: NotFound, message: "No such file or directory" }
[INFO] [stdout] stack backtrace:
[INFO] [stdout]    0:     0x5ffd1dd892a1 - std[70759c8f55707aa4]::backtrace_rs::backtrace::libunwind::trace
[INFO] [stdout]                                at /rustc/dfb0accb7f508ae8be965d8629557221c889dd98/library/std/src/../../backtrace/src/backtrace/libunwind.rs:117:9
[INFO] [stdout]    1:     0x5ffd1dd892a1 - std[70759c8f55707aa4]::backtrace_rs::backtrace::trace_unsynchronized::<std[70759c8f55707aa4]::sys::backtrace::_print_fmt::{closure#1}>
[INFO] [stdout]                                at /rustc/dfb0accb7f508ae8be965d8629557221c889dd98/library/std/src/../../backtrace/src/backtrace/mod.rs:66:14
[INFO] [stdout]    2:     0x5ffd1dd892a1 - std[70759c8f55707aa4]::sys::backtrace::_print_fmt
[INFO] [stdout]                                at /rustc/dfb0accb7f508ae8be965d8629557221c889dd98/library/std/src/sys/backtrace.rs:74:9
[INFO] [stdout]    3:     0x5ffd1dd892a1 - <<std[70759c8f55707aa4]::sys::backtrace::BacktraceLock>::print::DisplayBacktrace as core[df12db4294e9bfd3]::fmt::Display>::fmt
[INFO] [stdout]                                at /rustc/dfb0accb7f508ae8be965d8629557221c889dd98/library/std/src/sys/backtrace.rs:44:26
[INFO] [stdout]    4:     0x5ffd1dd9d58a - <core[df12db4294e9bfd3]::fmt::rt::Argument>::fmt
[INFO] [stdout]                                at /rustc/dfb0accb7f508ae8be965d8629557221c889dd98/library/core/src/fmt/rt.rs:152:76
[INFO] [stdout]    5:     0x5ffd1dd9d58a - core[df12db4294e9bfd3]::fmt::write
[INFO] [stdout]    6:     0x5ffd1dd8d73c - core[df12db4294e9bfd3]::io::write::default_write_fmt::<alloc[2182bb758b4b3781]::vec::Vec<u8>>
[INFO] [stdout]                                at /rustc/dfb0accb7f508ae8be965d8629557221c889dd98/library/core/src/io/write.rs:402:11
[INFO] [stdout]    7:     0x5ffd1dd8d73c - <alloc[2182bb758b4b3781]::vec::Vec<u8> as core[df12db4294e9bfd3]::io::write::Write>::write_fmt
[INFO] [stdout]                                at /rustc/dfb0accb7f508ae8be965d8629557221c889dd98/library/core/src/io/write.rs:335:13
[INFO] [stdout]    8:     0x5ffd1dd65576 - <std[70759c8f55707aa4]::sys::backtrace::BacktraceLock>::print
[INFO] [stdout]                                at /rustc/dfb0accb7f508ae8be965d8629557221c889dd98/library/std/src/sys/backtrace.rs:47:9
[INFO] [stdout]    9:     0x5ffd1dd65576 - std[70759c8f55707aa4]::panicking::default_hook::{closure#0}
[INFO] [stdout]                                at /rustc/dfb0accb7f508ae8be965d8629557221c889dd98/library/std/src/panicking.rs:292:27
[INFO] [stdout]   10:     0x5ffd1dd816e9 - std[70759c8f55707aa4]::panicking::default_hook
[INFO] [stdout]                                at /rustc/dfb0accb7f508ae8be965d8629557221c889dd98/library/std/src/panicking.rs:316:9
[INFO] [stdout]   11:     0x5ffd1dd0ac30 - <alloc[2182bb758b4b3781]::boxed::Box<dyn for<'a, 'b> core[df12db4294e9bfd3]::ops::function::Fn<(&'a std[70759c8f55707aa4]::panic::PanicHookInfo<'b>,), Output = ()> + core[df12db4294e9bfd3]::marker::Send + core[df12db4294e9bfd3]::marker::Sync> as core[df12db4294e9bfd3]::ops::function::Fn<(&std[70759c8f55707aa4]::panic::PanicHookInfo,)>>::call
[INFO] [stdout]                                at /rustc/dfb0accb7f508ae8be965d8629557221c889dd98/library/alloc/src/boxed.rs:2334:9
[INFO] [stdout]   12:     0x5ffd1dd0ac30 - test[9d35eded1c95d3be]::test_main_inner::<test[9d35eded1c95d3be]::test_main_static::{closure#0}>::{closure#0}
[INFO] [stdout]                                at /rustc/dfb0accb7f508ae8be965d8629557221c889dd98/library/test/src/lib.rs:155:21
[INFO] [stdout]   13:     0x5ffd1dd818a2 - <alloc[2182bb758b4b3781]::boxed::Box<dyn for<'a, 'b> core[df12db4294e9bfd3]::ops::function::Fn<(&'a std[70759c8f55707aa4]::panic::PanicHookInfo<'b>,), Output = ()> + core[df12db4294e9bfd3]::marker::Send + core[df12db4294e9bfd3]::marker::Sync> as core[df12db4294e9bfd3]::ops::function::Fn<(&std[70759c8f55707aa4]::panic::PanicHookInfo,)>>::call
[INFO] [stdout]                                at /rustc/dfb0accb7f508ae8be965d8629557221c889dd98/library/alloc/src/boxed.rs:2334:9
[INFO] [stdout]   14:     0x5ffd1dd818a2 - std[70759c8f55707aa4]::panicking::panic_with_hook
[INFO] [stdout]                                at /rustc/dfb0accb7f508ae8be965d8629557221c889dd98/library/std/src/panicking.rs:823:13
[INFO] [stdout]   15:     0x5ffd1dd65622 - std[70759c8f55707aa4]::panicking::panic_handler::{closure#0}
[INFO] [stdout]                                at /rustc/dfb0accb7f508ae8be965d8629557221c889dd98/library/std/src/panicking.rs:688:13
[INFO] [stdout]   16:     0x5ffd1dd5e219 - std[70759c8f55707aa4]::sys::backtrace::__rust_end_short_backtrace::<std[70759c8f55707aa4]::panicking::panic_handler::{closure#0}, !>
[INFO] [stdout]                                at /rustc/dfb0accb7f508ae8be965d8629557221c889dd98/library/std/src/sys/backtrace.rs:182:18
[INFO] [stdout]   17:     0x5ffd1dd6621d - __rustc[8fa7c3cbc660c2b3]::rust_begin_unwind
[INFO] [stdout]                                at /rustc/dfb0accb7f508ae8be965d8629557221c889dd98/library/std/src/panicking.rs:679:5
[INFO] [stdout]   18:     0x5ffd1dd9dcbc - core[df12db4294e9bfd3]::panicking::panic_fmt
[INFO] [stdout]                                at /rustc/dfb0accb7f508ae8be965d8629557221c889dd98/library/core/src/panicking.rs:80:14
[INFO] [stdout]   19:     0x5ffd1dd9da92 - core[df12db4294e9bfd3]::result::unwrap_failed
[INFO] [stdout]                                at /rustc/dfb0accb7f508ae8be965d8629557221c889dd98/library/core/src/result.rs:1871:5
[INFO] [stdout]   20:     0x5ffd1dcfd453 - <core[df12db4294e9bfd3]::result::Result<alloc[2182bb758b4b3781]::vec::Vec<u8>, core[df12db4294e9bfd3]::io::error::Error>>::expect
[INFO] [stdout]                                at /rustc/dfb0accb7f508ae8be965d8629557221c889dd98/library/core/src/result.rs:1184:23
[INFO] [stdout]   21:     0x5ffd1dcfcde0 - model_config[c4f9119fe0a66185]::model_config_from_real_gguf
[INFO] [stdout]                                at /opt/rustwide/workdir/tests/model_config.rs:13:37
[INFO] [stdout]   22:     0x5ffd1dcfcd27 - model_config[c4f9119fe0a66185]::model_config_from_real_gguf::{closure#0}
[INFO] [stdout]                                at /opt/rustwide/workdir/tests/model_config.rs:8:33
[INFO] [stdout]   23:     0x5ffd1dcfdec6 - <model_config[c4f9119fe0a66185]::model_config_from_real_gguf::{closure#0} as core[df12db4294e9bfd3]::ops::function::FnOnce<()>>::call_once
[INFO] [stdout]                                at /rustc/dfb0accb7f508ae8be965d8629557221c889dd98/library/core/src/ops/function.rs:250:5
[INFO] [stdout]   24:     0x5ffd1dcfdf1b - <fn() -> core[df12db4294e9bfd3]::result::Result<(), alloc[2182bb758b4b3781]::string::String> as core[df12db4294e9bfd3]::ops::function::FnOnce<()>>::call_once
[INFO] [stdout]                                at /rustc/dfb0accb7f508ae8be965d8629557221c889dd98/library/core/src/ops/function.rs:250:5
[INFO] [stdout]   25:     0x5ffd1dcfdf1b - test[9d35eded1c95d3be]::__rust_begin_short_backtrace::<core[df12db4294e9bfd3]::result::Result<(), alloc[2182bb758b4b3781]::string::String>, fn() -> core[df12db4294e9bfd3]::result::Result<(), alloc[2182bb758b4b3781]::string::String>>
[INFO] [stdout]                                at /rustc/dfb0accb7f508ae8be965d8629557221c889dd98/library/test/src/lib.rs:733:18
[INFO] [stdout]   26:     0x5ffd1dd0b585 - test[9d35eded1c95d3be]::run_test_in_process::{closure#0}
[INFO] [stdout]                                at /rustc/dfb0accb7f508ae8be965d8629557221c889dd98/library/test/src/lib.rs:756:74
[INFO] [stdout]   27:     0x5ffd1dd0b585 - <core[df12db4294e9bfd3]::panic::unwind_safe::AssertUnwindSafe<test[9d35eded1c95d3be]::run_test_in_process::{closure#0}> as core[df12db4294e9bfd3]::ops::function::FnOnce<()>>::call_once
[INFO] [stdout]                                at /rustc/dfb0accb7f508ae8be965d8629557221c889dd98/library/core/src/panic/unwind_safe.rs:275:9
[INFO] [stdout]   28:     0x5ffd1dd0b585 - std[70759c8f55707aa4]::panicking::catch_unwind::do_call::<core[df12db4294e9bfd3]::panic::unwind_safe::AssertUnwindSafe<test[9d35eded1c95d3be]::run_test_in_process::{closure#0}>, core[df12db4294e9bfd3]::result::Result<(), alloc[2182bb758b4b3781]::string::String>>
[INFO] [stdout]                                at /rustc/dfb0accb7f508ae8be965d8629557221c889dd98/library/std/src/panicking.rs:576:43
[INFO] [stdout]   29:     0x5ffd1dd0b585 - std[70759c8f55707aa4]::panicking::catch_unwind::<core[df12db4294e9bfd3]::result::Result<(), alloc[2182bb758b4b3781]::string::String>, core[df12db4294e9bfd3]::panic::unwind_safe::AssertUnwindSafe<test[9d35eded1c95d3be]::run_test_in_process::{closure#0}>>
[INFO] [stdout]                                at /rustc/dfb0accb7f508ae8be965d8629557221c889dd98/library/std/src/panicking.rs:544:19
[INFO] [stdout]   30:     0x5ffd1dd0b585 - std[70759c8f55707aa4]::panic::catch_unwind::<core[df12db4294e9bfd3]::panic::unwind_safe::AssertUnwindSafe<test[9d35eded1c95d3be]::run_test_in_process::{closure#0}>, core[df12db4294e9bfd3]::result::Result<(), alloc[2182bb758b4b3781]::string::String>>
[INFO] [stdout]                                at /rustc/dfb0accb7f508ae8be965d8629557221c889dd98/library/std/src/panic.rs:359:14
[INFO] [stdout]   31:     0x5ffd1dd0b585 - test[9d35eded1c95d3be]::run_test_in_process
[INFO] [stdout]                                at /rustc/dfb0accb7f508ae8be965d8629557221c889dd98/library/test/src/lib.rs:756:27
[INFO] [stdout]   32:     0x5ffd1dd0b585 - test[9d35eded1c95d3be]::run_test::{closure#0}
[INFO] [stdout]                                at /rustc/dfb0accb7f508ae8be965d8629557221c889dd98/library/test/src/lib.rs:677:43
[INFO] [stdout]   33:     0x5ffd1dd04e44 - test[9d35eded1c95d3be]::run_test::{closure#1}
[INFO] [stdout]                                at /rustc/dfb0accb7f508ae8be965d8629557221c889dd98/library/test/src/lib.rs:707:41
[INFO] [stdout]   34:     0x5ffd1dd04e44 - std[70759c8f55707aa4]::sys::backtrace::__rust_begin_short_backtrace::<test[9d35eded1c95d3be]::run_test::{closure#1}, ()>
[INFO] [stdout]                                at /rustc/dfb0accb7f508ae8be965d8629557221c889dd98/library/std/src/sys/backtrace.rs:166:18
[INFO] [stdout]   35:     0x5ffd1dd0e6e2 - std[70759c8f55707aa4]::thread::lifecycle::spawn_unchecked::<test[9d35eded1c95d3be]::run_test::{closure#1}, ()>::{closure#1}::{closure#0}
[INFO] [stdout]                                at /rustc/dfb0accb7f508ae8be965d8629557221c889dd98/library/std/src/thread/lifecycle.rs:70:13
[INFO] [stdout]   36:     0x5ffd1dd0e6e2 - <core[df12db4294e9bfd3]::panic::unwind_safe::AssertUnwindSafe<std[70759c8f55707aa4]::thread::lifecycle::spawn_unchecked<test[9d35eded1c95d3be]::run_test::{closure#1}, ()>::{closure#1}::{closure#0}> as core[df12db4294e9bfd3]::ops::function::FnOnce<()>>::call_once
[INFO] [stdout]                                at /rustc/dfb0accb7f508ae8be965d8629557221c889dd98/library/core/src/panic/unwind_safe.rs:275:9
[INFO] [stdout]   37:     0x5ffd1dd0e6e2 - std[70759c8f55707aa4]::panicking::catch_unwind::do_call::<core[df12db4294e9bfd3]::panic::unwind_safe::AssertUnwindSafe<std[70759c8f55707aa4]::thread::lifecycle::spawn_unchecked<test[9d35eded1c95d3be]::run_test::{closure#1}, ()>::{closure#1}::{closure#0}>, ()>
[INFO] [stdout]                                at /rustc/dfb0accb7f508ae8be965d8629557221c889dd98/library/std/src/panicking.rs:576:43
[INFO] [stdout]   38:     0x5ffd1dd0e6e2 - std[70759c8f55707aa4]::panicking::catch_unwind::<(), core[df12db4294e9bfd3]::panic::unwind_safe::AssertUnwindSafe<std[70759c8f55707aa4]::thread::lifecycle::spawn_unchecked<test[9d35eded1c95d3be]::run_test::{closure#1}, ()>::{closure#1}::{closure#0}>>
[INFO] [stdout]                                at /rustc/dfb0accb7f508ae8be965d8629557221c889dd98/library/std/src/panicking.rs:544:19
[INFO] [stdout]   39:     0x5ffd1dd0e6e2 - std[70759c8f55707aa4]::panic::catch_unwind::<core[df12db4294e9bfd3]::panic::unwind_safe::AssertUnwindSafe<std[70759c8f55707aa4]::thread::lifecycle::spawn_unchecked<test[9d35eded1c95d3be]::run_test::{closure#1}, ()>::{closure#1}::{closure#0}>, ()>
[INFO] [stdout]                                at /rustc/dfb0accb7f508ae8be965d8629557221c889dd98/library/std/src/panic.rs:359:14
[INFO] [stdout]   40:     0x5ffd1dd0e6e2 - std[70759c8f55707aa4]::thread::lifecycle::spawn_unchecked::<test[9d35eded1c95d3be]::run_test::{closure#1}, ()>::{closure#1}
[INFO] [stdout]                                at /rustc/dfb0accb7f508ae8be965d8629557221c889dd98/library/std/src/thread/lifecycle.rs:68:26
[INFO] [stdout]   41:     0x5ffd1dd0e6e2 - <std[70759c8f55707aa4]::thread::lifecycle::spawn_unchecked<test[9d35eded1c95d3be]::run_test::{closure#1}, ()>::{closure#1} as core[df12db4294e9bfd3]::ops::function::FnOnce<()>>::call_once::{shim:vtable#0}
[INFO] [stdout]                                at /rustc/dfb0accb7f508ae8be965d8629557221c889dd98/library/core/src/ops/function.rs:250:5
[INFO] [stdout]   42:     0x5ffd1dd88859 - <alloc[2182bb758b4b3781]::boxed::Box<dyn core[df12db4294e9bfd3]::ops::function::FnOnce<(), Output = ()> + core[df12db4294e9bfd3]::marker::Send> as core[df12db4294e9bfd3]::ops::function::FnOnce<()>>::call_once
[INFO] [stdout]                                at /rustc/dfb0accb7f508ae8be965d8629557221c889dd98/library/alloc/src/boxed.rs:2320:9
[INFO] [stdout]   43:     0x5ffd1dd88859 - <std[70759c8f55707aa4]::sys::thread::unix::Thread>::new::thread_start
[INFO] [stdout]                                at /rustc/dfb0accb7f508ae8be965d8629557221c889dd98/library/std/src/sys/thread/unix.rs:123:17
[INFO] [stdout]   44:     0x7871453f0dfa - <unknown>
[INFO] [stdout]   45:     0x7871454843d4 - clone
[INFO] [stdout]   46:                0x0 - <unknown>
[INFO] [stdout] 
[INFO] [stdout] 
[INFO] [stdout] failures:
[INFO] [stdout]     model_config_from_real_gguf
[INFO] [stdout] 
[INFO] [stdout] test result: FAILED. 0 passed; 1 failed; 0 ignored; 0 measured; 0 filtered out; finished in 0.15s
[INFO] [stdout] 
[INFO] [stderr] error: test failed, to rerun pass `--test model_config`
[INFO] running `Command { std: "docker" "inspect" "be0e1c9b02a39b5a6823fb904ec3b311b4fb0bb44650fa55321662598caf6dfa", kill_on_drop: false }`
[INFO] running `Command { std: "docker" "rm" "-f" "be0e1c9b02a39b5a6823fb904ec3b311b4fb0bb44650fa55321662598caf6dfa", kill_on_drop: false }`
[INFO] [stdout] be0e1c9b02a39b5a6823fb904ec3b311b4fb0bb44650fa55321662598caf6dfa
