[INFO] fetching crate tritet 3.4.0...
[INFO] testing tritet-3.4.0 against 1.100.0-beta.1 for beta-1.100-2
[INFO] extracting crate tritet 3.4.0 into /workspace/builds/worker-4-tc2/source
[INFO] started tweaking crates.io crate tritet 3.4.0
[INFO] removed 0 missing examples
[INFO] removed 0 missing tests
[INFO] finished tweaking crates.io crate tritet 3.4.0
[INFO] tweaked toml for crates.io crate tritet 3.4.0 written to /workspace/builds/worker-4-tc2/source/Cargo.toml
[INFO] validating manifest of crates.io crate tritet 3.4.0 on toolchain 1.100.0-beta.1
[INFO] running `Command { std: CARGO_HOME="/workspace/cargo-home" RUSTUP_HOME="/workspace/rustup-home" "/workspace/cargo-home/bin/cargo" "+1.100.0-beta.1" "metadata" "--manifest-path" "Cargo.toml" "--no-deps", kill_on_drop: false }`
[INFO] crate crates.io crate tritet 3.4.0 already has a lockfile, it will not be regenerated
[INFO] running `Command { std: CARGO_HOME="/workspace/cargo-home" RUSTUP_HOME="/workspace/rustup-home" "/workspace/cargo-home/bin/cargo" "+1.100.0-beta.1" "fetch" "--manifest-path" "Cargo.toml", kill_on_drop: false }`
[INFO] [stderr] warning: `package.homepage` is redundant with `package.repository`
[INFO] [stderr]   --> Cargo.toml:81:12
[INFO] [stderr]    |
[INFO] [stderr] 81 | homepage = "https://github.com/cpmech/tritet"
[INFO] [stderr]    |            ^^^^^^^^^^^^^^^^^^^^^^^^^^^^^^^^^^
[INFO] [stderr] ...
[INFO] [stderr] 86 | repository = "https://github.com/cpmech/tritet"
[INFO] [stderr]    |              ----------------------------------
[INFO] [stderr]    |
[INFO] [stderr]    = note: `cargo::redundant_homepage` is set to `warn` by default
[INFO] [stderr] help: consider removing `package.homepage`
[INFO] [stderr] warning: `tritet` (manifest) generated 1 warning
[INFO] running `Command { std: "docker" "create" "-v" "/var/lib/crater-agent-workspace/builds/worker-4-tc2/source:/opt/rustwide/workdir:ro,Z" "-v" "/var/lib/crater-agent-workspace/builds/worker-4-tc2/target:/opt/rustwide/target:rw,Z" "-v" "/var/lib/crater-agent-workspace/cargo-home:/opt/rustwide/cargo-home:ro,Z" "-v" "/var/lib/crater-agent-workspace/rustup-home:/opt/rustwide/rustup-home:ro,Z" "-m" "1610612736" "--network" "none" "ghcr.io/rust-lang/crates-build-env/linux@sha256:3111399a4047eeb3a02b7a90e478d715f38a8c6669b5c4b49d30a17385265909" "sleep" "infinity", kill_on_drop: false }`
[INFO] [stdout] edbcbacfad9bf88e9198826c871d6d618e0ea9122d95495332d0788a34c628a5
[INFO] running `Command { std: "docker" "start" "edbcbacfad9bf88e9198826c871d6d618e0ea9122d95495332d0788a34c628a5", kill_on_drop: false }`
[INFO] running `Command { std: "docker" "inspect" "edbcbacfad9bf88e9198826c871d6d618e0ea9122d95495332d0788a34c628a5", kill_on_drop: false }`
[INFO] running `Command { std: "docker" "exec" "-e" "SOURCE_DIR=/opt/rustwide/workdir" "-e" "CARGO_HOME=/opt/rustwide/cargo-home" "-e" "RUSTUP_HOME=/opt/rustwide/rustup-home" "-e" "CARGO_TARGET_DIR=/opt/rustwide/target" "-w" "/opt/rustwide/workdir" "--user" "0:0" "edbcbacfad9bf88e9198826c871d6d618e0ea9122d95495332d0788a34c628a5" "/opt/rustwide/cargo-home/bin/cargo" "+1.100.0-beta.1" "metadata" "--no-deps" "--format-version=1", kill_on_drop: false }`
[INFO] running `Command { std: "docker" "inspect" "edbcbacfad9bf88e9198826c871d6d618e0ea9122d95495332d0788a34c628a5", kill_on_drop: false }`
[INFO] running `Command { std: "docker" "exec" "-e" "SOURCE_DIR=/opt/rustwide/workdir" "-e" "CARGO_HOME=/opt/rustwide/cargo-home" "-e" "RUSTUP_HOME=/opt/rustwide/rustup-home" "-e" "CARGO_TARGET_DIR=/opt/rustwide/target" "-e" "CARGO_INCREMENTAL=0" "-e" "RUST_BACKTRACE=full" "-e" "RUSTFLAGS=--cap-lints=warn" "-e" "RUSTDOCFLAGS=--cap-lints=warn" "-w" "/opt/rustwide/workdir" "--user" "0:0" "edbcbacfad9bf88e9198826c871d6d618e0ea9122d95495332d0788a34c628a5" "/opt/rustwide/cargo-home/bin/cargo" "+1.100.0-beta.1" "build" "--frozen" "--message-format=json", kill_on_drop: false }`
[INFO] [stderr] warning: `package.homepage` is redundant with `package.repository`
[INFO] [stderr]   --> Cargo.toml:81:12
[INFO] [stderr]    |
[INFO] [stderr] 81 | homepage = "https://github.com/cpmech/tritet"
[INFO] [stderr]    |            ^^^^^^^^^^^^^^^^^^^^^^^^^^^^^^^^^^
[INFO] [stderr] ...
[INFO] [stderr] 86 | repository = "https://github.com/cpmech/tritet"
[INFO] [stderr]    |              ----------------------------------
[INFO] [stderr]    |
[INFO] [stderr]    = note: `cargo::redundant_homepage` is set to `warn` by default
[INFO] [stderr] help: consider removing `package.homepage`
[INFO] [stderr] warning: `tritet` (manifest) generated 1 warning
[INFO] [stderr]    Compiling proc-macro2 v1.0.103
[INFO] [stderr]    Compiling quote v1.0.42
[INFO] [stderr]    Compiling unicode-ident v1.0.22
[INFO] [stderr]    Compiling syn v1.0.109
[INFO] [stderr]    Compiling libc v0.2.177
[INFO] [stderr]    Compiling autocfg v1.4.0
[INFO] [stderr]    Compiling shlex v2.0.1
[INFO] [stderr]    Compiling unicode-width v0.1.14
[INFO] [stderr]    Compiling find-msvc-tools v0.1.13
[INFO] [stderr]    Compiling unicode-segmentation v1.12.0
[INFO] [stderr]    Compiling bitflags v1.3.2
[INFO] [stderr]    Compiling serde v1.0.228
[INFO] [stderr]    Compiling strsim v0.8.0
[INFO] [stderr]    Compiling ansi_term v0.12.1
[INFO] [stderr]    Compiling proc-macro-error-attr v1.0.4
[INFO] [stderr]    Compiling proc-macro-error v1.0.4
[INFO] [stderr]    Compiling serde_core v1.0.228
[INFO] [stderr]    Compiling vec_map v0.8.2
[INFO] [stderr]    Compiling serde_json v1.0.145
[INFO] [stderr]    Compiling itoa v1.0.15
[INFO] [stderr]    Compiling ryu v1.0.20
[INFO] [stderr]    Compiling lazy_static v1.5.0
[INFO] [stderr]    Compiling memchr v2.7.6
[INFO] [stderr]    Compiling once_cell v1.21.3
[INFO] [stderr]    Compiling cc v1.4.7
[INFO] [stderr]    Compiling textwrap v0.11.0
[INFO] [stderr]    Compiling num-traits v0.2.19
[INFO] [stderr]    Compiling heck v0.3.3
[INFO] [stderr]    Compiling atty v0.2.14
[INFO] [stderr]    Compiling clap v2.34.0
[INFO] [stderr]    Compiling syn v2.0.110
[INFO] [stderr]    Compiling tritet v3.4.0 (/opt/rustwide/workdir)
[INFO] [stderr]    Compiling plotpy v1.24.0
[INFO] [stderr]    Compiling serde_derive v1.0.228
[INFO] [stderr]    Compiling structopt-derive v0.4.18
[INFO] [stderr]    Compiling structopt v0.3.26
[INFO] [stderr] warning: unused dependency `once_cell`
[INFO] [stderr]   --> Cargo.toml:20:15
[INFO] [stderr]    |
[INFO] [stderr] 20 | [dependencies.once_cell]
[INFO] [stderr]    |               ^^^^^^^^^^
[INFO] [stderr]    |
[INFO] [stderr]    = note: `cargo::unused_dependencies` is set to `warn` by default
[INFO] [stderr] help: consider removing the dependency on `once_cell`
[INFO] [stderr] warning: `tritet` (manifest) generated 1 warning
[INFO] [stderr]     Finished `dev` profile [unoptimized + debuginfo] target(s) in 17.85s
[INFO] running `Command { std: "docker" "inspect" "edbcbacfad9bf88e9198826c871d6d618e0ea9122d95495332d0788a34c628a5", kill_on_drop: false }`
[INFO] running `Command { std: "docker" "exec" "-e" "SOURCE_DIR=/opt/rustwide/workdir" "-e" "CARGO_HOME=/opt/rustwide/cargo-home" "-e" "RUSTUP_HOME=/opt/rustwide/rustup-home" "-e" "CARGO_TARGET_DIR=/opt/rustwide/target" "-e" "CARGO_INCREMENTAL=0" "-e" "RUST_BACKTRACE=full" "-e" "RUSTFLAGS=--cap-lints=warn" "-e" "RUSTDOCFLAGS=--cap-lints=warn" "-w" "/opt/rustwide/workdir" "--user" "0:0" "edbcbacfad9bf88e9198826c871d6d618e0ea9122d95495332d0788a34c628a5" "/opt/rustwide/cargo-home/bin/cargo" "+1.100.0-beta.1" "test" "--frozen" "--no-run" "--message-format=json", kill_on_drop: false }`
[INFO] [stderr] warning: `package.homepage` is redundant with `package.repository`
[INFO] [stderr]   --> Cargo.toml:81:12
[INFO] [stderr]    |
[INFO] [stderr] 81 | homepage = "https://github.com/cpmech/tritet"
[INFO] [stderr]    |            ^^^^^^^^^^^^^^^^^^^^^^^^^^^^^^^^^^
[INFO] [stderr] ...
[INFO] [stderr] 86 | repository = "https://github.com/cpmech/tritet"
[INFO] [stderr]    |              ----------------------------------
[INFO] [stderr]    |
[INFO] [stderr]    = note: `cargo::redundant_homepage` is set to `warn` by default
[INFO] [stderr] help: consider removing `package.homepage`
[INFO] [stderr] warning: `tritet` (manifest) generated 1 warning
[INFO] [stderr]    Compiling libc v0.2.177
[INFO] [stderr]    Compiling slab v0.4.12
[INFO] [stderr]    Compiling cfg-if v1.0.5
[INFO] [stderr]    Compiling futures-task v0.3.34
[INFO] [stderr]    Compiling futures-core v0.3.34
[INFO] [stderr]    Compiling smallvec v1.16.1
[INFO] [stderr]    Compiling syn v3.0.6
[INFO] [stderr]    Compiling log v0.4.34
[INFO] [stderr]    Compiling futures-util v0.3.34
[INFO] [stderr]    Compiling atty v0.2.14
[INFO] [stderr]    Compiling parking_lot_core v0.9.12
[INFO] [stderr]    Compiling clap v2.34.0
[INFO] [stderr]    Compiling parking_lot v0.12.5
[INFO] [stderr]    Compiling futures-executor v0.3.34
[INFO] [stderr]    Compiling serial_test_derive v4.0.1
[INFO] [stderr]    Compiling serial_test v4.0.1
[INFO] [stderr]    Compiling structopt v0.3.26
[INFO] [stderr]    Compiling tritet v3.4.0 (/opt/rustwide/workdir)
[INFO] [stderr]     Finished `test` profile [unoptimized + debuginfo] target(s) in 12.03s
[INFO] running `Command { std: "docker" "inspect" "edbcbacfad9bf88e9198826c871d6d618e0ea9122d95495332d0788a34c628a5", kill_on_drop: false }`
[INFO] running `Command { std: "docker" "exec" "-e" "SOURCE_DIR=/opt/rustwide/workdir" "-e" "CARGO_HOME=/opt/rustwide/cargo-home" "-e" "RUSTUP_HOME=/opt/rustwide/rustup-home" "-e" "CARGO_TARGET_DIR=/opt/rustwide/target" "-e" "CARGO_INCREMENTAL=0" "-e" "RUST_BACKTRACE=full" "-e" "RUSTFLAGS=--cap-lints=warn" "-e" "RUSTDOCFLAGS=--cap-lints=warn" "-w" "/opt/rustwide/workdir" "--user" "0:0" "edbcbacfad9bf88e9198826c871d6d618e0ea9122d95495332d0788a34c628a5" "/opt/rustwide/cargo-home/bin/cargo" "+1.100.0-beta.1" "test" "--frozen", kill_on_drop: false }`
[INFO] [stderr] warning: `package.homepage` is redundant with `package.repository`
[INFO] [stderr]   --> Cargo.toml:81:12
[INFO] [stderr]    |
[INFO] [stderr] 81 | homepage = "https://github.com/cpmech/tritet"
[INFO] [stderr]    |            ^^^^^^^^^^^^^^^^^^^^^^^^^^^^^^^^^^
[INFO] [stderr] ...
[INFO] [stderr] 86 | repository = "https://github.com/cpmech/tritet"
[INFO] [stderr]    |              ----------------------------------
[INFO] [stderr]    |
[INFO] [stderr]    = note: `cargo::redundant_homepage` is set to `warn` by default
[INFO] [stderr] help: consider removing `package.homepage`
[INFO] [stderr] warning: `tritet` (manifest) generated 1 warning
[INFO] [stderr]     Finished `test` profile [unoptimized + debuginfo] target(s) in 0.08s
[INFO] [stderr]      Running unittests src/lib.rs (/opt/rustwide/target/debug/build/tritet/917338563cef5cc7/out/tritet-917338563cef5cc7)
[INFO] [stdout] 
[INFO] [stdout] running 27 tests
[INFO] [stdout] test conversion::tests::usize_to_i32_works ... ok
[INFO] [stdout] test input_data_tri_mesh::tests::read_and_write_tri_json_work ... ok
[INFO] [stdout] test trigen::tests::draw_triangles_works ... ok
[INFO] [stdout] test input_data_tet_mesh::tests::read_and_write_tet_json_work ... ok
[INFO] [stdout] test input_data_tri_mesh::tests::read_and_write_tri_capture_errors ... ok
[INFO] [stdout] test trigen::tests::delaunay_1_works ... ok
[INFO] [stdout] test trigen::tests::generate_methods_capture_some_errors ... ok
[INFO] [stdout] test trigen::tests::get_methods_work_with_wrong_indices ... ok
[INFO] [stdout] test input_data_tet_mesh::tests::read_and_write_tet_capture_errors ... ok
[INFO] [stdout] test trigen::tests::mesh_2_ok_steiner_works ... ok
[INFO] [stdout] test trigen::tests::mesh_4_works ... ok
[INFO] [stdout] test trigen::tests::mesh_2_no_steiner_works ... ok
[INFO] [stdout] test trigen::tests::set_hole_captures_some_errors ... ok
[INFO] [stdout] test trigen::tests::set_point_captures_some_errors ... ok
[INFO] [stdout] test trigen::tests::tri_from_input_data_works ... ok
[INFO] [stdout] test trigen::tests::tri_write_msh_file_works ... ok
[INFO] [stdout] test trigen::tests::set_segment_captures_some_errors ... ok
[INFO] [stdout] test trigen_paraview::tests::trigen_write_vtu_o2 ... ok
[INFO] [stdout] test trigen::tests::mesh_3_works ... ok
[INFO] [stdout] test trigen::tests::new_works ... ok
[INFO] [stdout] test trigen::tests::voronoi_1_works ... ok
[INFO] [stdout] test trigen::tests::derive_works ... ok
[INFO] [stdout] test trigen::tests::set_region_captures_some_errors ... ok
[INFO] [stdout] test trigen_paraview::tests::trigen_write_vtu ... ok
[INFO] [stdout] test trigen::tests::draw_voronoi_works ... ok
[INFO] [stdout] test trigen::tests::new_captures_some_errors ... ok
[INFO] [stderr]      Running unittests src/bin/mem_check_tetgen_build.rs (/opt/rustwide/target/debug/build/tritet/96296c5fa8928e94/out/mem_check_tetgen_build-96296c5fa8928e94)
[INFO] [stdout] test trigen::tests::mesh_1_works ... ok
[INFO] [stdout] 
[INFO] [stdout] test result: ok. 27 passed; 0 failed; 0 ignored; 0 measured; 0 filtered out; finished in 3.01s
[INFO] [stdout] 
[INFO] [stdout] 
[INFO] [stdout] running 0 tests
[INFO] [stdout] 
[INFO] [stdout] test result: ok. 0 passed; 0 failed; 0 ignored; 0 measured; 0 filtered out; finished in 0.00s
[INFO] [stdout] 
[INFO] [stderr]      Running unittests src/bin/mem_check_triangle_build.rs (/opt/rustwide/target/debug/build/tritet/dfd956775918c9cf/out/mem_check_triangle_build-dfd956775918c9cf)
[INFO] [stdout] 
[INFO] [stdout] running 0 tests
[INFO] [stdout] 
[INFO] [stdout] test result: ok. 0 passed; 0 failed; 0 ignored; 0 measured; 0 filtered out; finished in 0.00s
[INFO] [stdout] 
[INFO] [stderr]      Running unittests src/bin/tetgen2msh.rs (/opt/rustwide/target/debug/build/tritet/f1f0f7c2650e3e92/out/tetgen2msh-f1f0f7c2650e3e92)
[INFO] [stderr]      Running unittests src/bin/trigen2msh.rs (/opt/rustwide/target/debug/build/tritet/47c3da0bf7b20f67/out/trigen2msh-47c3da0bf7b20f67)
[INFO] [stdout] 
[INFO] [stdout] running 0 tests
[INFO] [stdout] 
[INFO] [stdout] test result: ok. 0 passed; 0 failed; 0 ignored; 0 measured; 0 filtered out; finished in 0.00s
[INFO] [stdout] 
[INFO] [stdout] 
[INFO] [stdout] running 0 tests
[INFO] [stdout] 
[INFO] [stdout] test result: ok. 0 passed; 0 failed; 0 ignored; 0 measured; 0 filtered out; finished in 0.00s
[INFO] [stdout] 
[INFO] [stderr]      Running tests/test_triangle_mesh_1.rs (/opt/rustwide/target/debug/build/tritet/1daf5cd66725b160/out/test_triangle_mesh_1-1daf5cd66725b160)
[INFO] [stdout] 
[INFO] [stdout] running 1 test
[INFO] [stdout] test test_triangle_mesh_1 ... ok
[INFO] [stdout] 
[INFO] [stdout] test result: ok. 1 passed; 0 failed; 0 ignored; 0 measured; 0 filtered out; finished in 0.00s
[INFO] [stdout] 
[INFO] [stderr]    Doc-tests tritet
[INFO] [stdout] 
[INFO] [stdout] running 13 tests
[INFO] [stdout] test src/tetgen.rs - tetgen::Tetgen (line 108) ... FAILED
[INFO] [stdout] test src/tetgen.rs - tetgen::Tetgen (line 167) ... FAILED
[INFO] [stdout] test src/tetgen.rs - tetgen::Tetgen (line 68) ... FAILED
[INFO] [stdout] test src/input_data_tri_mesh.rs - input_data_tri_mesh::InputDataTriMesh (line 15) ... ok
[INFO] [stdout] test src/input_data_tet_mesh.rs - input_data_tet_mesh::InputDataTetMesh (line 14) ... ok
[INFO] [stdout] test src/lib.rs - test_readme (line 348) ... ok
[INFO] [stdout] test src/trigen.rs - trigen::Trigen (line 173) ... ok
[INFO] [stdout] test src/lib.rs - test_readme (line 283) ... ok
[INFO] [stdout] test src/trigen.rs - trigen::Trigen (line 89) ... ok
[INFO] [stdout] test src/trigen.rs - trigen::Trigen (line 131) ... ok
[INFO] [stdout] test src/trigen.rs - trigen::Trigen (line 237) ... ok
[INFO] [stdout] test src/lib.rs - test_readme (line 199) ... ok
[INFO] [stdout] test src/lib.rs - test_readme (line 241) ... ok
[INFO] [stdout] 
[INFO] [stdout] failures:
[INFO] [stdout] 
[INFO] [stdout] ---- src/tetgen.rs - tetgen::Tetgen (line 108) stdout ----
[INFO] [stdout] Test executable failed (exit status: 1).
[INFO] [stdout] 
[INFO] [stdout] stderr:
[INFO] [stdout] Error: "Tetgen is not available; enable it via '--features with_tetgen'"
[INFO] [stdout] 
[INFO] [stdout] 
[INFO] [stdout] ---- src/tetgen.rs - tetgen::Tetgen (line 167) stdout ----
[INFO] [stdout] Test executable failed (exit status: 1).
[INFO] [stdout] 
[INFO] [stdout] stderr:
[INFO] [stdout] Error: "Tetgen is not available; enable it via '--features with_tetgen'"
[INFO] [stdout] 
[INFO] [stdout] 
[INFO] [stdout] ---- src/tetgen.rs - tetgen::Tetgen (line 68) stdout ----
[INFO] [stdout] Test executable failed (exit status: 1).
[INFO] [stdout] 
[INFO] [stdout] stderr:
[INFO] [stdout] Error: "Tetgen is not available; enable it via '--features with_tetgen'"
[INFO] [stdout] 
[INFO] [stdout] 
[INFO] [stdout] 
[INFO] [stdout] failures:
[INFO] [stdout]     src/tetgen.rs - tetgen::Tetgen (line 108)
[INFO] [stdout]     src/tetgen.rs - tetgen::Tetgen (line 167)
[INFO] [stdout]     src/tetgen.rs - tetgen::Tetgen (line 68)
[INFO] [stdout] 
[INFO] [stdout] test result: FAILED. 10 passed; 3 failed; 0 ignored; 0 measured; 0 filtered out; finished in 0.85s
[INFO] [stdout] 
[INFO] [stderr] error: doctest failed, to rerun pass `--doc`
[INFO] running `Command { std: "docker" "inspect" "edbcbacfad9bf88e9198826c871d6d618e0ea9122d95495332d0788a34c628a5", kill_on_drop: false }`
[INFO] running `Command { std: "docker" "rm" "-f" "edbcbacfad9bf88e9198826c871d6d618e0ea9122d95495332d0788a34c628a5", kill_on_drop: false }`
[INFO] [stdout] edbcbacfad9bf88e9198826c871d6d618e0ea9122d95495332d0788a34c628a5
